[INFO] cloning repository https://github.com/Dark-Vinci/makns
[INFO] running `Command { std: "git" "-c" "credential.helper=" "-c" "credential.helper=/workspace/cargo-home/bin/git-credential-null" "clone" "--bare" "https://github.com/Dark-Vinci/makns" "/workspace/cache/git-repos/https%3A%2F%2Fgithub.com%2FDark-Vinci%2Fmakns", kill_on_drop: false }`
[INFO] [stderr] Cloning into bare repository '/workspace/cache/git-repos/https%3A%2F%2Fgithub.com%2FDark-Vinci%2Fmakns'...
[INFO] running `Command { std: "git" "rev-parse" "HEAD", kill_on_drop: false }`
[INFO] [stdout] b8664eddf0b9df5ba17929e903bb2ea255e29fe4
[INFO] testing Dark-Vinci/makns against 1.75.0 for beta-1.76-1
[INFO] running `Command { std: "git" "clone" "/workspace/cache/git-repos/https%3A%2F%2Fgithub.com%2FDark-Vinci%2Fmakns" "/workspace/builds/worker-7-tc1/source", kill_on_drop: false }`
[INFO] [stderr] Cloning into '/workspace/builds/worker-7-tc1/source'...
[INFO] [stderr] done.
[INFO] validating manifest of git repo https://github.com/Dark-Vinci/makns on toolchain 1.75.0
[INFO] running `Command { std: CARGO_HOME="/workspace/cargo-home" RUSTUP_HOME="/workspace/rustup-home" "/workspace/cargo-home/bin/cargo" "+1.75.0" "metadata" "--manifest-path" "Cargo.toml" "--no-deps", kill_on_drop: false }`
[INFO] started tweaking git repo https://github.com/Dark-Vinci/makns
[INFO] finished tweaking git repo https://github.com/Dark-Vinci/makns
[INFO] tweaked toml for git repo https://github.com/Dark-Vinci/makns written to /workspace/builds/worker-7-tc1/source/Cargo.toml
[INFO] crate git repo https://github.com/Dark-Vinci/makns already has a lockfile, it will not be regenerated
[INFO] running `Command { std: CARGO_HOME="/workspace/cargo-home" RUSTUP_HOME="/workspace/rustup-home" "/workspace/cargo-home/bin/cargo" "+1.75.0" "fetch" "--manifest-path" "Cargo.toml", kill_on_drop: false }`
[INFO] [stderr] warning: unused manifest key: net
[INFO] running `Command { std: "docker" "create" "-v" "/var/lib/crater-agent-workspace/builds/worker-7-tc1/target:/opt/rustwide/target:rw,Z" "-v" "/var/lib/crater-agent-workspace/builds/worker-7-tc1/source:/opt/rustwide/workdir:ro,Z" "-v" "/var/lib/crater-agent-workspace/cargo-home:/opt/rustwide/cargo-home:ro,Z" "-v" "/var/lib/crater-agent-workspace/rustup-home:/opt/rustwide/rustup-home:ro,Z" "-e" "SOURCE_DIR=/opt/rustwide/workdir" "-e" "CARGO_TARGET_DIR=/opt/rustwide/target" "-e" "CARGO_HOME=/opt/rustwide/cargo-home" "-e" "RUSTUP_HOME=/opt/rustwide/rustup-home" "-w" "/opt/rustwide/workdir" "-m" "1610612736" "--user" "0:0" "--network" "none" "ghcr.io/rust-lang/crates-build-env/linux@sha256:2788e3201cd34a07e3172128adcd8b3090168a8e3bcc40d7c032b9dda1df7d1c" "/opt/rustwide/cargo-home/bin/cargo" "+1.75.0" "metadata" "--no-deps" "--format-version=1", kill_on_drop: false }`
[INFO] [stdout] 10e7810b1ee7c0edde337bc161410d20314979647c130a33ef98f3c51c5ffe2d
[INFO] running `Command { std: "docker" "start" "-a" "10e7810b1ee7c0edde337bc161410d20314979647c130a33ef98f3c51c5ffe2d", kill_on_drop: false }`
[INFO] running `Command { std: "docker" "inspect" "10e7810b1ee7c0edde337bc161410d20314979647c130a33ef98f3c51c5ffe2d", kill_on_drop: false }`
[INFO] running `Command { std: "docker" "rm" "-f" "10e7810b1ee7c0edde337bc161410d20314979647c130a33ef98f3c51c5ffe2d", kill_on_drop: false }`
[INFO] [stdout] 10e7810b1ee7c0edde337bc161410d20314979647c130a33ef98f3c51c5ffe2d
[INFO] running `Command { std: "docker" "create" "-v" "/var/lib/crater-agent-workspace/builds/worker-7-tc1/target:/opt/rustwide/target:rw,Z" "-v" "/var/lib/crater-agent-workspace/builds/worker-7-tc1/source:/opt/rustwide/workdir:ro,Z" "-v" "/var/lib/crater-agent-workspace/cargo-home:/opt/rustwide/cargo-home:ro,Z" "-v" "/var/lib/crater-agent-workspace/rustup-home:/opt/rustwide/rustup-home:ro,Z" "-e" "SOURCE_DIR=/opt/rustwide/workdir" "-e" "CARGO_TARGET_DIR=/opt/rustwide/target" "-e" "CARGO_INCREMENTAL=0" "-e" "RUST_BACKTRACE=full" "-e" "RUSTFLAGS=--cap-lints=warn" "-e" "RUSTDOCFLAGS=--cap-lints=warn" "-e" "CARGO_HOME=/opt/rustwide/cargo-home" "-e" "RUSTUP_HOME=/opt/rustwide/rustup-home" "-w" "/opt/rustwide/workdir" "-m" "1610612736" "--user" "0:0" "--network" "none" "ghcr.io/rust-lang/crates-build-env/linux@sha256:2788e3201cd34a07e3172128adcd8b3090168a8e3bcc40d7c032b9dda1df7d1c" "/opt/rustwide/cargo-home/bin/cargo" "+1.75.0" "build" "--frozen" "--message-format=json", kill_on_drop: false }`
[INFO] [stdout] 74afac16820cb82e7a4919030e07f0e570bf683e12048824d41c048aa630d6d8
[INFO] running `Command { std: "docker" "start" "-a" "74afac16820cb82e7a4919030e07f0e570bf683e12048824d41c048aa630d6d8", kill_on_drop: false }`
[INFO] [stderr] warning: unused manifest key: net
[INFO] [stderr]    Compiling libc v0.2.147
[INFO] [stderr]    Compiling memchr v2.6.3
[INFO] [stderr]    Compiling rustix v0.38.11
[INFO] [stderr]    Compiling serde v1.0.188
[INFO] [stderr]    Compiling bitflags v2.4.0
[INFO] [stderr]    Compiling linux-raw-sys v0.4.5
[INFO] [stderr]    Compiling regex-syntax v0.7.5
[INFO] [stderr]    Compiling num-traits v0.2.16
[INFO] [stderr]    Compiling serde_json v1.0.105
[INFO] [stderr]    Compiling termcolor v1.2.0
[INFO] [stderr]    Compiling aho-corasick v1.0.5
[INFO] [stderr]    Compiling iana-time-zone v0.1.57
[INFO] [stderr]    Compiling humantime v2.1.0
[INFO] [stderr]    Compiling time v0.1.45
[INFO] [stderr]    Compiling is-terminal v0.4.9
[INFO] [stderr]    Compiling ryu v1.0.15
[INFO] [stderr]    Compiling log v0.4.20
[INFO] [stderr]    Compiling itoa v1.0.9
[INFO] [stderr]    Compiling chrono v0.4.29
[INFO] [stderr]    Compiling regex-automata v0.3.8
[INFO] [stderr]    Compiling regex v1.9.5
[INFO] [stderr]    Compiling env_logger v0.10.0
[INFO] [stderr]    Compiling makns v0.1.0 (/opt/rustwide/workdir)
[INFO] [stdout] warning: unnecessary parentheses around function argument
[INFO] [stdout]    --> src/main.rs:347:6
[INFO] [stdout]     |
[INFO] [stdout] 347 |   Ok(("finally"))
[INFO] [stdout]     |      ^         ^
[INFO] [stdout]     |
[INFO] [stdout]     = note: `#[warn(unused_parens)]` on by default
[INFO] [stdout] help: remove these parentheses
[INFO] [stdout]     |
[INFO] [stdout] 347 -   Ok(("finally"))
[INFO] [stdout] 347 +   Ok("finally")
[INFO] [stdout]     |
[INFO] [stdout] 
[INFO] [stdout] 
[INFO] [stdout] error[E0277]: the trait bound `&'static str: Termination` is not satisfied
[INFO] [stdout]    --> src/main.rs:319:14
[INFO] [stdout]     |
[INFO] [stdout] 319 | fn main() -> Result<&'static str, ParseIntError> {
[INFO] [stdout]     |              ^^^^^^^^^^^^^^^^^^^^^^^^^^^^^^^^^^^ the trait `Termination` is not implemented for `&'static str`
[INFO] [stdout]     |
[INFO] [stdout]     = note: required for `Result<&'static str, ParseIntError>` to implement `Termination`
[INFO] [stdout] 
[INFO] [stdout] 
[INFO] [stdout] error[E0277]: the trait bound `usize: From<i32>` is not satisfied
[INFO] [stdout]    --> src/main.rs:137:7
[INFO] [stdout]     |
[INFO] [stdout] 137 |     1.into()
[INFO] [stdout]     |       ^^^^ the trait `From<i32>` is not implemented for `usize`
[INFO] [stdout]     |
[INFO] [stdout]     = help: the following other types implement trait `From<T>`:
[INFO] [stdout]               <usize as From<bool>>
[INFO] [stdout]               <usize as From<u8>>
[INFO] [stdout]               <usize as From<u16>>
[INFO] [stdout]               <usize as From<NonZeroUsize>>
[INFO] [stdout]               <usize as From<std::ptr::Alignment>>
[INFO] [stdout]     = note: required for `i32` to implement `Into<usize>`
[INFO] [stdout] 
[INFO] [stdout] 
[INFO] [stdout] error: aborting due to 2 previous errors; 1 warning emitted
[INFO] [stdout] 
[INFO] [stdout] 
[INFO] [stdout] For more information about this error, try `rustc --explain E0277`.
[INFO] [stdout] 
[INFO] [stderr] error: could not compile `makns` (bin "makns") due to 3 previous errors; 1 warning emitted
[INFO] running `Command { std: "docker" "inspect" "74afac16820cb82e7a4919030e07f0e570bf683e12048824d41c048aa630d6d8", kill_on_drop: false }`
[INFO] running `Command { std: "docker" "rm" "-f" "74afac16820cb82e7a4919030e07f0e570bf683e12048824d41c048aa630d6d8", kill_on_drop: false }`
[INFO] [stdout] 74afac16820cb82e7a4919030e07f0e570bf683e12048824d41c048aa630d6d8
[INFO] testing Dark-Vinci/makns against beta-2023-12-22 for beta-1.76-1
[INFO] running `Command { std: "git" "clone" "/workspace/cache/git-repos/https%3A%2F%2Fgithub.com%2FDark-Vinci%2Fmakns" "/workspace/builds/worker-7-tc2/source", kill_on_drop: false }`
[INFO] [stderr] Cloning into '/workspace/builds/worker-7-tc2/source'...
[INFO] [stderr] done.
[INFO] validating manifest of git repo https://github.com/Dark-Vinci/makns on toolchain beta-2023-12-22
[INFO] running `Command { std: CARGO_HOME="/workspace/cargo-home" RUSTUP_HOME="/workspace/rustup-home" "/workspace/cargo-home/bin/cargo" "+beta-2023-12-22" "metadata" "--manifest-path" "Cargo.toml" "--no-deps", kill_on_drop: false }`
[INFO] started tweaking git repo https://github.com/Dark-Vinci/makns
[INFO] finished tweaking git repo https://github.com/Dark-Vinci/makns
[INFO] tweaked toml for git repo https://github.com/Dark-Vinci/makns written to /workspace/builds/worker-7-tc2/source/Cargo.toml
[INFO] crate git repo https://github.com/Dark-Vinci/makns already has a lockfile, it will not be regenerated
[INFO] running `Command { std: CARGO_HOME="/workspace/cargo-home" RUSTUP_HOME="/workspace/rustup-home" "/workspace/cargo-home/bin/cargo" "+beta-2023-12-22" "fetch" "--manifest-path" "Cargo.toml", kill_on_drop: false }`
[INFO] [stderr] warning: unused manifest key: net
[INFO] running `Command { std: "docker" "create" "-v" "/var/lib/crater-agent-workspace/builds/worker-7-tc2/target:/opt/rustwide/target:rw,Z" "-v" "/var/lib/crater-agent-workspace/builds/worker-7-tc2/source:/opt/rustwide/workdir:ro,Z" "-v" "/var/lib/crater-agent-workspace/cargo-home:/opt/rustwide/cargo-home:ro,Z" "-v" "/var/lib/crater-agent-workspace/rustup-home:/opt/rustwide/rustup-home:ro,Z" "-e" "SOURCE_DIR=/opt/rustwide/workdir" "-e" "CARGO_TARGET_DIR=/opt/rustwide/target" "-e" "CARGO_HOME=/opt/rustwide/cargo-home" "-e" "RUSTUP_HOME=/opt/rustwide/rustup-home" "-w" "/opt/rustwide/workdir" "-m" "1610612736" "--user" "0:0" "--network" "none" "ghcr.io/rust-lang/crates-build-env/linux@sha256:2788e3201cd34a07e3172128adcd8b3090168a8e3bcc40d7c032b9dda1df7d1c" "/opt/rustwide/cargo-home/bin/cargo" "+beta-2023-12-22" "metadata" "--no-deps" "--format-version=1", kill_on_drop: false }`
[INFO] [stdout] 2aae0fc58b02299ceadffc58d4f8521d05596b9d3bd0cd7a0bc9534509b5e56e
[INFO] running `Command { std: "docker" "start" "-a" "2aae0fc58b02299ceadffc58d4f8521d05596b9d3bd0cd7a0bc9534509b5e56e", kill_on_drop: false }`
[INFO] running `Command { std: "docker" "inspect" "2aae0fc58b02299ceadffc58d4f8521d05596b9d3bd0cd7a0bc9534509b5e56e", kill_on_drop: false }`
[INFO] running `Command { std: "docker" "rm" "-f" "2aae0fc58b02299ceadffc58d4f8521d05596b9d3bd0cd7a0bc9534509b5e56e", kill_on_drop: false }`
[INFO] [stdout] 2aae0fc58b02299ceadffc58d4f8521d05596b9d3bd0cd7a0bc9534509b5e56e
[INFO] running `Command { std: "docker" "create" "-v" "/var/lib/crater-agent-workspace/builds/worker-7-tc2/target:/opt/rustwide/target:rw,Z" "-v" "/var/lib/crater-agent-workspace/builds/worker-7-tc2/source:/opt/rustwide/workdir:ro,Z" "-v" "/var/lib/crater-agent-workspace/cargo-home:/opt/rustwide/cargo-home:ro,Z" "-v" "/var/lib/crater-agent-workspace/rustup-home:/opt/rustwide/rustup-home:ro,Z" "-e" "SOURCE_DIR=/opt/rustwide/workdir" "-e" "CARGO_TARGET_DIR=/opt/rustwide/target" "-e" "CARGO_INCREMENTAL=0" "-e" "RUST_BACKTRACE=full" "-e" "RUSTFLAGS=--cap-lints=warn" "-e" "RUSTDOCFLAGS=--cap-lints=warn" "-e" "CARGO_HOME=/opt/rustwide/cargo-home" "-e" "RUSTUP_HOME=/opt/rustwide/rustup-home" "-w" "/opt/rustwide/workdir" "-m" "1610612736" "--user" "0:0" "--network" "none" "ghcr.io/rust-lang/crates-build-env/linux@sha256:2788e3201cd34a07e3172128adcd8b3090168a8e3bcc40d7c032b9dda1df7d1c" "/opt/rustwide/cargo-home/bin/cargo" "+beta-2023-12-22" "build" "--frozen" "--message-format=json", kill_on_drop: false }`
[INFO] [stdout] cfeb43b669e5b7c6712fc26e9e9799d938fa1b8d7f65a2bfc43da2a1bb760d69
[INFO] running `Command { std: "docker" "start" "-a" "cfeb43b669e5b7c6712fc26e9e9799d938fa1b8d7f65a2bfc43da2a1bb760d69", kill_on_drop: false }`
[INFO] [stderr] warning: unused manifest key: net
[INFO] [stderr]    Compiling memchr v2.6.3
[INFO] [stderr]    Compiling rustix v0.38.11
[INFO] [stderr]    Compiling libc v0.2.147
[INFO] [stderr]    Compiling serde v1.0.188
[INFO] [stderr]    Compiling linux-raw-sys v0.4.5
[INFO] [stderr]    Compiling bitflags v2.4.0
[INFO] [stderr]    Compiling regex-syntax v0.7.5
[INFO] [stderr]    Compiling num-traits v0.2.16
[INFO] [stderr]    Compiling serde_json v1.0.105
[INFO] [stderr]    Compiling iana-time-zone v0.1.57
[INFO] [stderr]    Compiling aho-corasick v1.0.5
[INFO] [stderr]    Compiling log v0.4.20
[INFO] [stderr]    Compiling time v0.1.45
[INFO] [stderr]    Compiling ryu v1.0.15
[INFO] [stderr]    Compiling is-terminal v0.4.9
[INFO] [stderr]    Compiling humantime v2.1.0
[INFO] [stderr]    Compiling itoa v1.0.9
[INFO] [stderr]    Compiling termcolor v1.2.0
[INFO] [stderr]    Compiling regex-automata v0.3.8
[INFO] [stderr]    Compiling chrono v0.4.29
[INFO] [stderr]    Compiling regex v1.9.5
[INFO] [stderr]    Compiling env_logger v0.10.0
[INFO] [stderr]    Compiling makns v0.1.0 (/opt/rustwide/workdir)
[INFO] [stdout] warning: unnecessary parentheses around function argument
[INFO] [stdout]    --> src/main.rs:347:6
[INFO] [stdout]     |
[INFO] [stdout] 347 |   Ok(("finally"))
[INFO] [stdout]     |      ^         ^
[INFO] [stdout]     |
[INFO] [stdout]     = note: `#[warn(unused_parens)]` on by default
[INFO] [stdout] help: remove these parentheses
[INFO] [stdout]     |
[INFO] [stdout] 347 -   Ok(("finally"))
[INFO] [stdout] 347 +   Ok("finally")
[INFO] [stdout]     |
[INFO] [stdout] 
[INFO] [stdout] 
[INFO] [stdout] error[E0277]: the trait bound `&'static str: Termination` is not satisfied
[INFO] [stdout]    --> src/main.rs:319:14
[INFO] [stdout]     |
[INFO] [stdout] 319 | fn main() -> Result<&'static str, ParseIntError> {
[INFO] [stdout]     |              ^^^^^^^^^^^^^^^^^^^^^^^^^^^^^^^^^^^ the trait `Termination` is not implemented for `&'static str`
[INFO] [stdout]     |
[INFO] [stdout]     = note: required for `Result<&'static str, ParseIntError>` to implement `Termination`
[INFO] [stdout] 
[INFO] [stdout] 
[INFO] [stdout] error[E0277]: the trait bound `usize: From<i32>` is not satisfied
[INFO] [stdout]    --> src/main.rs:137:7
[INFO] [stdout]     |
[INFO] [stdout] 137 |     1.into()
[INFO] [stdout]     |       ^^^^ the trait `From<i32>` is not implemented for `usize`
[INFO] [stdout]     |
[INFO] [stdout]     = help: the following other types implement trait `From<T>`:
[INFO] [stdout]               <usize as From<bool>>
[INFO] [stdout]               <usize as From<u8>>
[INFO] [stdout]               <usize as From<u16>>
[INFO] [stdout]               <usize as From<NonZeroUsize>>
[INFO] [stdout]               <usize as From<std::ptr::Alignment>>
[INFO] [stdout]     = note: required for `i32` to implement `Into<usize>`
[INFO] [stdout] 
[INFO] [stdout] 
[INFO] [stdout] error: aborting due to 2 previous errors; 1 warning emitted
[INFO] [stdout] 
[INFO] [stdout] 
[INFO] [stdout] For more information about this error, try `rustc --explain E0277`.
[INFO] [stdout] 
[INFO] [stderr] error: could not compile `makns` (bin "makns") due to 3 previous errors; 1 warning emitted
[INFO] running `Command { std: "docker" "inspect" "cfeb43b669e5b7c6712fc26e9e9799d938fa1b8d7f65a2bfc43da2a1bb760d69", kill_on_drop: false }`
[INFO] running `Command { std: "docker" "rm" "-f" "cfeb43b669e5b7c6712fc26e9e9799d938fa1b8d7f65a2bfc43da2a1bb760d69", kill_on_drop: false }`
[INFO] [stdout] cfeb43b669e5b7c6712fc26e9e9799d938fa1b8d7f65a2bfc43da2a1bb760d69
