[INFO] cloning repository https://github.com/DarianTr/interpreter
[INFO] running `Command { std: "git" "-c" "credential.helper=" "-c" "credential.helper=/workspace/cargo-home/bin/git-credential-null" "clone" "--bare" "https://github.com/DarianTr/interpreter" "/workspace/cache/git-repos/https%3A%2F%2Fgithub.com%2FDarianTr%2Finterpreter", kill_on_drop: false }`
[INFO] [stderr] Cloning into bare repository '/workspace/cache/git-repos/https%3A%2F%2Fgithub.com%2FDarianTr%2Finterpreter'...
[INFO] running `Command { std: "git" "rev-parse" "HEAD", kill_on_drop: false }`
[INFO] [stdout] 44afc46132ffdc4907f16f4bfc33dd1584efdc8e
[INFO] testing DarianTr/interpreter against 1.75.0 for beta-1.76-1
[INFO] running `Command { std: "git" "clone" "/workspace/cache/git-repos/https%3A%2F%2Fgithub.com%2FDarianTr%2Finterpreter" "/workspace/builds/worker-0-tc1/source", kill_on_drop: false }`
[INFO] [stderr] Cloning into '/workspace/builds/worker-0-tc1/source'...
[INFO] [stderr] done.
[INFO] validating manifest of git repo https://github.com/DarianTr/interpreter on toolchain 1.75.0
[INFO] running `Command { std: CARGO_HOME="/workspace/cargo-home" RUSTUP_HOME="/workspace/rustup-home" "/workspace/cargo-home/bin/cargo" "+1.75.0" "metadata" "--manifest-path" "Cargo.toml" "--no-deps", kill_on_drop: false }`
[INFO] started tweaking git repo https://github.com/DarianTr/interpreter
[INFO] finished tweaking git repo https://github.com/DarianTr/interpreter
[INFO] tweaked toml for git repo https://github.com/DarianTr/interpreter written to /workspace/builds/worker-0-tc1/source/Cargo.toml
[INFO] crate git repo https://github.com/DarianTr/interpreter already has a lockfile, it will not be regenerated
[INFO] running `Command { std: CARGO_HOME="/workspace/cargo-home" RUSTUP_HOME="/workspace/rustup-home" "/workspace/cargo-home/bin/cargo" "+1.75.0" "fetch" "--manifest-path" "Cargo.toml", kill_on_drop: false }`
[INFO] running `Command { std: "docker" "create" "-v" "/var/lib/crater-agent-workspace/builds/worker-0-tc1/target:/opt/rustwide/target:rw,Z" "-v" "/var/lib/crater-agent-workspace/builds/worker-0-tc1/source:/opt/rustwide/workdir:ro,Z" "-v" "/var/lib/crater-agent-workspace/cargo-home:/opt/rustwide/cargo-home:ro,Z" "-v" "/var/lib/crater-agent-workspace/rustup-home:/opt/rustwide/rustup-home:ro,Z" "-e" "SOURCE_DIR=/opt/rustwide/workdir" "-e" "CARGO_TARGET_DIR=/opt/rustwide/target" "-e" "CARGO_HOME=/opt/rustwide/cargo-home" "-e" "RUSTUP_HOME=/opt/rustwide/rustup-home" "-w" "/opt/rustwide/workdir" "-m" "1610612736" "--user" "0:0" "--network" "none" "ghcr.io/rust-lang/crates-build-env/linux@sha256:2788e3201cd34a07e3172128adcd8b3090168a8e3bcc40d7c032b9dda1df7d1c" "/opt/rustwide/cargo-home/bin/cargo" "+1.75.0" "metadata" "--no-deps" "--format-version=1", kill_on_drop: false }`
[INFO] [stdout] 38eda775773bc832f90778e988089eebf29fda673b82126024f69ecacdb18ac8
[INFO] running `Command { std: "docker" "start" "-a" "38eda775773bc832f90778e988089eebf29fda673b82126024f69ecacdb18ac8", kill_on_drop: false }`
[INFO] running `Command { std: "docker" "inspect" "38eda775773bc832f90778e988089eebf29fda673b82126024f69ecacdb18ac8", kill_on_drop: false }`
[INFO] running `Command { std: "docker" "rm" "-f" "38eda775773bc832f90778e988089eebf29fda673b82126024f69ecacdb18ac8", kill_on_drop: false }`
[INFO] [stdout] 38eda775773bc832f90778e988089eebf29fda673b82126024f69ecacdb18ac8
[INFO] running `Command { std: "docker" "create" "-v" "/var/lib/crater-agent-workspace/builds/worker-0-tc1/target:/opt/rustwide/target:rw,Z" "-v" "/var/lib/crater-agent-workspace/builds/worker-0-tc1/source:/opt/rustwide/workdir:ro,Z" "-v" "/var/lib/crater-agent-workspace/cargo-home:/opt/rustwide/cargo-home:ro,Z" "-v" "/var/lib/crater-agent-workspace/rustup-home:/opt/rustwide/rustup-home:ro,Z" "-e" "SOURCE_DIR=/opt/rustwide/workdir" "-e" "CARGO_TARGET_DIR=/opt/rustwide/target" "-e" "CARGO_INCREMENTAL=0" "-e" "RUST_BACKTRACE=full" "-e" "RUSTFLAGS=--cap-lints=warn" "-e" "RUSTDOCFLAGS=--cap-lints=warn" "-e" "CARGO_HOME=/opt/rustwide/cargo-home" "-e" "RUSTUP_HOME=/opt/rustwide/rustup-home" "-w" "/opt/rustwide/workdir" "-m" "1610612736" "--user" "0:0" "--network" "none" "ghcr.io/rust-lang/crates-build-env/linux@sha256:2788e3201cd34a07e3172128adcd8b3090168a8e3bcc40d7c032b9dda1df7d1c" "/opt/rustwide/cargo-home/bin/cargo" "+1.75.0" "build" "--frozen" "--message-format=json", kill_on_drop: false }`
[INFO] [stdout] e31a6e442e37061dd553b544e57ca3186930ace0b3014315144b893a79ee5782
[INFO] running `Command { std: "docker" "start" "-a" "e31a6e442e37061dd553b544e57ca3186930ace0b3014315144b893a79ee5782", kill_on_drop: false }`
[INFO] [stderr]    Compiling proc-macro2 v1.0.63
[INFO] [stderr]    Compiling libc v0.2.147
[INFO] [stderr]    Compiling unicode-ident v1.0.9
[INFO] [stderr]    Compiling quote v1.0.28
[INFO] [stderr]    Compiling io-lifetimes v1.0.11
[INFO] [stderr]    Compiling rustix v0.37.20
[INFO] [stderr]    Compiling linux-raw-sys v0.3.8
[INFO] [stderr]    Compiling syn v1.0.109
[INFO] [stderr]    Compiling heck v0.4.1
[INFO] [stderr]    Compiling utf8parse v0.2.1
[INFO] [stderr]    Compiling anstyle-query v1.0.0
[INFO] [stderr]    Compiling anstyle v1.0.1
[INFO] [stderr]    Compiling anstyle-parse v0.2.1
[INFO] [stderr]    Compiling doc-comment v0.3.3
[INFO] [stderr]    Compiling colorchoice v1.0.0
[INFO] [stderr]    Compiling clap_lex v0.5.0
[INFO] [stderr]    Compiling strsim v0.10.0
[INFO] [stderr]    Compiling text_io v0.1.12
[INFO] [stderr]    Compiling syn v2.0.22
[INFO] [stderr]    Compiling is-terminal v0.4.7
[INFO] [stderr]    Compiling anstream v0.3.2
[INFO] [stderr]    Compiling clap_builder v4.3.9
[INFO] [stderr]    Compiling snafu-derive v0.7.4
[INFO] [stderr]    Compiling clap_derive v4.3.2
[INFO] [stderr]    Compiling snafu v0.7.4
[INFO] [stderr]    Compiling clap v4.3.9
[INFO] [stderr]    Compiling interpreter v0.1.0 (/opt/rustwide/workdir)
[INFO] [stdout] error[E0583]: file not found for module `semantic_checker`
[INFO] [stdout]  --> src/parser.rs:1:1
[INFO] [stdout]   |
[INFO] [stdout] 1 | pub mod semantic_checker;
[INFO] [stdout]   | ^^^^^^^^^^^^^^^^^^^^^^^^^
[INFO] [stdout]   |
[INFO] [stdout]   = help: to create the module `semantic_checker`, create file "src/parser/semantic_checker.rs" or "src/parser/semantic_checker/mod.rs"
[INFO] [stdout]   = note: if there is a `mod semantic_checker` elsewhere in the crate already, import it with `use crate::...` instead
[INFO] [stdout] 
[INFO] [stdout] 
[INFO] [stdout] error[E0583]: file not found for module `syntax_checker`
[INFO] [stdout]  --> src/parser.rs:2:1
[INFO] [stdout]   |
[INFO] [stdout] 2 | pub mod syntax_checker;
[INFO] [stdout]   | ^^^^^^^^^^^^^^^^^^^^^^^
[INFO] [stdout]   |
[INFO] [stdout]   = help: to create the module `syntax_checker`, create file "src/parser/syntax_checker.rs" or "src/parser/syntax_checker/mod.rs"
[INFO] [stdout]   = note: if there is a `mod syntax_checker` elsewhere in the crate already, import it with `use crate::...` instead
[INFO] [stdout] 
[INFO] [stdout] 
[INFO] [stdout] error[E0412]: cannot find type `ParseError` in module `syntax_checker`
[INFO] [stdout]  --> src/parser.rs:6:39
[INFO] [stdout]   |
[INFO] [stdout] 6 | ) -> Result<Vec<i32>, syntax_checker::ParseError>
[INFO] [stdout]   |                                       ^^^^^^^^^^ not found in `syntax_checker`
[INFO] [stdout]   |
[INFO] [stdout] help: consider importing this type alias
[INFO] [stdout]   |
[INFO] [stdout] 1 + use std::string::ParseError;
[INFO] [stdout]   |
[INFO] [stdout] help: if you import `ParseError`, refer to it directly
[INFO] [stdout]   |
[INFO] [stdout] 6 - ) -> Result<Vec<i32>, syntax_checker::ParseError>
[INFO] [stdout] 6 + ) -> Result<Vec<i32>, ParseError>
[INFO] [stdout]   |
[INFO] [stdout] 
[INFO] [stdout] 
[INFO] [stdout] error[E0425]: cannot find function `parser` in module `syntax_checker`
[INFO] [stdout]  --> src/parser.rs:8:34
[INFO] [stdout]   |
[INFO] [stdout] 8 |     let syntax = syntax_checker::parser(file);
[INFO] [stdout]   |                                  ^^^^^^ not found in `syntax_checker`
[INFO] [stdout] 
[INFO] [stdout] 
[INFO] [stdout] error[E0425]: cannot find function `semantic_checker` in module `semantic_checker`
[INFO] [stdout]   --> src/parser.rs:11:37
[INFO] [stdout]    |
[INFO] [stdout] 11 |             match semantic_checker::semantic_checker(&s.0, &s.1) {
[INFO] [stdout]    |                                     ^^^^^^^^^^^^^^^^ not found in `semantic_checker`
[INFO] [stdout] 
[INFO] [stdout] 
[INFO] [stdout] error: aborting due to 5 previous errors
[INFO] [stdout] 
[INFO] [stdout] 
[INFO] [stdout] Some errors have detailed explanations: E0412, E0425, E0583.
[INFO] [stdout] 
[INFO] [stdout] For more information about an error, try `rustc --explain E0412`.
[INFO] [stdout] 
[INFO] [stderr] error: could not compile `interpreter` (bin "interpreter") due to 6 previous errors
[INFO] running `Command { std: "docker" "inspect" "e31a6e442e37061dd553b544e57ca3186930ace0b3014315144b893a79ee5782", kill_on_drop: false }`
[INFO] running `Command { std: "docker" "rm" "-f" "e31a6e442e37061dd553b544e57ca3186930ace0b3014315144b893a79ee5782", kill_on_drop: false }`
[INFO] [stdout] e31a6e442e37061dd553b544e57ca3186930ace0b3014315144b893a79ee5782
