[INFO] cloning repository https://github.com/DappioLab/adapter-programs
[INFO] running `Command { std: "git" "-c" "credential.helper=" "-c" "credential.helper=/workspace/cargo-home/bin/git-credential-null" "clone" "--bare" "https://github.com/DappioLab/adapter-programs" "/workspace/cache/git-repos/https%3A%2F%2Fgithub.com%2FDappioLab%2Fadapter-programs", kill_on_drop: false }`
[INFO] [stderr] Cloning into bare repository '/workspace/cache/git-repos/https%3A%2F%2Fgithub.com%2FDappioLab%2Fadapter-programs'...
[INFO] running `Command { std: "git" "rev-parse" "HEAD", kill_on_drop: false }`
[INFO] [stdout] ec4b7f726d8c06f5b2fe5d0d7d0e66bc7730bee6
[INFO] testing DappioLab/adapter-programs against 1.75.0 for beta-1.76-1
[INFO] running `Command { std: "git" "clone" "/workspace/cache/git-repos/https%3A%2F%2Fgithub.com%2FDappioLab%2Fadapter-programs" "/workspace/builds/worker-0-tc1/source", kill_on_drop: false }`
[INFO] [stderr] Cloning into '/workspace/builds/worker-0-tc1/source'...
[INFO] [stderr] done.
[INFO] validating manifest of git repo https://github.com/DappioLab/adapter-programs on toolchain 1.75.0
[INFO] running `Command { std: CARGO_HOME="/workspace/cargo-home" RUSTUP_HOME="/workspace/rustup-home" "/workspace/cargo-home/bin/cargo" "+1.75.0" "metadata" "--manifest-path" "Cargo.toml" "--no-deps", kill_on_drop: false }`
[INFO] started tweaking git repo https://github.com/DappioLab/adapter-programs
[INFO] finished tweaking git repo https://github.com/DappioLab/adapter-programs
[INFO] tweaked toml for git repo https://github.com/DappioLab/adapter-programs written to /workspace/builds/worker-0-tc1/source/Cargo.toml
[INFO] crate git repo https://github.com/DappioLab/adapter-programs already has a lockfile, it will not be regenerated
[INFO] running `Command { std: CARGO_HOME="/workspace/cargo-home" RUSTUP_HOME="/workspace/rustup-home" "/workspace/cargo-home/bin/cargo" "+1.75.0" "fetch" "--manifest-path" "Cargo.toml", kill_on_drop: false }`
[INFO] [stderr] warning: profiles for the non root package will be ignored, specify profiles at the workspace root:
[INFO] [stderr] package:   /workspace/builds/worker-0-tc1/source/programs/adapter-jupiter/Cargo.toml
[INFO] [stderr] workspace: /workspace/builds/worker-0-tc1/source/Cargo.toml
[INFO] [stderr] warning: profiles for the non root package will be ignored, specify profiles at the workspace root:
[INFO] [stderr] package:   /workspace/builds/worker-0-tc1/source/programs/adapter-nft-finance/Cargo.toml
[INFO] [stderr] workspace: /workspace/builds/worker-0-tc1/source/Cargo.toml
[INFO] [stderr] warning: virtual workspace defaulting to `resolver = "1"` despite one or more workspace members being on edition 2021 which implies `resolver = "2"`
[INFO] [stderr] note: to keep the current resolver, specify `workspace.resolver = "1"` in the workspace root's manifest
[INFO] [stderr] note: to use the edition 2021 resolver, specify `workspace.resolver = "2"` in the workspace root's manifest
[INFO] [stderr] note: for more details see https://doc.rust-lang.org/cargo/reference/resolver.html#resolver-versions
[INFO] running `Command { std: "docker" "create" "-v" "/var/lib/crater-agent-workspace/builds/worker-0-tc1/target:/opt/rustwide/target:rw,Z" "-v" "/var/lib/crater-agent-workspace/builds/worker-0-tc1/source:/opt/rustwide/workdir:ro,Z" "-v" "/var/lib/crater-agent-workspace/cargo-home:/opt/rustwide/cargo-home:ro,Z" "-v" "/var/lib/crater-agent-workspace/rustup-home:/opt/rustwide/rustup-home:ro,Z" "-e" "SOURCE_DIR=/opt/rustwide/workdir" "-e" "CARGO_TARGET_DIR=/opt/rustwide/target" "-e" "CARGO_HOME=/opt/rustwide/cargo-home" "-e" "RUSTUP_HOME=/opt/rustwide/rustup-home" "-w" "/opt/rustwide/workdir" "-m" "1610612736" "--user" "0:0" "--network" "none" "ghcr.io/rust-lang/crates-build-env/linux@sha256:2788e3201cd34a07e3172128adcd8b3090168a8e3bcc40d7c032b9dda1df7d1c" "/opt/rustwide/cargo-home/bin/cargo" "+1.75.0" "metadata" "--no-deps" "--format-version=1", kill_on_drop: false }`
[INFO] [stdout] 0920a0ebdc9487d5f7f3c6fb3991484635d6e98da10daf29cdf07df0208f4e48
[INFO] running `Command { std: "docker" "start" "-a" "0920a0ebdc9487d5f7f3c6fb3991484635d6e98da10daf29cdf07df0208f4e48", kill_on_drop: false }`
[INFO] running `Command { std: "docker" "inspect" "0920a0ebdc9487d5f7f3c6fb3991484635d6e98da10daf29cdf07df0208f4e48", kill_on_drop: false }`
[INFO] running `Command { std: "docker" "rm" "-f" "0920a0ebdc9487d5f7f3c6fb3991484635d6e98da10daf29cdf07df0208f4e48", kill_on_drop: false }`
[INFO] [stdout] 0920a0ebdc9487d5f7f3c6fb3991484635d6e98da10daf29cdf07df0208f4e48
[INFO] running `Command { std: "docker" "create" "-v" "/var/lib/crater-agent-workspace/builds/worker-0-tc1/target:/opt/rustwide/target:rw,Z" "-v" "/var/lib/crater-agent-workspace/builds/worker-0-tc1/source:/opt/rustwide/workdir:ro,Z" "-v" "/var/lib/crater-agent-workspace/cargo-home:/opt/rustwide/cargo-home:ro,Z" "-v" "/var/lib/crater-agent-workspace/rustup-home:/opt/rustwide/rustup-home:ro,Z" "-e" "SOURCE_DIR=/opt/rustwide/workdir" "-e" "CARGO_TARGET_DIR=/opt/rustwide/target" "-e" "CARGO_INCREMENTAL=0" "-e" "RUST_BACKTRACE=full" "-e" "RUSTFLAGS=--cap-lints=warn" "-e" "RUSTDOCFLAGS=--cap-lints=warn" "-e" "CARGO_HOME=/opt/rustwide/cargo-home" "-e" "RUSTUP_HOME=/opt/rustwide/rustup-home" "-w" "/opt/rustwide/workdir" "-m" "1610612736" "--user" "0:0" "--network" "none" "ghcr.io/rust-lang/crates-build-env/linux@sha256:2788e3201cd34a07e3172128adcd8b3090168a8e3bcc40d7c032b9dda1df7d1c" "/opt/rustwide/cargo-home/bin/cargo" "+1.75.0" "build" "--frozen" "--message-format=json", kill_on_drop: false }`
[INFO] [stdout] 3f4cf1fca7bf085357d42774fcf0fce947bf66ea99a42f4b219849213f23fcbb
[INFO] running `Command { std: "docker" "start" "-a" "3f4cf1fca7bf085357d42774fcf0fce947bf66ea99a42f4b219849213f23fcbb", kill_on_drop: false }`
[INFO] [stderr] warning: profiles for the non root package will be ignored, specify profiles at the workspace root:
[INFO] [stderr] package:   /opt/rustwide/workdir/programs/adapter-jupiter/Cargo.toml
[INFO] [stderr] workspace: /opt/rustwide/workdir/Cargo.toml
[INFO] [stderr] warning: profiles for the non root package will be ignored, specify profiles at the workspace root:
[INFO] [stderr] package:   /opt/rustwide/workdir/programs/adapter-nft-finance/Cargo.toml
[INFO] [stderr] workspace: /opt/rustwide/workdir/Cargo.toml
[INFO] [stderr] warning: virtual workspace defaulting to `resolver = "1"` despite one or more workspace members being on edition 2021 which implies `resolver = "2"`
[INFO] [stderr] note: to keep the current resolver, specify `workspace.resolver = "1"` in the workspace root's manifest
[INFO] [stderr] note: to use the edition 2021 resolver, specify `workspace.resolver = "2"` in the workspace root's manifest
[INFO] [stderr] note: for more details see https://doc.rust-lang.org/cargo/reference/resolver.html#resolver-versions
[INFO] [stderr]    Compiling proc-macro2 v1.0.43
[INFO] [stderr]    Compiling quote v1.0.21
[INFO] [stderr]    Compiling unicode-ident v1.0.5
[INFO] [stderr]    Compiling syn v1.0.99
[INFO] [stderr]    Compiling serde_derive v1.0.145
[INFO] [stderr]    Compiling serde v1.0.145
[INFO] [stderr]    Compiling typenum v1.15.0
[INFO] [stderr]    Compiling libc v0.2.135
[INFO] [stderr]    Compiling cpufeatures v0.2.5
[INFO] [stderr]    Compiling block-padding v0.2.1
[INFO] [stderr]    Compiling thiserror v1.0.37
[INFO] [stderr]    Compiling generic-array v0.14.6
[INFO] [stderr]    Compiling anyhow v1.0.65
[INFO] [stderr]    Compiling semver v1.0.14
[INFO] [stderr]    Compiling once_cell v1.15.0
[INFO] [stderr]    Compiling serde_json v1.0.86
[INFO] [stderr]    Compiling itoa v1.0.4
[INFO] [stderr]    Compiling ryu v1.0.11
[INFO] [stderr]    Compiling getrandom v0.1.16
[INFO] [stderr]    Compiling crossbeam-utils v0.8.14
[INFO] [stderr]    Compiling memoffset v0.7.1
[INFO] [stderr]    Compiling crunchy v0.2.2
[INFO] [stderr]    Compiling crossbeam-epoch v0.9.13
[INFO] [stderr]    Compiling ahash v0.7.6
[INFO] [stderr]    Compiling wasm-bindgen-shared v0.2.83
[INFO] [stderr]    Compiling ppv-lite86 v0.2.16
[INFO] [stderr]    Compiling proc-macro2-diagnostics v0.9.1
[INFO] [stderr]    Compiling rayon-core v1.10.1
[INFO] [stderr]    Compiling rustversion v1.0.9
[INFO] [stderr]    Compiling bumpalo v3.11.0
[INFO] [stderr]    Compiling yansi v0.5.1
[INFO] [stderr]    Compiling unicode-segmentation v1.10.0
[INFO] [stderr]    Compiling feature-probe v0.1.1
[INFO] [stderr]    Compiling either v1.8.0
[INFO] [stderr]    Compiling im v15.1.0
[INFO] [stderr]    Compiling bs58 v0.3.1
[INFO] [stderr]    Compiling keccak v0.1.2
[INFO] [stderr]    Compiling arrayref v0.3.6
[INFO] [stderr]    Compiling rustc_version v0.4.0
[INFO] [stderr]    Compiling bv v0.11.1
[INFO] [stderr]    Compiling tinyvec v1.6.0
[INFO] [stderr]    Compiling arrayvec v0.7.2
[INFO] [stderr]    Compiling constant_time_eq v0.1.5
[INFO] [stderr]    Compiling heck v0.3.3
[INFO] [stderr]    Compiling wasm-bindgen v0.2.83
[INFO] [stderr]    Compiling crossbeam-channel v0.5.6
[INFO] [stderr]    Compiling aho-corasick v0.7.19
[INFO] [stderr]    Compiling regex-syntax v0.6.27
[INFO] [stderr]    Compiling base64 v0.12.3
[INFO] [stderr]    Compiling itertools v0.10.5
[INFO] [stderr]    Compiling base64 v0.13.0
[INFO] [stderr]    Compiling crossbeam-deque v0.8.2
[INFO] [stderr]    Compiling solana-frozen-abi-macro v1.14.12
[INFO] [stderr]    Compiling solana-frozen-abi v1.14.12
[INFO] [stderr]    Compiling num-integer v0.1.45
[INFO] [stderr]    Compiling signature v1.6.4
[INFO] [stderr]    Compiling termcolor v1.1.3
[INFO] [stderr]    Compiling solana-sdk v1.14.12
[INFO] [stderr]    Compiling derivation-path v0.2.0
[INFO] [stderr]    Compiling bitmaps v2.1.0
[INFO] [stderr]    Compiling ed25519 v1.5.2
[INFO] [stderr]    Compiling qstring v0.7.2
[INFO] [stderr]    Compiling uriparse v0.6.4
[INFO] [stderr]    Compiling unicode-normalization v0.1.22
[INFO] [stderr]    Compiling getrandom v0.2.7
[INFO] [stderr]    Compiling jobserver v0.1.25
[INFO] [stderr]    Compiling num_cpus v1.15.0
[INFO] [stderr]    Compiling memmap2 v0.5.7
[INFO] [stderr]    Compiling rand_core v0.6.4
[INFO] [stderr]    Compiling rand_core v0.5.1
[INFO] [stderr]    Compiling cc v1.0.73
[INFO] [stderr]    Compiling rand_xoshiro v0.6.0
[INFO] [stderr]    Compiling hashbrown v0.11.2
[INFO] [stderr]    Compiling rand_chacha v0.2.2
[INFO] [stderr]    Compiling hashbrown v0.12.3
[INFO] [stderr]    Compiling atty v0.2.14
[INFO] [stderr]    Compiling assert_matches v1.5.0
[INFO] [stderr]    Compiling rand v0.7.3
[INFO] [stderr]    Compiling rayon v1.6.1
[INFO] [stderr]    Compiling sized-chunks v0.6.5
[INFO] [stderr]    Compiling regex v1.6.0
[INFO] [stderr]    Compiling chrono v0.4.23
[INFO] [stderr]    Compiling blake3 v1.3.1
[INFO] [stderr]    Compiling solana-program v1.14.12
[INFO] [stderr]    Compiling env_logger v0.9.1
[INFO] [stderr]    Compiling solana-logger v1.14.12
[INFO] [stderr]    Compiling synstructure v0.12.6
[INFO] [stderr]    Compiling wasm-bindgen-backend v0.2.83
[INFO] [stderr]    Compiling borsh-derive-internal v0.9.3
[INFO] [stderr]    Compiling borsh-schema-derive-internal v0.9.3
[INFO] [stderr]    Compiling wasm-bindgen-macro-support v0.2.83
[INFO] [stderr]    Compiling thiserror-impl v1.0.37
[INFO] [stderr]    Compiling zeroize_derive v1.3.3
[INFO] [stderr]    Compiling bytemuck_derive v1.2.1
[INFO] [stderr]    Compiling solana-sdk-macro v1.14.12
[INFO] [stderr]    Compiling num-derive v0.3.3
[INFO] [stderr]    Compiling wasm-bindgen-macro v0.2.83
[INFO] [stderr]    Compiling zeroize v1.3.0
[INFO] [stderr]    Compiling bytemuck v1.12.1
[INFO] [stderr]    Compiling merlin v3.0.0
[INFO] [stderr]    Compiling toml v0.5.9
[INFO] [stderr]    Compiling serde_bytes v0.11.7
[INFO] [stderr]    Compiling bincode v1.3.3
[INFO] [stderr]    Compiling digest v0.9.0
[INFO] [stderr]    Compiling block-buffer v0.9.0
[INFO] [stderr]    Compiling crypto-common v0.1.6
[INFO] [stderr]    Compiling block-buffer v0.10.3
[INFO] [stderr]    Compiling crypto-mac v0.8.0
[INFO] [stderr]    Compiling cipher v0.3.0
[INFO] [stderr]    Compiling universal-hash v0.4.1
[INFO] [stderr]    Compiling inout v0.1.3
[INFO] [stderr]    Compiling aead v0.4.3
[INFO] [stderr]    Compiling pbkdf2 v0.4.0
[INFO] [stderr]    Compiling digest v0.10.5
[INFO] [stderr]    Compiling polyval v0.5.3
[INFO] [stderr]    Compiling proc-macro-crate v0.1.5
[INFO] [stderr]    Compiling proc-macro-crate v1.2.1
[INFO] [stderr]    Compiling sha2 v0.9.9
[INFO] [stderr]    Compiling libsecp256k1-core v0.2.2
[INFO] [stderr]    Compiling hmac v0.8.1
[INFO] [stderr]    Compiling curve25519-dalek v3.2.1
[INFO] [stderr]    Compiling cipher v0.4.3
[INFO] [stderr]    Compiling sha3 v0.9.1
[INFO] [stderr]    Compiling ctr v0.8.0
[INFO] [stderr]    Compiling aes v0.7.5
[INFO] [stderr]    Compiling hmac-drbg v0.3.0
[INFO] [stderr]    Compiling sha2 v0.10.6
[INFO] [stderr]    Compiling sha3 v0.10.6
[INFO] [stderr]    Compiling hmac v0.12.1
[INFO] [stderr]    Compiling pbkdf2 v0.11.0
[INFO] [stderr]    Compiling anchor-syn v0.26.0
[INFO] [stderr]    Compiling borsh-derive v0.9.3
[INFO] [stderr]    Compiling tiny-bip39 v0.8.2
[INFO] [stderr]    Compiling num_enum_derive v0.5.7
[INFO] [stderr]    Compiling aes-gcm-siv v0.10.3
[INFO] [stderr]    Compiling libsecp256k1-gen-ecmult v0.2.1
[INFO] [stderr]    Compiling libsecp256k1-gen-genmult v0.2.1
[INFO] [stderr]    Compiling ed25519-dalek v1.0.1
[INFO] [stderr]    Compiling ed25519-dalek-bip32 v0.2.0
[INFO] [stderr]    Compiling libsecp256k1 v0.6.0
[INFO] [stderr]    Compiling borsh v0.9.3
[INFO] [stderr]    Compiling num_enum v0.5.7
[INFO] [stderr]    Compiling anchor-attribute-interface v0.26.0
[INFO] [stderr]    Compiling anchor-attribute-constant v0.26.0
[INFO] [stderr]    Compiling anchor-attribute-program v0.26.0
[INFO] [stderr]    Compiling anchor-attribute-event v0.26.0
[INFO] [stderr]    Compiling anchor-attribute-error v0.26.0
[INFO] [stderr]    Compiling anchor-derive-accounts v0.26.0
[INFO] [stderr]    Compiling anchor-attribute-access-control v0.26.0
[INFO] [stderr]    Compiling anchor-attribute-account v0.26.0
[INFO] [stderr]    Compiling anchor-attribute-state v0.26.0
[INFO] [stderr]    Compiling spl-memo v3.0.1
[INFO] [stderr]    Compiling spl-token v3.5.0
[INFO] [stderr]    Compiling anchor-lang v0.26.0
[INFO] [stderr]    Compiling solana-zk-token-sdk v1.14.12
[INFO] [stderr]    Compiling spl-token-2022 v0.5.0
[INFO] [stderr]    Compiling spl-associated-token-account v1.1.2
[INFO] [stderr]    Compiling anchor-spl v0.26.0
[INFO] [stderr]    Compiling adapter-nft-finance v0.1.0 (/opt/rustwide/workdir/programs/adapter-nft-finance)
[INFO] [stderr]    Compiling adapter-raydium v0.1.0 (/opt/rustwide/workdir/programs/adapter-raydium)
[INFO] [stderr]    Compiling adapter-larix v0.1.0 (/opt/rustwide/workdir/programs/adapter-larix)
[INFO] [stderr]    Compiling adapter-jupiter v0.1.0 (/opt/rustwide/workdir/programs/adapter-jupiter)
[INFO] [stderr]    Compiling adapter-tulip v0.1.0 (/opt/rustwide/workdir/programs/adapter-tulip)
[INFO] [stderr]    Compiling adapter-friktion v0.1.0 (/opt/rustwide/workdir/programs/adapter-friktion)
[INFO] [stderr]    Compiling adapter-lifinity v0.1.0 (/opt/rustwide/workdir/programs/adapter-lifinity)
[INFO] [stderr]    Compiling adapter-saber v0.1.0 (/opt/rustwide/workdir/programs/adapter-saber)
[INFO] [stderr]    Compiling adapter-orca v0.1.0 (/opt/rustwide/workdir/programs/adapter-orca)
[INFO] [stderr]    Compiling adapter-francium v0.1.0 (/opt/rustwide/workdir/programs/adapter-francium)
[INFO] [stderr]    Compiling adapter-solend v0.1.0 (/opt/rustwide/workdir/programs/adapter-solend)
[INFO] [stderr]    Compiling adapter-katana v0.1.0 (/opt/rustwide/workdir/programs/adapter-katana)
[INFO] [stdout] warning: variable does not need to be mutable
[INFO] [stdout]    --> programs/adapter-saber/src/lib.rs:195:21
[INFO] [stdout]     |
[INFO] [stdout] 195 |                 let mut token_a_account = Account::<TokenAccount>::try_from(&token_a_account_info)?;
[INFO] [stdout]     |                     ----^^^^^^^^^^^^^^^
[INFO] [stdout]     |                     |
[INFO] [stdout]     |                     help: remove this `mut`
[INFO] [stdout]     |
[INFO] [stdout]     = note: `#[warn(unused_mut)]` on by default
[INFO] [stdout] 
[INFO] [stdout] 
[INFO] [stdout] warning: variable does not need to be mutable
[INFO] [stdout]    --> programs/adapter-saber/src/lib.rs:199:21
[INFO] [stdout]     |
[INFO] [stdout] 199 |                 let mut token_b_account = Account::<TokenAccount>::try_from(&token_b_account_info)?;
[INFO] [stdout]     |                     ----^^^^^^^^^^^^^^^
[INFO] [stdout]     |                     |
[INFO] [stdout]     |                     help: remove this `mut`
[INFO] [stdout] 
[INFO] [stdout] 
[INFO] [stdout] warning: variable does not need to be mutable
[INFO] [stdout]    --> programs/adapter-saber/src/lib.rs:206:21
[INFO] [stdout]     |
[INFO] [stdout] 206 |                 let mut token_a_account = Account::<TokenAccount>::try_from(&token_a_account_info)?;
[INFO] [stdout]     |                     ----^^^^^^^^^^^^^^^
[INFO] [stdout]     |                     |
[INFO] [stdout]     |                     help: remove this `mut`
[INFO] [stdout] 
[INFO] [stdout] 
[INFO] [stdout] warning: unused `std::result::Result` that must be used
[INFO] [stdout]    --> programs/adapter-orca/src/lib.rs:190:9
[INFO] [stdout]     |
[INFO] [stdout] 190 |         lp_token_account.reload();
[INFO] [stdout]     |         ^^^^^^^^^^^^^^^^^^^^^^^^^
[INFO] [stdout]     |
[INFO] [stdout]     = note: this `Result` may be an `Err` variant, which should be handled
[INFO] [stdout]     = note: `#[warn(unused_must_use)]` on by default
[INFO] [stdout] help: use `let _ = ...` to ignore the resulting value
[INFO] [stdout]     |
[INFO] [stdout] 190 |         let _ = lp_token_account.reload();
[INFO] [stdout]     |         +++++++
[INFO] [stdout] 
[INFO] [stdout] 
[INFO] [stdout] warning: unused `std::result::Result` that must be used
[INFO] [stdout]    --> programs/adapter-orca/src/lib.rs:278:9
[INFO] [stdout]     |
[INFO] [stdout] 278 |         lp_token_account.reload();
[INFO] [stdout]     |         ^^^^^^^^^^^^^^^^^^^^^^^^^
[INFO] [stdout]     |
[INFO] [stdout]     = note: this `Result` may be an `Err` variant, which should be handled
[INFO] [stdout] help: use `let _ = ...` to ignore the resulting value
[INFO] [stdout]     |
[INFO] [stdout] 278 |         let _ = lp_token_account.reload();
[INFO] [stdout]     |         +++++++
[INFO] [stdout] 
[INFO] [stdout] 
[INFO] [stdout] warning: unused `std::result::Result` that must be used
[INFO] [stdout]    --> programs/adapter-orca/src/lib.rs:284:9
[INFO] [stdout]     |
[INFO] [stdout] 284 |         share_token_account.reload();
[INFO] [stdout]     |         ^^^^^^^^^^^^^^^^^^^^^^^^^^^^
[INFO] [stdout]     |
[INFO] [stdout]     = note: this `Result` may be an `Err` variant, which should be handled
[INFO] [stdout] help: use `let _ = ...` to ignore the resulting value
[INFO] [stdout]     |
[INFO] [stdout] 284 |         let _ = share_token_account.reload();
[INFO] [stdout]     |         +++++++
[INFO] [stdout] 
[INFO] [stdout] 
[INFO] [stdout] warning: unused `std::result::Result` that must be used
[INFO] [stdout]    --> programs/adapter-orca/src/lib.rs:357:9
[INFO] [stdout]     |
[INFO] [stdout] 357 |         lp_token_account.reload();
[INFO] [stdout]     |         ^^^^^^^^^^^^^^^^^^^^^^^^^
[INFO] [stdout]     |
[INFO] [stdout]     = note: this `Result` may be an `Err` variant, which should be handled
[INFO] [stdout] help: use `let _ = ...` to ignore the resulting value
[INFO] [stdout]     |
[INFO] [stdout] 357 |         let _ = lp_token_account.reload();
[INFO] [stdout]     |         +++++++
[INFO] [stdout] 
[INFO] [stdout] 
[INFO] [stdout] warning: unused `std::result::Result` that must be used
[INFO] [stdout]    --> programs/adapter-orca/src/lib.rs:359:9
[INFO] [stdout]     |
[INFO] [stdout] 359 |         lp_token_account.reload();
[INFO] [stdout]     |         ^^^^^^^^^^^^^^^^^^^^^^^^^
[INFO] [stdout]     |
[INFO] [stdout]     = note: this `Result` may be an `Err` variant, which should be handled
[INFO] [stdout] help: use `let _ = ...` to ignore the resulting value
[INFO] [stdout]     |
[INFO] [stdout] 359 |         let _ = lp_token_account.reload();
[INFO] [stdout]     |         +++++++
[INFO] [stdout] 
[INFO] [stdout] 
[INFO] [stdout] warning: unused `std::result::Result` that must be used
[INFO] [stdout]    --> programs/adapter-orca/src/lib.rs:366:9
[INFO] [stdout]     |
[INFO] [stdout] 366 |         share_token_account.reload();
[INFO] [stdout]     |         ^^^^^^^^^^^^^^^^^^^^^^^^^^^^
[INFO] [stdout]     |
[INFO] [stdout]     = note: this `Result` may be an `Err` variant, which should be handled
[INFO] [stdout] help: use `let _ = ...` to ignore the resulting value
[INFO] [stdout]     |
[INFO] [stdout] 366 |         let _ = share_token_account.reload();
[INFO] [stdout]     |         +++++++
[INFO] [stdout] 
[INFO] [stdout] 
[INFO] [stdout] warning: unused `std::result::Result` that must be used
[INFO] [stdout]    --> programs/adapter-orca/src/lib.rs:428:9
[INFO] [stdout]     |
[INFO] [stdout] 428 |         reward_token_account.reload();
[INFO] [stdout]     |         ^^^^^^^^^^^^^^^^^^^^^^^^^^^^^
[INFO] [stdout]     |
[INFO] [stdout]     = note: this `Result` may be an `Err` variant, which should be handled
[INFO] [stdout] help: use `let _ = ...` to ignore the resulting value
[INFO] [stdout]     |
[INFO] [stdout] 428 |         let _ = reward_token_account.reload();
[INFO] [stdout]     |         +++++++
[INFO] [stdout] 
[INFO] [stdout] 
[INFO] [stdout] error: linking with `cc` failed: exit status: 1
[INFO] [stdout]   |
[INFO] [stdout]   = note: LC_ALL="C" PATH="/opt/rustwide/rustup-home/toolchains/1.75.0-x86_64-unknown-linux-gnu/lib/rustlib/x86_64-unknown-linux-gnu/bin:/opt/rustwide/cargo-home/bin:/usr/local/sbin:/usr/local/bin:/usr/sbin:/usr/bin:/sbin:/bin" VSLANG="1033" "cc" "-Wl,--version-script=/tmp/rustcDPtx2y/list" "-Wl,--no-undefined-version" "-m64" "/tmp/rustcDPtx2y/symbols.o" "/opt/rustwide/target/debug/deps/adapter_nft_finance.adapter_nft_finance.679e52675d5569fb-cgu.0.rcgu.o" "/opt/rustwide/target/debug/deps/adapter_nft_finance.adapter_nft_finance.679e52675d5569fb-cgu.1.rcgu.o" "/opt/rustwide/target/debug/deps/adapter_nft_finance.adapter_nft_finance.679e52675d5569fb-cgu.2.rcgu.o" "/opt/rustwide/target/debug/deps/adapter_nft_finance.3y071jlwc75ct4r7.rcgu.o" "-Wl,--as-needed" "-L" "/opt/rustwide/target/debug/deps" "-L" "/opt/rustwide/target/debug/build/blake3-edf9a47302cfd129/out" "-L" "/opt/rustwide/target/debug/build/blake3-edf9a47302cfd129/out" "-L" "/opt/rustwide/rustup-home/toolchains/1.75.0-x86_64-unknown-linux-gnu/lib/rustlib/x86_64-unknown-linux-gnu/lib" "-Wl,-Bstatic" "/opt/rustwide/target/debug/deps/libanchor_spl-46b59cd1215dd57f.rlib" "/opt/rustwide/target/debug/deps/libspl_associated_token_account-2d22f57c52a1caed.rlib" "/opt/rustwide/target/debug/deps/libspl_token_2022-300544adab202f7f.rlib" "/opt/rustwide/target/debug/deps/libspl_memo-2bd40ed671bb8c61.rlib" "/opt/rustwide/target/debug/deps/libsolana_zk_token_sdk-5223ed9593a2066a.rlib" "/opt/rustwide/target/debug/deps/libmerlin-fae39f018189f211.rlib" "/opt/rustwide/target/debug/deps/librand_core-d2cc7ebef3afa3b8.rlib" "/opt/rustwide/target/debug/deps/libgetrandom-c1ae41e5ac336720.rlib" "/opt/rustwide/target/debug/deps/libsha3-c02d292e383fbd54.rlib" "/opt/rustwide/target/debug/deps/libsolana_sdk-973495ea7dd0e43f.rlib" "/opt/rustwide/target/debug/deps/libpbkdf2-6104036368cb8c88.rlib" "/opt/rustwide/target/debug/deps/libserde_json-308796a3ac4d4ba2.rlib" "/opt/rustwide/target/debug/deps/libryu-80596ff4214e4d03.rlib" "/opt/rustwide/target/debug/deps/libitoa-a8f958deca0e891c.rlib" "/opt/rustwide/target/debug/deps/libqstring-79cf72aa25edce31.rlib" "/opt/rustwide/target/debug/deps/libpercent_encoding-c39f6500503dd269.rlib" "/opt/rustwide/target/debug/deps/libed25519_dalek_bip32-c620ed6373748ad0.rlib" "/opt/rustwide/target/debug/deps/libhmac-f2d517484a1c4a99.rlib" "/opt/rustwide/target/debug/deps/libmemmap2-a7ea613bb00d9e72.rlib" "/opt/rustwide/target/debug/deps/libchrono-063ba8d3de81c086.rlib" "/opt/rustwide/target/debug/deps/libnum_integer-f3dc13231db422dc.rlib" "/opt/rustwide/target/debug/deps/libed25519_dalek-5ad3232de5a23bd0.rlib" "/opt/rustwide/target/debug/deps/libed25519-db9d61b6a7ea897f.rlib" "/opt/rustwide/target/debug/deps/libsignature-417dbe68d84c5ddb.rlib" "/opt/rustwide/target/debug/deps/liburiparse-8f679681de9ce923.rlib" "/opt/rustwide/target/debug/deps/libfnv-18bf5144d055e772.rlib" "/opt/rustwide/target/debug/deps/libderivation_path-ff42cc1f20f9c2a7.rlib" "/opt/rustwide/target/debug/deps/libaes_gcm_siv-2ac789c0ea5a2e9c.rlib" "/opt/rustwide/target/debug/deps/libaes-6f75f695e8e21106.rlib" "/opt/rustwide/target/debug/deps/libpolyval-e8902b08d62266d4.rlib" "/opt/rustwide/target/debug/deps/libuniversal_hash-b07d5f39ff72728f.rlib" "/opt/rustwide/target/debug/deps/libctr-d5dc6be184b577a8.rlib" "/opt/rustwide/target/debug/deps/libcipher-dd76b691ac0e5809.rlib" "/opt/rustwide/target/debug/deps/libaead-588c47c693068aaa.rlib" "/opt/rustwide/target/debug/deps/libassert_matches-330f4d77d0113f87.rlib" "/opt/rustwide/target/debug/deps/libspl_token-411a5a6d68a5d448.rlib" "/opt/rustwide/target/debug/deps/libnum_enum-7efdf75793e6a56a.rlib" "/opt/rustwide/target/debug/deps/libanchor_lang-88f28b9e2f10bf9a.rlib" "/opt/rustwide/target/debug/deps/libsolana_program-2719858d0a61c0ec.rlib" "/opt/rustwide/target/debug/deps/liblibsecp256k1-1fde45b3dba63ddd.rlib" "/opt/rustwide/target/debug/deps/libbase64-a29b27598b578f1a.rlib" "/opt/rustwide/target/debug/deps/libsha2-47e54c99cecdedc4.rlib" "/opt/rustwide/target/debug/deps/libopaque_debug-15273823c1ba1453.rlib" "/opt/rustwide/target/debug/deps/libblock_buffer-bf09b93fec9d5b4d.rlib" "/opt/rustwide/target/debug/deps/libblock_padding-f342a93ff9370570.rlib" "/opt/rustwide/target/debug/deps/libhmac_drbg-5cce34260136acae.rlib" "/opt/rustwide/target/debug/deps/libhmac-4dad3142fe12a40b.rlib" "/opt/rustwide/target/debug/deps/libcrypto_mac-19f75a310c52d552.rlib" "/opt/rustwide/target/debug/deps/liblibsecp256k1_core-bc999849ecdd189d.rlib" "/opt/rustwide/target/debug/deps/libcrunchy-0ba5056183083a99.rlib" "/opt/rustwide/target/debug/deps/librand-d28218cf3b2a9f88.rlib" "/opt/rustwide/target/debug/deps/librand_chacha-f2313cd2ffafb606.rlib" "/opt/rustwide/target/debug/deps/libppv_lite86-a99ab8a0983e0261.rlib" "/opt/rustwide/target/debug/deps/libcurve25519_dalek-4f7cfb1b84c4e16e.rlib" "/opt/rustwide/target/debug/deps/libzeroize-25e6338b33dbcf04.rlib" "/opt/rustwide/target/debug/deps/librand_core-8be97f4d7ccf0688.rlib" "/opt/rustwide/target/debug/deps/libgetrandom-100a815037de01c1.rlib" "/opt/rustwide/target/debug/deps/liblibc-2b3f3e35edf803f7.rlib" "/opt/rustwide/target/debug/deps/libdigest-f6c51db925aac62a.rlib" "/opt/rustwide/target/debug/deps/libbyteorder-80df7aa73d7d6480.rlib" "/opt/rustwide/target/debug/deps/libbase64-2bf8ed8e2a1214cd.rlib" "/opt/rustwide/target/debug/deps/libserde_bytes-b8cb27b33e26a916.rlib" "/opt/rustwide/target/debug/deps/libbs58-6b52eb147dc37b19.rlib" "/opt/rustwide/target/debug/deps/libwasm_bindgen-939b0a7721023f08.rlib" "/opt/rustwide/target/debug/deps/libbitflags-b7cee2ca4fb438d0.rlib" "/opt/rustwide/target/debug/deps/libbv-791cb8e9a42694b2.rlib" "/opt/rustwide/target/debug/deps/libitertools-161041b9e38b087e.rlib" "/opt/rustwide/target/debug/deps/libeither-ec7d6870a45e2e63.rlib" "/opt/rustwide/target/debug/deps/libblake3-bd749ab9eb25b641.rlib" "/opt/rustwide/target/debug/deps/libconstant_time_eq-47127742af566368.rlib" "/opt/rustwide/target/debug/deps/libarrayvec-e9346d0f13006eff.rlib" "/opt/rustwide/target/debug/deps/libarrayref-ff686991724e9e8c.rlib" "/opt/rustwide/target/debug/deps/liblazy_static-591486ebcb9a7ead.rlib" "/opt/rustwide/target/debug/deps/libsha3-d5bec9f5b9efa26d.rlib" "/opt/rustwide/target/debug/deps/libkeccak-4a85ad65e23e2c69.rlib" "/opt/rustwide/target/debug/deps/libbincode-2d7698fb830b5945.rlib" "/opt/rustwide/target/debug/deps/libsha2-429886fa30702fbe.rlib" "/opt/rustwide/target/debug/deps/libcpufeatures-68ff2c2a83d8484f.rlib" "/opt/rustwide/target/debug/deps/libdigest-fc23dab7f6753eab.rlib" "/opt/rustwide/target/debug/deps/libsubtle-94487541d742eeea.rlib" "/opt/rustwide/target/debug/deps/libblock_buffer-441e014ee2bf4d1c.rlib" "/opt/rustwide/target/debug/deps/libcrypto_common-14cc3badac2a1e9a.rlib" "/opt/rustwide/target/debug/deps/libgeneric_array-3b3396684e9e5412.rlib" "/opt/rustwide/target/debug/deps/libtypenum-62ca5a12b60d0fda.rlib" "/opt/rustwide/target/debug/deps/libserde-3df23bd285c69d6c.rlib" "/opt/rustwide/target/debug/deps/liblog-d88d404ed4a3e8b9.rlib" "/opt/rustwide/target/debug/deps/libcfg_if-61dc7a6799e72b18.rlib" "/opt/rustwide/target/debug/deps/libnum_traits-a6410cac0a25d3f1.rlib" "/opt/rustwide/target/debug/deps/libthiserror-92b037d905f142c8.rlib" "/opt/rustwide/target/debug/deps/libborsh-e1da8f3e3b00910b.rlib" "/opt/rustwide/target/debug/deps/libmemoffset-c7b1b1cc44d01308.rlib" "/opt/rustwide/target/debug/deps/libbytemuck-b9a4a2cc77a4d447.rlib" "/opt/rustwide/rustup-home/toolchains/1.75.0-x86_64-unknown-linux-gnu/lib/rustlib/x86_64-unknown-linux-gnu/lib/libstd-90f6ddbf82de36ec.rlib" "/opt/rustwide/rustup-home/toolchains/1.75.0-x86_64-unknown-linux-gnu/lib/rustlib/x86_64-unknown-linux-gnu/lib/libpanic_unwind-480c41e9d4e1f677.rlib" "/opt/rustwide/rustup-home/toolchains/1.75.0-x86_64-unknown-linux-gnu/lib/rustlib/x86_64-unknown-linux-gnu/lib/libobject-db744c0ca03eed1d.rlib" "/opt/rustwide/rustup-home/toolchains/1.75.0-x86_64-unknown-linux-gnu/lib/rustlib/x86_64-unknown-linux-gnu/lib/libmemchr-8ba652dc7d4b285a.rlib" "/opt/rustwide/rustup-home/toolchains/1.75.0-x86_64-unknown-linux-gnu/lib/rustlib/x86_64-unknown-linux-gnu/lib/libaddr2line-d5f4520a9ebc0d58.rlib" "/opt/rustwide/rustup-home/toolchains/1.75.0-x86_64-unknown-linux-gnu/lib/rustlib/x86_64-unknown-linux-gnu/lib/libgimli-4ad84de58f0cb463.rlib" "/opt/rustwide/rustup-home/toolchains/1.75.0-x86_64-unknown-linux-gnu/lib/rustlib/x86_64-unknown-linux-gnu/lib/librustc_demangle-0d10aae2e0f38735.rlib" "/opt/rustwide/rustup-home/toolchains/1.75.0-x86_64-unknown-linux-gnu/lib/rustlib/x86_64-unknown-linux-gnu/lib/libstd_detect-0c17cff739e6745b.rlib" "/opt/rustwide/rustup-home/toolchains/1.75.0-x86_64-unknown-linux-gnu/lib/rustlib/x86_64-unknown-linux-gnu/lib/libhashbrown-b29e17139dde1aa8.rlib" "/opt/rustwide/rustup-home/toolchains/1.75.0-x86_64-unknown-linux-gnu/lib/rustlib/x86_64-unknown-linux-gnu/lib/librustc_std_workspace_alloc-1f975299829cc7bd.rlib" "/opt/rustwide/rustup-home/toolchains/1.75.0-x86_64-unknown-linux-gnu/lib/rustlib/x86_64-unknown-linux-gnu/lib/libminiz_oxide-86bae3bc3079f89b.rlib" "/opt/rustwide/rustup-home/toolchains/1.75.0-x86_64-unknown-linux-gnu/lib/rustlib/x86_64-unknown-linux-gnu/lib/libadler-321b82c30dffdf5f.rlib" "/opt/rustwide/rustup-home/toolchains/1.75.0-x86_64-unknown-linux-gnu/lib/rustlib/x86_64-unknown-linux-gnu/lib/libunwind-3dd8a6810a0bdfef.rlib" "/opt/rustwide/rustup-home/toolchains/1.75.0-x86_64-unknown-linux-gnu/lib/rustlib/x86_64-unknown-linux-gnu/lib/libcfg_if-eb39a61c0c879984.rlib" "/opt/rustwide/rustup-home/toolchains/1.75.0-x86_64-unknown-linux-gnu/lib/rustlib/x86_64-unknown-linux-gnu/lib/liblibc-aa769569f91c3548.rlib" "/opt/rustwide/rustup-home/toolchains/1.75.0-x86_64-unknown-linux-gnu/lib/rustlib/x86_64-unknown-linux-gnu/lib/liballoc-510a192a50a983ed.rlib" "/opt/rustwide/rustup-home/toolchains/1.75.0-x86_64-unknown-linux-gnu/lib/rustlib/x86_64-unknown-linux-gnu/lib/librustc_std_workspace_core-0577018320f99037.rlib" "/opt/rustwide/rustup-home/toolchains/1.75.0-x86_64-unknown-linux-gnu/lib/rustlib/x86_64-unknown-linux-gnu/lib/libcore-193cf992125ccd4c.rlib" "/opt/rustwide/rustup-home/toolchains/1.75.0-x86_64-unknown-linux-gnu/lib/rustlib/x86_64-unknown-linux-gnu/lib/libcompiler_builtins-8e138eaf26ebb4a8.rlib" "-Wl,-Bdynamic" "-lgcc_s" "-lutil" "-lrt" "-lpthread" "-lm" "-ldl" "-lc" "-Wl,--eh-frame-hdr" "-Wl,-z,noexecstack" "-L" "/opt/rustwide/rustup-home/toolchains/1.75.0-x86_64-unknown-linux-gnu/lib/rustlib/x86_64-unknown-linux-gnu/lib" "-o" "/opt/rustwide/target/debug/deps/libadapter_nft_finance.so" "-Wl,--gc-sections" "-shared" "-Wl,-z,relro,-z,now" "-nodefaultlibs"
[INFO] [stdout]   = note: collect2: fatal error: ld terminated with signal 9 [Killed]
[INFO] [stdout]           compilation terminated.
[INFO] [stdout]           
[INFO] [stdout] 
[INFO] [stdout] 
[INFO] [stdout] error: aborting due to previous error
[INFO] [stdout] 
[INFO] [stdout] 
[INFO] [stderr] error: could not compile `adapter-nft-finance` (lib) due to 2 previous errors
[INFO] [stderr] warning: build failed, waiting for other jobs to finish...
[INFO] [stdout] error: linking with `cc` failed: exit status: 1
[INFO] [stdout]   |
[INFO] [stdout]   = note: LC_ALL="C" PATH="/opt/rustwide/rustup-home/toolchains/1.75.0-x86_64-unknown-linux-gnu/lib/rustlib/x86_64-unknown-linux-gnu/bin:/opt/rustwide/cargo-home/bin:/usr/local/sbin:/usr/local/bin:/usr/sbin:/usr/bin:/sbin:/bin" VSLANG="1033" "cc" "-Wl,--version-script=/tmp/rustcZhzFln/list" "-Wl,--no-undefined-version" "-m64" "/tmp/rustcZhzFln/symbols.o" "/opt/rustwide/target/debug/deps/adapter_francium.adapter_francium.436bb4e93f467484-cgu.0.rcgu.o" "/opt/rustwide/target/debug/deps/adapter_francium.adapter_francium.436bb4e93f467484-cgu.1.rcgu.o" "/opt/rustwide/target/debug/deps/adapter_francium.adapter_francium.436bb4e93f467484-cgu.2.rcgu.o" "/opt/rustwide/target/debug/deps/adapter_francium.5dybxqvbpptcj8r1.rcgu.o" "-Wl,--as-needed" "-L" "/opt/rustwide/target/debug/deps" "-L" "/opt/rustwide/target/debug/build/blake3-edf9a47302cfd129/out" "-L" "/opt/rustwide/target/debug/build/blake3-edf9a47302cfd129/out" "-L" "/opt/rustwide/rustup-home/toolchains/1.75.0-x86_64-unknown-linux-gnu/lib/rustlib/x86_64-unknown-linux-gnu/lib" "-Wl,-Bstatic" "/opt/rustwide/target/debug/deps/libanchor_spl-46b59cd1215dd57f.rlib" "/opt/rustwide/target/debug/deps/libspl_associated_token_account-2d22f57c52a1caed.rlib" "/opt/rustwide/target/debug/deps/libspl_token_2022-300544adab202f7f.rlib" "/opt/rustwide/target/debug/deps/libspl_memo-2bd40ed671bb8c61.rlib" "/opt/rustwide/target/debug/deps/libsolana_zk_token_sdk-5223ed9593a2066a.rlib" "/opt/rustwide/target/debug/deps/libmerlin-fae39f018189f211.rlib" "/opt/rustwide/target/debug/deps/librand_core-d2cc7ebef3afa3b8.rlib" "/opt/rustwide/target/debug/deps/libgetrandom-c1ae41e5ac336720.rlib" "/opt/rustwide/target/debug/deps/libsha3-c02d292e383fbd54.rlib" "/opt/rustwide/target/debug/deps/libsolana_sdk-973495ea7dd0e43f.rlib" "/opt/rustwide/target/debug/deps/libpbkdf2-6104036368cb8c88.rlib" "/opt/rustwide/target/debug/deps/libserde_json-308796a3ac4d4ba2.rlib" "/opt/rustwide/target/debug/deps/libryu-80596ff4214e4d03.rlib" "/opt/rustwide/target/debug/deps/libitoa-a8f958deca0e891c.rlib" "/opt/rustwide/target/debug/deps/libqstring-79cf72aa25edce31.rlib" "/opt/rustwide/target/debug/deps/libpercent_encoding-c39f6500503dd269.rlib" "/opt/rustwide/target/debug/deps/libed25519_dalek_bip32-c620ed6373748ad0.rlib" "/opt/rustwide/target/debug/deps/libhmac-f2d517484a1c4a99.rlib" "/opt/rustwide/target/debug/deps/libmemmap2-a7ea613bb00d9e72.rlib" "/opt/rustwide/target/debug/deps/libchrono-063ba8d3de81c086.rlib" "/opt/rustwide/target/debug/deps/libnum_integer-f3dc13231db422dc.rlib" "/opt/rustwide/target/debug/deps/libed25519_dalek-5ad3232de5a23bd0.rlib" "/opt/rustwide/target/debug/deps/libed25519-db9d61b6a7ea897f.rlib" "/opt/rustwide/target/debug/deps/libsignature-417dbe68d84c5ddb.rlib" "/opt/rustwide/target/debug/deps/liburiparse-8f679681de9ce923.rlib" "/opt/rustwide/target/debug/deps/libfnv-18bf5144d055e772.rlib" "/opt/rustwide/target/debug/deps/libderivation_path-ff42cc1f20f9c2a7.rlib" "/opt/rustwide/target/debug/deps/libaes_gcm_siv-2ac789c0ea5a2e9c.rlib" "/opt/rustwide/target/debug/deps/libaes-6f75f695e8e21106.rlib" "/opt/rustwide/target/debug/deps/libpolyval-e8902b08d62266d4.rlib" "/opt/rustwide/target/debug/deps/libuniversal_hash-b07d5f39ff72728f.rlib" "/opt/rustwide/target/debug/deps/libctr-d5dc6be184b577a8.rlib" "/opt/rustwide/target/debug/deps/libcipher-dd76b691ac0e5809.rlib" "/opt/rustwide/target/debug/deps/libaead-588c47c693068aaa.rlib" "/opt/rustwide/target/debug/deps/libassert_matches-330f4d77d0113f87.rlib" "/opt/rustwide/target/debug/deps/libspl_token-411a5a6d68a5d448.rlib" "/opt/rustwide/target/debug/deps/libnum_enum-7efdf75793e6a56a.rlib" "/opt/rustwide/target/debug/deps/libanchor_lang-88f28b9e2f10bf9a.rlib" "/opt/rustwide/target/debug/deps/libsolana_program-2719858d0a61c0ec.rlib" "/opt/rustwide/target/debug/deps/liblibsecp256k1-1fde45b3dba63ddd.rlib" "/opt/rustwide/target/debug/deps/libbase64-a29b27598b578f1a.rlib" "/opt/rustwide/target/debug/deps/libsha2-47e54c99cecdedc4.rlib" "/opt/rustwide/target/debug/deps/libopaque_debug-15273823c1ba1453.rlib" "/opt/rustwide/target/debug/deps/libblock_buffer-bf09b93fec9d5b4d.rlib" "/opt/rustwide/target/debug/deps/libblock_padding-f342a93ff9370570.rlib" "/opt/rustwide/target/debug/deps/libhmac_drbg-5cce34260136acae.rlib" "/opt/rustwide/target/debug/deps/libhmac-4dad3142fe12a40b.rlib" "/opt/rustwide/target/debug/deps/libcrypto_mac-19f75a310c52d552.rlib" "/opt/rustwide/target/debug/deps/liblibsecp256k1_core-bc999849ecdd189d.rlib" "/opt/rustwide/target/debug/deps/libcrunchy-0ba5056183083a99.rlib" "/opt/rustwide/target/debug/deps/librand-d28218cf3b2a9f88.rlib" "/opt/rustwide/target/debug/deps/librand_chacha-f2313cd2ffafb606.rlib" "/opt/rustwide/target/debug/deps/libppv_lite86-a99ab8a0983e0261.rlib" "/opt/rustwide/target/debug/deps/libcurve25519_dalek-4f7cfb1b84c4e16e.rlib" "/opt/rustwide/target/debug/deps/libzeroize-25e6338b33dbcf04.rlib" "/opt/rustwide/target/debug/deps/librand_core-8be97f4d7ccf0688.rlib" "/opt/rustwide/target/debug/deps/libgetrandom-100a815037de01c1.rlib" "/opt/rustwide/target/debug/deps/liblibc-2b3f3e35edf803f7.rlib" "/opt/rustwide/target/debug/deps/libdigest-f6c51db925aac62a.rlib" "/opt/rustwide/target/debug/deps/libbyteorder-80df7aa73d7d6480.rlib" "/opt/rustwide/target/debug/deps/libbase64-2bf8ed8e2a1214cd.rlib" "/opt/rustwide/target/debug/deps/libserde_bytes-b8cb27b33e26a916.rlib" "/opt/rustwide/target/debug/deps/libbs58-6b52eb147dc37b19.rlib" "/opt/rustwide/target/debug/deps/libwasm_bindgen-939b0a7721023f08.rlib" "/opt/rustwide/target/debug/deps/libbitflags-b7cee2ca4fb438d0.rlib" "/opt/rustwide/target/debug/deps/libbv-791cb8e9a42694b2.rlib" "/opt/rustwide/target/debug/deps/libitertools-161041b9e38b087e.rlib" "/opt/rustwide/target/debug/deps/libeither-ec7d6870a45e2e63.rlib" "/opt/rustwide/target/debug/deps/libblake3-bd749ab9eb25b641.rlib" "/opt/rustwide/target/debug/deps/libconstant_time_eq-47127742af566368.rlib" "/opt/rustwide/target/debug/deps/libarrayvec-e9346d0f13006eff.rlib" "/opt/rustwide/target/debug/deps/libarrayref-ff686991724e9e8c.rlib" "/opt/rustwide/target/debug/deps/liblazy_static-591486ebcb9a7ead.rlib" "/opt/rustwide/target/debug/deps/libsha3-d5bec9f5b9efa26d.rlib" "/opt/rustwide/target/debug/deps/libkeccak-4a85ad65e23e2c69.rlib" "/opt/rustwide/target/debug/deps/libbincode-2d7698fb830b5945.rlib" "/opt/rustwide/target/debug/deps/libsha2-429886fa30702fbe.rlib" "/opt/rustwide/target/debug/deps/libcpufeatures-68ff2c2a83d8484f.rlib" "/opt/rustwide/target/debug/deps/libdigest-fc23dab7f6753eab.rlib" "/opt/rustwide/target/debug/deps/libsubtle-94487541d742eeea.rlib" "/opt/rustwide/target/debug/deps/libblock_buffer-441e014ee2bf4d1c.rlib" "/opt/rustwide/target/debug/deps/libcrypto_common-14cc3badac2a1e9a.rlib" "/opt/rustwide/target/debug/deps/libgeneric_array-3b3396684e9e5412.rlib" "/opt/rustwide/target/debug/deps/libtypenum-62ca5a12b60d0fda.rlib" "/opt/rustwide/target/debug/deps/libserde-3df23bd285c69d6c.rlib" "/opt/rustwide/target/debug/deps/liblog-d88d404ed4a3e8b9.rlib" "/opt/rustwide/target/debug/deps/libcfg_if-61dc7a6799e72b18.rlib" "/opt/rustwide/target/debug/deps/libnum_traits-a6410cac0a25d3f1.rlib" "/opt/rustwide/target/debug/deps/libthiserror-92b037d905f142c8.rlib" "/opt/rustwide/target/debug/deps/libborsh-e1da8f3e3b00910b.rlib" "/opt/rustwide/target/debug/deps/libmemoffset-c7b1b1cc44d01308.rlib" "/opt/rustwide/target/debug/deps/libbytemuck-b9a4a2cc77a4d447.rlib" "/opt/rustwide/rustup-home/toolchains/1.75.0-x86_64-unknown-linux-gnu/lib/rustlib/x86_64-unknown-linux-gnu/lib/libstd-90f6ddbf82de36ec.rlib" "/opt/rustwide/rustup-home/toolchains/1.75.0-x86_64-unknown-linux-gnu/lib/rustlib/x86_64-unknown-linux-gnu/lib/libpanic_unwind-480c41e9d4e1f677.rlib" "/opt/rustwide/rustup-home/toolchains/1.75.0-x86_64-unknown-linux-gnu/lib/rustlib/x86_64-unknown-linux-gnu/lib/libobject-db744c0ca03eed1d.rlib" "/opt/rustwide/rustup-home/toolchains/1.75.0-x86_64-unknown-linux-gnu/lib/rustlib/x86_64-unknown-linux-gnu/lib/libmemchr-8ba652dc7d4b285a.rlib" "/opt/rustwide/rustup-home/toolchains/1.75.0-x86_64-unknown-linux-gnu/lib/rustlib/x86_64-unknown-linux-gnu/lib/libaddr2line-d5f4520a9ebc0d58.rlib" "/opt/rustwide/rustup-home/toolchains/1.75.0-x86_64-unknown-linux-gnu/lib/rustlib/x86_64-unknown-linux-gnu/lib/libgimli-4ad84de58f0cb463.rlib" "/opt/rustwide/rustup-home/toolchains/1.75.0-x86_64-unknown-linux-gnu/lib/rustlib/x86_64-unknown-linux-gnu/lib/librustc_demangle-0d10aae2e0f38735.rlib" "/opt/rustwide/rustup-home/toolchains/1.75.0-x86_64-unknown-linux-gnu/lib/rustlib/x86_64-unknown-linux-gnu/lib/libstd_detect-0c17cff739e6745b.rlib" "/opt/rustwide/rustup-home/toolchains/1.75.0-x86_64-unknown-linux-gnu/lib/rustlib/x86_64-unknown-linux-gnu/lib/libhashbrown-b29e17139dde1aa8.rlib" "/opt/rustwide/rustup-home/toolchains/1.75.0-x86_64-unknown-linux-gnu/lib/rustlib/x86_64-unknown-linux-gnu/lib/librustc_std_workspace_alloc-1f975299829cc7bd.rlib" "/opt/rustwide/rustup-home/toolchains/1.75.0-x86_64-unknown-linux-gnu/lib/rustlib/x86_64-unknown-linux-gnu/lib/libminiz_oxide-86bae3bc3079f89b.rlib" "/opt/rustwide/rustup-home/toolchains/1.75.0-x86_64-unknown-linux-gnu/lib/rustlib/x86_64-unknown-linux-gnu/lib/libadler-321b82c30dffdf5f.rlib" "/opt/rustwide/rustup-home/toolchains/1.75.0-x86_64-unknown-linux-gnu/lib/rustlib/x86_64-unknown-linux-gnu/lib/libunwind-3dd8a6810a0bdfef.rlib" "/opt/rustwide/rustup-home/toolchains/1.75.0-x86_64-unknown-linux-gnu/lib/rustlib/x86_64-unknown-linux-gnu/lib/libcfg_if-eb39a61c0c879984.rlib" "/opt/rustwide/rustup-home/toolchains/1.75.0-x86_64-unknown-linux-gnu/lib/rustlib/x86_64-unknown-linux-gnu/lib/liblibc-aa769569f91c3548.rlib" "/opt/rustwide/rustup-home/toolchains/1.75.0-x86_64-unknown-linux-gnu/lib/rustlib/x86_64-unknown-linux-gnu/lib/liballoc-510a192a50a983ed.rlib" "/opt/rustwide/rustup-home/toolchains/1.75.0-x86_64-unknown-linux-gnu/lib/rustlib/x86_64-unknown-linux-gnu/lib/librustc_std_workspace_core-0577018320f99037.rlib" "/opt/rustwide/rustup-home/toolchains/1.75.0-x86_64-unknown-linux-gnu/lib/rustlib/x86_64-unknown-linux-gnu/lib/libcore-193cf992125ccd4c.rlib" "/opt/rustwide/rustup-home/toolchains/1.75.0-x86_64-unknown-linux-gnu/lib/rustlib/x86_64-unknown-linux-gnu/lib/libcompiler_builtins-8e138eaf26ebb4a8.rlib" "-Wl,-Bdynamic" "-lgcc_s" "-lutil" "-lrt" "-lpthread" "-lm" "-ldl" "-lc" "-Wl,--eh-frame-hdr" "-Wl,-z,noexecstack" "-L" "/opt/rustwide/rustup-home/toolchains/1.75.0-x86_64-unknown-linux-gnu/lib/rustlib/x86_64-unknown-linux-gnu/lib" "-o" "/opt/rustwide/target/debug/deps/libadapter_francium.so" "-Wl,--gc-sections" "-shared" "-Wl,-z,relro,-z,now" "-nodefaultlibs"
[INFO] [stdout]   = note: collect2: fatal error: ld terminated with signal 9 [Killed]
[INFO] [stdout]           compilation terminated.
[INFO] [stdout]           
[INFO] [stdout] 
[INFO] [stdout] 
[INFO] [stdout] error: aborting due to previous error
[INFO] [stdout] 
[INFO] [stdout] 
[INFO] [stderr] error: could not compile `adapter-francium` (lib) due to 2 previous errors
[INFO] [stdout] error: linking with `cc` failed: exit status: 1
[INFO] [stdout]   |
[INFO] [stdout]   = note: LC_ALL="C" PATH="/opt/rustwide/rustup-home/toolchains/1.75.0-x86_64-unknown-linux-gnu/lib/rustlib/x86_64-unknown-linux-gnu/bin:/opt/rustwide/cargo-home/bin:/usr/local/sbin:/usr/local/bin:/usr/sbin:/usr/bin:/sbin:/bin" VSLANG="1033" "cc" "-Wl,--version-script=/tmp/rustcZICAv9/list" "-Wl,--no-undefined-version" "-m64" "/tmp/rustcZICAv9/symbols.o" "/opt/rustwide/target/debug/deps/adapter_lifinity.adapter_lifinity.ec0dfac34f6ccc7f-cgu.0.rcgu.o" "/opt/rustwide/target/debug/deps/adapter_lifinity.adapter_lifinity.ec0dfac34f6ccc7f-cgu.1.rcgu.o" "/opt/rustwide/target/debug/deps/adapter_lifinity.adapter_lifinity.ec0dfac34f6ccc7f-cgu.2.rcgu.o" "/opt/rustwide/target/debug/deps/adapter_lifinity.3voe63np98giscvk.rcgu.o" "-Wl,--as-needed" "-L" "/opt/rustwide/target/debug/deps" "-L" "/opt/rustwide/target/debug/build/blake3-edf9a47302cfd129/out" "-L" "/opt/rustwide/target/debug/build/blake3-edf9a47302cfd129/out" "-L" "/opt/rustwide/rustup-home/toolchains/1.75.0-x86_64-unknown-linux-gnu/lib/rustlib/x86_64-unknown-linux-gnu/lib" "-Wl,-Bstatic" "/opt/rustwide/target/debug/deps/libanchor_spl-46b59cd1215dd57f.rlib" "/opt/rustwide/target/debug/deps/libspl_associated_token_account-2d22f57c52a1caed.rlib" "/opt/rustwide/target/debug/deps/libspl_token_2022-300544adab202f7f.rlib" "/opt/rustwide/target/debug/deps/libspl_memo-2bd40ed671bb8c61.rlib" "/opt/rustwide/target/debug/deps/libsolana_zk_token_sdk-5223ed9593a2066a.rlib" "/opt/rustwide/target/debug/deps/libmerlin-fae39f018189f211.rlib" "/opt/rustwide/target/debug/deps/librand_core-d2cc7ebef3afa3b8.rlib" "/opt/rustwide/target/debug/deps/libgetrandom-c1ae41e5ac336720.rlib" "/opt/rustwide/target/debug/deps/libsha3-c02d292e383fbd54.rlib" "/opt/rustwide/target/debug/deps/libsolana_sdk-973495ea7dd0e43f.rlib" "/opt/rustwide/target/debug/deps/libpbkdf2-6104036368cb8c88.rlib" "/opt/rustwide/target/debug/deps/libserde_json-308796a3ac4d4ba2.rlib" "/opt/rustwide/target/debug/deps/libryu-80596ff4214e4d03.rlib" "/opt/rustwide/target/debug/deps/libitoa-a8f958deca0e891c.rlib" "/opt/rustwide/target/debug/deps/libqstring-79cf72aa25edce31.rlib" "/opt/rustwide/target/debug/deps/libpercent_encoding-c39f6500503dd269.rlib" "/opt/rustwide/target/debug/deps/libed25519_dalek_bip32-c620ed6373748ad0.rlib" "/opt/rustwide/target/debug/deps/libhmac-f2d517484a1c4a99.rlib" "/opt/rustwide/target/debug/deps/libmemmap2-a7ea613bb00d9e72.rlib" "/opt/rustwide/target/debug/deps/libchrono-063ba8d3de81c086.rlib" "/opt/rustwide/target/debug/deps/libnum_integer-f3dc13231db422dc.rlib" "/opt/rustwide/target/debug/deps/libed25519_dalek-5ad3232de5a23bd0.rlib" "/opt/rustwide/target/debug/deps/libed25519-db9d61b6a7ea897f.rlib" "/opt/rustwide/target/debug/deps/libsignature-417dbe68d84c5ddb.rlib" "/opt/rustwide/target/debug/deps/liburiparse-8f679681de9ce923.rlib" "/opt/rustwide/target/debug/deps/libfnv-18bf5144d055e772.rlib" "/opt/rustwide/target/debug/deps/libderivation_path-ff42cc1f20f9c2a7.rlib" "/opt/rustwide/target/debug/deps/libaes_gcm_siv-2ac789c0ea5a2e9c.rlib" "/opt/rustwide/target/debug/deps/libaes-6f75f695e8e21106.rlib" "/opt/rustwide/target/debug/deps/libpolyval-e8902b08d62266d4.rlib" "/opt/rustwide/target/debug/deps/libuniversal_hash-b07d5f39ff72728f.rlib" "/opt/rustwide/target/debug/deps/libctr-d5dc6be184b577a8.rlib" "/opt/rustwide/target/debug/deps/libcipher-dd76b691ac0e5809.rlib" "/opt/rustwide/target/debug/deps/libaead-588c47c693068aaa.rlib" "/opt/rustwide/target/debug/deps/libassert_matches-330f4d77d0113f87.rlib" "/opt/rustwide/target/debug/deps/libspl_token-411a5a6d68a5d448.rlib" "/opt/rustwide/target/debug/deps/libnum_enum-7efdf75793e6a56a.rlib" "/opt/rustwide/target/debug/deps/libanchor_lang-88f28b9e2f10bf9a.rlib" "/opt/rustwide/target/debug/deps/libsolana_program-2719858d0a61c0ec.rlib" "/opt/rustwide/target/debug/deps/liblibsecp256k1-1fde45b3dba63ddd.rlib" "/opt/rustwide/target/debug/deps/libbase64-a29b27598b578f1a.rlib" "/opt/rustwide/target/debug/deps/libsha2-47e54c99cecdedc4.rlib" "/opt/rustwide/target/debug/deps/libopaque_debug-15273823c1ba1453.rlib" "/opt/rustwide/target/debug/deps/libblock_buffer-bf09b93fec9d5b4d.rlib" "/opt/rustwide/target/debug/deps/libblock_padding-f342a93ff9370570.rlib" "/opt/rustwide/target/debug/deps/libhmac_drbg-5cce34260136acae.rlib" "/opt/rustwide/target/debug/deps/libhmac-4dad3142fe12a40b.rlib" "/opt/rustwide/target/debug/deps/libcrypto_mac-19f75a310c52d552.rlib" "/opt/rustwide/target/debug/deps/liblibsecp256k1_core-bc999849ecdd189d.rlib" "/opt/rustwide/target/debug/deps/libcrunchy-0ba5056183083a99.rlib" "/opt/rustwide/target/debug/deps/librand-d28218cf3b2a9f88.rlib" "/opt/rustwide/target/debug/deps/librand_chacha-f2313cd2ffafb606.rlib" "/opt/rustwide/target/debug/deps/libppv_lite86-a99ab8a0983e0261.rlib" "/opt/rustwide/target/debug/deps/libcurve25519_dalek-4f7cfb1b84c4e16e.rlib" "/opt/rustwide/target/debug/deps/libzeroize-25e6338b33dbcf04.rlib" "/opt/rustwide/target/debug/deps/librand_core-8be97f4d7ccf0688.rlib" "/opt/rustwide/target/debug/deps/libgetrandom-100a815037de01c1.rlib" "/opt/rustwide/target/debug/deps/liblibc-2b3f3e35edf803f7.rlib" "/opt/rustwide/target/debug/deps/libdigest-f6c51db925aac62a.rlib" "/opt/rustwide/target/debug/deps/libbyteorder-80df7aa73d7d6480.rlib" "/opt/rustwide/target/debug/deps/libbase64-2bf8ed8e2a1214cd.rlib" "/opt/rustwide/target/debug/deps/libserde_bytes-b8cb27b33e26a916.rlib" "/opt/rustwide/target/debug/deps/libbs58-6b52eb147dc37b19.rlib" "/opt/rustwide/target/debug/deps/libwasm_bindgen-939b0a7721023f08.rlib" "/opt/rustwide/target/debug/deps/libbitflags-b7cee2ca4fb438d0.rlib" "/opt/rustwide/target/debug/deps/libbv-791cb8e9a42694b2.rlib" "/opt/rustwide/target/debug/deps/libitertools-161041b9e38b087e.rlib" "/opt/rustwide/target/debug/deps/libeither-ec7d6870a45e2e63.rlib" "/opt/rustwide/target/debug/deps/libblake3-bd749ab9eb25b641.rlib" "/opt/rustwide/target/debug/deps/libconstant_time_eq-47127742af566368.rlib" "/opt/rustwide/target/debug/deps/libarrayvec-e9346d0f13006eff.rlib" "/opt/rustwide/target/debug/deps/libarrayref-ff686991724e9e8c.rlib" "/opt/rustwide/target/debug/deps/liblazy_static-591486ebcb9a7ead.rlib" "/opt/rustwide/target/debug/deps/libsha3-d5bec9f5b9efa26d.rlib" "/opt/rustwide/target/debug/deps/libkeccak-4a85ad65e23e2c69.rlib" "/opt/rustwide/target/debug/deps/libbincode-2d7698fb830b5945.rlib" "/opt/rustwide/target/debug/deps/libsha2-429886fa30702fbe.rlib" "/opt/rustwide/target/debug/deps/libcpufeatures-68ff2c2a83d8484f.rlib" "/opt/rustwide/target/debug/deps/libdigest-fc23dab7f6753eab.rlib" "/opt/rustwide/target/debug/deps/libsubtle-94487541d742eeea.rlib" "/opt/rustwide/target/debug/deps/libblock_buffer-441e014ee2bf4d1c.rlib" "/opt/rustwide/target/debug/deps/libcrypto_common-14cc3badac2a1e9a.rlib" "/opt/rustwide/target/debug/deps/libgeneric_array-3b3396684e9e5412.rlib" "/opt/rustwide/target/debug/deps/libtypenum-62ca5a12b60d0fda.rlib" "/opt/rustwide/target/debug/deps/libserde-3df23bd285c69d6c.rlib" "/opt/rustwide/target/debug/deps/liblog-d88d404ed4a3e8b9.rlib" "/opt/rustwide/target/debug/deps/libcfg_if-61dc7a6799e72b18.rlib" "/opt/rustwide/target/debug/deps/libnum_traits-a6410cac0a25d3f1.rlib" "/opt/rustwide/target/debug/deps/libthiserror-92b037d905f142c8.rlib" "/opt/rustwide/target/debug/deps/libborsh-e1da8f3e3b00910b.rlib" "/opt/rustwide/target/debug/deps/libmemoffset-c7b1b1cc44d01308.rlib" "/opt/rustwide/target/debug/deps/libbytemuck-b9a4a2cc77a4d447.rlib" "/opt/rustwide/rustup-home/toolchains/1.75.0-x86_64-unknown-linux-gnu/lib/rustlib/x86_64-unknown-linux-gnu/lib/libstd-90f6ddbf82de36ec.rlib" "/opt/rustwide/rustup-home/toolchains/1.75.0-x86_64-unknown-linux-gnu/lib/rustlib/x86_64-unknown-linux-gnu/lib/libpanic_unwind-480c41e9d4e1f677.rlib" "/opt/rustwide/rustup-home/toolchains/1.75.0-x86_64-unknown-linux-gnu/lib/rustlib/x86_64-unknown-linux-gnu/lib/libobject-db744c0ca03eed1d.rlib" "/opt/rustwide/rustup-home/toolchains/1.75.0-x86_64-unknown-linux-gnu/lib/rustlib/x86_64-unknown-linux-gnu/lib/libmemchr-8ba652dc7d4b285a.rlib" "/opt/rustwide/rustup-home/toolchains/1.75.0-x86_64-unknown-linux-gnu/lib/rustlib/x86_64-unknown-linux-gnu/lib/libaddr2line-d5f4520a9ebc0d58.rlib" "/opt/rustwide/rustup-home/toolchains/1.75.0-x86_64-unknown-linux-gnu/lib/rustlib/x86_64-unknown-linux-gnu/lib/libgimli-4ad84de58f0cb463.rlib" "/opt/rustwide/rustup-home/toolchains/1.75.0-x86_64-unknown-linux-gnu/lib/rustlib/x86_64-unknown-linux-gnu/lib/librustc_demangle-0d10aae2e0f38735.rlib" "/opt/rustwide/rustup-home/toolchains/1.75.0-x86_64-unknown-linux-gnu/lib/rustlib/x86_64-unknown-linux-gnu/lib/libstd_detect-0c17cff739e6745b.rlib" "/opt/rustwide/rustup-home/toolchains/1.75.0-x86_64-unknown-linux-gnu/lib/rustlib/x86_64-unknown-linux-gnu/lib/libhashbrown-b29e17139dde1aa8.rlib" "/opt/rustwide/rustup-home/toolchains/1.75.0-x86_64-unknown-linux-gnu/lib/rustlib/x86_64-unknown-linux-gnu/lib/librustc_std_workspace_alloc-1f975299829cc7bd.rlib" "/opt/rustwide/rustup-home/toolchains/1.75.0-x86_64-unknown-linux-gnu/lib/rustlib/x86_64-unknown-linux-gnu/lib/libminiz_oxide-86bae3bc3079f89b.rlib" "/opt/rustwide/rustup-home/toolchains/1.75.0-x86_64-unknown-linux-gnu/lib/rustlib/x86_64-unknown-linux-gnu/lib/libadler-321b82c30dffdf5f.rlib" "/opt/rustwide/rustup-home/toolchains/1.75.0-x86_64-unknown-linux-gnu/lib/rustlib/x86_64-unknown-linux-gnu/lib/libunwind-3dd8a6810a0bdfef.rlib" "/opt/rustwide/rustup-home/toolchains/1.75.0-x86_64-unknown-linux-gnu/lib/rustlib/x86_64-unknown-linux-gnu/lib/libcfg_if-eb39a61c0c879984.rlib" "/opt/rustwide/rustup-home/toolchains/1.75.0-x86_64-unknown-linux-gnu/lib/rustlib/x86_64-unknown-linux-gnu/lib/liblibc-aa769569f91c3548.rlib" "/opt/rustwide/rustup-home/toolchains/1.75.0-x86_64-unknown-linux-gnu/lib/rustlib/x86_64-unknown-linux-gnu/lib/liballoc-510a192a50a983ed.rlib" "/opt/rustwide/rustup-home/toolchains/1.75.0-x86_64-unknown-linux-gnu/lib/rustlib/x86_64-unknown-linux-gnu/lib/librustc_std_workspace_core-0577018320f99037.rlib" "/opt/rustwide/rustup-home/toolchains/1.75.0-x86_64-unknown-linux-gnu/lib/rustlib/x86_64-unknown-linux-gnu/lib/libcore-193cf992125ccd4c.rlib" "/opt/rustwide/rustup-home/toolchains/1.75.0-x86_64-unknown-linux-gnu/lib/rustlib/x86_64-unknown-linux-gnu/lib/libcompiler_builtins-8e138eaf26ebb4a8.rlib" "-Wl,-Bdynamic" "-lgcc_s" "-lutil" "-lrt" "-lpthread" "-lm" "-ldl" "-lc" "-Wl,--eh-frame-hdr" "-Wl,-z,noexecstack" "-L" "/opt/rustwide/rustup-home/toolchains/1.75.0-x86_64-unknown-linux-gnu/lib/rustlib/x86_64-unknown-linux-gnu/lib" "-o" "/opt/rustwide/target/debug/deps/libadapter_lifinity.so" "-Wl,--gc-sections" "-shared" "-Wl,-z,relro,-z,now" "-nodefaultlibs"
[INFO] [stdout]   = note: collect2: fatal error: ld terminated with signal 9 [Killed]
[INFO] [stdout]           compilation terminated.
[INFO] [stdout]           
[INFO] [stdout] 
[INFO] [stdout] 
[INFO] [stdout] error: aborting due to previous error
[INFO] [stdout] 
[INFO] [stdout] 
[INFO] [stderr] error: could not compile `adapter-lifinity` (lib) due to 2 previous errors
[INFO] [stdout] error: linking with `cc` failed: exit status: 1
[INFO] [stdout]   |
[INFO] [stdout]   = note: LC_ALL="C" PATH="/opt/rustwide/rustup-home/toolchains/1.75.0-x86_64-unknown-linux-gnu/lib/rustlib/x86_64-unknown-linux-gnu/bin:/opt/rustwide/cargo-home/bin:/usr/local/sbin:/usr/local/bin:/usr/sbin:/usr/bin:/sbin:/bin" VSLANG="1033" "cc" "-Wl,--version-script=/tmp/rustcvfWrJs/list" "-Wl,--no-undefined-version" "-m64" "/tmp/rustcvfWrJs/symbols.o" "/opt/rustwide/target/debug/deps/adapter_saber.adapter_saber.b5099ce4ba394643-cgu.0.rcgu.o" "/opt/rustwide/target/debug/deps/adapter_saber.adapter_saber.b5099ce4ba394643-cgu.1.rcgu.o" "/opt/rustwide/target/debug/deps/adapter_saber.adapter_saber.b5099ce4ba394643-cgu.2.rcgu.o" "/opt/rustwide/target/debug/deps/adapter_saber.26vu0hhwx1u9j1ki.rcgu.o" "-Wl,--as-needed" "-L" "/opt/rustwide/target/debug/deps" "-L" "/opt/rustwide/target/debug/build/blake3-edf9a47302cfd129/out" "-L" "/opt/rustwide/target/debug/build/blake3-edf9a47302cfd129/out" "-L" "/opt/rustwide/rustup-home/toolchains/1.75.0-x86_64-unknown-linux-gnu/lib/rustlib/x86_64-unknown-linux-gnu/lib" "-Wl,-Bstatic" "/opt/rustwide/target/debug/deps/libanchor_spl-46b59cd1215dd57f.rlib" "/opt/rustwide/target/debug/deps/libspl_associated_token_account-2d22f57c52a1caed.rlib" "/opt/rustwide/target/debug/deps/libspl_token_2022-300544adab202f7f.rlib" "/opt/rustwide/target/debug/deps/libspl_memo-2bd40ed671bb8c61.rlib" "/opt/rustwide/target/debug/deps/libsolana_zk_token_sdk-5223ed9593a2066a.rlib" "/opt/rustwide/target/debug/deps/libmerlin-fae39f018189f211.rlib" "/opt/rustwide/target/debug/deps/librand_core-d2cc7ebef3afa3b8.rlib" "/opt/rustwide/target/debug/deps/libgetrandom-c1ae41e5ac336720.rlib" "/opt/rustwide/target/debug/deps/libsha3-c02d292e383fbd54.rlib" "/opt/rustwide/target/debug/deps/libsolana_sdk-973495ea7dd0e43f.rlib" "/opt/rustwide/target/debug/deps/libpbkdf2-6104036368cb8c88.rlib" "/opt/rustwide/target/debug/deps/libserde_json-308796a3ac4d4ba2.rlib" "/opt/rustwide/target/debug/deps/libryu-80596ff4214e4d03.rlib" "/opt/rustwide/target/debug/deps/libitoa-a8f958deca0e891c.rlib" "/opt/rustwide/target/debug/deps/libqstring-79cf72aa25edce31.rlib" "/opt/rustwide/target/debug/deps/libpercent_encoding-c39f6500503dd269.rlib" "/opt/rustwide/target/debug/deps/libed25519_dalek_bip32-c620ed6373748ad0.rlib" "/opt/rustwide/target/debug/deps/libhmac-f2d517484a1c4a99.rlib" "/opt/rustwide/target/debug/deps/libmemmap2-a7ea613bb00d9e72.rlib" "/opt/rustwide/target/debug/deps/libchrono-063ba8d3de81c086.rlib" "/opt/rustwide/target/debug/deps/libnum_integer-f3dc13231db422dc.rlib" "/opt/rustwide/target/debug/deps/libed25519_dalek-5ad3232de5a23bd0.rlib" "/opt/rustwide/target/debug/deps/libed25519-db9d61b6a7ea897f.rlib" "/opt/rustwide/target/debug/deps/libsignature-417dbe68d84c5ddb.rlib" "/opt/rustwide/target/debug/deps/liburiparse-8f679681de9ce923.rlib" "/opt/rustwide/target/debug/deps/libfnv-18bf5144d055e772.rlib" "/opt/rustwide/target/debug/deps/libderivation_path-ff42cc1f20f9c2a7.rlib" "/opt/rustwide/target/debug/deps/libaes_gcm_siv-2ac789c0ea5a2e9c.rlib" "/opt/rustwide/target/debug/deps/libaes-6f75f695e8e21106.rlib" "/opt/rustwide/target/debug/deps/libpolyval-e8902b08d62266d4.rlib" "/opt/rustwide/target/debug/deps/libuniversal_hash-b07d5f39ff72728f.rlib" "/opt/rustwide/target/debug/deps/libctr-d5dc6be184b577a8.rlib" "/opt/rustwide/target/debug/deps/libcipher-dd76b691ac0e5809.rlib" "/opt/rustwide/target/debug/deps/libaead-588c47c693068aaa.rlib" "/opt/rustwide/target/debug/deps/libassert_matches-330f4d77d0113f87.rlib" "/opt/rustwide/target/debug/deps/libspl_token-411a5a6d68a5d448.rlib" "/opt/rustwide/target/debug/deps/libnum_enum-7efdf75793e6a56a.rlib" "/opt/rustwide/target/debug/deps/libanchor_lang-88f28b9e2f10bf9a.rlib" "/opt/rustwide/target/debug/deps/libsolana_program-2719858d0a61c0ec.rlib" "/opt/rustwide/target/debug/deps/liblibsecp256k1-1fde45b3dba63ddd.rlib" "/opt/rustwide/target/debug/deps/libbase64-a29b27598b578f1a.rlib" "/opt/rustwide/target/debug/deps/libsha2-47e54c99cecdedc4.rlib" "/opt/rustwide/target/debug/deps/libopaque_debug-15273823c1ba1453.rlib" "/opt/rustwide/target/debug/deps/libblock_buffer-bf09b93fec9d5b4d.rlib" "/opt/rustwide/target/debug/deps/libblock_padding-f342a93ff9370570.rlib" "/opt/rustwide/target/debug/deps/libhmac_drbg-5cce34260136acae.rlib" "/opt/rustwide/target/debug/deps/libhmac-4dad3142fe12a40b.rlib" "/opt/rustwide/target/debug/deps/libcrypto_mac-19f75a310c52d552.rlib" "/opt/rustwide/target/debug/deps/liblibsecp256k1_core-bc999849ecdd189d.rlib" "/opt/rustwide/target/debug/deps/libcrunchy-0ba5056183083a99.rlib" "/opt/rustwide/target/debug/deps/librand-d28218cf3b2a9f88.rlib" "/opt/rustwide/target/debug/deps/librand_chacha-f2313cd2ffafb606.rlib" "/opt/rustwide/target/debug/deps/libppv_lite86-a99ab8a0983e0261.rlib" "/opt/rustwide/target/debug/deps/libcurve25519_dalek-4f7cfb1b84c4e16e.rlib" "/opt/rustwide/target/debug/deps/libzeroize-25e6338b33dbcf04.rlib" "/opt/rustwide/target/debug/deps/librand_core-8be97f4d7ccf0688.rlib" "/opt/rustwide/target/debug/deps/libgetrandom-100a815037de01c1.rlib" "/opt/rustwide/target/debug/deps/liblibc-2b3f3e35edf803f7.rlib" "/opt/rustwide/target/debug/deps/libdigest-f6c51db925aac62a.rlib" "/opt/rustwide/target/debug/deps/libbyteorder-80df7aa73d7d6480.rlib" "/opt/rustwide/target/debug/deps/libbase64-2bf8ed8e2a1214cd.rlib" "/opt/rustwide/target/debug/deps/libserde_bytes-b8cb27b33e26a916.rlib" "/opt/rustwide/target/debug/deps/libbs58-6b52eb147dc37b19.rlib" "/opt/rustwide/target/debug/deps/libwasm_bindgen-939b0a7721023f08.rlib" "/opt/rustwide/target/debug/deps/libbitflags-b7cee2ca4fb438d0.rlib" "/opt/rustwide/target/debug/deps/libbv-791cb8e9a42694b2.rlib" "/opt/rustwide/target/debug/deps/libitertools-161041b9e38b087e.rlib" "/opt/rustwide/target/debug/deps/libeither-ec7d6870a45e2e63.rlib" "/opt/rustwide/target/debug/deps/libblake3-bd749ab9eb25b641.rlib" "/opt/rustwide/target/debug/deps/libconstant_time_eq-47127742af566368.rlib" "/opt/rustwide/target/debug/deps/libarrayvec-e9346d0f13006eff.rlib" "/opt/rustwide/target/debug/deps/libarrayref-ff686991724e9e8c.rlib" "/opt/rustwide/target/debug/deps/liblazy_static-591486ebcb9a7ead.rlib" "/opt/rustwide/target/debug/deps/libsha3-d5bec9f5b9efa26d.rlib" "/opt/rustwide/target/debug/deps/libkeccak-4a85ad65e23e2c69.rlib" "/opt/rustwide/target/debug/deps/libbincode-2d7698fb830b5945.rlib" "/opt/rustwide/target/debug/deps/libsha2-429886fa30702fbe.rlib" "/opt/rustwide/target/debug/deps/libcpufeatures-68ff2c2a83d8484f.rlib" "/opt/rustwide/target/debug/deps/libdigest-fc23dab7f6753eab.rlib" "/opt/rustwide/target/debug/deps/libsubtle-94487541d742eeea.rlib" "/opt/rustwide/target/debug/deps/libblock_buffer-441e014ee2bf4d1c.rlib" "/opt/rustwide/target/debug/deps/libcrypto_common-14cc3badac2a1e9a.rlib" "/opt/rustwide/target/debug/deps/libgeneric_array-3b3396684e9e5412.rlib" "/opt/rustwide/target/debug/deps/libtypenum-62ca5a12b60d0fda.rlib" "/opt/rustwide/target/debug/deps/libserde-3df23bd285c69d6c.rlib" "/opt/rustwide/target/debug/deps/liblog-d88d404ed4a3e8b9.rlib" "/opt/rustwide/target/debug/deps/libcfg_if-61dc7a6799e72b18.rlib" "/opt/rustwide/target/debug/deps/libnum_traits-a6410cac0a25d3f1.rlib" "/opt/rustwide/target/debug/deps/libthiserror-92b037d905f142c8.rlib" "/opt/rustwide/target/debug/deps/libborsh-e1da8f3e3b00910b.rlib" "/opt/rustwide/target/debug/deps/libmemoffset-c7b1b1cc44d01308.rlib" "/opt/rustwide/target/debug/deps/libbytemuck-b9a4a2cc77a4d447.rlib" "/opt/rustwide/rustup-home/toolchains/1.75.0-x86_64-unknown-linux-gnu/lib/rustlib/x86_64-unknown-linux-gnu/lib/libstd-90f6ddbf82de36ec.rlib" "/opt/rustwide/rustup-home/toolchains/1.75.0-x86_64-unknown-linux-gnu/lib/rustlib/x86_64-unknown-linux-gnu/lib/libpanic_unwind-480c41e9d4e1f677.rlib" "/opt/rustwide/rustup-home/toolchains/1.75.0-x86_64-unknown-linux-gnu/lib/rustlib/x86_64-unknown-linux-gnu/lib/libobject-db744c0ca03eed1d.rlib" "/opt/rustwide/rustup-home/toolchains/1.75.0-x86_64-unknown-linux-gnu/lib/rustlib/x86_64-unknown-linux-gnu/lib/libmemchr-8ba652dc7d4b285a.rlib" "/opt/rustwide/rustup-home/toolchains/1.75.0-x86_64-unknown-linux-gnu/lib/rustlib/x86_64-unknown-linux-gnu/lib/libaddr2line-d5f4520a9ebc0d58.rlib" "/opt/rustwide/rustup-home/toolchains/1.75.0-x86_64-unknown-linux-gnu/lib/rustlib/x86_64-unknown-linux-gnu/lib/libgimli-4ad84de58f0cb463.rlib" "/opt/rustwide/rustup-home/toolchains/1.75.0-x86_64-unknown-linux-gnu/lib/rustlib/x86_64-unknown-linux-gnu/lib/librustc_demangle-0d10aae2e0f38735.rlib" "/opt/rustwide/rustup-home/toolchains/1.75.0-x86_64-unknown-linux-gnu/lib/rustlib/x86_64-unknown-linux-gnu/lib/libstd_detect-0c17cff739e6745b.rlib" "/opt/rustwide/rustup-home/toolchains/1.75.0-x86_64-unknown-linux-gnu/lib/rustlib/x86_64-unknown-linux-gnu/lib/libhashbrown-b29e17139dde1aa8.rlib" "/opt/rustwide/rustup-home/toolchains/1.75.0-x86_64-unknown-linux-gnu/lib/rustlib/x86_64-unknown-linux-gnu/lib/librustc_std_workspace_alloc-1f975299829cc7bd.rlib" "/opt/rustwide/rustup-home/toolchains/1.75.0-x86_64-unknown-linux-gnu/lib/rustlib/x86_64-unknown-linux-gnu/lib/libminiz_oxide-86bae3bc3079f89b.rlib" "/opt/rustwide/rustup-home/toolchains/1.75.0-x86_64-unknown-linux-gnu/lib/rustlib/x86_64-unknown-linux-gnu/lib/libadler-321b82c30dffdf5f.rlib" "/opt/rustwide/rustup-home/toolchains/1.75.0-x86_64-unknown-linux-gnu/lib/rustlib/x86_64-unknown-linux-gnu/lib/libunwind-3dd8a6810a0bdfef.rlib" "/opt/rustwide/rustup-home/toolchains/1.75.0-x86_64-unknown-linux-gnu/lib/rustlib/x86_64-unknown-linux-gnu/lib/libcfg_if-eb39a61c0c879984.rlib" "/opt/rustwide/rustup-home/toolchains/1.75.0-x86_64-unknown-linux-gnu/lib/rustlib/x86_64-unknown-linux-gnu/lib/liblibc-aa769569f91c3548.rlib" "/opt/rustwide/rustup-home/toolchains/1.75.0-x86_64-unknown-linux-gnu/lib/rustlib/x86_64-unknown-linux-gnu/lib/liballoc-510a192a50a983ed.rlib" "/opt/rustwide/rustup-home/toolchains/1.75.0-x86_64-unknown-linux-gnu/lib/rustlib/x86_64-unknown-linux-gnu/lib/librustc_std_workspace_core-0577018320f99037.rlib" "/opt/rustwide/rustup-home/toolchains/1.75.0-x86_64-unknown-linux-gnu/lib/rustlib/x86_64-unknown-linux-gnu/lib/libcore-193cf992125ccd4c.rlib" "/opt/rustwide/rustup-home/toolchains/1.75.0-x86_64-unknown-linux-gnu/lib/rustlib/x86_64-unknown-linux-gnu/lib/libcompiler_builtins-8e138eaf26ebb4a8.rlib" "-Wl,-Bdynamic" "-lgcc_s" "-lutil" "-lrt" "-lpthread" "-lm" "-ldl" "-lc" "-Wl,--eh-frame-hdr" "-Wl,-z,noexecstack" "-L" "/opt/rustwide/rustup-home/toolchains/1.75.0-x86_64-unknown-linux-gnu/lib/rustlib/x86_64-unknown-linux-gnu/lib" "-o" "/opt/rustwide/target/debug/deps/libadapter_saber.so" "-Wl,--gc-sections" "-shared" "-Wl,-z,relro,-z,now" "-nodefaultlibs"
[INFO] [stdout]   = note: collect2: fatal error: ld terminated with signal 9 [Killed]
[INFO] [stdout]           compilation terminated.
[INFO] [stdout]           
[INFO] [stdout] 
[INFO] [stdout] 
[INFO] [stdout] error: aborting due to previous error; 3 warnings emitted
[INFO] [stdout] 
[INFO] [stdout] 
[INFO] [stderr] error: could not compile `adapter-saber` (lib) due to 2 previous errors; 3 warnings emitted
[INFO] [stdout] error: linking with `cc` failed: exit status: 1
[INFO] [stdout]   |
[INFO] [stdout]   = note: LC_ALL="C" PATH="/opt/rustwide/rustup-home/toolchains/1.75.0-x86_64-unknown-linux-gnu/lib/rustlib/x86_64-unknown-linux-gnu/bin:/opt/rustwide/cargo-home/bin:/usr/local/sbin:/usr/local/bin:/usr/sbin:/usr/bin:/sbin:/bin" VSLANG="1033" "cc" "-Wl,--version-script=/tmp/rustcDiObek/list" "-Wl,--no-undefined-version" "-m64" "/tmp/rustcDiObek/symbols.o" "/opt/rustwide/target/debug/deps/adapter_tulip.adapter_tulip.17936b0b9c7bfb6e-cgu.0.rcgu.o" "/opt/rustwide/target/debug/deps/adapter_tulip.adapter_tulip.17936b0b9c7bfb6e-cgu.1.rcgu.o" "/opt/rustwide/target/debug/deps/adapter_tulip.adapter_tulip.17936b0b9c7bfb6e-cgu.2.rcgu.o" "/opt/rustwide/target/debug/deps/adapter_tulip.1gdbyb7tb6tfasfm.rcgu.o" "-Wl,--as-needed" "-L" "/opt/rustwide/target/debug/deps" "-L" "/opt/rustwide/target/debug/build/blake3-edf9a47302cfd129/out" "-L" "/opt/rustwide/target/debug/build/blake3-edf9a47302cfd129/out" "-L" "/opt/rustwide/rustup-home/toolchains/1.75.0-x86_64-unknown-linux-gnu/lib/rustlib/x86_64-unknown-linux-gnu/lib" "-Wl,-Bstatic" "/opt/rustwide/target/debug/deps/libanchor_spl-46b59cd1215dd57f.rlib" "/opt/rustwide/target/debug/deps/libspl_associated_token_account-2d22f57c52a1caed.rlib" "/opt/rustwide/target/debug/deps/libspl_token_2022-300544adab202f7f.rlib" "/opt/rustwide/target/debug/deps/libspl_memo-2bd40ed671bb8c61.rlib" "/opt/rustwide/target/debug/deps/libsolana_zk_token_sdk-5223ed9593a2066a.rlib" "/opt/rustwide/target/debug/deps/libmerlin-fae39f018189f211.rlib" "/opt/rustwide/target/debug/deps/librand_core-d2cc7ebef3afa3b8.rlib" "/opt/rustwide/target/debug/deps/libgetrandom-c1ae41e5ac336720.rlib" "/opt/rustwide/target/debug/deps/libsha3-c02d292e383fbd54.rlib" "/opt/rustwide/target/debug/deps/libsolana_sdk-973495ea7dd0e43f.rlib" "/opt/rustwide/target/debug/deps/libpbkdf2-6104036368cb8c88.rlib" "/opt/rustwide/target/debug/deps/libserde_json-308796a3ac4d4ba2.rlib" "/opt/rustwide/target/debug/deps/libryu-80596ff4214e4d03.rlib" "/opt/rustwide/target/debug/deps/libitoa-a8f958deca0e891c.rlib" "/opt/rustwide/target/debug/deps/libqstring-79cf72aa25edce31.rlib" "/opt/rustwide/target/debug/deps/libpercent_encoding-c39f6500503dd269.rlib" "/opt/rustwide/target/debug/deps/libed25519_dalek_bip32-c620ed6373748ad0.rlib" "/opt/rustwide/target/debug/deps/libhmac-f2d517484a1c4a99.rlib" "/opt/rustwide/target/debug/deps/libmemmap2-a7ea613bb00d9e72.rlib" "/opt/rustwide/target/debug/deps/libchrono-063ba8d3de81c086.rlib" "/opt/rustwide/target/debug/deps/libnum_integer-f3dc13231db422dc.rlib" "/opt/rustwide/target/debug/deps/libed25519_dalek-5ad3232de5a23bd0.rlib" "/opt/rustwide/target/debug/deps/libed25519-db9d61b6a7ea897f.rlib" "/opt/rustwide/target/debug/deps/libsignature-417dbe68d84c5ddb.rlib" "/opt/rustwide/target/debug/deps/liburiparse-8f679681de9ce923.rlib" "/opt/rustwide/target/debug/deps/libfnv-18bf5144d055e772.rlib" "/opt/rustwide/target/debug/deps/libderivation_path-ff42cc1f20f9c2a7.rlib" "/opt/rustwide/target/debug/deps/libaes_gcm_siv-2ac789c0ea5a2e9c.rlib" "/opt/rustwide/target/debug/deps/libaes-6f75f695e8e21106.rlib" "/opt/rustwide/target/debug/deps/libpolyval-e8902b08d62266d4.rlib" "/opt/rustwide/target/debug/deps/libuniversal_hash-b07d5f39ff72728f.rlib" "/opt/rustwide/target/debug/deps/libctr-d5dc6be184b577a8.rlib" "/opt/rustwide/target/debug/deps/libcipher-dd76b691ac0e5809.rlib" "/opt/rustwide/target/debug/deps/libaead-588c47c693068aaa.rlib" "/opt/rustwide/target/debug/deps/libassert_matches-330f4d77d0113f87.rlib" "/opt/rustwide/target/debug/deps/libspl_token-411a5a6d68a5d448.rlib" "/opt/rustwide/target/debug/deps/libnum_enum-7efdf75793e6a56a.rlib" "/opt/rustwide/target/debug/deps/libanchor_lang-88f28b9e2f10bf9a.rlib" "/opt/rustwide/target/debug/deps/libsolana_program-2719858d0a61c0ec.rlib" "/opt/rustwide/target/debug/deps/liblibsecp256k1-1fde45b3dba63ddd.rlib" "/opt/rustwide/target/debug/deps/libbase64-a29b27598b578f1a.rlib" "/opt/rustwide/target/debug/deps/libsha2-47e54c99cecdedc4.rlib" "/opt/rustwide/target/debug/deps/libopaque_debug-15273823c1ba1453.rlib" "/opt/rustwide/target/debug/deps/libblock_buffer-bf09b93fec9d5b4d.rlib" "/opt/rustwide/target/debug/deps/libblock_padding-f342a93ff9370570.rlib" "/opt/rustwide/target/debug/deps/libhmac_drbg-5cce34260136acae.rlib" "/opt/rustwide/target/debug/deps/libhmac-4dad3142fe12a40b.rlib" "/opt/rustwide/target/debug/deps/libcrypto_mac-19f75a310c52d552.rlib" "/opt/rustwide/target/debug/deps/liblibsecp256k1_core-bc999849ecdd189d.rlib" "/opt/rustwide/target/debug/deps/libcrunchy-0ba5056183083a99.rlib" "/opt/rustwide/target/debug/deps/librand-d28218cf3b2a9f88.rlib" "/opt/rustwide/target/debug/deps/librand_chacha-f2313cd2ffafb606.rlib" "/opt/rustwide/target/debug/deps/libppv_lite86-a99ab8a0983e0261.rlib" "/opt/rustwide/target/debug/deps/libcurve25519_dalek-4f7cfb1b84c4e16e.rlib" "/opt/rustwide/target/debug/deps/libzeroize-25e6338b33dbcf04.rlib" "/opt/rustwide/target/debug/deps/librand_core-8be97f4d7ccf0688.rlib" "/opt/rustwide/target/debug/deps/libgetrandom-100a815037de01c1.rlib" "/opt/rustwide/target/debug/deps/liblibc-2b3f3e35edf803f7.rlib" "/opt/rustwide/target/debug/deps/libdigest-f6c51db925aac62a.rlib" "/opt/rustwide/target/debug/deps/libbyteorder-80df7aa73d7d6480.rlib" "/opt/rustwide/target/debug/deps/libbase64-2bf8ed8e2a1214cd.rlib" "/opt/rustwide/target/debug/deps/libserde_bytes-b8cb27b33e26a916.rlib" "/opt/rustwide/target/debug/deps/libbs58-6b52eb147dc37b19.rlib" "/opt/rustwide/target/debug/deps/libwasm_bindgen-939b0a7721023f08.rlib" "/opt/rustwide/target/debug/deps/libbitflags-b7cee2ca4fb438d0.rlib" "/opt/rustwide/target/debug/deps/libbv-791cb8e9a42694b2.rlib" "/opt/rustwide/target/debug/deps/libitertools-161041b9e38b087e.rlib" "/opt/rustwide/target/debug/deps/libeither-ec7d6870a45e2e63.rlib" "/opt/rustwide/target/debug/deps/libblake3-bd749ab9eb25b641.rlib" "/opt/rustwide/target/debug/deps/libconstant_time_eq-47127742af566368.rlib" "/opt/rustwide/target/debug/deps/libarrayvec-e9346d0f13006eff.rlib" "/opt/rustwide/target/debug/deps/libarrayref-ff686991724e9e8c.rlib" "/opt/rustwide/target/debug/deps/liblazy_static-591486ebcb9a7ead.rlib" "/opt/rustwide/target/debug/deps/libsha3-d5bec9f5b9efa26d.rlib" "/opt/rustwide/target/debug/deps/libkeccak-4a85ad65e23e2c69.rlib" "/opt/rustwide/target/debug/deps/libbincode-2d7698fb830b5945.rlib" "/opt/rustwide/target/debug/deps/libsha2-429886fa30702fbe.rlib" "/opt/rustwide/target/debug/deps/libcpufeatures-68ff2c2a83d8484f.rlib" "/opt/rustwide/target/debug/deps/libdigest-fc23dab7f6753eab.rlib" "/opt/rustwide/target/debug/deps/libsubtle-94487541d742eeea.rlib" "/opt/rustwide/target/debug/deps/libblock_buffer-441e014ee2bf4d1c.rlib" "/opt/rustwide/target/debug/deps/libcrypto_common-14cc3badac2a1e9a.rlib" "/opt/rustwide/target/debug/deps/libgeneric_array-3b3396684e9e5412.rlib" "/opt/rustwide/target/debug/deps/libtypenum-62ca5a12b60d0fda.rlib" "/opt/rustwide/target/debug/deps/libserde-3df23bd285c69d6c.rlib" "/opt/rustwide/target/debug/deps/liblog-d88d404ed4a3e8b9.rlib" "/opt/rustwide/target/debug/deps/libcfg_if-61dc7a6799e72b18.rlib" "/opt/rustwide/target/debug/deps/libnum_traits-a6410cac0a25d3f1.rlib" "/opt/rustwide/target/debug/deps/libthiserror-92b037d905f142c8.rlib" "/opt/rustwide/target/debug/deps/libborsh-e1da8f3e3b00910b.rlib" "/opt/rustwide/target/debug/deps/libmemoffset-c7b1b1cc44d01308.rlib" "/opt/rustwide/target/debug/deps/libbytemuck-b9a4a2cc77a4d447.rlib" "/opt/rustwide/rustup-home/toolchains/1.75.0-x86_64-unknown-linux-gnu/lib/rustlib/x86_64-unknown-linux-gnu/lib/libstd-90f6ddbf82de36ec.rlib" "/opt/rustwide/rustup-home/toolchains/1.75.0-x86_64-unknown-linux-gnu/lib/rustlib/x86_64-unknown-linux-gnu/lib/libpanic_unwind-480c41e9d4e1f677.rlib" "/opt/rustwide/rustup-home/toolchains/1.75.0-x86_64-unknown-linux-gnu/lib/rustlib/x86_64-unknown-linux-gnu/lib/libobject-db744c0ca03eed1d.rlib" "/opt/rustwide/rustup-home/toolchains/1.75.0-x86_64-unknown-linux-gnu/lib/rustlib/x86_64-unknown-linux-gnu/lib/libmemchr-8ba652dc7d4b285a.rlib" "/opt/rustwide/rustup-home/toolchains/1.75.0-x86_64-unknown-linux-gnu/lib/rustlib/x86_64-unknown-linux-gnu/lib/libaddr2line-d5f4520a9ebc0d58.rlib" "/opt/rustwide/rustup-home/toolchains/1.75.0-x86_64-unknown-linux-gnu/lib/rustlib/x86_64-unknown-linux-gnu/lib/libgimli-4ad84de58f0cb463.rlib" "/opt/rustwide/rustup-home/toolchains/1.75.0-x86_64-unknown-linux-gnu/lib/rustlib/x86_64-unknown-linux-gnu/lib/librustc_demangle-0d10aae2e0f38735.rlib" "/opt/rustwide/rustup-home/toolchains/1.75.0-x86_64-unknown-linux-gnu/lib/rustlib/x86_64-unknown-linux-gnu/lib/libstd_detect-0c17cff739e6745b.rlib" "/opt/rustwide/rustup-home/toolchains/1.75.0-x86_64-unknown-linux-gnu/lib/rustlib/x86_64-unknown-linux-gnu/lib/libhashbrown-b29e17139dde1aa8.rlib" "/opt/rustwide/rustup-home/toolchains/1.75.0-x86_64-unknown-linux-gnu/lib/rustlib/x86_64-unknown-linux-gnu/lib/librustc_std_workspace_alloc-1f975299829cc7bd.rlib" "/opt/rustwide/rustup-home/toolchains/1.75.0-x86_64-unknown-linux-gnu/lib/rustlib/x86_64-unknown-linux-gnu/lib/libminiz_oxide-86bae3bc3079f89b.rlib" "/opt/rustwide/rustup-home/toolchains/1.75.0-x86_64-unknown-linux-gnu/lib/rustlib/x86_64-unknown-linux-gnu/lib/libadler-321b82c30dffdf5f.rlib" "/opt/rustwide/rustup-home/toolchains/1.75.0-x86_64-unknown-linux-gnu/lib/rustlib/x86_64-unknown-linux-gnu/lib/libunwind-3dd8a6810a0bdfef.rlib" "/opt/rustwide/rustup-home/toolchains/1.75.0-x86_64-unknown-linux-gnu/lib/rustlib/x86_64-unknown-linux-gnu/lib/libcfg_if-eb39a61c0c879984.rlib" "/opt/rustwide/rustup-home/toolchains/1.75.0-x86_64-unknown-linux-gnu/lib/rustlib/x86_64-unknown-linux-gnu/lib/liblibc-aa769569f91c3548.rlib" "/opt/rustwide/rustup-home/toolchains/1.75.0-x86_64-unknown-linux-gnu/lib/rustlib/x86_64-unknown-linux-gnu/lib/liballoc-510a192a50a983ed.rlib" "/opt/rustwide/rustup-home/toolchains/1.75.0-x86_64-unknown-linux-gnu/lib/rustlib/x86_64-unknown-linux-gnu/lib/librustc_std_workspace_core-0577018320f99037.rlib" "/opt/rustwide/rustup-home/toolchains/1.75.0-x86_64-unknown-linux-gnu/lib/rustlib/x86_64-unknown-linux-gnu/lib/libcore-193cf992125ccd4c.rlib" "/opt/rustwide/rustup-home/toolchains/1.75.0-x86_64-unknown-linux-gnu/lib/rustlib/x86_64-unknown-linux-gnu/lib/libcompiler_builtins-8e138eaf26ebb4a8.rlib" "-Wl,-Bdynamic" "-lgcc_s" "-lutil" "-lrt" "-lpthread" "-lm" "-ldl" "-lc" "-Wl,--eh-frame-hdr" "-Wl,-z,noexecstack" "-L" "/opt/rustwide/rustup-home/toolchains/1.75.0-x86_64-unknown-linux-gnu/lib/rustlib/x86_64-unknown-linux-gnu/lib" "-o" "/opt/rustwide/target/debug/deps/libadapter_tulip.so" "-Wl,--gc-sections" "-shared" "-Wl,-z,relro,-z,now" "-nodefaultlibs"
[INFO] [stdout]   = note: collect2: fatal error: ld terminated with signal 9 [Killed]
[INFO] [stdout]           compilation terminated.
[INFO] [stdout]           
[INFO] [stdout] 
[INFO] [stdout] 
[INFO] [stdout] error: aborting due to previous error
[INFO] [stdout] 
[INFO] [stdout] 
[INFO] [stderr] error: could not compile `adapter-tulip` (lib) due to 2 previous errors
[INFO] [stdout] warning: 7 warnings emitted
[INFO] [stdout] 
[INFO] [stdout] 
[INFO] running `Command { std: "docker" "inspect" "3f4cf1fca7bf085357d42774fcf0fce947bf66ea99a42f4b219849213f23fcbb", kill_on_drop: false }`
[INFO] running `Command { std: "docker" "rm" "-f" "3f4cf1fca7bf085357d42774fcf0fce947bf66ea99a42f4b219849213f23fcbb", kill_on_drop: false }`
[INFO] [stdout] 3f4cf1fca7bf085357d42774fcf0fce947bf66ea99a42f4b219849213f23fcbb
