[INFO] cloning repository https://github.com/DanielDimitrov5/NFT-Marketplace-Indexer-Rust
[INFO] running `Command { std: "git" "-c" "credential.helper=" "-c" "credential.helper=/workspace/cargo-home/bin/git-credential-null" "clone" "--bare" "https://github.com/DanielDimitrov5/NFT-Marketplace-Indexer-Rust" "/workspace/cache/git-repos/https%3A%2F%2Fgithub.com%2FDanielDimitrov5%2FNFT-Marketplace-Indexer-Rust", kill_on_drop: false }`
[INFO] [stderr] Cloning into bare repository '/workspace/cache/git-repos/https%3A%2F%2Fgithub.com%2FDanielDimitrov5%2FNFT-Marketplace-Indexer-Rust'...
[INFO] running `Command { std: "git" "rev-parse" "HEAD", kill_on_drop: false }`
[INFO] [stdout] 62f750256968e66c31cdae27cde27b5f2227c8b8
[INFO] testing DanielDimitrov5/NFT-Marketplace-Indexer-Rust against 1.75.0 for beta-1.76-1
[INFO] running `Command { std: "git" "clone" "/workspace/cache/git-repos/https%3A%2F%2Fgithub.com%2FDanielDimitrov5%2FNFT-Marketplace-Indexer-Rust" "/workspace/builds/worker-3-tc1/source", kill_on_drop: false }`
[INFO] [stderr] Cloning into '/workspace/builds/worker-3-tc1/source'...
[INFO] [stderr] done.
[INFO] validating manifest of git repo https://github.com/DanielDimitrov5/NFT-Marketplace-Indexer-Rust on toolchain 1.75.0
[INFO] running `Command { std: CARGO_HOME="/workspace/cargo-home" RUSTUP_HOME="/workspace/rustup-home" "/workspace/cargo-home/bin/cargo" "+1.75.0" "metadata" "--manifest-path" "Cargo.toml" "--no-deps", kill_on_drop: false }`
[INFO] started tweaking git repo https://github.com/DanielDimitrov5/NFT-Marketplace-Indexer-Rust
[INFO] finished tweaking git repo https://github.com/DanielDimitrov5/NFT-Marketplace-Indexer-Rust
[INFO] tweaked toml for git repo https://github.com/DanielDimitrov5/NFT-Marketplace-Indexer-Rust written to /workspace/builds/worker-3-tc1/source/Cargo.toml
[INFO] crate git repo https://github.com/DanielDimitrov5/NFT-Marketplace-Indexer-Rust already has a lockfile, it will not be regenerated
[INFO] running `Command { std: CARGO_HOME="/workspace/cargo-home" RUSTUP_HOME="/workspace/rustup-home" "/workspace/cargo-home/bin/cargo" "+1.75.0" "fetch" "--manifest-path" "Cargo.toml", kill_on_drop: false }`
[INFO] [stderr]  Downloading crates ...
[INFO] [stderr]   Downloaded parity-scale-codec v3.6.3
[INFO] [stderr]   Downloaded ethers-addressbook v2.0.8
[INFO] [stderr]   Downloaded ethers v2.0.8
[INFO] [stderr]   Downloaded ethers-etherscan v2.0.8
[INFO] [stderr]   Downloaded ethers-signers v2.0.8
[INFO] [stderr]   Downloaded serde_bytes v0.11.11
[INFO] [stderr]   Downloaded scale-info-derive v2.9.0
[INFO] [stderr]   Downloaded coins-bip32 v0.8.3
[INFO] [stderr]   Downloaded coins-core v0.8.3
[INFO] [stderr]   Downloaded scale-info v2.9.0
[INFO] [stderr]   Downloaded ethers-contract v2.0.8
[INFO] [stderr]   Downloaded coins-bip39 v0.8.6
[INFO] [stderr]   Downloaded ethers-solc v2.0.8
[INFO] [stderr]   Downloaded mongodb v2.6.0
[INFO] [stderr]   Downloaded solang-parser v0.3.1
[INFO] [stderr]   Downloaded ethers-providers v2.0.8
[INFO] [stderr]   Downloaded tungstenite v0.19.0
[INFO] [stderr]   Downloaded ethers-core v2.0.8
[INFO] [stderr]   Downloaded prettyplease v0.2.10
[INFO] [stderr]   Downloaded enr v0.8.1
[INFO] [stderr]   Downloaded ethers-contract-abigen v2.0.8
[INFO] [stderr]   Downloaded ethers-middleware v2.0.8
[INFO] [stderr]   Downloaded rustversion v1.0.13
[INFO] [stderr]   Downloaded tokio-tungstenite v0.19.0
[INFO] [stderr]   Downloaded ethers-contract-derive v2.0.8
[INFO] [stderr]   Downloaded parity-scale-codec-derive v3.6.3
[INFO] [stderr]   Downloaded svm-rs v0.2.23
[INFO] running `Command { std: "docker" "create" "-v" "/var/lib/crater-agent-workspace/builds/worker-3-tc1/target:/opt/rustwide/target:rw,Z" "-v" "/var/lib/crater-agent-workspace/builds/worker-3-tc1/source:/opt/rustwide/workdir:ro,Z" "-v" "/var/lib/crater-agent-workspace/cargo-home:/opt/rustwide/cargo-home:ro,Z" "-v" "/var/lib/crater-agent-workspace/rustup-home:/opt/rustwide/rustup-home:ro,Z" "-e" "SOURCE_DIR=/opt/rustwide/workdir" "-e" "CARGO_TARGET_DIR=/opt/rustwide/target" "-e" "CARGO_HOME=/opt/rustwide/cargo-home" "-e" "RUSTUP_HOME=/opt/rustwide/rustup-home" "-w" "/opt/rustwide/workdir" "-m" "1610612736" "--user" "0:0" "--network" "none" "ghcr.io/rust-lang/crates-build-env/linux@sha256:2788e3201cd34a07e3172128adcd8b3090168a8e3bcc40d7c032b9dda1df7d1c" "/opt/rustwide/cargo-home/bin/cargo" "+1.75.0" "metadata" "--no-deps" "--format-version=1", kill_on_drop: false }`
[INFO] [stdout] b7eaf4b7125cf5d980a83f7d9e1c2cfe2e4f992558398580bdcab2518ac586b1
[INFO] running `Command { std: "docker" "start" "-a" "b7eaf4b7125cf5d980a83f7d9e1c2cfe2e4f992558398580bdcab2518ac586b1", kill_on_drop: false }`
[INFO] running `Command { std: "docker" "inspect" "b7eaf4b7125cf5d980a83f7d9e1c2cfe2e4f992558398580bdcab2518ac586b1", kill_on_drop: false }`
[INFO] running `Command { std: "docker" "rm" "-f" "b7eaf4b7125cf5d980a83f7d9e1c2cfe2e4f992558398580bdcab2518ac586b1", kill_on_drop: false }`
[INFO] [stdout] b7eaf4b7125cf5d980a83f7d9e1c2cfe2e4f992558398580bdcab2518ac586b1
[INFO] running `Command { std: "docker" "create" "-v" "/var/lib/crater-agent-workspace/builds/worker-3-tc1/target:/opt/rustwide/target:rw,Z" "-v" "/var/lib/crater-agent-workspace/builds/worker-3-tc1/source:/opt/rustwide/workdir:ro,Z" "-v" "/var/lib/crater-agent-workspace/cargo-home:/opt/rustwide/cargo-home:ro,Z" "-v" "/var/lib/crater-agent-workspace/rustup-home:/opt/rustwide/rustup-home:ro,Z" "-e" "SOURCE_DIR=/opt/rustwide/workdir" "-e" "CARGO_TARGET_DIR=/opt/rustwide/target" "-e" "CARGO_INCREMENTAL=0" "-e" "RUST_BACKTRACE=full" "-e" "RUSTFLAGS=--cap-lints=warn" "-e" "RUSTDOCFLAGS=--cap-lints=warn" "-e" "CARGO_HOME=/opt/rustwide/cargo-home" "-e" "RUSTUP_HOME=/opt/rustwide/rustup-home" "-w" "/opt/rustwide/workdir" "-m" "1610612736" "--user" "0:0" "--network" "none" "ghcr.io/rust-lang/crates-build-env/linux@sha256:2788e3201cd34a07e3172128adcd8b3090168a8e3bcc40d7c032b9dda1df7d1c" "/opt/rustwide/cargo-home/bin/cargo" "+1.75.0" "build" "--frozen" "--message-format=json", kill_on_drop: false }`
[INFO] [stdout] 25a9b210f2b0807d0a11b62e0624ea5acaf99ec027eb00a70a20a9df011a6bd5
[INFO] running `Command { std: "docker" "start" "-a" "25a9b210f2b0807d0a11b62e0624ea5acaf99ec027eb00a70a20a9df011a6bd5", kill_on_drop: false }`
[INFO] [stderr]    Compiling proc-macro2 v1.0.64
[INFO] [stderr]    Compiling unicode-ident v1.0.10
[INFO] [stderr]    Compiling quote v1.0.29
[INFO] [stderr]    Compiling libc v0.2.147
[INFO] [stderr]    Compiling serde v1.0.171
[INFO] [stderr]    Compiling const-oid v0.9.4
[INFO] [stderr]    Compiling subtle v2.5.0
[INFO] [stderr]    Compiling zeroize v1.6.0
[INFO] [stderr]    Compiling hashbrown v0.14.0
[INFO] [stderr]    Compiling equivalent v1.0.1
[INFO] [stderr]    Compiling winnow v0.5.0
[INFO] [stderr]    Compiling itoa v1.0.8
[INFO] [stderr]    Compiling cpufeatures v0.2.9
[INFO] [stderr]    Compiling thiserror v1.0.43
[INFO] [stderr]    Compiling crunchy v0.2.2
[INFO] [stderr]    Compiling arrayvec v0.7.4
[INFO] [stderr]    Compiling generic-array v0.14.7
[INFO] [stderr]    Compiling cc v1.0.79
[INFO] [stderr]    Compiling log v0.4.19
[INFO] [stderr]    Compiling pin-project-lite v0.2.10
[INFO] [stderr]    Compiling base16ct v0.2.0
[INFO] [stderr]    Compiling ryu v1.0.14
[INFO] [stderr]    Compiling futures-core v0.3.28
[INFO] [stderr]    Compiling tiny-keccak v2.0.2
[INFO] [stderr]    Compiling keccak v0.1.4
[INFO] [stderr]    Compiling futures-channel v0.3.28
[INFO] [stderr]    Compiling byteorder v1.4.3
[INFO] [stderr]    Compiling futures-task v0.3.28
[INFO] [stderr]    Compiling lock_api v0.4.10
[INFO] [stderr]    Compiling der v0.7.7
[INFO] [stderr]    Compiling tokio v1.29.1
[INFO] [stderr]    Compiling aho-corasick v1.0.2
[INFO] [stderr]    Compiling crypto-common v0.1.6
[INFO] [stderr]    Compiling block-buffer v0.10.4
[INFO] [stderr]    Compiling num-traits v0.2.15
[INFO] [stderr]    Compiling futures-util v0.3.28
[INFO] [stderr]    Compiling regex-syntax v0.7.4
[INFO] [stderr]    Compiling futures-io v0.3.28
[INFO] [stderr]    Compiling digest v0.10.7
[INFO] [stderr]    Compiling serde_json v1.0.102
[INFO] [stderr]    Compiling indexmap v2.0.0
[INFO] [stderr]    Compiling io-lifetimes v1.0.11
[INFO] [stderr]    Compiling camino v1.1.6
[INFO] [stderr]    Compiling rustversion v1.0.13
[INFO] [stderr]    Compiling hmac v0.12.1
[INFO] [stderr]    Compiling sha2 v0.10.7
[INFO] [stderr]    Compiling syn v2.0.26
[INFO] [stderr]    Compiling syn v1.0.109
[INFO] [stderr]    Compiling ring v0.16.20
[INFO] [stderr]    Compiling sha3 v0.10.8
[INFO] [stderr]    Compiling semver v1.0.17
[INFO] [stderr]    Compiling rustix v0.37.23
[INFO] [stderr]    Compiling proc-macro-error-attr v1.0.4
[INFO] [stderr]    Compiling rfc6979 v0.4.0
[INFO] [stderr]    Compiling tracing-core v0.1.31
[INFO] [stderr]    Compiling spki v0.7.2
[INFO] [stderr]    Compiling sec1 v0.7.2
[INFO] [stderr]    Compiling tempfile v3.6.0
[INFO] [stderr]    Compiling getrandom v0.2.10
[INFO] [stderr]    Compiling parking_lot_core v0.9.8
[INFO] [stderr]    Compiling signal-hook-registry v1.4.1
[INFO] [stderr]    Compiling socket2 v0.4.9
[INFO] [stderr]    Compiling num_cpus v1.16.0
[INFO] [stderr]    Compiling rand_core v0.6.4
[INFO] [stderr]    Compiling mio v0.8.8
[INFO] [stderr]    Compiling parking_lot v0.12.1
[INFO] [stderr]    Compiling pkcs8 v0.10.2
[INFO] [stderr]    Compiling rand_chacha v0.3.1
[INFO] [stderr]    Compiling ff v0.13.0
[INFO] [stderr]    Compiling crypto-bigint v0.5.2
[INFO] [stderr]    Compiling signature v2.1.0
[INFO] [stderr]    Compiling group v0.13.0
[INFO] [stderr]    Compiling linux-raw-sys v0.3.8
[INFO] [stderr]    Compiling rand v0.8.5
[INFO] [stderr]    Compiling percent-encoding v2.3.0
[INFO] [stderr]    Compiling regex-automata v0.3.3
[INFO] [stderr]    Compiling uint v0.9.5
[INFO] [stderr]    Compiling form_urlencoded v1.2.0
[INFO] [stderr]    Compiling indexmap v1.9.3
[INFO] [stderr]    Compiling wasm-bindgen-shared v0.2.87
[INFO] [stderr]    Compiling idna v0.4.0
[INFO] [stderr]    Compiling rustls v0.21.5
[INFO] [stderr]    Compiling base64 v0.21.2
[INFO] [stderr]    Compiling unicode-xid v0.2.4
[INFO] [stderr]    Compiling bumpalo v3.13.0
[INFO] [stderr]    Compiling fixed-hash v0.8.0
[INFO] [stderr]    Compiling iana-time-zone v0.1.57
[INFO] [stderr]    Compiling elliptic-curve v0.13.5
[INFO] [stderr]    Compiling url v2.4.0
[INFO] [stderr]    Compiling chrono v0.4.26
[INFO] [stderr]    Compiling inout v0.1.3
[INFO] [stderr]    Compiling async-trait v0.1.71
[INFO] [stderr]    Compiling ecdsa v0.16.7
[INFO] [stderr]    Compiling cipher v0.4.4
[INFO] [stderr]    Compiling digest v0.9.0
[INFO] [stderr]    Compiling block-buffer v0.9.0
[INFO] [stderr]    Compiling wasm-bindgen v0.2.87
[INFO] [stderr]    Compiling ipnet v2.8.0
[INFO] [stderr]    Compiling prettyplease v0.2.10
[INFO] [stderr]    Compiling k256 v0.13.1
[INFO] [stderr]    Compiling data-encoding v2.4.0
[INFO] [stderr]    Compiling want v0.3.1
[INFO] [stderr]    Compiling sha2 v0.9.9
[INFO] [stderr]    Compiling regex v1.9.1
[INFO] [stderr]    Compiling wasm-bindgen-backend v0.2.87
[INFO] [stderr]    Compiling eyre v0.6.8
[INFO] [stderr]    Compiling bs58 v0.4.0
[INFO] [stderr]    Compiling rustls-pemfile v1.0.3
[INFO] [stderr]    Compiling proc-macro-error v1.0.4
[INFO] [stderr]    Compiling pbkdf2 v0.11.0
[INFO] [stderr]    Compiling ripemd v0.1.3
[INFO] [stderr]    Compiling bech32 v0.7.3
[INFO] [stderr]    Compiling same-file v1.0.6
[INFO] [stderr]    Compiling indenter v0.3.3
[INFO] [stderr]    Compiling Inflector v0.11.4
[INFO] [stderr]    Compiling walkdir v2.3.3
[INFO] [stderr]    Compiling salsa20 v0.10.2
[INFO] [stderr]    Compiling sha1 v0.10.5
[INFO] [stderr]    Compiling encoding_rs v0.8.32
[INFO] [stderr]    Compiling sct v0.7.0
[INFO] [stderr]    Compiling webpki v0.22.0
[INFO] [stderr]    Compiling rustls-webpki v0.101.1
[INFO] [stderr]    Compiling wasm-bindgen-macro-support v0.2.87
[INFO] [stderr]    Compiling webpki-roots v0.22.6
[INFO] [stderr]    Compiling rustls-webpki v0.100.1
[INFO] [stderr]    Compiling mime v0.3.17
[INFO] [stderr]    Compiling strsim v0.10.0
[INFO] [stderr]    Compiling ident_case v1.0.1
[INFO] [stderr]    Compiling either v1.8.1
[INFO] [stderr]    Compiling dunce v1.0.4
[INFO] [stderr]    Compiling utf-8 v0.7.6
[INFO] [stderr]    Compiling radium v0.3.0
[INFO] [stderr]    Compiling semver-parser v0.7.0
[INFO] [stderr]    Compiling webpki-roots v0.23.1
[INFO] [stderr]    Compiling bitvec v0.17.4
[INFO] [stderr]    Compiling darling_core v0.13.4
[INFO] [stderr]    Compiling scrypt v0.10.0
[INFO] [stderr]    Compiling semver v0.9.0
[INFO] [stderr]    Compiling ctr v0.9.2
[INFO] [stderr]    Compiling aes v0.8.3
[INFO] [stderr]    Compiling pbkdf2 v0.12.2
[INFO] [stderr]    Compiling fxhash v0.2.1
[INFO] [stderr]    Compiling send_wrapper v0.4.0
[INFO] [stderr]    Compiling radium v0.7.0
[INFO] [stderr]    Compiling rustc_version v0.2.3
[INFO] [stderr]    Compiling hashers v1.0.1
[INFO] [stderr]    Compiling time-core v0.1.1
[INFO] [stderr]    Compiling rustls v0.20.8
[INFO] [stderr]    Compiling tap v1.0.1
[INFO] [stderr]    Compiling serde_derive v1.0.171
[INFO] [stderr]    Compiling thiserror-impl v1.0.43
[INFO] [stderr]    Compiling tokio-macros v2.1.0
[INFO] [stderr]    Compiling futures-macro v0.3.28
[INFO] [stderr]    Compiling tracing-attributes v0.1.26
[INFO] [stderr]    Compiling strum_macros v0.25.1
[INFO] [stderr]    Compiling wasm-bindgen-macro v0.2.87
[INFO] [stderr]    Compiling impl-trait-for-tuples v0.2.2
[INFO] [stderr]    Compiling rlp-derive v0.1.0
[INFO] [stderr]    Compiling derive_more v0.99.17
[INFO] [stderr]    Compiling auto_impl v1.1.0
[INFO] [stderr]    Compiling pin-project-internal v1.1.2
[INFO] [stderr]    Compiling enum-as-inner v0.4.0
[INFO] [stderr]    Compiling rustc_version_runtime v0.2.1
[INFO] [stderr]    Compiling js-sys v0.3.64
[INFO] [stderr]    Compiling wyz v0.5.1
[INFO] [stderr]    Compiling time-macros v0.2.10
[INFO] [stderr]    Compiling hostname v0.3.1
[INFO] [stderr]    Compiling tracing v0.1.37
[INFO] [stderr]    Compiling darling_macro v0.13.4
[INFO] [stderr]    Compiling funty v2.0.0
[INFO] [stderr]    Compiling resolv-conf v0.7.0
[INFO] [stderr]    Compiling ahash v0.7.6
[INFO] [stderr]    Compiling strum v0.25.0
[INFO] [stderr]    Compiling futures-locks v0.7.1
[INFO] [stderr]    Compiling typed-builder v0.10.0
[INFO] [stderr]    Compiling bitvec v1.0.1
[INFO] [stderr]    Compiling derivative v2.2.0
[INFO] [stderr]    Compiling stringprep v0.1.2
[INFO] [stderr]    Compiling pin-project v1.1.2
[INFO] [stderr]    Compiling tracing-futures v0.2.5
[INFO] [stderr]    Compiling md-5 v0.10.5
[INFO] [stderr]    Compiling sha-1 v0.10.1
[INFO] [stderr]    Compiling darling v0.13.4
[INFO] [stderr]    Compiling take_mut v0.2.2
[INFO] [stderr]    Compiling serde_with_macros v1.5.2
[INFO] [stderr]    Compiling dotenv v0.15.0
[INFO] [stderr]    Compiling gloo-timers v0.2.6
[INFO] [stderr]    Compiling time v0.3.23
[INFO] [stderr]    Compiling futures-timer v3.0.2
[INFO] [stderr]    Compiling futures-executor v0.3.28
[INFO] [stderr]    Compiling futures v0.3.28
[INFO] [stderr]    Compiling bytes v1.4.0
[INFO] [stderr]    Compiling serde_spanned v0.6.3
[INFO] [stderr]    Compiling toml_datetime v0.6.3
[INFO] [stderr]    Compiling impl-serde v0.4.0
[INFO] [stderr]    Compiling cargo-platform v0.1.3
[INFO] [stderr]    Compiling serde_urlencoded v0.7.1
[INFO] [stderr]    Compiling bincode v1.3.3
[INFO] [stderr]    Compiling coins-core v0.8.3
[INFO] [stderr]    Compiling uuid v0.8.2
[INFO] [stderr]    Compiling serde_bytes v0.11.11
[INFO] [stderr]    Compiling uuid v1.4.0
[INFO] [stderr]    Compiling serde_with v1.14.0
[INFO] [stderr]    Compiling toml_edit v0.19.14
[INFO] [stderr]    Compiling rlp v0.5.2
[INFO] [stderr]    Compiling http v0.2.9
[INFO] [stderr]    Compiling open-fastrlp-derive v0.1.1
[INFO] [stderr]    Compiling coins-bip32 v0.8.3
[INFO] [stderr]    Compiling impl-rlp v0.3.0
[INFO] [stderr]    Compiling enr v0.8.1
[INFO] [stderr]    Compiling cargo_metadata v0.15.4
[INFO] [stderr]    Compiling coins-bip39 v0.8.6
[INFO] [stderr]    Compiling http-body v0.4.5
[INFO] [stderr]    Compiling tungstenite v0.19.0
[INFO] [stderr]    Compiling eth-keystore v0.5.0
[INFO] [stderr]    Compiling bson v2.6.1
[INFO] [stderr]    Compiling proc-macro-crate v1.3.1
[INFO] [stderr]    Compiling toml v0.7.6
[INFO] [stderr]    Compiling parity-scale-codec-derive v3.6.3
[INFO] [stderr]    Compiling scale-info-derive v2.9.0
[INFO] [stderr]    Compiling num_enum_derive v0.6.1
[INFO] [stderr]    Compiling num_enum v0.6.1
[INFO] [stderr]    Compiling parity-scale-codec v3.6.3
[INFO] [stderr]    Compiling tokio-util v0.7.8
[INFO] [stderr]    Compiling tokio-rustls v0.24.1
[INFO] [stderr]    Compiling trust-dns-proto v0.21.2
[INFO] [stderr]    Compiling tokio-rustls v0.23.4
[INFO] [stderr]    Compiling tokio-tungstenite v0.19.0
[INFO] [stderr]    Compiling scale-info v2.9.0
[INFO] [stderr]    Compiling impl-codec v0.6.0
[INFO] [stderr]    Compiling h2 v0.3.20
[INFO] [stderr]    Compiling primitive-types v0.12.1
[INFO] [stderr]    Compiling ethbloom v0.13.0
[INFO] [stderr]    Compiling trust-dns-resolver v0.21.2
[INFO] [stderr]    Compiling ethereum-types v0.14.1
[INFO] [stderr]    Compiling open-fastrlp v0.1.4
[INFO] [stderr]    Compiling ethabi v18.0.0
[INFO] [stderr]    Compiling mongodb v2.6.0
[INFO] [stderr]    Compiling hyper v0.14.27
[INFO] [stderr]    Compiling ethers-core v2.0.8
[INFO] [stderr]    Compiling hyper-rustls v0.24.1
[INFO] [stderr]    Compiling reqwest v0.11.18
[INFO] [stderr]    Compiling ethers-contract-abigen v2.0.8
[INFO] [stderr]    Compiling ethers-providers v2.0.8
[INFO] [stderr]    Compiling ethers-signers v2.0.8
[INFO] [stderr]    Compiling ethers-etherscan v2.0.8
[INFO] [stderr]    Compiling ethers-addressbook v2.0.8
[INFO] [stderr]    Compiling ethers-contract-derive v2.0.8
[INFO] [stderr]    Compiling ethers-contract v2.0.8
[INFO] [stderr]    Compiling ethers-middleware v2.0.8
[INFO] [stderr]    Compiling ethers v2.0.8
[INFO] [stderr]    Compiling nft-mp-indexer v0.1.0 (/opt/rustwide/workdir)
[INFO] [stdout] error: File does not exist: src\data\nftMartkeplace.json
[INFO] [stdout]   --> src/main.rs:27:22
[INFO] [stdout]    |
[INFO] [stdout] 27 | abigen!(Marketplace, "src\\data\\nftMartkeplace.json");
[INFO] [stdout]    |                      ^^^^^^^^^^^^^^^^^^^^^^^^^^^^^^^^
[INFO] [stdout] 
[INFO] [stdout] 
[INFO] [stdout] error[E0432]: unresolved import `crate::Marketplace`
[INFO] [stdout]   --> src/services/data_loader.rs:11:5
[INFO] [stdout]    |
[INFO] [stdout] 11 | use crate::Marketplace;
[INFO] [stdout]    |     ^^^^^^^^^^^^^^^^^^ no `Marketplace` in the root
[INFO] [stdout] 
[INFO] [stdout] 
[INFO] [stdout] error[E0432]: unresolved import `crate::Marketplace`
[INFO] [stdout]   --> src/services/listener.rs:12:5
[INFO] [stdout]    |
[INFO] [stdout] 12 | use crate::Marketplace;
[INFO] [stdout]    |     ^^^^^^^^^^^^^^^^^^ no `Marketplace` in the root
[INFO] [stdout] 
[INFO] [stdout] 
[INFO] [stdout] error[E0432]: unresolved import `crate::MarketplaceEvents`
[INFO] [stdout]   --> src/services/listener.rs:13:5
[INFO] [stdout]    |
[INFO] [stdout] 13 | use crate::MarketplaceEvents;
[INFO] [stdout]    |     ^^^^^^^^^^^^^^^^^^^^^^^^ no `MarketplaceEvents` in the root
[INFO] [stdout] 
[INFO] [stdout] 
[INFO] [stdout] error[E0412]: cannot find type `Marketplace` in this scope
[INFO] [stdout]   --> src/main.rs:56:23
[INFO] [stdout]    |
[INFO] [stdout] 56 |     let contract: Arc<Marketplace<_>> = Arc::new(Marketplace::new(address, client));
[INFO] [stdout]    |                       ^^^^^^^^^^^ not found in this scope
[INFO] [stdout] 
[INFO] [stdout] 
[INFO] [stdout] error[E0433]: failed to resolve: use of undeclared type `Marketplace`
[INFO] [stdout]   --> src/main.rs:56:50
[INFO] [stdout]    |
[INFO] [stdout] 56 |     let contract: Arc<Marketplace<_>> = Arc::new(Marketplace::new(address, client));
[INFO] [stdout]    |                                                  ^^^^^^^^^^^ use of undeclared type `Marketplace`
[INFO] [stdout] 
[INFO] [stdout] 
[INFO] [stdout] error: aborting due to 6 previous errors
[INFO] [stdout] 
[INFO] [stdout] 
[INFO] [stdout] Some errors have detailed explanations: E0412, E0432, E0433.
[INFO] [stdout] 
[INFO] [stdout] For more information about an error, try `rustc --explain E0412`.
[INFO] [stdout] 
[INFO] [stderr] error: could not compile `nft-mp-indexer` (bin "nft-mp-indexer") due to 7 previous errors
[INFO] running `Command { std: "docker" "inspect" "25a9b210f2b0807d0a11b62e0624ea5acaf99ec027eb00a70a20a9df011a6bd5", kill_on_drop: false }`
[INFO] running `Command { std: "docker" "rm" "-f" "25a9b210f2b0807d0a11b62e0624ea5acaf99ec027eb00a70a20a9df011a6bd5", kill_on_drop: false }`
[INFO] [stdout] 25a9b210f2b0807d0a11b62e0624ea5acaf99ec027eb00a70a20a9df011a6bd5
[INFO] testing DanielDimitrov5/NFT-Marketplace-Indexer-Rust against beta-2023-12-22 for beta-1.76-1
[INFO] running `Command { std: "git" "clone" "/workspace/cache/git-repos/https%3A%2F%2Fgithub.com%2FDanielDimitrov5%2FNFT-Marketplace-Indexer-Rust" "/workspace/builds/worker-3-tc2/source", kill_on_drop: false }`
[INFO] [stderr] Cloning into '/workspace/builds/worker-3-tc2/source'...
[INFO] [stderr] done.
[INFO] validating manifest of git repo https://github.com/DanielDimitrov5/NFT-Marketplace-Indexer-Rust on toolchain beta-2023-12-22
[INFO] running `Command { std: CARGO_HOME="/workspace/cargo-home" RUSTUP_HOME="/workspace/rustup-home" "/workspace/cargo-home/bin/cargo" "+beta-2023-12-22" "metadata" "--manifest-path" "Cargo.toml" "--no-deps", kill_on_drop: false }`
[INFO] started tweaking git repo https://github.com/DanielDimitrov5/NFT-Marketplace-Indexer-Rust
[INFO] finished tweaking git repo https://github.com/DanielDimitrov5/NFT-Marketplace-Indexer-Rust
[INFO] tweaked toml for git repo https://github.com/DanielDimitrov5/NFT-Marketplace-Indexer-Rust written to /workspace/builds/worker-3-tc2/source/Cargo.toml
[INFO] crate git repo https://github.com/DanielDimitrov5/NFT-Marketplace-Indexer-Rust already has a lockfile, it will not be regenerated
[INFO] running `Command { std: CARGO_HOME="/workspace/cargo-home" RUSTUP_HOME="/workspace/rustup-home" "/workspace/cargo-home/bin/cargo" "+beta-2023-12-22" "fetch" "--manifest-path" "Cargo.toml", kill_on_drop: false }`
[INFO] running `Command { std: "docker" "create" "-v" "/var/lib/crater-agent-workspace/builds/worker-3-tc2/target:/opt/rustwide/target:rw,Z" "-v" "/var/lib/crater-agent-workspace/builds/worker-3-tc2/source:/opt/rustwide/workdir:ro,Z" "-v" "/var/lib/crater-agent-workspace/cargo-home:/opt/rustwide/cargo-home:ro,Z" "-v" "/var/lib/crater-agent-workspace/rustup-home:/opt/rustwide/rustup-home:ro,Z" "-e" "SOURCE_DIR=/opt/rustwide/workdir" "-e" "CARGO_TARGET_DIR=/opt/rustwide/target" "-e" "CARGO_HOME=/opt/rustwide/cargo-home" "-e" "RUSTUP_HOME=/opt/rustwide/rustup-home" "-w" "/opt/rustwide/workdir" "-m" "1610612736" "--user" "0:0" "--network" "none" "ghcr.io/rust-lang/crates-build-env/linux@sha256:2788e3201cd34a07e3172128adcd8b3090168a8e3bcc40d7c032b9dda1df7d1c" "/opt/rustwide/cargo-home/bin/cargo" "+beta-2023-12-22" "metadata" "--no-deps" "--format-version=1", kill_on_drop: false }`
[INFO] [stdout] b2604995534a4a3ffe7fcb974940e1003a6c64069260f48b03f214beb6553c5c
[INFO] running `Command { std: "docker" "start" "-a" "b2604995534a4a3ffe7fcb974940e1003a6c64069260f48b03f214beb6553c5c", kill_on_drop: false }`
[INFO] running `Command { std: "docker" "inspect" "b2604995534a4a3ffe7fcb974940e1003a6c64069260f48b03f214beb6553c5c", kill_on_drop: false }`
[INFO] running `Command { std: "docker" "rm" "-f" "b2604995534a4a3ffe7fcb974940e1003a6c64069260f48b03f214beb6553c5c", kill_on_drop: false }`
[INFO] [stdout] b2604995534a4a3ffe7fcb974940e1003a6c64069260f48b03f214beb6553c5c
[INFO] running `Command { std: "docker" "create" "-v" "/var/lib/crater-agent-workspace/builds/worker-3-tc2/target:/opt/rustwide/target:rw,Z" "-v" "/var/lib/crater-agent-workspace/builds/worker-3-tc2/source:/opt/rustwide/workdir:ro,Z" "-v" "/var/lib/crater-agent-workspace/cargo-home:/opt/rustwide/cargo-home:ro,Z" "-v" "/var/lib/crater-agent-workspace/rustup-home:/opt/rustwide/rustup-home:ro,Z" "-e" "SOURCE_DIR=/opt/rustwide/workdir" "-e" "CARGO_TARGET_DIR=/opt/rustwide/target" "-e" "CARGO_INCREMENTAL=0" "-e" "RUST_BACKTRACE=full" "-e" "RUSTFLAGS=--cap-lints=warn" "-e" "RUSTDOCFLAGS=--cap-lints=warn" "-e" "CARGO_HOME=/opt/rustwide/cargo-home" "-e" "RUSTUP_HOME=/opt/rustwide/rustup-home" "-w" "/opt/rustwide/workdir" "-m" "1610612736" "--user" "0:0" "--network" "none" "ghcr.io/rust-lang/crates-build-env/linux@sha256:2788e3201cd34a07e3172128adcd8b3090168a8e3bcc40d7c032b9dda1df7d1c" "/opt/rustwide/cargo-home/bin/cargo" "+beta-2023-12-22" "build" "--frozen" "--message-format=json", kill_on_drop: false }`
[INFO] [stdout] 878c3c213fb7d84a148568dcb696ffcb36d319aa87bd61d30228c5a9e4e21cd9
[INFO] running `Command { std: "docker" "start" "-a" "878c3c213fb7d84a148568dcb696ffcb36d319aa87bd61d30228c5a9e4e21cd9", kill_on_drop: false }`
[INFO] [stderr]    Compiling proc-macro2 v1.0.64
[INFO] [stderr]    Compiling quote v1.0.29
[INFO] [stderr]    Compiling unicode-ident v1.0.10
[INFO] [stderr]    Compiling libc v0.2.147
[INFO] [stderr]    Compiling serde v1.0.171
[INFO] [stderr]    Compiling const-oid v0.9.4
[INFO] [stderr]    Compiling subtle v2.5.0
[INFO] [stderr]    Compiling zeroize v1.6.0
[INFO] [stderr]    Compiling hashbrown v0.14.0
[INFO] [stderr]    Compiling equivalent v1.0.1
[INFO] [stderr]    Compiling winnow v0.5.0
[INFO] [stderr]    Compiling itoa v1.0.8
[INFO] [stderr]    Compiling cpufeatures v0.2.9
[INFO] [stderr]    Compiling thiserror v1.0.43
[INFO] [stderr]    Compiling crunchy v0.2.2
[INFO] [stderr]    Compiling cc v1.0.79
[INFO] [stderr]    Compiling arrayvec v0.7.4
[INFO] [stderr]    Compiling pin-project-lite v0.2.10
[INFO] [stderr]    Compiling log v0.4.19
[INFO] [stderr]    Compiling generic-array v0.14.7
[INFO] [stderr]    Compiling ryu v1.0.14
[INFO] [stderr]    Compiling futures-core v0.3.28
[INFO] [stderr]    Compiling base16ct v0.2.0
[INFO] [stderr]    Compiling tiny-keccak v2.0.2
[INFO] [stderr]    Compiling futures-channel v0.3.28
[INFO] [stderr]    Compiling keccak v0.1.4
[INFO] [stderr]    Compiling byteorder v1.4.3
[INFO] [stderr]    Compiling futures-task v0.3.28
[INFO] [stderr]    Compiling lock_api v0.4.10
[INFO] [stderr]    Compiling der v0.7.7
[INFO] [stderr]    Compiling tokio v1.29.1
[INFO] [stderr]    Compiling aho-corasick v1.0.2
[INFO] [stderr]    Compiling num-traits v0.2.15
[INFO] [stderr]    Compiling futures-io v0.3.28
[INFO] [stderr]    Compiling indexmap v2.0.0
[INFO] [stderr]    Compiling serde_json v1.0.102
[INFO] [stderr]    Compiling crypto-common v0.1.6
[INFO] [stderr]    Compiling block-buffer v0.10.4
[INFO] [stderr]    Compiling futures-util v0.3.28
[INFO] [stderr]    Compiling regex-syntax v0.7.4
[INFO] [stderr]    Compiling camino v1.1.6
[INFO] [stderr]    Compiling rustversion v1.0.13
[INFO] [stderr]    Compiling digest v0.10.7
[INFO] [stderr]    Compiling syn v2.0.26
[INFO] [stderr]    Compiling syn v1.0.109
[INFO] [stderr]    Compiling hmac v0.12.1
[INFO] [stderr]    Compiling sha2 v0.10.7
[INFO] [stderr]    Compiling io-lifetimes v1.0.11
[INFO] [stderr]    Compiling semver v1.0.17
[INFO] [stderr]    Compiling sha3 v0.10.8
[INFO] [stderr]    Compiling rustix v0.37.23
[INFO] [stderr]    Compiling ring v0.16.20
[INFO] [stderr]    Compiling proc-macro-error-attr v1.0.4
[INFO] [stderr]    Compiling rfc6979 v0.4.0
[INFO] [stderr]    Compiling spki v0.7.2
[INFO] [stderr]    Compiling sec1 v0.7.2
[INFO] [stderr]    Compiling tracing-core v0.1.31
[INFO] [stderr]    Compiling pkcs8 v0.10.2
[INFO] [stderr]    Compiling tempfile v3.6.0
[INFO] [stderr]    Compiling linux-raw-sys v0.3.8
[INFO] [stderr]    Compiling getrandom v0.2.10
[INFO] [stderr]    Compiling parking_lot_core v0.9.8
[INFO] [stderr]    Compiling num_cpus v1.16.0
[INFO] [stderr]    Compiling signal-hook-registry v1.4.1
[INFO] [stderr]    Compiling socket2 v0.4.9
[INFO] [stderr]    Compiling mio v0.8.8
[INFO] [stderr]    Compiling percent-encoding v2.3.0
[INFO] [stderr]    Compiling rand_core v0.6.4
[INFO] [stderr]    Compiling parking_lot v0.12.1
[INFO] [stderr]    Compiling form_urlencoded v1.2.0
[INFO] [stderr]    Compiling uint v0.9.5
[INFO] [stderr]    Compiling rand_chacha v0.3.1
[INFO] [stderr]    Compiling ff v0.13.0
[INFO] [stderr]    Compiling crypto-bigint v0.5.2
[INFO] [stderr]    Compiling signature v2.1.0
[INFO] [stderr]    Compiling group v0.13.0
[INFO] [stderr]    Compiling indexmap v1.9.3
[INFO] [stderr]    Compiling wasm-bindgen-shared v0.2.87
[INFO] [stderr]    Compiling idna v0.4.0
[INFO] [stderr]    Compiling rustls v0.21.5
[INFO] [stderr]    Compiling rand v0.8.5
[INFO] [stderr]    Compiling base64 v0.21.2
[INFO] [stderr]    Compiling unicode-xid v0.2.4
[INFO] [stderr]    Compiling regex-automata v0.3.3
[INFO] [stderr]    Compiling bumpalo v3.13.0
[INFO] [stderr]    Compiling url v2.4.0
[INFO] [stderr]    Compiling iana-time-zone v0.1.57
[INFO] [stderr]    Compiling chrono v0.4.26
[INFO] [stderr]    Compiling fixed-hash v0.8.0
[INFO] [stderr]    Compiling inout v0.1.3
[INFO] [stderr]    Compiling async-trait v0.1.71
[INFO] [stderr]    Compiling elliptic-curve v0.13.5
[INFO] [stderr]    Compiling cipher v0.4.4
[INFO] [stderr]    Compiling block-buffer v0.9.0
[INFO] [stderr]    Compiling digest v0.9.0
[INFO] [stderr]    Compiling prettyplease v0.2.10
[INFO] [stderr]    Compiling ecdsa v0.16.7
[INFO] [stderr]    Compiling wasm-bindgen v0.2.87
[INFO] [stderr]    Compiling data-encoding v2.4.0
[INFO] [stderr]    Compiling ipnet v2.8.0
[INFO] [stderr]    Compiling k256 v0.13.1
[INFO] [stderr]    Compiling sha2 v0.9.9
[INFO] [stderr]    Compiling want v0.3.1
[INFO] [stderr]    Compiling wasm-bindgen-backend v0.2.87
[INFO] [stderr]    Compiling eyre v0.6.8
[INFO] [stderr]    Compiling bs58 v0.4.0
[INFO] [stderr]    Compiling rustls-pemfile v1.0.3
[INFO] [stderr]    Compiling regex v1.9.1
[INFO] [stderr]    Compiling proc-macro-error v1.0.4
[INFO] [stderr]    Compiling ripemd v0.1.3
[INFO] [stderr]    Compiling pbkdf2 v0.11.0
[INFO] [stderr]    Compiling sct v0.7.0
[INFO] [stderr]    Compiling webpki v0.22.0
[INFO] [stderr]    Compiling rustls-webpki v0.101.1
[INFO] [stderr]    Compiling same-file v1.0.6
[INFO] [stderr]    Compiling bech32 v0.7.3
[INFO] [stderr]    Compiling indenter v0.3.3
[INFO] [stderr]    Compiling walkdir v2.3.3
[INFO] [stderr]    Compiling wasm-bindgen-macro-support v0.2.87
[INFO] [stderr]    Compiling Inflector v0.11.4
[INFO] [stderr]    Compiling webpki-roots v0.22.6
[INFO] [stderr]    Compiling rustls-webpki v0.100.1
[INFO] [stderr]    Compiling salsa20 v0.10.2
[INFO] [stderr]    Compiling sha1 v0.10.5
[INFO] [stderr]    Compiling encoding_rs v0.8.32
[INFO] [stderr]    Compiling utf-8 v0.7.6
[INFO] [stderr]    Compiling either v1.8.1
[INFO] [stderr]    Compiling mime v0.3.17
[INFO] [stderr]    Compiling radium v0.3.0
[INFO] [stderr]    Compiling dunce v1.0.4
[INFO] [stderr]    Compiling semver-parser v0.7.0
[INFO] [stderr]    Compiling ident_case v1.0.1
[INFO] [stderr]    Compiling strsim v0.10.0
[INFO] [stderr]    Compiling bitvec v0.17.4
[INFO] [stderr]    Compiling semver v0.9.0
[INFO] [stderr]    Compiling webpki-roots v0.23.1
[INFO] [stderr]    Compiling scrypt v0.10.0
[INFO] [stderr]    Compiling darling_core v0.13.4
[INFO] [stderr]    Compiling aes v0.8.3
[INFO] [stderr]    Compiling ctr v0.9.2
[INFO] [stderr]    Compiling pbkdf2 v0.12.2
[INFO] [stderr]    Compiling fxhash v0.2.1
[INFO] [stderr]    Compiling send_wrapper v0.4.0
[INFO] [stderr]    Compiling radium v0.7.0
[INFO] [stderr]    Compiling hashers v1.0.1
[INFO] [stderr]    Compiling rustc_version v0.2.3
[INFO] [stderr]    Compiling time-core v0.1.1
[INFO] [stderr]    Compiling rustls v0.20.8
[INFO] [stderr]    Compiling tap v1.0.1
[INFO] [stderr]    Compiling wyz v0.5.1
[INFO] [stderr]    Compiling time-macros v0.2.10
[INFO] [stderr]    Compiling serde_derive v1.0.171
[INFO] [stderr]    Compiling thiserror-impl v1.0.43
[INFO] [stderr]    Compiling tokio-macros v2.1.0
[INFO] [stderr]    Compiling futures-macro v0.3.28
[INFO] [stderr]    Compiling tracing-attributes v0.1.26
[INFO] [stderr]    Compiling strum_macros v0.25.1
[INFO] [stderr]    Compiling rlp-derive v0.1.0
[INFO] [stderr]    Compiling impl-trait-for-tuples v0.2.2
[INFO] [stderr]    Compiling derive_more v0.99.17
[INFO] [stderr]    Compiling auto_impl v1.1.0
[INFO] [stderr]    Compiling wasm-bindgen-macro v0.2.87
[INFO] [stderr]    Compiling pin-project-internal v1.1.2
[INFO] [stderr]    Compiling enum-as-inner v0.4.0
[INFO] [stderr]    Compiling rustc_version_runtime v0.2.1
[INFO] [stderr]    Compiling hostname v0.3.1
[INFO] [stderr]    Compiling funty v2.0.0
[INFO] [stderr]    Compiling quick-error v1.2.3
[INFO] [stderr]    Compiling resolv-conf v0.7.0
[INFO] [stderr]    Compiling lru-cache v0.1.2
[INFO] [stderr]    Compiling tracing v0.1.37
[INFO] [stderr]    Compiling darling_macro v0.13.4
[INFO] [stderr]    Compiling ahash v0.7.6
[INFO] [stderr]    Compiling bitvec v1.0.1
[INFO] [stderr]    Compiling time v0.3.23
[INFO] [stderr]    Compiling futures-locks v0.7.1
[INFO] [stderr]    Compiling strum v0.25.0
[INFO] [stderr]    Compiling typed-builder v0.10.0
[INFO] [stderr]    Compiling derivative v2.2.0
[INFO] [stderr]    Compiling stringprep v0.1.2
[INFO] [stderr]    Compiling md-5 v0.10.5
[INFO] [stderr]    Compiling darling v0.13.4
[INFO] [stderr]    Compiling sha-1 v0.10.1
[INFO] [stderr]    Compiling serde_with_macros v1.5.2
[INFO] [stderr]    Compiling take_mut v0.2.2
[INFO] [stderr]    Compiling js-sys v0.3.64
[INFO] [stderr]    Compiling dotenv v0.15.0
[INFO] [stderr]    Compiling pin-project v1.1.2
[INFO] [stderr]    Compiling tracing-futures v0.2.5
[INFO] [stderr]    Compiling futures-executor v0.3.28
[INFO] [stderr]    Compiling futures v0.3.28
[INFO] [stderr]    Compiling gloo-timers v0.2.6
[INFO] [stderr]    Compiling futures-timer v3.0.2
[INFO] [stderr]    Compiling bytes v1.4.0
[INFO] [stderr]    Compiling serde_spanned v0.6.3
[INFO] [stderr]    Compiling toml_datetime v0.6.3
[INFO] [stderr]    Compiling impl-serde v0.4.0
[INFO] [stderr]    Compiling cargo-platform v0.1.3
[INFO] [stderr]    Compiling bincode v1.3.3
[INFO] [stderr]    Compiling serde_urlencoded v0.7.1
[INFO] [stderr]    Compiling coins-core v0.8.3
[INFO] [stderr]    Compiling uuid v0.8.2
[INFO] [stderr]    Compiling serde_bytes v0.11.11
[INFO] [stderr]    Compiling uuid v1.4.0
[INFO] [stderr]    Compiling serde_with v1.14.0
[INFO] [stderr]    Compiling toml_edit v0.19.14
[INFO] [stderr]    Compiling rlp v0.5.2
[INFO] [stderr]    Compiling http v0.2.9
[INFO] [stderr]    Compiling coins-bip32 v0.8.3
[INFO] [stderr]    Compiling open-fastrlp-derive v0.1.1
[INFO] [stderr]    Compiling impl-rlp v0.3.0
[INFO] [stderr]    Compiling enr v0.8.1
[INFO] [stderr]    Compiling coins-bip39 v0.8.6
[INFO] [stderr]    Compiling cargo_metadata v0.15.4
[INFO] [stderr]    Compiling eth-keystore v0.5.0
[INFO] [stderr]    Compiling bson v2.6.1
[INFO] [stderr]    Compiling http-body v0.4.5
[INFO] [stderr]    Compiling tungstenite v0.19.0
[INFO] [stderr]    Compiling proc-macro-crate v1.3.1
[INFO] [stderr]    Compiling toml v0.7.6
[INFO] [stderr]    Compiling parity-scale-codec-derive v3.6.3
[INFO] [stderr]    Compiling scale-info-derive v2.9.0
[INFO] [stderr]    Compiling num_enum_derive v0.6.1
[INFO] [stderr]    Compiling num_enum v0.6.1
[INFO] [stderr]    Compiling tokio-util v0.7.8
[INFO] [stderr]    Compiling tokio-rustls v0.24.1
[INFO] [stderr]    Compiling trust-dns-proto v0.21.2
[INFO] [stderr]    Compiling tokio-rustls v0.23.4
[INFO] [stderr]    Compiling parity-scale-codec v3.6.3
[INFO] [stderr]    Compiling tokio-tungstenite v0.19.0
[INFO] [stderr]    Compiling h2 v0.3.20
[INFO] [stderr]    Compiling impl-codec v0.6.0
[INFO] [stderr]    Compiling scale-info v2.9.0
[INFO] [stderr]    Compiling primitive-types v0.12.1
[INFO] [stderr]    Compiling ethbloom v0.13.0
[INFO] [stderr]    Compiling trust-dns-resolver v0.21.2
[INFO] [stderr]    Compiling ethereum-types v0.14.1
[INFO] [stderr]    Compiling mongodb v2.6.0
[INFO] [stderr]    Compiling open-fastrlp v0.1.4
[INFO] [stderr]    Compiling ethabi v18.0.0
[INFO] [stderr]    Compiling hyper v0.14.27
[INFO] [stderr]    Compiling ethers-core v2.0.8
[INFO] [stderr]    Compiling hyper-rustls v0.24.1
[INFO] [stderr]    Compiling reqwest v0.11.18
[INFO] [stderr]    Compiling ethers-contract-abigen v2.0.8
[INFO] [stderr]    Compiling ethers-signers v2.0.8
[INFO] [stderr]    Compiling ethers-providers v2.0.8
[INFO] [stderr]    Compiling ethers-etherscan v2.0.8
[INFO] [stderr]    Compiling ethers-addressbook v2.0.8
[INFO] [stderr]    Compiling ethers-contract-derive v2.0.8
[INFO] [stderr]    Compiling ethers-contract v2.0.8
[INFO] [stderr]    Compiling ethers-middleware v2.0.8
[INFO] [stderr]    Compiling ethers v2.0.8
[INFO] [stderr]    Compiling nft-mp-indexer v0.1.0 (/opt/rustwide/workdir)
[INFO] [stdout] error: File does not exist: src\data\nftMartkeplace.json
[INFO] [stdout]   --> src/main.rs:27:22
[INFO] [stdout]    |
[INFO] [stdout] 27 | abigen!(Marketplace, "src\\data\\nftMartkeplace.json");
[INFO] [stdout]    |                      ^^^^^^^^^^^^^^^^^^^^^^^^^^^^^^^^
[INFO] [stdout] 
[INFO] [stdout] 
[INFO] [stdout] error[E0432]: unresolved import `crate::Marketplace`
[INFO] [stdout]   --> src/services/data_loader.rs:11:5
[INFO] [stdout]    |
[INFO] [stdout] 11 | use crate::Marketplace;
[INFO] [stdout]    |     ^^^^^^^^^^^^^^^^^^ no `Marketplace` in the root
[INFO] [stdout] 
[INFO] [stdout] 
[INFO] [stdout] error[E0432]: unresolved import `crate::Marketplace`
[INFO] [stdout]   --> src/services/listener.rs:12:5
[INFO] [stdout]    |
[INFO] [stdout] 12 | use crate::Marketplace;
[INFO] [stdout]    |     ^^^^^^^^^^^^^^^^^^ no `Marketplace` in the root
[INFO] [stdout] 
[INFO] [stdout] 
[INFO] [stdout] error[E0432]: unresolved import `crate::MarketplaceEvents`
[INFO] [stdout]   --> src/services/listener.rs:13:5
[INFO] [stdout]    |
[INFO] [stdout] 13 | use crate::MarketplaceEvents;
[INFO] [stdout]    |     ^^^^^^^^^^^^^^^^^^^^^^^^ no `MarketplaceEvents` in the root
[INFO] [stdout] 
[INFO] [stdout] 
[INFO] [stdout] error[E0412]: cannot find type `Marketplace` in this scope
[INFO] [stdout]   --> src/main.rs:56:23
[INFO] [stdout]    |
[INFO] [stdout] 56 |     let contract: Arc<Marketplace<_>> = Arc::new(Marketplace::new(address, client));
[INFO] [stdout]    |                       ^^^^^^^^^^^ not found in this scope
[INFO] [stdout] 
[INFO] [stdout] 
[INFO] [stdout] error[E0433]: failed to resolve: use of undeclared type `Marketplace`
[INFO] [stdout]   --> src/main.rs:56:50
[INFO] [stdout]    |
[INFO] [stdout] 56 |     let contract: Arc<Marketplace<_>> = Arc::new(Marketplace::new(address, client));
[INFO] [stdout]    |                                                  ^^^^^^^^^^^ use of undeclared type `Marketplace`
[INFO] [stdout] 
[INFO] [stdout] 
[INFO] [stdout] error: aborting due to 6 previous errors
[INFO] [stdout] 
[INFO] [stdout] 
[INFO] [stdout] Some errors have detailed explanations: E0412, E0432, E0433.
[INFO] [stdout] 
[INFO] [stdout] For more information about an error, try `rustc --explain E0412`.
[INFO] [stdout] 
[INFO] [stderr] error: could not compile `nft-mp-indexer` (bin "nft-mp-indexer") due to 7 previous errors
[INFO] running `Command { std: "docker" "inspect" "878c3c213fb7d84a148568dcb696ffcb36d319aa87bd61d30228c5a9e4e21cd9", kill_on_drop: false }`
[INFO] running `Command { std: "docker" "rm" "-f" "878c3c213fb7d84a148568dcb696ffcb36d319aa87bd61d30228c5a9e4e21cd9", kill_on_drop: false }`
[INFO] [stdout] 878c3c213fb7d84a148568dcb696ffcb36d319aa87bd61d30228c5a9e4e21cd9
