[INFO] cloning repository https://github.com/DaftVadeR/anime-helper-api-rocket
[INFO] running `Command { std: "git" "-c" "credential.helper=" "-c" "credential.helper=/workspace/cargo-home/bin/git-credential-null" "clone" "--bare" "https://github.com/DaftVadeR/anime-helper-api-rocket" "/workspace/cache/git-repos/https%3A%2F%2Fgithub.com%2FDaftVadeR%2Fanime-helper-api-rocket", kill_on_drop: false }`
[INFO] [stderr] Cloning into bare repository '/workspace/cache/git-repos/https%3A%2F%2Fgithub.com%2FDaftVadeR%2Fanime-helper-api-rocket'...
[INFO] running `Command { std: "git" "rev-parse" "HEAD", kill_on_drop: false }`
[INFO] [stdout] bb788bfb3ed2e224b6fcd6ef50096eea4724a737
[INFO] testing DaftVadeR/anime-helper-api-rocket against 1.75.0 for beta-1.76-1
[INFO] running `Command { std: "git" "clone" "/workspace/cache/git-repos/https%3A%2F%2Fgithub.com%2FDaftVadeR%2Fanime-helper-api-rocket" "/workspace/builds/worker-3-tc1/source", kill_on_drop: false }`
[INFO] [stderr] Cloning into '/workspace/builds/worker-3-tc1/source'...
[INFO] [stderr] done.
[INFO] validating manifest of git repo https://github.com/DaftVadeR/anime-helper-api-rocket on toolchain 1.75.0
[INFO] running `Command { std: CARGO_HOME="/workspace/cargo-home" RUSTUP_HOME="/workspace/rustup-home" "/workspace/cargo-home/bin/cargo" "+1.75.0" "metadata" "--manifest-path" "Cargo.toml" "--no-deps", kill_on_drop: false }`
[INFO] started tweaking git repo https://github.com/DaftVadeR/anime-helper-api-rocket
[INFO] finished tweaking git repo https://github.com/DaftVadeR/anime-helper-api-rocket
[INFO] tweaked toml for git repo https://github.com/DaftVadeR/anime-helper-api-rocket written to /workspace/builds/worker-3-tc1/source/Cargo.toml
[INFO] crate git repo https://github.com/DaftVadeR/anime-helper-api-rocket already has a lockfile, it will not be regenerated
[INFO] running `Command { std: CARGO_HOME="/workspace/cargo-home" RUSTUP_HOME="/workspace/rustup-home" "/workspace/cargo-home/bin/cargo" "+1.75.0" "fetch" "--manifest-path" "Cargo.toml", kill_on_drop: false }`
[INFO] [stderr]     Blocking waiting for file lock on package cache
[INFO] [stderr]     Updating crates.io index
[INFO] [stderr]     Blocking waiting for file lock on package cache
[INFO] [stderr]  Downloading crates ...
[INFO] [stderr]   Downloaded http-range-header v0.4.0
[INFO] [stderr]   Downloaded tower-cookies v0.10.0
[INFO] [stderr]   Downloaded http-cache v0.17.0
[INFO] [stderr]   Downloaded cacache v12.0.0
[INFO] [stderr]   Downloaded http-cache-reqwest v0.12.0
[INFO] [stderr]   Downloaded http-cache-semantics v1.0.2
[INFO] [stderr]   Downloaded reflink-copy v0.1.13
[INFO] [stderr]   Downloaded tzfile v0.1.3
[INFO] running `Command { std: "docker" "create" "-v" "/var/lib/crater-agent-workspace/builds/worker-3-tc1/target:/opt/rustwide/target:rw,Z" "-v" "/var/lib/crater-agent-workspace/builds/worker-3-tc1/source:/opt/rustwide/workdir:ro,Z" "-v" "/var/lib/crater-agent-workspace/cargo-home:/opt/rustwide/cargo-home:ro,Z" "-v" "/var/lib/crater-agent-workspace/rustup-home:/opt/rustwide/rustup-home:ro,Z" "-e" "SOURCE_DIR=/opt/rustwide/workdir" "-e" "CARGO_TARGET_DIR=/opt/rustwide/target" "-e" "CARGO_HOME=/opt/rustwide/cargo-home" "-e" "RUSTUP_HOME=/opt/rustwide/rustup-home" "-w" "/opt/rustwide/workdir" "-m" "1610612736" "--user" "0:0" "--network" "none" "ghcr.io/rust-lang/crates-build-env/linux@sha256:2788e3201cd34a07e3172128adcd8b3090168a8e3bcc40d7c032b9dda1df7d1c" "/opt/rustwide/cargo-home/bin/cargo" "+1.75.0" "metadata" "--no-deps" "--format-version=1", kill_on_drop: false }`
[INFO] [stdout] e33f184c69bb3e42e15884404d8cbc2acd8e20085fc467963db98cbfb1035656
[INFO] running `Command { std: "docker" "start" "-a" "e33f184c69bb3e42e15884404d8cbc2acd8e20085fc467963db98cbfb1035656", kill_on_drop: false }`
[INFO] running `Command { std: "docker" "inspect" "e33f184c69bb3e42e15884404d8cbc2acd8e20085fc467963db98cbfb1035656", kill_on_drop: false }`
[INFO] running `Command { std: "docker" "rm" "-f" "e33f184c69bb3e42e15884404d8cbc2acd8e20085fc467963db98cbfb1035656", kill_on_drop: false }`
[INFO] [stdout] e33f184c69bb3e42e15884404d8cbc2acd8e20085fc467963db98cbfb1035656
[INFO] running `Command { std: "docker" "create" "-v" "/var/lib/crater-agent-workspace/builds/worker-3-tc1/target:/opt/rustwide/target:rw,Z" "-v" "/var/lib/crater-agent-workspace/builds/worker-3-tc1/source:/opt/rustwide/workdir:ro,Z" "-v" "/var/lib/crater-agent-workspace/cargo-home:/opt/rustwide/cargo-home:ro,Z" "-v" "/var/lib/crater-agent-workspace/rustup-home:/opt/rustwide/rustup-home:ro,Z" "-e" "SOURCE_DIR=/opt/rustwide/workdir" "-e" "CARGO_TARGET_DIR=/opt/rustwide/target" "-e" "CARGO_INCREMENTAL=0" "-e" "RUST_BACKTRACE=full" "-e" "RUSTFLAGS=--cap-lints=warn" "-e" "RUSTDOCFLAGS=--cap-lints=warn" "-e" "CARGO_HOME=/opt/rustwide/cargo-home" "-e" "RUSTUP_HOME=/opt/rustwide/rustup-home" "-w" "/opt/rustwide/workdir" "-m" "1610612736" "--user" "0:0" "--network" "none" "ghcr.io/rust-lang/crates-build-env/linux@sha256:2788e3201cd34a07e3172128adcd8b3090168a8e3bcc40d7c032b9dda1df7d1c" "/opt/rustwide/cargo-home/bin/cargo" "+1.75.0" "build" "--frozen" "--message-format=json", kill_on_drop: false }`
[INFO] [stdout] 1dc7f9015a4780ec678e9f5d396492ecb635f97ab5510d6709781fef7bcc21bc
[INFO] running `Command { std: "docker" "start" "-a" "1dc7f9015a4780ec678e9f5d396492ecb635f97ab5510d6709781fef7bcc21bc", kill_on_drop: false }`
[INFO] [stderr]    Compiling proc-macro2 v1.0.70
[INFO] [stderr]    Compiling unicode-ident v1.0.12
[INFO] [stderr]    Compiling libc v0.2.150
[INFO] [stderr]    Compiling autocfg v1.1.0
[INFO] [stderr]    Compiling version_check v0.9.4
[INFO] [stderr]    Compiling memchr v2.6.4
[INFO] [stderr]    Compiling itoa v1.0.9
[INFO] [stderr]    Compiling once_cell v1.18.0
[INFO] [stderr]    Compiling smallvec v1.11.2
[INFO] [stderr]    Compiling bytes v1.5.0
[INFO] [stderr]    Compiling siphasher v0.3.11
[INFO] [stderr]    Compiling parking_lot_core v0.9.9
[INFO] [stderr]    Compiling fnv v1.0.7
[INFO] [stderr]    Compiling pin-project-lite v0.2.13
[INFO] [stderr]    Compiling scopeguard v1.2.0
[INFO] [stderr]    Compiling futures-core v0.3.29
[INFO] [stderr]    Compiling ppv-lite86 v0.2.17
[INFO] [stderr]    Compiling serde v1.0.193
[INFO] [stderr]    Compiling futures-task v0.3.29
[INFO] [stderr]    Compiling futures-sink v0.3.29
[INFO] [stderr]    Compiling futures-channel v0.3.29
[INFO] [stderr]    Compiling futures-util v0.3.29
[INFO] [stderr]    Compiling pin-utils v0.1.0
[INFO] [stderr]    Compiling log v0.4.20
[INFO] [stderr]    Compiling futures-io v0.3.29
[INFO] [stderr]    Compiling bitflags v2.4.1
[INFO] [stderr]    Compiling tracing-core v0.1.32
[INFO] [stderr]    Compiling lock_api v0.4.11
[INFO] [stderr]    Compiling slab v0.4.9
[INFO] [stderr]    Compiling phf_shared v0.10.0
[INFO] [stderr]    Compiling typenum v1.17.0
[INFO] [stderr]    Compiling generic-array v0.14.7
[INFO] [stderr]    Compiling phf_shared v0.11.2
[INFO] [stderr]    Compiling pkg-config v0.3.27
[INFO] [stderr]    Compiling vcpkg v0.2.15
[INFO] [stderr]    Compiling percent-encoding v2.3.1
[INFO] [stderr]    Compiling tower-service v0.3.2
[INFO] [stderr]    Compiling equivalent v1.0.1
[INFO] [stderr]    Compiling hashbrown v0.14.3
[INFO] [stderr]    Compiling http v0.2.11
[INFO] [stderr]    Compiling httparse v1.8.0
[INFO] [stderr]    Compiling httpdate v1.0.3
[INFO] [stderr]    Compiling rustversion v1.0.14
[INFO] [stderr]    Compiling http v1.0.0
[INFO] [stderr]    Compiling quote v1.0.33
[INFO] [stderr]    Compiling tracing v0.1.40
[INFO] [stderr]    Compiling aho-corasick v1.1.2
[INFO] [stderr]    Compiling syn v2.0.39
[INFO] [stderr]    Compiling num_cpus v1.16.0
[INFO] [stderr]    Compiling mio v0.8.9
[INFO] [stderr]    Compiling signal-hook-registry v1.4.1
[INFO] [stderr]    Compiling socket2 v0.5.5
[INFO] [stderr]    Compiling parking_lot v0.12.1
[INFO] [stderr]    Compiling getrandom v0.2.11
[INFO] [stderr]    Compiling cc v1.0.83
[INFO] [stderr]    Compiling indexmap v2.1.0
[INFO] [stderr]    Compiling rand_core v0.6.4
[INFO] [stderr]    Compiling unicase v2.7.0
[INFO] [stderr]    Compiling regex-syntax v0.8.2
[INFO] [stderr]    Compiling rand_chacha v0.3.1
[INFO] [stderr]    Compiling serde_json v1.0.108
[INFO] [stderr]    Compiling ryu v1.0.15
[INFO] [stderr]    Compiling mime v0.3.17
[INFO] [stderr]    Compiling syn v1.0.109
[INFO] [stderr]    Compiling rand v0.8.5
[INFO] [stderr]    Compiling openssl v0.10.60
[INFO] [stderr]    Compiling thiserror v1.0.50
[INFO] [stderr]    Compiling tinyvec_macros v0.1.1
[INFO] [stderr]    Compiling async-trait v0.1.74
[INFO] [stderr]    Compiling foreign-types-shared v0.1.1
[INFO] [stderr]    Compiling tinyvec v1.6.0
[INFO] [stderr]    Compiling http-body v1.0.0
[INFO] [stderr]    Compiling foreign-types v0.3.2
[INFO] [stderr]    Compiling form_urlencoded v1.2.1
[INFO] [stderr]    Compiling powerfmt v0.2.0
[INFO] [stderr]    Compiling new_debug_unreachable v1.0.4
[INFO] [stderr]    Compiling rustix v0.38.25
[INFO] [stderr]    Compiling cpufeatures v0.2.11
[INFO] [stderr]    Compiling time-core v0.1.2
[INFO] [stderr]    Compiling native-tls v0.2.11
[INFO] [stderr]    Compiling unicode-width v0.1.11
[INFO] [stderr]    Compiling mime_guess v2.0.4
[INFO] [stderr]    Compiling time-macros v0.2.15
[INFO] [stderr]    Compiling deranged v0.3.9
[INFO] [stderr]    Compiling unicode-bidi v0.3.13
[INFO] [stderr]    Compiling openssl-probe v0.1.5
[INFO] [stderr]    Compiling openssl-sys v0.9.96
[INFO] [stderr]    Compiling linux-raw-sys v0.4.11
[INFO] [stderr]    Compiling tower-layer v0.3.2
[INFO] [stderr]    Compiling try-lock v0.2.4
[INFO] [stderr]    Compiling unicode-normalization v0.1.22
[INFO] [stderr]    Compiling base64 v0.21.5
[INFO] [stderr]    Compiling block-buffer v0.10.4
[INFO] [stderr]    Compiling crypto-common v0.1.6
[INFO] [stderr]    Compiling phf_generator v0.10.0
[INFO] [stderr]    Compiling phf_generator v0.11.2
[INFO] [stderr]    Compiling digest v0.10.7
[INFO] [stderr]    Compiling phf_codegen v0.10.0
[INFO] [stderr]    Compiling string_cache_codegen v0.5.2
[INFO] [stderr]    Compiling want v0.3.1
[INFO] [stderr]    Compiling http-body v0.4.5
[INFO] [stderr]    Compiling socket2 v0.4.10
[INFO] [stderr]    Compiling num-traits v0.2.17
[INFO] [stderr]    Compiling idna v0.5.0
[INFO] [stderr]    Compiling ident_case v1.0.1
[INFO] [stderr]    Compiling mac v0.1.1
[INFO] [stderr]    Compiling strsim v0.10.0
[INFO] [stderr]    Compiling precomputed-hash v0.1.1
[INFO] [stderr]    Compiling futf v0.1.5
[INFO] [stderr]    Compiling sha-1 v0.10.1
[INFO] [stderr]    Compiling sha2 v0.10.8
[INFO] [stderr]    Compiling phf_codegen v0.11.2
[INFO] [stderr]    Compiling axum-core v0.4.0
[INFO] [stderr]    Compiling regex-automata v0.4.3
[INFO] [stderr]    Compiling phf v0.11.2
[INFO] [stderr]    Compiling markup5ever v0.11.0
[INFO] [stderr]    Compiling phf v0.10.1
[INFO] [stderr]    Compiling hex v0.4.3
[INFO] [stderr]    Compiling byteorder v1.5.0
[INFO] [stderr]    Compiling anyhow v1.0.75
[INFO] [stderr]    Compiling utf-8 v0.7.6
[INFO] [stderr]    Compiling dtoa v1.0.9
[INFO] [stderr]    Compiling xxhash-rust v0.8.7
[INFO] [stderr]    Compiling fastrand v2.0.1
[INFO] [stderr]    Compiling same-file v1.0.6
[INFO] [stderr]    Compiling dtoa-short v0.3.4
[INFO] [stderr]    Compiling walkdir v2.4.0
[INFO] [stderr]    Compiling tendril v0.4.3
[INFO] [stderr]    Compiling sha1 v0.10.6
[INFO] [stderr]    Compiling selectors v0.25.0
[INFO] [stderr]    Compiling darling_core v0.20.3
[INFO] [stderr]    Compiling memmap2 v0.5.10
[INFO] [stderr]    Compiling cookie v0.18.0
[INFO] [stderr]    Compiling ahash v0.8.6
[INFO] [stderr]    Compiling encoding_rs v0.8.33
[INFO] [stderr]    Compiling ipnet v2.9.0
[INFO] [stderr]    Compiling sync_wrapper v0.1.2
[INFO] [stderr]    Compiling stable_deref_trait v1.2.0
[INFO] [stderr]    Compiling either v1.9.0
[INFO] [stderr]    Compiling iana-time-zone v0.1.58
[INFO] [stderr]    Compiling time v0.3.30
[INFO] [stderr]    Compiling servo_arc v0.3.0
[INFO] [stderr]    Compiling tempfile v3.8.1
[INFO] [stderr]    Compiling reflink-copy v0.1.13
[INFO] [stderr]    Compiling fxhash v0.2.1
[INFO] [stderr]    Compiling axum v0.7.1
[INFO] [stderr]    Compiling task-local-extensions v0.1.4
[INFO] [stderr]    Compiling zerocopy v0.7.26
[INFO] [stderr]    Compiling getopts v0.2.21
[INFO] [stderr]    Compiling http-range-header v0.4.0
[INFO] [stderr]    Compiling xml-rs v0.8.19
[INFO] [stderr]    Compiling heck v0.4.1
[INFO] [stderr]    Compiling matchit v0.7.3
[INFO] [stderr]    Compiling ego-tree v0.6.2
[INFO] [stderr]    Compiling uuid v1.6.1
[INFO] [stderr]    Compiling xml v0.8.10
[INFO] [stderr]    Compiling regex v1.10.2
[INFO] [stderr]    Compiling serde_derive v1.0.193
[INFO] [stderr]    Compiling futures-macro v0.3.29
[INFO] [stderr]    Compiling tokio-macros v2.2.0
[INFO] [stderr]    Compiling openssl-macros v0.1.1
[INFO] [stderr]    Compiling thiserror-impl v1.0.50
[INFO] [stderr]    Compiling phf_macros v0.11.2
[INFO] [stderr]    Compiling miette-derive v5.10.0
[INFO] [stderr]    Compiling parse-zoneinfo v0.3.0
[INFO] [stderr]    Compiling pin-project-internal v1.1.3
[INFO] [stderr]    Compiling darling_macro v0.20.3
[INFO] [stderr]    Compiling chrono-tz-build v0.2.1
[INFO] [stderr]    Compiling cssparser-macros v0.6.1
[INFO] [stderr]    Compiling tokio v1.34.0
[INFO] [stderr]    Compiling strum_macros v0.25.3
[INFO] [stderr]    Compiling chrono-tz v0.8.4
[INFO] [stderr]    Compiling lazy-regex-proc_macros v3.1.0
[INFO] [stderr]    Compiling cssparser v0.31.2
[INFO] [stderr]    Compiling darling v0.20.3
[INFO] [stderr]    Compiling serde_with_macros v3.4.0
[INFO] [stderr]    Compiling pin-project v1.1.3
[INFO] [stderr]    Compiling miette v5.10.0
[INFO] [stderr]    Compiling html5ever v0.26.0
[INFO] [stderr]    Compiling derive_more v0.99.17
[INFO] [stderr]    Compiling lazy-regex v3.1.0
[INFO] [stderr]    Compiling http-body-util v0.1.0
[INFO] [stderr]    Compiling futures-executor v0.3.29
[INFO] [stderr]    Compiling futures v0.3.29
[INFO] [stderr]    Compiling tokio-util v0.7.10
[INFO] [stderr]    Compiling tokio-native-tls v0.3.1
[INFO] [stderr]    Compiling tokio-stream v0.1.14
[INFO] [stderr]    Compiling tower v0.4.13
[INFO] [stderr]    Compiling serde_urlencoded v0.7.1
[INFO] [stderr]    Compiling url v2.5.0
[INFO] [stderr]    Compiling string_cache v0.8.7
[INFO] [stderr]    Compiling http-serde v1.1.3
[INFO] [stderr]    Compiling ssri v9.2.0
[INFO] [stderr]    Compiling chrono v0.4.31
[INFO] [stderr]    Compiling bincode v1.3.3
[INFO] [stderr]    Compiling serde_path_to_error v0.1.14
[INFO] [stderr]    Compiling http-cache-semantics v1.0.2
[INFO] [stderr]    Compiling serde_with v3.4.0
[INFO] [stderr]    Compiling h2 v0.3.22
[INFO] [stderr]    Compiling h2 v0.4.0
[INFO] [stderr]    Compiling tower-http v0.5.0
[INFO] [stderr]    Compiling cacache v12.0.0
[INFO] [stderr]    Compiling tower-cookies v0.10.0
[INFO] [stderr]    Compiling tzfile v0.1.3
[INFO] [stderr]    Compiling http-cache v0.17.0
[INFO] [stderr]    Compiling scraper v0.18.1
[INFO] [stderr]    Compiling hyper v0.14.27
[INFO] [stderr]    Compiling hyper v1.0.1
[INFO] [stderr]    Compiling hyper-util v0.1.1
[INFO] [stderr]    Compiling hyper-tls v0.5.0
[INFO] [stderr]    Compiling reqwest v0.11.22
[INFO] [stderr]    Compiling reqwest-middleware v0.2.4
[INFO] [stderr]    Compiling http-cache-reqwest v0.12.0
[INFO] [stderr]    Compiling anime-helper-api v0.1.0 (/opt/rustwide/workdir)
[INFO] [stdout] warning: unused imports: `ParseError`, `Url`
[INFO] [stdout]  --> src/api/releases/mod.rs:8:11
[INFO] [stdout]   |
[INFO] [stdout] 8 | use url::{ParseError, Url};
[INFO] [stdout]   |           ^^^^^^^^^^  ^^^
[INFO] [stdout]   |
[INFO] [stdout]   = note: `#[warn(unused_imports)]` on by default
[INFO] [stdout] 
[INFO] [stdout] 
[INFO] [stdout] warning: unused imports: `Timelike`, `Utc`
[INFO] [stdout]  --> src/api/news/mod.rs:5:14
[INFO] [stdout]   |
[INFO] [stdout] 5 | use chrono::{Timelike, Utc};
[INFO] [stdout]   |              ^^^^^^^^  ^^^
[INFO] [stdout] 
[INFO] [stdout] 
[INFO] [stdout] warning: unused imports: `ParseError`, `Url`
[INFO] [stdout]   --> src/api/news/mod.rs:11:11
[INFO] [stdout]    |
[INFO] [stdout] 11 | use url::{ParseError, Url};
[INFO] [stdout]    |           ^^^^^^^^^^  ^^^
[INFO] [stdout] 
[INFO] [stdout] 
[INFO] [stdout] warning: unused import: `Result`
[INFO] [stdout]  --> src/utils/mod.rs:8:41
[INFO] [stdout]   |
[INFO] [stdout] 8 | use reqwest_middleware::{ClientBuilder, Result, ClientWithMiddleware};
[INFO] [stdout]   |                                         ^^^^^^
[INFO] [stdout] 
[INFO] [stdout] 
[INFO] [stdout] error[E0599]: no function or associated item named `list_top_anime_reddit` found for struct `NewsController` in the current scope
[INFO] [stdout]   --> src/main.rs:58:32
[INFO] [stdout]    |
[INFO] [stdout] 58 |     let news = NewsController::list_top_anime_reddit().await;
[INFO] [stdout]    |                                ^^^^^^^^^^^^^^^^^^^^^
[INFO] [stdout]    |                                |
[INFO] [stdout]    |                                function or associated item not found in `NewsController`
[INFO] [stdout]    |                                help: there is an associated function with a similar name: `get_top_news_anime_reddit`
[INFO] [stdout]    |
[INFO] [stdout]   ::: src/api/news/mod.rs:92:1
[INFO] [stdout]    |
[INFO] [stdout] 92 | pub struct NewsController {}
[INFO] [stdout]    | ------------------------- function or associated item `list_top_anime_reddit` not found for this struct
[INFO] [stdout] 
[INFO] [stdout] 
[INFO] [stdout] error[E0599]: no function or associated item named `get_processed_news` found for struct `NewsController` in the current scope
[INFO] [stdout]    --> src/api/news/mod.rs:173:15
[INFO] [stdout]     |
[INFO] [stdout] 92  | pub struct NewsController {}
[INFO] [stdout]     | ------------------------- function or associated item `get_processed_news` not found for this struct
[INFO] [stdout] ...
[INFO] [stdout] 173 |         Self::get_processed_news(unprocessed_articles);
[INFO] [stdout]     |               ^^^^^^^^^^^^^^^^^^ function or associated item not found in `NewsController`
[INFO] [stdout] 
[INFO] [stdout] 
[INFO] [stdout] error[E0308]: mismatched types
[INFO] [stdout]    --> src/api/news/mod.rs:161:62
[INFO] [stdout]     |
[INFO] [stdout] 161 |       pub async fn get_top_news_anime_reddit() -> Vec<Article> {
[INFO] [stdout]     |  ______________________________________________________________^
[INFO] [stdout] 162 | |         // let response = NewsController::get_page_request(API_BASE).await;
[INFO] [stdout] 163 | |         // let unprocessed_releases: Vec<UnprocessedRelease> =
[INFO] [stdout] 164 | |         //     Self::parse_request_for_release_info(response).await;
[INFO] [stdout] ...   |
[INFO] [stdout] 174 | |         // return Self::get_processed_releases(unprocessed_releases);
[INFO] [stdout] 175 | |     }
[INFO] [stdout]     | |_____^ expected `Vec<Article>`, found `()`
[INFO] [stdout]     |
[INFO] [stdout]     = note: expected struct `Vec<Article>`
[INFO] [stdout]             found unit type `()`
[INFO] [stdout] 
[INFO] [stdout] 
[INFO] [stdout] error[E0308]: mismatched types
[INFO] [stdout]    --> src/api/news/mod.rs:245:17
[INFO] [stdout]     |
[INFO] [stdout] 245 |         Ok(Json(releases))
[INFO] [stdout]     |            ---- ^^^^^^^^ expected `Vec<Release>`, found `Vec<Article>`
[INFO] [stdout]     |            |
[INFO] [stdout]     |            arguments to this struct are incorrect
[INFO] [stdout]     |
[INFO] [stdout]     = note: expected struct `Vec<Release>`
[INFO] [stdout]                found struct `Vec<Article>`
[INFO] [stdout] help: the type constructed contains `Vec<Article>` due to the type of the argument passed
[INFO] [stdout]    --> src/api/news/mod.rs:245:12
[INFO] [stdout]     |
[INFO] [stdout] 245 |         Ok(Json(releases))
[INFO] [stdout]     |            ^^^^^--------^
[INFO] [stdout]     |                 |
[INFO] [stdout]     |                 this argument influences the type of `Json`
[INFO] [stdout] note: tuple struct defined here
[INFO] [stdout]    --> /opt/rustwide/cargo-home/registry/src/index.crates.io-6f17d22bba15001f/axum-0.7.1/src/json.rs:93:12
[INFO] [stdout]     |
[INFO] [stdout] 93  | pub struct Json<T>(pub T);
[INFO] [stdout]     |            ^^^^
[INFO] [stdout] 
[INFO] [stdout] 
[INFO] [stdout] error[E0308]: mismatched types
[INFO] [stdout]   --> src/api/news/mod.rs:57:9
[INFO] [stdout]    |
[INFO] [stdout] 56 | /     if post_type == "image" {
[INFO] [stdout] 57 | |         PostType::Image
[INFO] [stdout]    | |         ^^^^^^^^^^^^^^^ expected `()`, found `PostType`
[INFO] [stdout] 58 | |     } else if post_type == "hosted:video" {
[INFO] [stdout] 59 | |         PostType::Video
[INFO] [stdout] ...  |
[INFO] [stdout] 67 | |         PostType::Link
[INFO] [stdout] 68 | |     }
[INFO] [stdout]    | |_____- expected this to be `()`
[INFO] [stdout]    |
[INFO] [stdout] help: you might have meant to return this value
[INFO] [stdout]    |
[INFO] [stdout] 57 |         return PostType::Image;
[INFO] [stdout]    |         ++++++                +
[INFO] [stdout] 
[INFO] [stdout] 
[INFO] [stdout] error[E0308]: mismatched types
[INFO] [stdout]   --> src/api/news/mod.rs:59:9
[INFO] [stdout]    |
[INFO] [stdout] 58 |       } else if post_type == "hosted:video" {
[INFO] [stdout]    |  ____________-
[INFO] [stdout] 59 | |         PostType::Video
[INFO] [stdout]    | |         ^^^^^^^^^^^^^^^ expected `()`, found `PostType`
[INFO] [stdout] 60 | |     } else if post_type == "rich:video" {
[INFO] [stdout] 61 | |         PostType::Embed
[INFO] [stdout] ...  |
[INFO] [stdout] 67 | |         PostType::Link
[INFO] [stdout] 68 | |     }
[INFO] [stdout]    | |_____- expected this to be `()`
[INFO] [stdout]    |
[INFO] [stdout] help: you might have meant to return this value
[INFO] [stdout]    |
[INFO] [stdout] 59 |         return PostType::Video;
[INFO] [stdout]    |         ++++++                +
[INFO] [stdout] 
[INFO] [stdout] 
[INFO] [stdout] error[E0308]: mismatched types
[INFO] [stdout]   --> src/api/news/mod.rs:61:9
[INFO] [stdout]    |
[INFO] [stdout] 60 |       } else if post_type == "rich:video" {
[INFO] [stdout]    |  ____________-
[INFO] [stdout] 61 | |         PostType::Embed
[INFO] [stdout]    | |         ^^^^^^^^^^^^^^^ expected `()`, found `PostType`
[INFO] [stdout] 62 | |     } else if post_type == "gallery" {
[INFO] [stdout] 63 | |         PostType::Gallery
[INFO] [stdout] ...  |
[INFO] [stdout] 67 | |         PostType::Link
[INFO] [stdout] 68 | |     }
[INFO] [stdout]    | |_____- expected this to be `()`
[INFO] [stdout]    |
[INFO] [stdout] help: you might have meant to return this value
[INFO] [stdout]    |
[INFO] [stdout] 61 |         return PostType::Embed;
[INFO] [stdout]    |         ++++++                +
[INFO] [stdout] 
[INFO] [stdout] 
[INFO] [stdout] error[E0308]: mismatched types
[INFO] [stdout]   --> src/api/news/mod.rs:63:9
[INFO] [stdout]    |
[INFO] [stdout] 62 |       } else if post_type == "gallery" {
[INFO] [stdout]    |  ____________-
[INFO] [stdout] 63 | |         PostType::Gallery
[INFO] [stdout]    | |         ^^^^^^^^^^^^^^^^^ expected `()`, found `PostType`
[INFO] [stdout] 64 | |     } else if post_type == "multi_media" && p_text != None {
[INFO] [stdout] 65 | |         PostType::Text
[INFO] [stdout] 66 | |     } else if post_type == "link" || !is_reddit_domain(url) {
[INFO] [stdout] 67 | |         PostType::Link
[INFO] [stdout] 68 | |     }
[INFO] [stdout]    | |_____- expected this to be `()`
[INFO] [stdout]    |
[INFO] [stdout] help: you might have meant to return this value
[INFO] [stdout]    |
[INFO] [stdout] 63 |         return PostType::Gallery;
[INFO] [stdout]    |         ++++++                  +
[INFO] [stdout] 
[INFO] [stdout] 
[INFO] [stdout] error[E0308]: mismatched types
[INFO] [stdout]   --> src/api/news/mod.rs:64:55
[INFO] [stdout]    |
[INFO] [stdout] 64 |     } else if post_type == "multi_media" && p_text != None {
[INFO] [stdout]    |                                             ------    ^^^^ expected `Result<String, ()>`, found `Option<_>`
[INFO] [stdout]    |                                             |
[INFO] [stdout]    |                                             expected because this is `Result<std::string::String, ()>`
[INFO] [stdout]    |
[INFO] [stdout]    = note: expected enum `Result<std::string::String, ()>`
[INFO] [stdout]               found enum `std::option::Option<_>`
[INFO] [stdout] 
[INFO] [stdout] 
[INFO] [stdout] error[E0308]: mismatched types
[INFO] [stdout]   --> src/api/news/mod.rs:65:9
[INFO] [stdout]    |
[INFO] [stdout] 64 |       } else if post_type == "multi_media" && p_text != None {
[INFO] [stdout]    |  ____________-
[INFO] [stdout] 65 | |         PostType::Text
[INFO] [stdout]    | |         ^^^^^^^^^^^^^^ expected `()`, found `PostType`
[INFO] [stdout] 66 | |     } else if post_type == "link" || !is_reddit_domain(url) {
[INFO] [stdout] 67 | |         PostType::Link
[INFO] [stdout] 68 | |     }
[INFO] [stdout]    | |_____- expected this to be `()`
[INFO] [stdout]    |
[INFO] [stdout] help: you might have meant to return this value
[INFO] [stdout]    |
[INFO] [stdout] 65 |         return PostType::Text;
[INFO] [stdout]    |         ++++++               +
[INFO] [stdout] 
[INFO] [stdout] 
[INFO] [stdout] error[E0308]: mismatched types
[INFO] [stdout]   --> src/api/news/mod.rs:66:56
[INFO] [stdout]    |
[INFO] [stdout] 66 |     } else if post_type == "link" || !is_reddit_domain(url) {
[INFO] [stdout]    |                                       ---------------- ^^^ expected `&String`, found `String`
[INFO] [stdout]    |                                       |
[INFO] [stdout]    |                                       arguments to this function are incorrect
[INFO] [stdout]    |
[INFO] [stdout] note: function defined here
[INFO] [stdout]   --> src/api/news/mod.rs:45:4
[INFO] [stdout]    |
[INFO] [stdout] 45 | fn is_reddit_domain(url: &String) -> bool {
[INFO] [stdout]    |    ^^^^^^^^^^^^^^^^ ------------
[INFO] [stdout] help: consider borrowing here
[INFO] [stdout]    |
[INFO] [stdout] 66 |     } else if post_type == "link" || !is_reddit_domain(&url) {
[INFO] [stdout]    |                                                        +
[INFO] [stdout] 
[INFO] [stdout] 
[INFO] [stdout] error[E0308]: mismatched types
[INFO] [stdout]   --> src/api/news/mod.rs:67:9
[INFO] [stdout]    |
[INFO] [stdout] 66 |       } else if post_type == "link" || !is_reddit_domain(url) {
[INFO] [stdout]    |  ____________-
[INFO] [stdout] 67 | |         PostType::Link
[INFO] [stdout]    | |         ^^^^^^^^^^^^^^ expected `()`, found `PostType`
[INFO] [stdout] 68 | |     }
[INFO] [stdout]    | |_____- expected this to be `()`
[INFO] [stdout]    |
[INFO] [stdout] help: you might have meant to return this value
[INFO] [stdout]    |
[INFO] [stdout] 67 |         return PostType::Link;
[INFO] [stdout]    |         ++++++               +
[INFO] [stdout] 
[INFO] [stdout] 
[INFO] [stdout] error: aborting due to 12 previous errors; 4 warnings emitted
[INFO] [stdout] 
[INFO] [stdout] 
[INFO] [stdout] Some errors have detailed explanations: E0308, E0599.
[INFO] [stdout] 
[INFO] [stdout] For more information about an error, try `rustc --explain E0308`.
[INFO] [stdout] 
[INFO] [stderr] error: could not compile `anime-helper-api` (bin "anime-helper-api") due to 13 previous errors; 4 warnings emitted
[INFO] running `Command { std: "docker" "inspect" "1dc7f9015a4780ec678e9f5d396492ecb635f97ab5510d6709781fef7bcc21bc", kill_on_drop: false }`
[INFO] running `Command { std: "docker" "rm" "-f" "1dc7f9015a4780ec678e9f5d396492ecb635f97ab5510d6709781fef7bcc21bc", kill_on_drop: false }`
[INFO] [stdout] 1dc7f9015a4780ec678e9f5d396492ecb635f97ab5510d6709781fef7bcc21bc
