[INFO] cloning repository https://github.com/DMDcoin/diamond-node
[INFO] running `Command { std: "git" "-c" "credential.helper=" "-c" "credential.helper=/workspace/cargo-home/bin/git-credential-null" "clone" "--bare" "https://github.com/DMDcoin/diamond-node" "/workspace/cache/git-repos/https%3A%2F%2Fgithub.com%2FDMDcoin%2Fdiamond-node", kill_on_drop: false }`
[INFO] [stderr] Cloning into bare repository '/workspace/cache/git-repos/https%3A%2F%2Fgithub.com%2FDMDcoin%2Fdiamond-node'...
[INFO] running `Command { std: "git" "rev-parse" "HEAD", kill_on_drop: false }`
[INFO] [stdout] 0fe2000a4ce823131fbfb05dab344f27187f2fe5
[INFO] testing DMDcoin/diamond-node against 1.75.0 for beta-1.76-1
[INFO] running `Command { std: "git" "clone" "/workspace/cache/git-repos/https%3A%2F%2Fgithub.com%2FDMDcoin%2Fdiamond-node" "/workspace/builds/worker-6-tc1/source", kill_on_drop: false }`
[INFO] [stderr] Cloning into '/workspace/builds/worker-6-tc1/source'...
[INFO] [stderr] done.
[INFO] validating manifest of git repo https://github.com/DMDcoin/diamond-node on toolchain 1.75.0
[INFO] running `Command { std: CARGO_HOME="/workspace/cargo-home" RUSTUP_HOME="/workspace/rustup-home" "/workspace/cargo-home/bin/cargo" "+1.75.0" "metadata" "--manifest-path" "Cargo.toml" "--no-deps", kill_on_drop: false }`
[INFO] removed /workspace/builds/worker-6-tc1/source/.cargo/config
[INFO] started tweaking git repo https://github.com/DMDcoin/diamond-node
[INFO] finished tweaking git repo https://github.com/DMDcoin/diamond-node
[INFO] tweaked toml for git repo https://github.com/DMDcoin/diamond-node written to /workspace/builds/worker-6-tc1/source/Cargo.toml
[INFO] crate git repo https://github.com/DMDcoin/diamond-node already has a lockfile, it will not be regenerated
[INFO] running `Command { std: CARGO_HOME="/workspace/cargo-home" RUSTUP_HOME="/workspace/rustup-home" "/workspace/cargo-home/bin/cargo" "+1.75.0" "fetch" "--manifest-path" "Cargo.toml", kill_on_drop: false }`
[INFO] [stderr]     Updating crates.io index
[INFO] [stderr]     Updating git repository `https://github.com/paritytech/rust-secp256k1`
[INFO] [stderr]     Updating git repository `https://github.com/openethereum/app-dirs-rs`
[INFO] [stderr]     Updating git repository `https://github.com/rimrakhimov/ethabi`
[INFO] [stderr]     Updating git repository `https://github.com/surfingnerd/hbbft`
[INFO] [stderr]     Updating git repository `https://github.com/poanetwork/hbbft`
[INFO] [stderr]     Updating git repository `https://github.com/gnosis/reth.git`
[INFO] [stderr]     Updating git repository `https://github.com/paritytech/bn`
[INFO] [stderr]     Updating git repository `https://github.com/matter-labs/eip1962.git`
[INFO] [stderr]     Updating git repository `https://github.com/poanetwork/threshold_crypto`
[INFO] [stderr]     Blocking waiting for file lock on package cache
[INFO] [stderr]  Downloading crates ...
[INFO] [stderr]   Downloaded kvdb-rocksdb v0.1.6
[INFO] [stderr]   Downloaded secp256k1 v0.17.2
[INFO] [stderr]   Downloaded hex-literal-impl v0.2.1
[INFO] [stderr]   Downloaded interleaved-ordered v0.1.1
[INFO] [stderr]   Downloaded trie-db v0.11.0
[INFO] [stderr]   Downloaded pulldown-cmark v0.0.3
[INFO] [stderr]   Downloaded crunchy v0.1.6
[INFO] [stderr]   Downloaded keccak-hash v0.5.1
[INFO] [stderr]   Downloaded trie-standardmap v0.15.2
[INFO] [stderr]   Downloaded secp256k1-sys v0.1.2
[INFO] [stderr]   Downloaded elastic-array v0.10.2
[INFO] [stderr]   Downloaded home v0.5.1
[INFO] [stderr]   Downloaded hash-db v0.11.0
[INFO] [stderr]   Downloaded validator_derive v0.8.0
[INFO] [stderr]   Downloaded nan-preserving-float v0.1.0
[INFO] [stderr]   Downloaded tokio-sync v0.1.7
[INFO] [stderr]   Downloaded plain_hasher v0.2.2
[INFO] [stderr]   Downloaded protobuf v2.16.2
[INFO] [stderr]   Downloaded parity-snappy-sys v0.1.2
[INFO] [stderr]   Downloaded csv v1.1.1
[INFO] [stderr]   Downloaded static_assertions v0.2.5
[INFO] [stderr]   Downloaded impl-serde v0.2.3
[INFO] [stderr]   Downloaded unicode-segmentation v1.5.0
[INFO] [stderr]   Downloaded wasmi v0.3.0
[INFO] [stderr]   Downloaded parity-rocksdb-sys v0.5.6
[INFO] [stderr]   Downloaded vergen v0.1.1
[INFO] [stderr]   Downloaded kvdb-memorydb v0.1.0
[INFO] [stderr]   Downloaded hash256-std-hasher v0.11.0
[INFO] [stderr]   Downloaded parity-crypto v0.6.2
[INFO] [stderr]   Downloaded igd v0.7.1
[INFO] [stderr]   Downloaded trace-time v0.1.2
[INFO] [stderr]   Downloaded xmltree v0.7.0
[INFO] [stderr]   Downloaded parity-path v0.1.2
[INFO] [stderr]   Downloaded keccak-hasher v0.11.0
[INFO] [stderr]   Downloaded ethabi-contract v11.0.0
[INFO] [stderr]   Downloaded triehash v0.5.0
[INFO] [stderr]   Downloaded memory-db v0.11.0
[INFO] [stderr]   Downloaded ring v0.14.6
[INFO] [stderr]   Downloaded parity-daemonize v0.3.0
[INFO] [stderr]   Downloaded tokio-core v0.1.17
[INFO] [stderr]   Downloaded criterion v0.3.0
[INFO] [stderr]   Downloaded rustls v0.15.2
[INFO] [stderr]   Downloaded webpki-roots v0.16.0
[INFO] [stderr]   Downloaded tinytemplate v1.0.2
[INFO] [stderr]   Downloaded parity-wasm v0.31.3
[INFO] [stderr]   Downloaded parity-rocksdb v0.5.1
[INFO] [stderr]   Downloaded parity-scale-codec v1.3.5
[INFO] [stderr]   Downloaded ipnetwork v0.12.8
[INFO] [stderr]   Downloaded webpki v0.19.1
[INFO] [stderr]   Downloaded parity-wordlist v1.3.0
[INFO] [stderr]   Downloaded pretty_assertions v0.1.2
[INFO] [stderr]   Downloaded ethereum-forkid v0.2.1
[INFO] [stderr]   Downloaded parity-snappy v0.1.0
[INFO] [stderr]   Downloaded ct-logs v0.5.1
[INFO] [stderr]   Downloaded hex-literal v0.2.1
[INFO] [stderr]   Downloaded keccak-hasher v0.15.3
[INFO] [stderr]   Downloaded rprompt v1.0.3
[INFO] [stderr]   Downloaded rand_xoshiro v0.3.1
[INFO] [stderr]   Downloaded num_cpus v1.11.0
[INFO] [stderr]   Downloaded reed-solomon-erasure v3.1.1
[INFO] [stderr]   Downloaded pwasm-utils v0.6.2
[INFO] [stderr]   Downloaded csv-core v0.1.6
[INFO] [stderr]   Downloaded crossbeam-deque v0.6.3
[INFO] [stderr]   Downloaded skeptic v0.4.0
[INFO] [stderr]   Downloaded siphasher v0.1.3
[INFO] [stderr]   Downloaded local-encoding v0.2.0
[INFO] [stderr]   Downloaded scrypt v0.2.0
[INFO] [stderr]   Downloaded transient-hashmap v0.4.1
[INFO] [stderr]   Downloaded init_with v1.1.0
[INFO] [stderr]   Downloaded sct v0.5.0
[INFO] [stderr]   Downloaded ctr v0.3.2
[INFO] [stderr]   Downloaded primal-check v0.2.3
[INFO] [stderr]   Downloaded primal-bit v0.2.4
[INFO] [stderr]   Downloaded rpassword v1.0.2
[INFO] [stderr]   Downloaded block-modes v0.3.3
[INFO] [stderr]   Downloaded slab v0.2.0
[INFO] [stderr]   Downloaded tokio-rustls v0.9.4
[INFO] [stderr]   Downloaded target_info v0.1.0
[INFO] [stderr]   Downloaded tokio-retry v0.1.1
[INFO] [stderr]   Downloaded ethabi v12.0.0
[INFO] [stderr]   Downloaded aes-ctr v0.3.0
[INFO] [stderr]   Downloaded parity-bytes v0.1.1
[INFO] [stderr]   Downloaded kvdb v0.1.1
[INFO] [stderr]   Downloaded fdlimit v0.1.1
[INFO] [stderr]   Downloaded validator v0.8.0
[INFO] [stderr]   Downloaded order-stat v0.1.3
[INFO] [stderr]   Downloaded criterion-plot v0.4.0
[INFO] [stderr]   Downloaded rand_os v0.2.2
[INFO] [stderr]   Downloaded hamming v0.1.3
[INFO] [stderr]   Downloaded primal-estimate v0.2.1
[INFO] [stderr]   Downloaded primal-sieve v0.2.9
[INFO] [stderr]   Downloaded primal v0.2.3
[INFO] [stderr]   Downloaded ethbloom v0.7.0
[INFO] [stderr]   Downloaded fixed-hash v0.4.0
[INFO] [stderr]   Downloaded primitive-types v0.5.1
[INFO] [stderr]   Downloaded ethereum-types v0.7.0
[INFO] [stderr]   Downloaded jsonrpc-tcp-server v15.0.0
[INFO] [stderr]   Downloaded hyper-rustls v0.16.1
[INFO] [stderr]   Downloaded rmp-serde v1.1.0
[INFO] [stderr]   Downloaded lru v0.5.3
[INFO] [stderr]   Downloaded synstructure v0.12.2
[INFO] [stderr]   Downloaded memoffset v0.5.2
[INFO] [stderr]   Downloaded tokio-udp v0.1.5
[INFO] running `Command { std: "docker" "create" "-v" "/var/lib/crater-agent-workspace/builds/worker-6-tc1/target:/opt/rustwide/target:rw,Z" "-v" "/var/lib/crater-agent-workspace/builds/worker-6-tc1/source:/opt/rustwide/workdir:ro,Z" "-v" "/var/lib/crater-agent-workspace/cargo-home:/opt/rustwide/cargo-home:ro,Z" "-v" "/var/lib/crater-agent-workspace/rustup-home:/opt/rustwide/rustup-home:ro,Z" "-e" "SOURCE_DIR=/opt/rustwide/workdir" "-e" "CARGO_TARGET_DIR=/opt/rustwide/target" "-e" "CARGO_HOME=/opt/rustwide/cargo-home" "-e" "RUSTUP_HOME=/opt/rustwide/rustup-home" "-w" "/opt/rustwide/workdir" "-m" "1610612736" "--user" "0:0" "--network" "none" "ghcr.io/rust-lang/crates-build-env/linux@sha256:2788e3201cd34a07e3172128adcd8b3090168a8e3bcc40d7c032b9dda1df7d1c" "/opt/rustwide/cargo-home/bin/cargo" "+1.75.0" "metadata" "--no-deps" "--format-version=1", kill_on_drop: false }`
[INFO] [stdout] a97f811642f62e57e430846eccaf41b11d0e5c31b0259dbd94480d33509dd9a7
[INFO] running `Command { std: "docker" "start" "-a" "a97f811642f62e57e430846eccaf41b11d0e5c31b0259dbd94480d33509dd9a7", kill_on_drop: false }`
[INFO] running `Command { std: "docker" "inspect" "a97f811642f62e57e430846eccaf41b11d0e5c31b0259dbd94480d33509dd9a7", kill_on_drop: false }`
[INFO] running `Command { std: "docker" "rm" "-f" "a97f811642f62e57e430846eccaf41b11d0e5c31b0259dbd94480d33509dd9a7", kill_on_drop: false }`
[INFO] [stdout] a97f811642f62e57e430846eccaf41b11d0e5c31b0259dbd94480d33509dd9a7
[INFO] running `Command { std: "docker" "create" "-v" "/var/lib/crater-agent-workspace/builds/worker-6-tc1/target:/opt/rustwide/target:rw,Z" "-v" "/var/lib/crater-agent-workspace/builds/worker-6-tc1/source:/opt/rustwide/workdir:ro,Z" "-v" "/var/lib/crater-agent-workspace/cargo-home:/opt/rustwide/cargo-home:ro,Z" "-v" "/var/lib/crater-agent-workspace/rustup-home:/opt/rustwide/rustup-home:ro,Z" "-e" "SOURCE_DIR=/opt/rustwide/workdir" "-e" "CARGO_TARGET_DIR=/opt/rustwide/target" "-e" "CARGO_INCREMENTAL=0" "-e" "RUST_BACKTRACE=full" "-e" "RUSTFLAGS=--cap-lints=warn" "-e" "RUSTDOCFLAGS=--cap-lints=warn" "-e" "CARGO_HOME=/opt/rustwide/cargo-home" "-e" "RUSTUP_HOME=/opt/rustwide/rustup-home" "-w" "/opt/rustwide/workdir" "-m" "1610612736" "--user" "0:0" "--network" "none" "ghcr.io/rust-lang/crates-build-env/linux@sha256:2788e3201cd34a07e3172128adcd8b3090168a8e3bcc40d7c032b9dda1df7d1c" "/opt/rustwide/cargo-home/bin/cargo" "+1.75.0" "build" "--frozen" "--message-format=json", kill_on_drop: false }`
[INFO] [stdout] 1fc8d4774dd91db710b7fb232c785380c9bdbbc820593986da7b0284f7df43ff
[INFO] running `Command { std: "docker" "start" "-a" "1fc8d4774dd91db710b7fb232c785380c9bdbbc820593986da7b0284f7df43ff", kill_on_drop: false }`
[INFO] [stderr]    Compiling libc v0.2.126
[INFO] [stderr]    Compiling proc-macro2 v1.0.58
[INFO] [stderr]    Compiling unicode-ident v1.0.8
[INFO] [stderr]    Compiling quote v1.0.27
[INFO] [stderr]    Compiling syn v1.0.94
[INFO] [stderr]    Compiling unicode-xid v0.2.0
[INFO] [stderr]    Compiling serde v1.0.144
[INFO] [stderr]    Compiling serde_derive v1.0.144
[INFO] [stderr]    Compiling cfg-if v0.1.10
[INFO] [stderr]    Compiling byteorder v1.4.3
[INFO] [stderr]    Compiling autocfg v1.0.0
[INFO] [stderr]    Compiling lazy_static v1.4.0
[INFO] [stderr]    Compiling log v0.4.8
[INFO] [stderr]    Compiling autocfg v0.1.7
[INFO] [stderr]    Compiling either v1.5.3
[INFO] [stderr]    Compiling scopeguard v1.1.0
[INFO] [stderr]    Compiling crunchy v0.2.2
[INFO] [stderr]    Compiling getrandom v0.1.13
[INFO] [stderr]    Compiling semver-parser v0.7.0
[INFO] [stderr]    Compiling maybe-uninit v2.0.0
[INFO] [stderr]    Compiling tiny-keccak v2.0.2
[INFO] [stderr]    Compiling smallvec v0.6.13
[INFO] [stderr]    Compiling ppv-lite86 v0.2.6
[INFO] [stderr]    Compiling lock_api v0.3.4
[INFO] [stderr]    Compiling rustc-hex v2.1.0
[INFO] [stderr]    Compiling cc v1.0.41
[INFO] [stderr]    Compiling arrayvec v0.4.12
[INFO] [stderr]    Compiling nodrop v0.1.14
[INFO] [stderr]    Compiling futures v0.1.29
[INFO] [stderr]    Compiling rand_core v0.4.2
[INFO] [stderr]    Compiling smallvec v1.6.1
[INFO] [stderr]    Compiling fnv v1.0.6
[INFO] [stderr]    Compiling static_assertions v1.1.0
[INFO] [stderr]    Compiling memchr v2.5.0
[INFO] [stderr]    Compiling typenum v1.11.2
[INFO] [stderr]    Compiling rand_core v0.3.1
[INFO] [stderr]    Compiling rlp v0.4.6
[INFO] [stderr]    Compiling ryu v1.0.2
[INFO] [stderr]    Compiling c2-chacha v0.2.3
[INFO] [stderr]    Compiling cfg-if v1.0.0
[INFO] [stderr]    Compiling radium v0.3.0
[INFO] [stderr]    Compiling slab v0.4.2
[INFO] [stderr]    Compiling crossbeam-utils v0.7.2
[INFO] [stderr]    Compiling arrayvec v0.5.1
[INFO] [stderr]    Compiling impl-rlp v0.2.1
[INFO] [stderr]    Compiling byte-slice-cast v0.3.5
[INFO] [stderr]    Compiling itoa v0.4.4
[INFO] [stderr]    Compiling bitvec v0.17.4
[INFO] [stderr]    Compiling uint v0.8.5
[INFO] [stderr]    Compiling rand_chacha v0.1.1
[INFO] [stderr]    Compiling rand_pcg v0.1.2
[INFO] [stderr]    Compiling crossbeam-utils v0.6.6
[INFO] [stderr]    Compiling rand v0.6.5
[INFO] [stderr]    Compiling rand_hc v0.1.0
[INFO] [stderr]    Compiling rand_isaac v0.1.1
[INFO] [stderr]    Compiling iovec v0.1.4
[INFO] [stderr]    Compiling num_cpus v1.11.0
[INFO] [stderr]    Compiling net2 v0.2.38
[INFO] [stderr]    Compiling rand_core v0.5.1
[INFO] [stderr]    Compiling generic-array v0.12.3
[INFO] [stderr]    Compiling bytes v0.4.12
[INFO] [stderr]    Compiling rand_chacha v0.2.1
[INFO] [stderr]    Compiling mio v0.6.22
[INFO] [stderr]    Compiling tokio-executor v0.1.10
[INFO] [stderr]    Compiling rand v0.7.3
[INFO] [stderr]    Compiling rand_os v0.1.3
[INFO] [stderr]    Compiling rand_xorshift v0.1.1
[INFO] [stderr]    Compiling rand_jitter v0.1.4
[INFO] [stderr]    Compiling tokio-io v0.1.12
[INFO] [stderr]    Compiling opaque-debug v0.2.3
[INFO] [stderr]    Compiling byte-tools v0.3.1
[INFO] [stderr]    Compiling digest v0.8.1
[INFO] [stderr]    Compiling block-padding v0.1.4
[INFO] [stderr]    Compiling tokio-sync v0.1.7
[INFO] [stderr]    Compiling tiny-keccak v1.5.0
[INFO] [stderr]    Compiling num-traits v0.2.15
[INFO] [stderr]    Compiling fixed-hash v0.6.1
[INFO] [stderr]    Compiling block-buffer v0.7.3
[INFO] [stderr]    Compiling quick-error v1.2.2
[INFO] [stderr]    Compiling tokio-codec v0.1.1
[INFO] [stderr]    Compiling crossbeam-queue v0.2.3
[INFO] [stderr]    Compiling parking_lot_core v0.7.2
[INFO] [stderr]    Compiling regex-syntax v0.6.18
[INFO] [stderr]    Compiling fake-simd v0.1.2
[INFO] [stderr]    Compiling mio-uds v0.6.7
[INFO] [stderr]    Compiling rand v0.5.6
[INFO] [stderr]    Compiling time v0.1.42
[INFO] [stderr]    Compiling aho-corasick v0.7.6
[INFO] [stderr]    Compiling thread_local v1.0.1
[INFO] [stderr]    Compiling getrandom v0.2.2
[INFO] [stderr]    Compiling proc-macro-hack v0.5.19
[INFO] [stderr]    Compiling parking_lot v0.10.2
[INFO] [stderr]    Compiling tokio-timer v0.2.13
[INFO] [stderr]    Compiling tokio-current-thread v0.1.6
[INFO] [stderr]    Compiling block-cipher-trait v0.6.2
[INFO] [stderr]    Compiling safemem v0.3.3
[INFO] [stderr]    Compiling base64 v0.9.3
[INFO] [stderr]    Compiling subtle v1.0.0
[INFO] [stderr]    Compiling zeroize v1.2.0
[INFO] [stderr]    Compiling crypto-mac v0.7.0
[INFO] [stderr]    Compiling secp256k1-sys v0.1.2
[INFO] [stderr]    Compiling hmac v0.7.1
[INFO] [stderr]    Compiling aes-soft v0.3.3
[INFO] [stderr]    Compiling sha2 v0.8.0
[INFO] [stderr]    Compiling stream-cipher v0.3.2
[INFO] [stderr]    Compiling hashbrown v0.6.3
[INFO] [stderr]    Compiling lock_api v0.4.6
[INFO] [stderr]    Compiling proc-macro2 v0.4.30
[INFO] [stderr]    Compiling parity-bytes v0.1.1
[INFO] [stderr]    Compiling pbkdf2 v0.3.0
[INFO] [stderr]    Compiling ctr v0.3.2
[INFO] [stderr]    Compiling const-random-macro v0.1.13
[INFO] [stderr]    Compiling eth-secp256k1 v0.5.7 (https://github.com/paritytech/rust-secp256k1?rev=9791e79f21a5309dcb6e0bd254b1ef88fca2f1f4#9791e79f)
[INFO] [stderr]    Compiling regex v1.3.9
[INFO] [stderr]    Compiling synstructure v0.12.2
[INFO] [stderr]    Compiling hashbrown v0.8.2
[INFO] [stderr]    Compiling unicode-xid v0.1.0
[INFO] [stderr]    Compiling aes-ctr v0.3.0
[INFO] [stderr]    Compiling scrypt v0.2.0
[INFO] [stderr]    Compiling aes v0.3.2
[INFO] [stderr]    Compiling block-modes v0.3.3
[INFO] [stderr]    Compiling ripemd160 v0.8.0
[INFO] [stderr]    Compiling const-random v0.1.13
[INFO] [stderr]    Compiling ahash v0.2.19
[INFO] [stderr]    Compiling rand v0.4.6
[INFO] [stderr]    Compiling instant v0.1.9
[INFO] [stderr]    Compiling num-integer v0.1.41
[INFO] [stderr]    Compiling parity-util-mem v0.7.0
[INFO] [stderr]    Compiling ahash v0.3.8
[INFO] [stderr]    Compiling subtle v2.3.0
[INFO] [stderr]    Compiling rustc-hex v1.0.0
[INFO] [stderr]    Compiling parking_lot_core v0.8.3
[INFO] [stderr]    Compiling quote v0.6.13
[INFO] [stderr]    Compiling parity-wordlist v1.3.0
[INFO] [stderr]    Compiling lru v0.5.3
[INFO] [stderr]    Compiling edit-distance v2.1.0
[INFO] [stderr]    Compiling memzero v0.1.0 (/opt/rustwide/workdir/crates/util/memzero)
[INFO] [stderr]    Compiling version_check v0.1.5
[INFO] [stderr]    Compiling heapsize v0.4.2
[INFO] [stderr]    Compiling syn v0.15.26
[INFO] [stderr]    Compiling parking_lot v0.11.1
[INFO] [stderr]    Compiling cmake v0.1.42
[INFO] [stderr]    Compiling secp256k1 v0.17.2
[INFO] [stderr]    Compiling miniz_oxide v0.4.4
[INFO] [stderr]    Compiling unicode-width v0.1.6
[INFO] [stderr]    Compiling elastic-array v0.10.2
[INFO] [stderr]    Compiling adler32 v1.2.0
[INFO] [stderr]    Compiling parity-snappy-sys v0.1.2
[INFO] [stderr]    Compiling getopts v0.2.21
[INFO] [stderr]    Compiling inflate v0.4.5
[INFO] [stderr]    Compiling adler v1.0.2
[INFO] [stderr]    Compiling httparse v1.3.4
[INFO] [stderr]    Compiling hex v0.4.3
[INFO] [stderr]    Compiling remove_dir_all v0.5.2
[INFO] [stderr]    Compiling unexpected v0.1.0 (/opt/rustwide/workdir/crates/util/unexpected)
[INFO] [stderr]    Compiling gimli v0.23.0
[INFO] [stderr]    Compiling tempdir v0.3.7
[INFO] [stderr]    Compiling pulldown-cmark v0.0.3
[INFO] [stderr]    Compiling matches v0.1.8
[INFO] [stderr]    Compiling rustc-demangle v0.1.16
[INFO] [stderr]    Compiling object v0.23.0
[INFO] [stderr]    Compiling unicode-bidi v0.3.4
[INFO] [stderr]    Compiling unicase v2.5.1
[INFO] [stderr]    Compiling parity-util-mem-derive v0.1.0
[INFO] [stderr]    Compiling impl-trait-for-tuples v0.1.3
[INFO] [stderr]    Compiling serde_repr v0.1.6
[INFO] [stderr]    Compiling skeptic v0.4.0
[INFO] [stderr]    Compiling ring v0.14.6
[INFO] [stderr]    Compiling unicode-normalization v0.1.8
[INFO] [stderr]    Compiling hash-db v0.11.0
[INFO] [stderr]    Compiling local-encoding v0.2.0
[INFO] [stderr]    Compiling indexmap v1.3.0
[INFO] [stderr]    Compiling untrusted v0.6.2
[INFO] [stderr]    Compiling spin v0.5.2
[INFO] [stderr]    Compiling bitflags v1.2.1
[INFO] [stderr]    Compiling parity-rocksdb-sys v0.5.6
[INFO] [stderr]    Compiling futures-cpupool v0.1.8
[INFO] [stderr]    Compiling addr2line v0.14.1
[INFO] [stderr]    Compiling plain_hasher v0.2.2
[INFO] [stderr]    Compiling rlp_derive v0.1.0 (/opt/rustwide/workdir/crates/util/rlp-derive)
[INFO] [stderr]    Compiling parking_lot_core v0.9.7
[INFO] [stderr]    Compiling backtrace v0.3.56
[INFO] [stderr]    Compiling http v0.1.21
[INFO] [stderr]    Compiling failure_derive v0.1.8
[INFO] [stderr]    Compiling stable_deref_trait v1.1.1
[INFO] [stderr]    Compiling protobuf v2.16.2
[INFO] [stderr]    Compiling owning_ref v0.4.0
[INFO] [stderr]    Compiling thiserror-impl v1.0.20
[INFO] [stderr]    Compiling kvdb v0.1.1
[INFO] [stderr]    Compiling string v0.2.1
[INFO] [stderr]    Compiling tokio-buf v0.1.1
[INFO] [stderr]    Compiling tokio-service v0.1.0
[INFO] [stderr]    Compiling bstr v0.2.8
[INFO] [stderr]    Compiling prometheus v0.13.3
[INFO] [stderr]    Compiling scopeguard v0.3.3
[INFO] [stderr]    Compiling try-lock v0.2.2
[INFO] [stderr]    Compiling want v0.2.0
[INFO] [stderr]    Compiling lock_api v0.1.5
[INFO] [stderr]    Compiling parking_lot v0.12.1
[INFO] [stderr]    Compiling globset v0.4.5
[INFO] [stderr]    Compiling thiserror v1.0.20
[INFO] [stderr]    Compiling webpki v0.19.1
[INFO] [stderr]    Compiling sct v0.5.0
[INFO] [stderr]    Compiling h2 v0.1.26
[INFO] [stderr]    Compiling http-body v0.1.0
[INFO] [stderr]    Compiling idna v0.2.0
[INFO] [stderr]    Compiling fs-swap v0.2.6
[INFO] [stderr]    Compiling atty v0.2.13
[INFO] [stderr]    Compiling bitflags v0.7.0
[INFO] [stderr]    Compiling percent-encoding v2.1.0
[INFO] [stderr]    Compiling interleaved-ordered v0.1.1
[INFO] [stderr]    Compiling url v2.1.0
[INFO] [stderr]    Compiling vergen v0.1.1
[INFO] [stderr]    Compiling failure v0.1.8
[INFO] [stderr] error: could not compile `protobuf` (lib)
[INFO] [stderr] 
[INFO] [stderr] Caused by:
[INFO] [stderr]   process didn't exit successfully: `/opt/rustwide/rustup-home/toolchains/1.75.0-x86_64-unknown-linux-gnu/bin/rustc --crate-name protobuf /opt/rustwide/cargo-home/registry/src/index.crates.io-6f17d22bba15001f/protobuf-2.16.2/src/lib.rs --error-format=json --json=diagnostic-rendered-ansi,artifacts,future-incompat --crate-type lib --emit=dep-info,metadata,link -C opt-level=1 -C embed-bitcode=no -C codegen-units=256 -C debuginfo=2 -C debug-assertions=on -C metadata=c777b26c796da24d -C extra-filename=-c777b26c796da24d --out-dir /opt/rustwide/target/debug/deps -L dependency=/opt/rustwide/target/debug/deps --cap-lints allow --cap-lints=warn` (signal: 9, SIGKILL: kill)
[INFO] [stderr] warning: build failed, waiting for other jobs to finish...
[INFO] [stderr] error: failed to run custom build command for `parity-rocksdb-sys v0.5.6`
[INFO] [stderr] note: To improve backtraces for build dependencies, set the CARGO_PROFILE_DEV_BUILD_OVERRIDE_DEBUG=true environment variable to enable debug information generation.
[INFO] [stderr] 
[INFO] [stderr] Caused by:
[INFO] [stderr]   process didn't exit successfully: `/opt/rustwide/target/debug/build/parity-rocksdb-sys-839fa218a17ad44f/build-script-build` (exit status: 101)
[INFO] [stderr]   --- stdout
[INFO] [stderr]   running: cd "/opt/rustwide/target/debug/build/parity-rocksdb-sys-b4637bcddb4ab283/out/build" && CMAKE_PREFIX_PATH="/opt/rustwide/target/debug/build/parity-snappy-sys-50d5f239a8269078/out:" "cmake" "/opt/rustwide/cargo-home/registry/src/index.crates.io-6f17d22bba15001f/parity-rocksdb-sys-0.5.6/rocksdb" "-DCMAKE_VERBOSE_MAKEFILE=ON" "-DWITH_SNAPPY=ON" "-DFAIL_ON_WARNINGS=OFF" "-DSNAPPY_INCLUDE_DIR=/opt/rustwide/target/debug/build/parity-snappy-sys-50d5f239a8269078/out/build" "-DSNAPPY_LIBRARIES=/dev/null" "-DPORTABLE=ON" "-DCMAKE_INSTALL_PREFIX=/opt/rustwide/target/debug/build/parity-rocksdb-sys-b4637bcddb4ab283/out" "-DCMAKE_C_FLAGS= -ffunction-sections -fdata-sections -fPIC -m64" "-DCMAKE_C_COMPILER=/usr/bin/cc" "-DCMAKE_CXX_FLAGS= -ffunction-sections -fdata-sections -fPIC -m64" "-DCMAKE_CXX_COMPILER=/usr/bin/c++" "-DCMAKE_BUILD_TYPE=RelWithDebInfo"
[INFO] [stderr]   -- The C compiler identification is GNU 11.4.0
[INFO] [stderr]   -- The CXX compiler identification is GNU 11.4.0
[INFO] [stderr]   -- Detecting C compiler ABI info
[INFO] [stderr]   -- Detecting C compiler ABI info - done
[INFO] [stderr]   -- Check for working C compiler: /usr/bin/cc - skipped
[INFO] [stderr]   -- Detecting C compile features
[INFO] [stderr]   -- Detecting C compile features - done
[INFO] [stderr]   -- Detecting CXX compiler ABI info
[INFO] [stderr]   -- Detecting CXX compiler ABI info - done
[INFO] [stderr]   -- Check for working CXX compiler: /usr/bin/c++ - skipped
[INFO] [stderr]   -- Detecting CXX compile features
[INFO] [stderr]   -- Detecting CXX compile features - done
[INFO] [stderr]   -- The ASM compiler identification is GNU
[INFO] [stderr]   -- Found assembler: /usr/bin/cc
[INFO] [stderr]   -- Found snappy: /dev/null  
[INFO] [stderr]   -- Found Git: /usr/bin/git (found version "2.34.1") 
[INFO] [stderr]   -- Performing Test HAVE_OMIT_LEAF_FRAME_POINTER
[INFO] [stderr]   -- Performing Test HAVE_OMIT_LEAF_FRAME_POINTER - Success
[INFO] [stderr]   -- Enabling RTTI in Debug builds only (default)
[INFO] [stderr]   -- Looking for malloc_usable_size
[INFO] [stderr]   -- Looking for malloc_usable_size - found
[INFO] [stderr]   -- Looking for sched_getcpu
[INFO] [stderr]   -- Looking for sched_getcpu - found
[INFO] [stderr]   -- Looking for pthread.h
[INFO] [stderr]   -- Looking for pthread.h - found
[INFO] [stderr]   -- Performing Test CMAKE_HAVE_LIBC_PTHREAD
[INFO] [stderr]   -- Performing Test CMAKE_HAVE_LIBC_PTHREAD - Success
[INFO] [stderr]   -- Found Threads: TRUE  
[INFO] [stderr]   -- JNI library is disabled
[INFO] [stderr]   -- Configuring done
[INFO] [stderr]   -- Generating done
[INFO] [stderr]   -- Build files have been written to: /opt/rustwide/target/debug/build/parity-rocksdb-sys-b4637bcddb4ab283/out/build
[INFO] [stderr]   running: cd "/opt/rustwide/target/debug/build/parity-rocksdb-sys-b4637bcddb4ab283/out/build" && MAKEFLAGS="-j --jobserver-fds=7,8 --jobserver-auth=7,8" "cmake" "--build" "." "--target" "rocksdb" "--config" "RelWithDebInfo" "--"
[INFO] [stderr]   /usr/bin/cmake -S/opt/rustwide/cargo-home/registry/src/index.crates.io-6f17d22bba15001f/parity-rocksdb-sys-0.5.6/rocksdb -B/opt/rustwide/target/debug/build/parity-rocksdb-sys-b4637bcddb4ab283/out/build --check-build-system CMakeFiles/Makefile.cmake 0
[INFO] [stderr]   /usr/bin/gmake  -f CMakeFiles/Makefile2 rocksdb
[INFO] [stderr]   gmake[1]: Entering directory '/opt/rustwide/target/debug/build/parity-rocksdb-sys-b4637bcddb4ab283/out/build'
[INFO] [stderr]   /usr/bin/cmake -S/opt/rustwide/cargo-home/registry/src/index.crates.io-6f17d22bba15001f/parity-rocksdb-sys-0.5.6/rocksdb -B/opt/rustwide/target/debug/build/parity-rocksdb-sys-b4637bcddb4ab283/out/build --check-build-system CMakeFiles/Makefile.cmake 0
[INFO] [stderr]   /usr/bin/cmake -E cmake_progress_start /opt/rustwide/target/debug/build/parity-rocksdb-sys-b4637bcddb4ab283/out/build/CMakeFiles 29
[INFO] [stderr]   /usr/bin/gmake  -f CMakeFiles/Makefile2 CMakeFiles/rocksdb.dir/all
[INFO] [stderr]   gmake[2]: Entering directory '/opt/rustwide/target/debug/build/parity-rocksdb-sys-b4637bcddb4ab283/out/build'
[INFO] [stderr]   /usr/bin/gmake  -f CMakeFiles/build_version.dir/build.make CMakeFiles/build_version.dir/depend
[INFO] [stderr]   gmake[3]: Entering directory '/opt/rustwide/target/debug/build/parity-rocksdb-sys-b4637bcddb4ab283/out/build'
[INFO] [stderr]   cd /opt/rustwide/target/debug/build/parity-rocksdb-sys-b4637bcddb4ab283/out/build && /usr/bin/cmake -E cmake_depends "Unix Makefiles" /opt/rustwide/cargo-home/registry/src/index.crates.io-6f17d22bba15001f/parity-rocksdb-sys-0.5.6/rocksdb /opt/rustwide/cargo-home/registry/src/index.crates.io-6f17d22bba15001f/parity-rocksdb-sys-0.5.6/rocksdb /opt/rustwide/target/debug/build/parity-rocksdb-sys-b4637bcddb4ab283/out/build /opt/rustwide/target/debug/build/parity-rocksdb-sys-b4637bcddb4ab283/out/build /opt/rustwide/target/debug/build/parity-rocksdb-sys-b4637bcddb4ab283/out/build/CMakeFiles/build_version.dir/DependInfo.cmake --color=
[INFO] [stderr]   gmake[3]: Leaving directory '/opt/rustwide/target/debug/build/parity-rocksdb-sys-b4637bcddb4ab283/out/build'
[INFO] [stderr]   /usr/bin/gmake  -f CMakeFiles/build_version.dir/build.make CMakeFiles/build_version.dir/build
[INFO] [stderr]   gmake[3]: Entering directory '/opt/rustwide/target/debug/build/parity-rocksdb-sys-b4637bcddb4ab283/out/build'
[INFO] [stderr]   [  0%] Building CXX object CMakeFiles/build_version.dir/build_version.cc.o
[INFO] [stderr]   /usr/bin/c++ -DOS_LINUX -DROCKSDB_LIB_IO_POSIX -DROCKSDB_MALLOC_USABLE_SIZE -DROCKSDB_PLATFORM_POSIX -DROCKSDB_SCHED_GETCPU_PRESENT -DSNAPPY -I/opt/rustwide/target/debug/build/parity-snappy-sys-50d5f239a8269078/out/build -I/opt/rustwide/cargo-home/registry/src/index.crates.io-6f17d22bba15001f/parity-rocksdb-sys-0.5.6/rocksdb/util -I/opt/rustwide/cargo-home/registry/src/index.crates.io-6f17d22bba15001f/parity-rocksdb-sys-0.5.6/rocksdb -I/opt/rustwide/cargo-home/registry/src/index.crates.io-6f17d22bba15001f/parity-rocksdb-sys-0.5.6/rocksdb/include -isystem /opt/rustwide/cargo-home/registry/src/index.crates.io-6f17d22bba15001f/parity-rocksdb-sys-0.5.6/rocksdb/third-party/gtest-1.7.0/fused-src -ffunction-sections -fdata-sections -fPIC -m64 -W -Wextra -Wall -Wsign-compare -Wshadow -Wno-unused-parameter -Wno-unused-variable -Woverloaded-virtual -Wnon-virtual-dtor -Wno-missing-field-initializers -Wno-strict-aliasing -std=c++11 -O2 -fno-omit-frame-pointer -momit-leaf-frame-pointer -fno-builtin-memcmp -O2 -g -DNDEBUG -MD -MT CMakeFiles/build_version.dir/build_version.cc.o -MF CMakeFiles/build_version.dir/build_version.cc.o.d -o CMakeFiles/build_version.dir/build_version.cc.o -c /opt/rustwide/target/debug/build/parity-rocksdb-sys-b4637bcddb4ab283/out/build/build_version.cc
[INFO] [stderr]   gmake[3]: Leaving directory '/opt/rustwide/target/debug/build/parity-rocksdb-sys-b4637bcddb4ab283/out/build'
[INFO] [stderr]   [  0%] Built target build_version
[INFO] [stderr]   /usr/bin/gmake  -f CMakeFiles/rocksdb.dir/build.make CMakeFiles/rocksdb.dir/depend
[INFO] [stderr]   gmake[3]: Entering directory '/opt/rustwide/target/debug/build/parity-rocksdb-sys-b4637bcddb4ab283/out/build'
[INFO] [stderr]   cd /opt/rustwide/target/debug/build/parity-rocksdb-sys-b4637bcddb4ab283/out/build && /usr/bin/cmake -E cmake_depends "Unix Makefiles" /opt/rustwide/cargo-home/registry/src/index.crates.io-6f17d22bba15001f/parity-rocksdb-sys-0.5.6/rocksdb /opt/rustwide/cargo-home/registry/src/index.crates.io-6f17d22bba15001f/parity-rocksdb-sys-0.5.6/rocksdb /opt/rustwide/target/debug/build/parity-rocksdb-sys-b4637bcddb4ab283/out/build /opt/rustwide/target/debug/build/parity-rocksdb-sys-b4637bcddb4ab283/out/build /opt/rustwide/target/debug/build/parity-rocksdb-sys-b4637bcddb4ab283/out/build/CMakeFiles/rocksdb.dir/DependInfo.cmake --color=
[INFO] [stderr]   gmake[3]: Leaving directory '/opt/rustwide/target/debug/build/parity-rocksdb-sys-b4637bcddb4ab283/out/build'
[INFO] [stderr]   /usr/bin/gmake  -f CMakeFiles/rocksdb.dir/build.make CMakeFiles/rocksdb.dir/build
[INFO] [stderr]   gmake[3]: Entering directory '/opt/rustwide/target/debug/build/parity-rocksdb-sys-b4637bcddb4ab283/out/build'
[INFO] [stderr]   [  0%] Building CXX object CMakeFiles/rocksdb.dir/cache/clock_cache.cc.o
[INFO] [stderr]   /usr/bin/c++ -DOS_LINUX -DROCKSDB_LIB_IO_POSIX -DROCKSDB_MALLOC_USABLE_SIZE -DROCKSDB_PLATFORM_POSIX -DROCKSDB_SCHED_GETCPU_PRESENT -DSNAPPY -I/opt/rustwide/target/debug/build/parity-snappy-sys-50d5f239a8269078/out/build -I/opt/rustwide/cargo-home/registry/src/index.crates.io-6f17d22bba15001f/parity-rocksdb-sys-0.5.6/rocksdb -I/opt/rustwide/cargo-home/registry/src/index.crates.io-6f17d22bba15001f/parity-rocksdb-sys-0.5.6/rocksdb/include -isystem /opt/rustwide/cargo-home/registry/src/index.crates.io-6f17d22bba15001f/parity-rocksdb-sys-0.5.6/rocksdb/third-party/gtest-1.7.0/fused-src -ffunction-sections -fdata-sections -fPIC -m64 -W -Wextra -Wall -Wsign-compare -Wshadow -Wno-unused-parameter -Wno-unused-variable -Woverloaded-virtual -Wnon-virtual-dtor -Wno-missing-field-initializers -Wno-strict-aliasing -std=c++11 -O2 -fno-omit-frame-pointer -momit-leaf-frame-pointer -fno-builtin-memcmp -O2 -g -DNDEBUG -MD -MT CMakeFiles/rocksdb.dir/cache/clock_cache.cc.o -MF CMakeFiles/rocksdb.dir/cache/clock_cache.cc.o.d -o CMakeFiles/rocksdb.dir/cache/clock_cache.cc.o -c /opt/rustwide/cargo-home/registry/src/index.crates.io-6f17d22bba15001f/parity-rocksdb-sys-0.5.6/rocksdb/cache/clock_cache.cc
[INFO] [stderr]   [  0%] Building CXX object CMakeFiles/rocksdb.dir/cache/lru_cache.cc.o
[INFO] [stderr]   /usr/bin/c++ -DOS_LINUX -DROCKSDB_LIB_IO_POSIX -DROCKSDB_MALLOC_USABLE_SIZE -DROCKSDB_PLATFORM_POSIX -DROCKSDB_SCHED_GETCPU_PRESENT -DSNAPPY -I/opt/rustwide/target/debug/build/parity-snappy-sys-50d5f239a8269078/out/build -I/opt/rustwide/cargo-home/registry/src/index.crates.io-6f17d22bba15001f/parity-rocksdb-sys-0.5.6/rocksdb -I/opt/rustwide/cargo-home/registry/src/index.crates.io-6f17d22bba15001f/parity-rocksdb-sys-0.5.6/rocksdb/include -isystem /opt/rustwide/cargo-home/registry/src/index.crates.io-6f17d22bba15001f/parity-rocksdb-sys-0.5.6/rocksdb/third-party/gtest-1.7.0/fused-src -ffunction-sections -fdata-sections -fPIC -m64 -W -Wextra -Wall -Wsign-compare -Wshadow -Wno-unused-parameter -Wno-unused-variable -Woverloaded-virtual -Wnon-virtual-dtor -Wno-missing-field-initializers -Wno-strict-aliasing -std=c++11 -O2 -fno-omit-frame-pointer -momit-leaf-frame-pointer -fno-builtin-memcmp -O2 -g -DNDEBUG -MD -MT CMakeFiles/rocksdb.dir/cache/lru_cache.cc.o -MF CMakeFiles/rocksdb.dir/cache/lru_cache.cc.o.d -o CMakeFiles/rocksdb.dir/cache/lru_cache.cc.o -c /opt/rustwide/cargo-home/registry/src/index.crates.io-6f17d22bba15001f/parity-rocksdb-sys-0.5.6/rocksdb/cache/lru_cache.cc
[INFO] [stderr]   [  0%] Building CXX object CMakeFiles/rocksdb.dir/cache/sharded_cache.cc.o
[INFO] [stderr]   /usr/bin/c++ -DOS_LINUX -DROCKSDB_LIB_IO_POSIX -DROCKSDB_MALLOC_USABLE_SIZE -DROCKSDB_PLATFORM_POSIX -DROCKSDB_SCHED_GETCPU_PRESENT -DSNAPPY -I/opt/rustwide/target/debug/build/parity-snappy-sys-50d5f239a8269078/out/build -I/opt/rustwide/cargo-home/registry/src/index.crates.io-6f17d22bba15001f/parity-rocksdb-sys-0.5.6/rocksdb -I/opt/rustwide/cargo-home/registry/src/index.crates.io-6f17d22bba15001f/parity-rocksdb-sys-0.5.6/rocksdb/include -isystem /opt/rustwide/cargo-home/registry/src/index.crates.io-6f17d22bba15001f/parity-rocksdb-sys-0.5.6/rocksdb/third-party/gtest-1.7.0/fused-src -ffunction-sections -fdata-sections -fPIC -m64 -W -Wextra -Wall -Wsign-compare -Wshadow -Wno-unused-parameter -Wno-unused-variable -Woverloaded-virtual -Wnon-virtual-dtor -Wno-missing-field-initializers -Wno-strict-aliasing -std=c++11 -O2 -fno-omit-frame-pointer -momit-leaf-frame-pointer -fno-builtin-memcmp -O2 -g -DNDEBUG -MD -MT CMakeFiles/rocksdb.dir/cache/sharded_cache.cc.o -MF CMakeFiles/rocksdb.dir/cache/sharded_cache.cc.o.d -o CMakeFiles/rocksdb.dir/cache/sharded_cache.cc.o -c /opt/rustwide/cargo-home/registry/src/index.crates.io-6f17d22bba15001f/parity-rocksdb-sys-0.5.6/rocksdb/cache/sharded_cache.cc
[INFO] [stderr]   [  0%] Building CXX object CMakeFiles/rocksdb.dir/db/builder.cc.o
[INFO] [stderr]   /usr/bin/c++ -DOS_LINUX -DROCKSDB_LIB_IO_POSIX -DROCKSDB_MALLOC_USABLE_SIZE -DROCKSDB_PLATFORM_POSIX -DROCKSDB_SCHED_GETCPU_PRESENT -DSNAPPY -I/opt/rustwide/target/debug/build/parity-snappy-sys-50d5f239a8269078/out/build -I/opt/rustwide/cargo-home/registry/src/index.crates.io-6f17d22bba15001f/parity-rocksdb-sys-0.5.6/rocksdb -I/opt/rustwide/cargo-home/registry/src/index.crates.io-6f17d22bba15001f/parity-rocksdb-sys-0.5.6/rocksdb/include -isystem /opt/rustwide/cargo-home/registry/src/index.crates.io-6f17d22bba15001f/parity-rocksdb-sys-0.5.6/rocksdb/third-party/gtest-1.7.0/fused-src -ffunction-sections -fdata-sections -fPIC -m64 -W -Wextra -Wall -Wsign-compare -Wshadow -Wno-unused-parameter -Wno-unused-variable -Woverloaded-virtual -Wnon-virtual-dtor -Wno-missing-field-initializers -Wno-strict-aliasing -std=c++11 -O2 -fno-omit-frame-pointer -momit-leaf-frame-pointer -fno-builtin-memcmp -O2 -g -DNDEBUG -MD -MT CMakeFiles/rocksdb.dir/db/builder.cc.o -MF CMakeFiles/rocksdb.dir/db/builder.cc.o.d -o CMakeFiles/rocksdb.dir/db/builder.cc.o -c /opt/rustwide/cargo-home/registry/src/index.crates.io-6f17d22bba15001f/parity-rocksdb-sys-0.5.6/rocksdb/db/builder.cc
[INFO] [stderr]   [  0%] Building CXX object CMakeFiles/rocksdb.dir/db/c.cc.o
[INFO] [stderr]   /usr/bin/c++ -DOS_LINUX -DROCKSDB_LIB_IO_POSIX -DROCKSDB_MALLOC_USABLE_SIZE -DROCKSDB_PLATFORM_POSIX -DROCKSDB_SCHED_GETCPU_PRESENT -DSNAPPY -I/opt/rustwide/target/debug/build/parity-snappy-sys-50d5f239a8269078/out/build -I/opt/rustwide/cargo-home/registry/src/index.crates.io-6f17d22bba15001f/parity-rocksdb-sys-0.5.6/rocksdb -I/opt/rustwide/cargo-home/registry/src/index.crates.io-6f17d22bba15001f/parity-rocksdb-sys-0.5.6/rocksdb/include -isystem /opt/rustwide/cargo-home/registry/src/index.crates.io-6f17d22bba15001f/parity-rocksdb-sys-0.5.6/rocksdb/third-party/gtest-1.7.0/fused-src -ffunction-sections -fdata-sections -fPIC -m64 -W -Wextra -Wall -Wsign-compare -Wshadow -Wno-unused-parameter -Wno-unused-variable -Woverloaded-virtual -Wnon-virtual-dtor -Wno-missing-field-initializers -Wno-strict-aliasing -std=c++11 -O2 -fno-omit-frame-pointer -momit-leaf-frame-pointer -fno-builtin-memcmp -O2 -g -DNDEBUG -MD -MT CMakeFiles/rocksdb.dir/db/c.cc.o -MF CMakeFiles/rocksdb.dir/db/c.cc.o.d -o CMakeFiles/rocksdb.dir/db/c.cc.o -c /opt/rustwide/cargo-home/registry/src/index.crates.io-6f17d22bba15001f/parity-rocksdb-sys-0.5.6/rocksdb/db/c.cc
[INFO] [stderr]   [  0%] Building CXX object CMakeFiles/rocksdb.dir/db/column_family.cc.o
[INFO] [stderr]   [  3%] Building CXX object CMakeFiles/rocksdb.dir/db/compacted_db_impl.cc.o
[INFO] [stderr]   [  3%] Building CXX object CMakeFiles/rocksdb.dir/db/compaction.cc.o
[INFO] [stderr]   /usr/bin/c++ -DOS_LINUX -DROCKSDB_LIB_IO_POSIX -DROCKSDB_MALLOC_USABLE_SIZE -DROCKSDB_PLATFORM_POSIX -DROCKSDB_SCHED_GETCPU_PRESENT -DSNAPPY -I/opt/rustwide/target/debug/build/parity-snappy-sys-50d5f239a8269078/out/build -I/opt/rustwide/cargo-home/registry/src/index.crates.io-6f17d22bba15001f/parity-rocksdb-sys-0.5.6/rocksdb -I/opt/rustwide/cargo-home/registry/src/index.crates.io-6f17d22bba15001f/parity-rocksdb-sys-0.5.6/rocksdb/include -isystem /opt/rustwide/cargo-home/registry/src/index.crates.io-6f17d22bba15001f/parity-rocksdb-sys-0.5.6/rocksdb/third-party/gtest-1.7.0/fused-src -ffunction-sections -fdata-sections -fPIC -m64 -W -Wextra -Wall -Wsign-compare -Wshadow -Wno-unused-parameter -Wno-unused-variable -Woverloaded-virtual -Wnon-virtual-dtor -Wno-missing-field-initializers -Wno-strict-aliasing -std=c++11 -O2 -fno-omit-frame-pointer -momit-leaf-frame-pointer -fno-builtin-memcmp -O2 -g -DNDEBUG -MD -MT CMakeFiles/rocksdb.dir/db/column_family.cc.o -MF CMakeFiles/rocksdb.dir/db/column_family.cc.o.d -o CMakeFiles/rocksdb.dir/db/column_family.cc.o -c /opt/rustwide/cargo-home/registry/src/index.crates.io-6f17d22bba15001f/parity-rocksdb-sys-0.5.6/rocksdb/db/column_family.cc
[INFO] [stderr]   /usr/bin/c++ -DOS_LINUX -DROCKSDB_LIB_IO_POSIX -DROCKSDB_MALLOC_USABLE_SIZE -DROCKSDB_PLATFORM_POSIX -DROCKSDB_SCHED_GETCPU_PRESENT -DSNAPPY -I/opt/rustwide/target/debug/build/parity-snappy-sys-50d5f239a8269078/out/build -I/opt/rustwide/cargo-home/registry/src/index.crates.io-6f17d22bba15001f/parity-rocksdb-sys-0.5.6/rocksdb -I/opt/rustwide/cargo-home/registry/src/index.crates.io-6f17d22bba15001f/parity-rocksdb-sys-0.5.6/rocksdb/include -isystem /opt/rustwide/cargo-home/registry/src/index.crates.io-6f17d22bba15001f/parity-rocksdb-sys-0.5.6/rocksdb/third-party/gtest-1.7.0/fused-src -ffunction-sections -fdata-sections -fPIC -m64 -W -Wextra -Wall -Wsign-compare -Wshadow -Wno-unused-parameter -Wno-unused-variable -Woverloaded-virtual -Wnon-virtual-dtor -Wno-missing-field-initializers -Wno-strict-aliasing -std=c++11 -O2 -fno-omit-frame-pointer -momit-leaf-frame-pointer -fno-builtin-memcmp -O2 -g -DNDEBUG -MD -MT CMakeFiles/rocksdb.dir/db/compacted_db_impl.cc.o -MF CMakeFiles/rocksdb.dir/db/compacted_db_impl.cc.o.d -o CMakeFiles/rocksdb.dir/db/compacted_db_impl.cc.o -c /opt/rustwide/cargo-home/registry/src/index.crates.io-6f17d22bba15001f/parity-rocksdb-sys-0.5.6/rocksdb/db/compacted_db_impl.cc
[INFO] [stderr]   /usr/bin/c++ -DOS_LINUX -DROCKSDB_LIB_IO_POSIX -DROCKSDB_MALLOC_USABLE_SIZE -DROCKSDB_PLATFORM_POSIX -DROCKSDB_SCHED_GETCPU_PRESENT -DSNAPPY -I/opt/rustwide/target/debug/build/parity-snappy-sys-50d5f239a8269078/out/build -I/opt/rustwide/cargo-home/registry/src/index.crates.io-6f17d22bba15001f/parity-rocksdb-sys-0.5.6/rocksdb -I/opt/rustwide/cargo-home/registry/src/index.crates.io-6f17d22bba15001f/parity-rocksdb-sys-0.5.6/rocksdb/include -isystem /opt/rustwide/cargo-home/registry/src/index.crates.io-6f17d22bba15001f/parity-rocksdb-sys-0.5.6/rocksdb/third-party/gtest-1.7.0/fused-src -ffunction-sections -fdata-sections -fPIC -m64 -W -Wextra -Wall -Wsign-compare -Wshadow -Wno-unused-parameter -Wno-unused-variable -Woverloaded-virtual -Wnon-virtual-dtor -Wno-missing-field-initializers -Wno-strict-aliasing -std=c++11 -O2 -fno-omit-frame-pointer -momit-leaf-frame-pointer -fno-builtin-memcmp -O2 -g -DNDEBUG -MD -MT CMakeFiles/rocksdb.dir/db/compaction.cc.o -MF CMakeFiles/rocksdb.dir/db/compaction.cc.o.d -o CMakeFiles/rocksdb.dir/db/compaction.cc.o -c /opt/rustwide/cargo-home/registry/src/index.crates.io-6f17d22bba15001f/parity-rocksdb-sys-0.5.6/rocksdb/db/compaction.cc
[INFO] [stderr]   [  3%] Building CXX object CMakeFiles/rocksdb.dir/db/compaction_iterator.cc.o
[INFO] [stderr]   /usr/bin/c++ -DOS_LINUX -DROCKSDB_LIB_IO_POSIX -DROCKSDB_MALLOC_USABLE_SIZE -DROCKSDB_PLATFORM_POSIX -DROCKSDB_SCHED_GETCPU_PRESENT -DSNAPPY -I/opt/rustwide/target/debug/build/parity-snappy-sys-50d5f239a8269078/out/build -I/opt/rustwide/cargo-home/registry/src/index.crates.io-6f17d22bba15001f/parity-rocksdb-sys-0.5.6/rocksdb -I/opt/rustwide/cargo-home/registry/src/index.crates.io-6f17d22bba15001f/parity-rocksdb-sys-0.5.6/rocksdb/include -isystem /opt/rustwide/cargo-home/registry/src/index.crates.io-6f17d22bba15001f/parity-rocksdb-sys-0.5.6/rocksdb/third-party/gtest-1.7.0/fused-src -ffunction-sections -fdata-sections -fPIC -m64 -W -Wextra -Wall -Wsign-compare -Wshadow -Wno-unused-parameter -Wno-unused-variable -Woverloaded-virtual -Wnon-virtual-dtor -Wno-missing-field-initializers -Wno-strict-aliasing -std=c++11 -O2 -fno-omit-frame-pointer -momit-leaf-frame-pointer -fno-builtin-memcmp -O2 -g -DNDEBUG -MD -MT CMakeFiles/rocksdb.dir/db/compaction_iterator.cc.o -MF CMakeFiles/rocksdb.dir/db/compaction_iterator.cc.o.d -o CMakeFiles/rocksdb.dir/db/compaction_iterator.cc.o -c /opt/rustwide/cargo-home/registry/src/index.crates.io-6f17d22bba15001f/parity-rocksdb-sys-0.5.6/rocksdb/db/compaction_iterator.cc
[INFO] [stderr]   [  3%] Building CXX object CMakeFiles/rocksdb.dir/db/compaction_job.cc.o
[INFO] [stderr]   /usr/bin/c++ -DOS_LINUX -DROCKSDB_LIB_IO_POSIX -DROCKSDB_MALLOC_USABLE_SIZE -DROCKSDB_PLATFORM_POSIX -DROCKSDB_SCHED_GETCPU_PRESENT -DSNAPPY -I/opt/rustwide/target/debug/build/parity-snappy-sys-50d5f239a8269078/out/build -I/opt/rustwide/cargo-home/registry/src/index.crates.io-6f17d22bba15001f/parity-rocksdb-sys-0.5.6/rocksdb -I/opt/rustwide/cargo-home/registry/src/index.crates.io-6f17d22bba15001f/parity-rocksdb-sys-0.5.6/rocksdb/include -isystem /opt/rustwide/cargo-home/registry/src/index.crates.io-6f17d22bba15001f/parity-rocksdb-sys-0.5.6/rocksdb/third-party/gtest-1.7.0/fused-src -ffunction-sections -fdata-sections -fPIC -m64 -W -Wextra -Wall -Wsign-compare -Wshadow -Wno-unused-parameter -Wno-unused-variable -Woverloaded-virtual -Wnon-virtual-dtor -Wno-missing-field-initializers -Wno-strict-aliasing -std=c++11 -O2 -fno-omit-frame-pointer -momit-leaf-frame-pointer -fno-builtin-memcmp -O2 -g -DNDEBUG -MD -MT CMakeFiles/rocksdb.dir/db/compaction_job.cc.o -MF CMakeFiles/rocksdb.dir/db/compaction_job.cc.o.d -o CMakeFiles/rocksdb.dir/db/compaction_job.cc.o -c /opt/rustwide/cargo-home/registry/src/index.crates.io-6f17d22bba15001f/parity-rocksdb-sys-0.5.6/rocksdb/db/compaction_job.cc
[INFO] [stderr]   [  3%] Building CXX object CMakeFiles/rocksdb.dir/db/compaction_picker.cc.o
[INFO] [stderr]   [  3%] Building CXX object CMakeFiles/rocksdb.dir/db/convenience.cc.o
[INFO] [stderr]   [  3%] Building CXX object CMakeFiles/rocksdb.dir/db/compaction_picker_universal.cc.o
[INFO] [stderr]   /usr/bin/c++ -DOS_LINUX -DROCKSDB_LIB_IO_POSIX -DROCKSDB_MALLOC_USABLE_SIZE -DROCKSDB_PLATFORM_POSIX -DROCKSDB_SCHED_GETCPU_PRESENT -DSNAPPY -I/opt/rustwide/target/debug/build/parity-snappy-sys-50d5f239a8269078/out/build -I/opt/rustwide/cargo-home/registry/src/index.crates.io-6f17d22bba15001f/parity-rocksdb-sys-0.5.6/rocksdb -I/opt/rustwide/cargo-home/registry/src/index.crates.io-6f17d22bba15001f/parity-rocksdb-sys-0.5.6/rocksdb/include -isystem /opt/rustwide/cargo-home/registry/src/index.crates.io-6f17d22bba15001f/parity-rocksdb-sys-0.5.6/rocksdb/third-party/gtest-1.7.0/fused-src -ffunction-sections -fdata-sections -fPIC -m64 -W -Wextra -Wall -Wsign-compare -Wshadow -Wno-unused-parameter -Wno-unused-variable -Woverloaded-virtual -Wnon-virtual-dtor -Wno-missing-field-initializers -Wno-strict-aliasing -std=c++11 -O2 -fno-omit-frame-pointer -momit-leaf-frame-pointer -fno-builtin-memcmp -O2 -g -DNDEBUG -MD -MT CMakeFiles/rocksdb.dir/db/compaction_picker.cc.o -MF CMakeFiles/rocksdb.dir/db/compaction_picker.cc.o.d -o CMakeFiles/rocksdb.dir/db/compaction_picker.cc.o -c /opt/rustwide/cargo-home/registry/src/index.crates.io-6f17d22bba15001f/parity-rocksdb-sys-0.5.6/rocksdb/db/compaction_picker.cc
[INFO] [stderr]   /usr/bin/c++ -DOS_LINUX -DROCKSDB_LIB_IO_POSIX -DROCKSDB_MALLOC_USABLE_SIZE -DROCKSDB_PLATFORM_POSIX -DROCKSDB_SCHED_GETCPU_PRESENT -DSNAPPY -I/opt/rustwide/target/debug/build/parity-snappy-sys-50d5f239a8269078/out/build -I/opt/rustwide/cargo-home/registry/src/index.crates.io-6f17d22bba15001f/parity-rocksdb-sys-0.5.6/rocksdb -I/opt/rustwide/cargo-home/registry/src/index.crates.io-6f17d22bba15001f/parity-rocksdb-sys-0.5.6/rocksdb/include -isystem /opt/rustwide/cargo-home/registry/src/index.crates.io-6f17d22bba15001f/parity-rocksdb-sys-0.5.6/rocksdb/third-party/gtest-1.7.0/fused-src -ffunction-sections -fdata-sections -fPIC -m64 -W -Wextra -Wall -Wsign-compare -Wshadow -Wno-unused-parameter -Wno-unused-variable -Woverloaded-virtual -Wnon-virtual-dtor -Wno-missing-field-initializers -Wno-strict-aliasing -std=c++11 -O2 -fno-omit-frame-pointer -momit-leaf-frame-pointer -fno-builtin-memcmp -O2 -g -DNDEBUG -MD -MT CMakeFiles/rocksdb.dir/db/compaction_picker_universal.cc.o -MF CMakeFiles/rocksdb.dir/db/compaction_picker_universal.cc.o.d -o CMakeFiles/rocksdb.dir/db/compaction_picker_universal.cc.o -c /opt/rustwide/cargo-home/registry/src/index.crates.io-6f17d22bba15001f/parity-rocksdb-sys-0.5.6/rocksdb/db/compaction_picker_universal.cc
[INFO] [stderr]   /usr/bin/c++ -DOS_LINUX -DROCKSDB_LIB_IO_POSIX -DROCKSDB_MALLOC_USABLE_SIZE -DROCKSDB_PLATFORM_POSIX -DROCKSDB_SCHED_GETCPU_PRESENT -DSNAPPY -I/opt/rustwide/target/debug/build/parity-snappy-sys-50d5f239a8269078/out/build -I/opt/rustwide/cargo-home/registry/src/index.crates.io-6f17d22bba15001f/parity-rocksdb-sys-0.5.6/rocksdb -I/opt/rustwide/cargo-home/registry/src/index.crates.io-6f17d22bba15001f/parity-rocksdb-sys-0.5.6/rocksdb/include -isystem /opt/rustwide/cargo-home/registry/src/index.crates.io-6f17d22bba15001f/parity-rocksdb-sys-0.5.6/rocksdb/third-party/gtest-1.7.0/fused-src -ffunction-sections -fdata-sections -fPIC -m64 -W -Wextra -Wall -Wsign-compare -Wshadow -Wno-unused-parameter -Wno-unused-variable -Woverloaded-virtual -Wnon-virtual-dtor -Wno-missing-field-initializers -Wno-strict-aliasing -std=c++11 -O2 -fno-omit-frame-pointer -momit-leaf-frame-pointer -fno-builtin-memcmp -O2 -g -DNDEBUG -MD -MT CMakeFiles/rocksdb.dir/db/convenience.cc.o -MF CMakeFiles/rocksdb.dir/db/convenience.cc.o.d -o CMakeFiles/rocksdb.dir/db/convenience.cc.o -c /opt/rustwide/cargo-home/registry/src/index.crates.io-6f17d22bba15001f/parity-rocksdb-sys-0.5.6/rocksdb/db/convenience.cc
[INFO] [stderr]   [  3%] Building CXX object CMakeFiles/rocksdb.dir/db/db_filesnapshot.cc.o
[INFO] [stderr]   /usr/bin/c++ -DOS_LINUX -DROCKSDB_LIB_IO_POSIX -DROCKSDB_MALLOC_USABLE_SIZE -DROCKSDB_PLATFORM_POSIX -DROCKSDB_SCHED_GETCPU_PRESENT -DSNAPPY -I/opt/rustwide/target/debug/build/parity-snappy-sys-50d5f239a8269078/out/build -I/opt/rustwide/cargo-home/registry/src/index.crates.io-6f17d22bba15001f/parity-rocksdb-sys-0.5.6/rocksdb -I/opt/rustwide/cargo-home/registry/src/index.crates.io-6f17d22bba15001f/parity-rocksdb-sys-0.5.6/rocksdb/include -isystem /opt/rustwide/cargo-home/registry/src/index.crates.io-6f17d22bba15001f/parity-rocksdb-sys-0.5.6/rocksdb/third-party/gtest-1.7.0/fused-src -ffunction-sections -fdata-sections -fPIC -m64 -W -Wextra -Wall -Wsign-compare -Wshadow -Wno-unused-parameter -Wno-unused-variable -Woverloaded-virtual -Wnon-virtual-dtor -Wno-missing-field-initializers -Wno-strict-aliasing -std=c++11 -O2 -fno-omit-frame-pointer -momit-leaf-frame-pointer -fno-builtin-memcmp -O2 -g -DNDEBUG -MD -MT CMakeFiles/rocksdb.dir/db/db_filesnapshot.cc.o -MF CMakeFiles/rocksdb.dir/db/db_filesnapshot.cc.o.d -o CMakeFiles/rocksdb.dir/db/db_filesnapshot.cc.o -c /opt/rustwide/cargo-home/registry/src/index.crates.io-6f17d22bba15001f/parity-rocksdb-sys-0.5.6/rocksdb/db/db_filesnapshot.cc
[INFO] [stderr]   [  6%] Building CXX object CMakeFiles/rocksdb.dir/db/db_impl.cc.o
[INFO] [stderr]   /usr/bin/c++ -DOS_LINUX -DROCKSDB_LIB_IO_POSIX -DROCKSDB_MALLOC_USABLE_SIZE -DROCKSDB_PLATFORM_POSIX -DROCKSDB_SCHED_GETCPU_PRESENT -DSNAPPY -I/opt/rustwide/target/debug/build/parity-snappy-sys-50d5f239a8269078/out/build -I/opt/rustwide/cargo-home/registry/src/index.crates.io-6f17d22bba15001f/parity-rocksdb-sys-0.5.6/rocksdb -I/opt/rustwide/cargo-home/registry/src/index.crates.io-6f17d22bba15001f/parity-rocksdb-sys-0.5.6/rocksdb/include -isystem /opt/rustwide/cargo-home/registry/src/index.crates.io-6f17d22bba15001f/parity-rocksdb-sys-0.5.6/rocksdb/third-party/gtest-1.7.0/fused-src -ffunction-sections -fdata-sections -fPIC -m64 -W -Wextra -Wall -Wsign-compare -Wshadow -Wno-unused-parameter -Wno-unused-variable -Woverloaded-virtual -Wnon-virtual-dtor -Wno-missing-field-initializers -Wno-strict-aliasing -std=c++11 -O2 -fno-omit-frame-pointer -momit-leaf-frame-pointer -fno-builtin-memcmp -O2 -g -DNDEBUG -MD -MT CMakeFiles/rocksdb.dir/db/db_impl.cc.o -MF CMakeFiles/rocksdb.dir/db/db_impl.cc.o.d -o CMakeFiles/rocksdb.dir/db/db_impl.cc.o -c /opt/rustwide/cargo-home/registry/src/index.crates.io-6f17d22bba15001f/parity-rocksdb-sys-0.5.6/rocksdb/db/db_impl.cc
[INFO] [stderr]   [  6%] Building CXX object CMakeFiles/rocksdb.dir/db/db_impl_write.cc.o
[INFO] [stderr]   /usr/bin/c++ -DOS_LINUX -DROCKSDB_LIB_IO_POSIX -DROCKSDB_MALLOC_USABLE_SIZE -DROCKSDB_PLATFORM_POSIX -DROCKSDB_SCHED_GETCPU_PRESENT -DSNAPPY -I/opt/rustwide/target/debug/build/parity-snappy-sys-50d5f239a8269078/out/build -I/opt/rustwide/cargo-home/registry/src/index.crates.io-6f17d22bba15001f/parity-rocksdb-sys-0.5.6/rocksdb -I/opt/rustwide/cargo-home/registry/src/index.crates.io-6f17d22bba15001f/parity-rocksdb-sys-0.5.6/rocksdb/include -isystem /opt/rustwide/cargo-home/registry/src/index.crates.io-6f17d22bba15001f/parity-rocksdb-sys-0.5.6/rocksdb/third-party/gtest-1.7.0/fused-src -ffunction-sections -fdata-sections -fPIC -m64 -W -Wextra -Wall -Wsign-compare -Wshadow -Wno-unused-parameter -Wno-unused-variable -Woverloaded-virtual -Wnon-virtual-dtor -Wno-missing-field-initializers -Wno-strict-aliasing -std=c++11 -O2 -fno-omit-frame-pointer -momit-leaf-frame-pointer -fno-builtin-memcmp -O2 -g -DNDEBUG -MD -MT CMakeFiles/rocksdb.dir/db/db_impl_write.cc.o -MF CMakeFiles/rocksdb.dir/db/db_impl_write.cc.o.d -o CMakeFiles/rocksdb.dir/db/db_impl_write.cc.o -c /opt/rustwide/cargo-home/registry/src/index.crates.io-6f17d22bba15001f/parity-rocksdb-sys-0.5.6/rocksdb/db/db_impl_write.cc
[INFO] [stderr]   [  6%] Building CXX object CMakeFiles/rocksdb.dir/db/db_impl_compaction_flush.cc.o
[INFO] [stderr]   /usr/bin/c++ -DOS_LINUX -DROCKSDB_LIB_IO_POSIX -DROCKSDB_MALLOC_USABLE_SIZE -DROCKSDB_PLATFORM_POSIX -DROCKSDB_SCHED_GETCPU_PRESENT -DSNAPPY -I/opt/rustwide/target/debug/build/parity-snappy-sys-50d5f239a8269078/out/build -I/opt/rustwide/cargo-home/registry/src/index.crates.io-6f17d22bba15001f/parity-rocksdb-sys-0.5.6/rocksdb -I/opt/rustwide/cargo-home/registry/src/index.crates.io-6f17d22bba15001f/parity-rocksdb-sys-0.5.6/rocksdb/include -isystem /opt/rustwide/cargo-home/registry/src/index.crates.io-6f17d22bba15001f/parity-rocksdb-sys-0.5.6/rocksdb/third-party/gtest-1.7.0/fused-src -ffunction-sections -fdata-sections -fPIC -m64 -W -Wextra -Wall -Wsign-compare -Wshadow -Wno-unused-parameter -Wno-unused-variable -Woverloaded-virtual -Wnon-virtual-dtor -Wno-missing-field-initializers -Wno-strict-aliasing -std=c++11 -O2 -fno-omit-frame-pointer -momit-leaf-frame-pointer -fno-builtin-memcmp -O2 -g -DNDEBUG -MD -MT CMakeFiles/rocksdb.dir/db/db_impl_compaction_flush.cc.o -MF CMakeFiles/rocksdb.dir/db/db_impl_compaction_flush.cc.o.d -o CMakeFiles/rocksdb.dir/db/db_impl_compaction_flush.cc.o -c /opt/rustwide/cargo-home/registry/src/index.crates.io-6f17d22bba15001f/parity-rocksdb-sys-0.5.6/rocksdb/db/db_impl_compaction_flush.cc
[INFO] [stderr]   [  6%] Building CXX object CMakeFiles/rocksdb.dir/db/db_impl_files.cc.o
[INFO] [stderr]   /usr/bin/c++ -DOS_LINUX -DROCKSDB_LIB_IO_POSIX -DROCKSDB_MALLOC_USABLE_SIZE -DROCKSDB_PLATFORM_POSIX -DROCKSDB_SCHED_GETCPU_PRESENT -DSNAPPY -I/opt/rustwide/target/debug/build/parity-snappy-sys-50d5f239a8269078/out/build -I/opt/rustwide/cargo-home/registry/src/index.crates.io-6f17d22bba15001f/parity-rocksdb-sys-0.5.6/rocksdb -I/opt/rustwide/cargo-home/registry/src/index.crates.io-6f17d22bba15001f/parity-rocksdb-sys-0.5.6/rocksdb/include -isystem /opt/rustwide/cargo-home/registry/src/index.crates.io-6f17d22bba15001f/parity-rocksdb-sys-0.5.6/rocksdb/third-party/gtest-1.7.0/fused-src -ffunction-sections -fdata-sections -fPIC -m64 -W -Wextra -Wall -Wsign-compare -Wshadow -Wno-unused-parameter -Wno-unused-variable -Woverloaded-virtual -Wnon-virtual-dtor -Wno-missing-field-initializers -Wno-strict-aliasing -std=c++11 -O2 -fno-omit-frame-pointer -momit-leaf-frame-pointer -fno-builtin-memcmp -O2 -g -DNDEBUG -MD -MT CMakeFiles/rocksdb.dir/db/db_impl_files.cc.o -MF CMakeFiles/rocksdb.dir/db/db_impl_files.cc.o.d -o CMakeFiles/rocksdb.dir/db/db_impl_files.cc.o -c /opt/rustwide/cargo-home/registry/src/index.crates.io-6f17d22bba15001f/parity-rocksdb-sys-0.5.6/rocksdb/db/db_impl_files.cc
[INFO] [stderr]   gmake[3]: Leaving directory '/opt/rustwide/target/debug/build/parity-rocksdb-sys-b4637bcddb4ab283/out/build'
[INFO] [stderr]   gmake[2]: Leaving directory '/opt/rustwide/target/debug/build/parity-rocksdb-sys-b4637bcddb4ab283/out/build'
[INFO] [stderr]   gmake[1]: Leaving directory '/opt/rustwide/target/debug/build/parity-rocksdb-sys-b4637bcddb4ab283/out/build'
[INFO] [stderr] 
[INFO] [stderr]   --- stderr
[INFO] [stderr]   CMake Warning at CMakeLists.txt:74 (find_package):
[INFO] [stderr]     By not providing "Findgflags.cmake" in CMAKE_MODULE_PATH this project has
[INFO] [stderr]     asked CMake to find a package configuration file provided by "gflags", but
[INFO] [stderr]     CMake did not find one.
[INFO] [stderr] 
[INFO] [stderr]     Could not find a package configuration file provided by "gflags" with any
[INFO] [stderr]     of the following names:
[INFO] [stderr] 
[INFO] [stderr]       gflagsConfig.cmake
[INFO] [stderr]       gflags-config.cmake
[INFO] [stderr] 
[INFO] [stderr]     Add the installation prefix of "gflags" to CMAKE_PREFIX_PATH or set
[INFO] [stderr]     "gflags_DIR" to a directory containing one of the above files.  If "gflags"
[INFO] [stderr]     provides a separate development package or SDK, be sure it has been
[INFO] [stderr]     installed.
[INFO] [stderr] 
[INFO] [stderr] 
[INFO] [stderr]   In file included from /opt/rustwide/cargo-home/registry/src/index.crates.io-6f17d22bba15001f/parity-rocksdb-sys-0.5.6/rocksdb/db/range_del_aggregator.h:16,
[INFO] [stderr]                    from /opt/rustwide/cargo-home/registry/src/index.crates.io-6f17d22bba15001f/parity-rocksdb-sys-0.5.6/rocksdb/db/memtable.h:19,
[INFO] [stderr]                    from /opt/rustwide/cargo-home/registry/src/index.crates.io-6f17d22bba15001f/parity-rocksdb-sys-0.5.6/rocksdb/db/memtable_list.h:17,
[INFO] [stderr]                    from /opt/rustwide/cargo-home/registry/src/index.crates.io-6f17d22bba15001f/parity-rocksdb-sys-0.5.6/rocksdb/db/column_family.h:17,
[INFO] [stderr]                    from /opt/rustwide/cargo-home/registry/src/index.crates.io-6f17d22bba15001f/parity-rocksdb-sys-0.5.6/rocksdb/db/db_impl.h:22,
[INFO] [stderr]                    from /opt/rustwide/cargo-home/registry/src/index.crates.io-6f17d22bba15001f/parity-rocksdb-sys-0.5.6/rocksdb/db/compacted_db_impl.h:8,
[INFO] [stderr]                    from /opt/rustwide/cargo-home/registry/src/index.crates.io-6f17d22bba15001f/parity-rocksdb-sys-0.5.6/rocksdb/db/compacted_db_impl.cc:7:
[INFO] [stderr]   /opt/rustwide/cargo-home/registry/src/index.crates.io-6f17d22bba15001f/parity-rocksdb-sys-0.5.6/rocksdb/db/version_edit.h: In constructor 'rocksdb::FdWithKeyRange::FdWithKeyRange(rocksdb::FileDescriptor, rocksdb::Slice, rocksdb::Slice, rocksdb::FileMetaData*)':
[INFO] [stderr]   /opt/rustwide/cargo-home/registry/src/index.crates.io-6f17d22bba15001f/parity-rocksdb-sys-0.5.6/rocksdb/db/version_edit.h:154:9: warning: implicitly-declared 'constexpr rocksdb::FileDescriptor::FileDescriptor(const rocksdb::FileDescriptor&)' is deprecated [-Wdeprecated-copy]
[INFO] [stderr]     154 |       : fd(_fd),
[INFO] [stderr]         |         ^~~~~~~
[INFO] [stderr]   /opt/rustwide/cargo-home/registry/src/index.crates.io-6f17d22bba15001f/parity-rocksdb-sys-0.5.6/rocksdb/db/version_edit.h:47:19: note: because 'rocksdb::FileDescriptor' has user-provided 'rocksdb::FileDescriptor& rocksdb::FileDescriptor::operator=(const rocksdb::FileDescriptor&)'
[INFO] [stderr]      47 |   FileDescriptor& operator=(const FileDescriptor& fd) {
[INFO] [stderr]         |                   ^~~~~~~~
[INFO] [stderr]   In file included from /opt/rustwide/cargo-home/registry/src/index.crates.io-6f17d22bba15001f/parity-rocksdb-sys-0.5.6/rocksdb/db/range_del_aggregator.h:16,
[INFO] [stderr]                    from /opt/rustwide/cargo-home/registry/src/index.crates.io-6f17d22bba15001f/parity-rocksdb-sys-0.5.6/rocksdb/db/memtable.h:19,
[INFO] [stderr]                    from /opt/rustwide/cargo-home/registry/src/index.crates.io-6f17d22bba15001f/parity-rocksdb-sys-0.5.6/rocksdb/db/memtable_list.h:17,
[INFO] [stderr]                    from /opt/rustwide/cargo-home/registry/src/index.crates.io-6f17d22bba15001f/parity-rocksdb-sys-0.5.6/rocksdb/db/column_family.h:17,
[INFO] [stderr]                    from /opt/rustwide/cargo-home/registry/src/index.crates.io-6f17d22bba15001f/parity-rocksdb-sys-0.5.6/rocksdb/db/version_set.h:31,
[INFO] [stderr]                    from /opt/rustwide/cargo-home/registry/src/index.crates.io-6f17d22bba15001f/parity-rocksdb-sys-0.5.6/rocksdb/db/compaction.h:11,
[INFO] [stderr]                    from /opt/rustwide/cargo-home/registry/src/index.crates.io-6f17d22bba15001f/parity-rocksdb-sys-0.5.6/rocksdb/db/compaction_iterator.h:12,
[INFO] [stderr]                    from /opt/rustwide/cargo-home/registry/src/index.crates.io-6f17d22bba15001f/parity-rocksdb-sys-0.5.6/rocksdb/db/builder.cc:16:
[INFO] [stderr]   /opt/rustwide/cargo-home/registry/src/index.crates.io-6f17d22bba15001f/parity-rocksdb-sys-0.5.6/rocksdb/db/version_edit.h: In constructor 'rocksdb::FdWithKeyRange::FdWithKeyRange(rocksdb::FileDescriptor, rocksdb::Slice, rocksdb::Slice, rocksdb::FileMetaData*)':
[INFO] [stderr]   /opt/rustwide/cargo-home/registry/src/index.crates.io-6f17d22bba15001f/parity-rocksdb-sys-0.5.6/rocksdb/db/version_edit.h:154:9: warning: implicitly-declared 'constexpr rocksdb::FileDescriptor::FileDescriptor(const rocksdb::FileDescriptor&)' is deprecated [-Wdeprecated-copy]
[INFO] [stderr]     154 |       : fd(_fd),
[INFO] [stderr]         |         ^~~~~~~
[INFO] [stderr]   /opt/rustwide/cargo-home/registry/src/index.crates.io-6f17d22bba15001f/parity-rocksdb-sys-0.5.6/rocksdb/db/version_edit.h:47:19: note: because 'rocksdb::FileDescriptor' has user-provided 'rocksdb::FileDescriptor& rocksdb::FileDescriptor::operator=(const rocksdb::FileDescriptor&)'
[INFO] [stderr]      47 |   FileDescriptor& operator=(const FileDescriptor& fd) {
[INFO] [stderr]         |                   ^~~~~~~~
[INFO] [stderr]   In file included from /opt/rustwide/cargo-home/registry/src/index.crates.io-6f17d22bba15001f/parity-rocksdb-sys-0.5.6/rocksdb/db/range_del_aggregator.h:16,
[INFO] [stderr]                    from /opt/rustwide/cargo-home/registry/src/index.crates.io-6f17d22bba15001f/parity-rocksdb-sys-0.5.6/rocksdb/db/memtable.h:19,
[INFO] [stderr]                    from /opt/rustwide/cargo-home/registry/src/index.crates.io-6f17d22bba15001f/parity-rocksdb-sys-0.5.6/rocksdb/db/memtable_list.h:17,
[INFO] [stderr]                    from /opt/rustwide/cargo-home/registry/src/index.crates.io-6f17d22bba15001f/parity-rocksdb-sys-0.5.6/rocksdb/db/column_family.h:17,
[INFO] [stderr]                    from /opt/rustwide/cargo-home/registry/src/index.crates.io-6f17d22bba15001f/parity-rocksdb-sys-0.5.6/rocksdb/db/column_family.cc:10:
[INFO] [stderr]   /opt/rustwide/cargo-home/registry/src/index.crates.io-6f17d22bba15001f/parity-rocksdb-sys-0.5.6/rocksdb/db/version_edit.h: In constructor 'rocksdb::FdWithKeyRange::FdWithKeyRange(rocksdb::FileDescriptor, rocksdb::Slice, rocksdb::Slice, rocksdb::FileMetaData*)':
[INFO] [stderr]   /opt/rustwide/cargo-home/registry/src/index.crates.io-6f17d22bba15001f/parity-rocksdb-sys-0.5.6/rocksdb/db/version_edit.h:154:9: warning: implicitly-declared 'constexpr rocksdb::FileDescriptor::FileDescriptor(const rocksdb::FileDescriptor&)' is deprecated [-Wdeprecated-copy]
[INFO] [stderr]     154 |       : fd(_fd),
[INFO] [stderr]         |         ^~~~~~~
[INFO] [stderr]   /opt/rustwide/cargo-home/registry/src/index.crates.io-6f17d22bba15001f/parity-rocksdb-sys-0.5.6/rocksdb/db/version_edit.h:47:19: note: because 'rocksdb::FileDescriptor' has user-provided 'rocksdb::FileDescriptor& rocksdb::FileDescriptor::operator=(const rocksdb::FileDescriptor&)'
[INFO] [stderr]      47 |   FileDescriptor& operator=(const FileDescriptor& fd) {
[INFO] [stderr]         |                   ^~~~~~~~
[INFO] [stderr]   In file included from /opt/rustwide/cargo-home/registry/src/index.crates.io-6f17d22bba15001f/parity-rocksdb-sys-0.5.6/rocksdb/db/range_del_aggregator.h:16,
[INFO] [stderr]                    from /opt/rustwide/cargo-home/registry/src/index.crates.io-6f17d22bba15001f/parity-rocksdb-sys-0.5.6/rocksdb/db/memtable.h:19,
[INFO] [stderr]                    from /opt/rustwide/cargo-home/registry/src/index.crates.io-6f17d22bba15001f/parity-rocksdb-sys-0.5.6/rocksdb/db/memtable_list.h:17,
[INFO] [stderr]                    from /opt/rustwide/cargo-home/registry/src/index.crates.io-6f17d22bba15001f/parity-rocksdb-sys-0.5.6/rocksdb/db/column_family.h:17,
[INFO] [stderr]                    from /opt/rustwide/cargo-home/registry/src/index.crates.io-6f17d22bba15001f/parity-rocksdb-sys-0.5.6/rocksdb/db/version_set.h:31,
[INFO] [stderr]                    from /opt/rustwide/cargo-home/registry/src/index.crates.io-6f17d22bba15001f/parity-rocksdb-sys-0.5.6/rocksdb/db/compaction.h:11,
[INFO] [stderr]                    from /opt/rustwide/cargo-home/registry/src/index.crates.io-6f17d22bba15001f/parity-rocksdb-sys-0.5.6/rocksdb/db/compaction.cc:10:
[INFO] [stderr]   /opt/rustwide/cargo-home/registry/src/index.crates.io-6f17d22bba15001f/parity-rocksdb-sys-0.5.6/rocksdb/db/version_edit.h: In constructor 'rocksdb::FdWithKeyRange::FdWithKeyRange(rocksdb::FileDescriptor, rocksdb::Slice, rocksdb::Slice, rocksdb::FileMetaData*)':
[INFO] [stderr]   /opt/rustwide/cargo-home/registry/src/index.crates.io-6f17d22bba15001f/parity-rocksdb-sys-0.5.6/rocksdb/db/version_edit.h:154:9: warning: implicitly-declared 'constexpr rocksdb::FileDescriptor::FileDescriptor(const rocksdb::FileDescriptor&)' is deprecated [-Wdeprecated-copy]
[INFO] [stderr]     154 |       : fd(_fd),
[INFO] [stderr]         |         ^~~~~~~
[INFO] [stderr]   /opt/rustwide/cargo-home/registry/src/index.crates.io-6f17d22bba15001f/parity-rocksdb-sys-0.5.6/rocksdb/db/version_edit.h:47:19: note: because 'rocksdb::FileDescriptor' has user-provided 'rocksdb::FileDescriptor& rocksdb::FileDescriptor::operator=(const rocksdb::FileDescriptor&)'
[INFO] [stderr]      47 |   FileDescriptor& operator=(const FileDescriptor& fd) {
[INFO] [stderr]         |                   ^~~~~~~~
[INFO] [stderr]   c++: fatal error: Killed signal terminated program cc1plus
[INFO] [stderr]   compilation terminated.
[INFO] [stderr]   gmake[3]: *** [CMakeFiles/rocksdb.dir/build.make:121: CMakeFiles/rocksdb.dir/db/builder.cc.o] Error 1
[INFO] [stderr]   gmake[3]: *** Waiting for unfinished jobs....
[INFO] [stderr]   c++: fatal error: Killed signal terminated program cc1plus
[INFO] [stderr]   compilation terminated.
[INFO] [stderr]   gmake[3]: *** [CMakeFiles/rocksdb.dir/build.make:149: CMakeFiles/rocksdb.dir/db/column_family.cc.o] Error 1
[INFO] [stderr]   c++: fatal error: Killed signal terminated program cc1plus
[INFO] [stderr]   compilation terminated.
[INFO] [stderr]   gmake[3]: *** [CMakeFiles/rocksdb.dir/build.make:163: CMakeFiles/rocksdb.dir/db/compacted_db_impl.cc.o] Error 1
[INFO] [stderr]   c++: fatal error: Killed signal terminated program cc1plus
[INFO] [stderr]   compilation terminated.
[INFO] [stderr]   gmake[3]: *** [CMakeFiles/rocksdb.dir/build.make:177: CMakeFiles/rocksdb.dir/db/compaction.cc.o] Error 1
[INFO] [stderr]   In file included from /opt/rustwide/cargo-home/registry/src/index.crates.io-6f17d22bba15001f/parity-rocksdb-sys-0.5.6/rocksdb/db/range_del_aggregator.h:16,
[INFO] [stderr]                    from /opt/rustwide/cargo-home/registry/src/index.crates.io-6f17d22bba15001f/parity-rocksdb-sys-0.5.6/rocksdb/db/memtable.h:19,
[INFO] [stderr]                    from /opt/rustwide/cargo-home/registry/src/index.crates.io-6f17d22bba15001f/parity-rocksdb-sys-0.5.6/rocksdb/db/memtable_list.h:17,
[INFO] [stderr]                    from /opt/rustwide/cargo-home/registry/src/index.crates.io-6f17d22bba15001f/parity-rocksdb-sys-0.5.6/rocksdb/db/column_family.h:17,
[INFO] [stderr]                    from /opt/rustwide/cargo-home/registry/src/index.crates.io-6f17d22bba15001f/parity-rocksdb-sys-0.5.6/rocksdb/db/version_set.h:31,
[INFO] [stderr]                    from /opt/rustwide/cargo-home/registry/src/index.crates.io-6f17d22bba15001f/parity-rocksdb-sys-0.5.6/rocksdb/db/compaction.h:11,
[INFO] [stderr]                    from /opt/rustwide/cargo-home/registry/src/index.crates.io-6f17d22bba15001f/parity-rocksdb-sys-0.5.6/rocksdb/db/compaction_picker.h:18,
[INFO] [stderr]                    from /opt/rustwide/cargo-home/registry/src/index.crates.io-6f17d22bba15001f/parity-rocksdb-sys-0.5.6/rocksdb/db/compaction_picker_universal.h:13,
[INFO] [stderr]                    from /opt/rustwide/cargo-home/registry/src/index.crates.io-6f17d22bba15001f/parity-rocksdb-sys-0.5.6/rocksdb/db/compaction_picker_universal.cc:10:
[INFO] [stderr]   /opt/rustwide/cargo-home/registry/src/index.crates.io-6f17d22bba15001f/parity-rocksdb-sys-0.5.6/rocksdb/db/version_edit.h: In constructor 'rocksdb::FdWithKeyRange::FdWithKeyRange(rocksdb::FileDescriptor, rocksdb::Slice, rocksdb::Slice, rocksdb::FileMetaData*)':
[INFO] [stderr]   /opt/rustwide/cargo-home/registry/src/index.crates.io-6f17d22bba15001f/parity-rocksdb-sys-0.5.6/rocksdb/db/version_edit.h:154:9: warning: implicitly-declared 'constexpr rocksdb::FileDescriptor::FileDescriptor(const rocksdb::FileDescriptor&)' is deprecated [-Wdeprecated-copy]
[INFO] [stderr]     154 |       : fd(_fd),
[INFO] [stderr]         |         ^~~~~~~
[INFO] [stderr]   /opt/rustwide/cargo-home/registry/src/index.crates.io-6f17d22bba15001f/parity-rocksdb-sys-0.5.6/rocksdb/db/version_edit.h:47:19: note: because 'rocksdb::FileDescriptor' has user-provided 'rocksdb::FileDescriptor& rocksdb::FileDescriptor::operator=(const rocksdb::FileDescriptor&)'
[INFO] [stderr]      47 |   FileDescriptor& operator=(const FileDescriptor& fd) {
[INFO] [stderr]         |                   ^~~~~~~~
[INFO] [stderr]   In file included from /opt/rustwide/cargo-home/registry/src/index.crates.io-6f17d22bba15001f/parity-rocksdb-sys-0.5.6/rocksdb/db/range_del_aggregator.h:16,
[INFO] [stderr]                    from /opt/rustwide/cargo-home/registry/src/index.crates.io-6f17d22bba15001f/parity-rocksdb-sys-0.5.6/rocksdb/db/memtable.h:19,
[INFO] [stderr]                    from /opt/rustwide/cargo-home/registry/src/index.crates.io-6f17d22bba15001f/parity-rocksdb-sys-0.5.6/rocksdb/db/memtable_list.h:17,
[INFO] [stderr]                    from /opt/rustwide/cargo-home/registry/src/index.crates.io-6f17d22bba15001f/parity-rocksdb-sys-0.5.6/rocksdb/db/column_family.h:17,
[INFO] [stderr]                    from /opt/rustwide/cargo-home/registry/src/index.crates.io-6f17d22bba15001f/parity-rocksdb-sys-0.5.6/rocksdb/db/version_set.h:31,
[INFO] [stderr]                    from /opt/rustwide/cargo-home/registry/src/index.crates.io-6f17d22bba15001f/parity-rocksdb-sys-0.5.6/rocksdb/db/compaction.h:11,
[INFO] [stderr]                    from /opt/rustwide/cargo-home/registry/src/index.crates.io-6f17d22bba15001f/parity-rocksdb-sys-0.5.6/rocksdb/db/compaction_iterator.h:12,
[INFO] [stderr]                    from /opt/rustwide/cargo-home/registry/src/index.crates.io-6f17d22bba15001f/parity-rocksdb-sys-0.5.6/rocksdb/db/compaction_iterator.cc:6:
[INFO] [stderr]   /opt/rustwide/cargo-home/registry/src/index.crates.io-6f17d22bba15001f/parity-rocksdb-sys-0.5.6/rocksdb/db/version_edit.h: In constructor 'rocksdb::FdWithKeyRange::FdWithKeyRange(rocksdb::FileDescriptor, rocksdb::Slice, rocksdb::Slice, rocksdb::FileMetaData*)':
[INFO] [stderr]   /opt/rustwide/cargo-home/registry/src/index.crates.io-6f17d22bba15001f/parity-rocksdb-sys-0.5.6/rocksdb/db/version_edit.h:154:9: warning: implicitly-declared 'constexpr rocksdb::FileDescriptor::FileDescriptor(const rocksdb::FileDescriptor&)' is deprecated [-Wdeprecated-copy]
[INFO] [stderr]     154 |       : fd(_fd),
[INFO] [stderr]         |         ^~~~~~~
[INFO] [stderr]   /opt/rustwide/cargo-home/registry/src/index.crates.io-6f17d22bba15001f/parity-rocksdb-sys-0.5.6/rocksdb/db/version_edit.h:47:19: note: because 'rocksdb::FileDescriptor' has user-provided 'rocksdb::FileDescriptor& rocksdb::FileDescriptor::operator=(const rocksdb::FileDescriptor&)'
[INFO] [stderr]      47 |   FileDescriptor& operator=(const FileDescriptor& fd) {
[INFO] [stderr]         |                   ^~~~~~~~
[INFO] [stderr]   c++: fatal error: Killed signal terminated program cc1plus
[INFO] [stderr]   compilation terminated.
[INFO] [stderr]   gmake[3]: *** [CMakeFiles/rocksdb.dir/build.make:135: CMakeFiles/rocksdb.dir/db/c.cc.o] Error 1
[INFO] [stderr]   In file included from /opt/rustwide/cargo-home/registry/src/index.crates.io-6f17d22bba15001f/parity-rocksdb-sys-0.5.6/rocksdb/db/range_del_aggregator.h:16,
[INFO] [stderr]                    from /opt/rustwide/cargo-home/registry/src/index.crates.io-6f17d22bba15001f/parity-rocksdb-sys-0.5.6/rocksdb/db/memtable.h:19,
[INFO] [stderr]                    from /opt/rustwide/cargo-home/registry/src/index.crates.io-6f17d22bba15001f/parity-rocksdb-sys-0.5.6/rocksdb/db/memtable_list.h:17,
[INFO] [stderr]                    from /opt/rustwide/cargo-home/registry/src/index.crates.io-6f17d22bba15001f/parity-rocksdb-sys-0.5.6/rocksdb/db/column_family.h:17,
[INFO] [stderr]                    from /opt/rustwide/cargo-home/registry/src/index.crates.io-6f17d22bba15001f/parity-rocksdb-sys-0.5.6/rocksdb/db/db_impl.h:22,
[INFO] [stderr]                    from /opt/rustwide/cargo-home/registry/src/index.crates.io-6f17d22bba15001f/parity-rocksdb-sys-0.5.6/rocksdb/db/convenience.cc:11:
[INFO] [stderr]   /opt/rustwide/cargo-home/registry/src/index.crates.io-6f17d22bba15001f/parity-rocksdb-sys-0.5.6/rocksdb/db/version_edit.h: In constructor 'rocksdb::FdWithKeyRange::FdWithKeyRange(rocksdb::FileDescriptor, rocksdb::Slice, rocksdb::Slice, rocksdb::FileMetaData*)':
[INFO] [stderr]   /opt/rustwide/cargo-home/registry/src/index.crates.io-6f17d22bba15001f/parity-rocksdb-sys-0.5.6/rocksdb/db/version_edit.h:154:9: warning: implicitly-declared 'constexpr rocksdb::FileDescriptor::FileDescriptor(const rocksdb::FileDescriptor&)' is deprecated [-Wdeprecated-copy]
[INFO] [stderr]     154 |       : fd(_fd),
[INFO] [stderr]         |         ^~~~~~~
[INFO] [stderr]   /opt/rustwide/cargo-home/registry/src/index.crates.io-6f17d22bba15001f/parity-rocksdb-sys-0.5.6/rocksdb/db/version_edit.h:47:19: note: because 'rocksdb::FileDescriptor' has user-provided 'rocksdb::FileDescriptor& rocksdb::FileDescriptor::operator=(const rocksdb::FileDescriptor&)'
[INFO] [stderr]      47 |   FileDescriptor& operator=(const FileDescriptor& fd) {
[INFO] [stderr]         |                   ^~~~~~~~
[INFO] [stderr]   In file included from /opt/rustwide/cargo-home/registry/src/index.crates.io-6f17d22bba15001f/parity-rocksdb-sys-0.5.6/rocksdb/db/range_del_aggregator.h:16,
[INFO] [stderr]                    from /opt/rustwide/cargo-home/registry/src/index.crates.io-6f17d22bba15001f/parity-rocksdb-sys-0.5.6/rocksdb/db/memtable.h:19,
[INFO] [stderr]                    from /opt/rustwide/cargo-home/registry/src/index.crates.io-6f17d22bba15001f/parity-rocksdb-sys-0.5.6/rocksdb/db/memtable_list.h:17,
[INFO] [stderr]                    from /opt/rustwide/cargo-home/registry/src/index.crates.io-6f17d22bba15001f/parity-rocksdb-sys-0.5.6/rocksdb/db/column_family.h:17,
[INFO] [stderr]                    from /opt/rustwide/cargo-home/registry/src/index.crates.io-6f17d22bba15001f/parity-rocksdb-sys-0.5.6/rocksdb/db/version_set.h:31,
[INFO] [stderr]                    from /opt/rustwide/cargo-home/registry/src/index.crates.io-6f17d22bba15001f/parity-rocksdb-sys-0.5.6/rocksdb/db/compaction.h:11,
[INFO] [stderr]                    from /opt/rustwide/cargo-home/registry/src/index.crates.io-6f17d22bba15001f/parity-rocksdb-sys-0.5.6/rocksdb/db/compaction_picker.h:18,
[INFO] [stderr]                    from /opt/rustwide/cargo-home/registry/src/index.crates.io-6f17d22bba15001f/parity-rocksdb-sys-0.5.6/rocksdb/db/compaction_picker.cc:10:
[INFO] [stderr]   /opt/rustwide/cargo-home/registry/src/index.crates.io-6f17d22bba15001f/parity-rocksdb-sys-0.5.6/rocksdb/db/version_edit.h: In constructor 'rocksdb::FdWithKeyRange::FdWithKeyRange(rocksdb::FileDescriptor, rocksdb::Slice, rocksdb::Slice, rocksdb::FileMetaData*)':
[INFO] [stderr]   /opt/rustwide/cargo-home/registry/src/index.crates.io-6f17d22bba15001f/parity-rocksdb-sys-0.5.6/rocksdb/db/version_edit.h:154:9: warning: implicitly-declared 'constexpr rocksdb::FileDescriptor::FileDescriptor(const rocksdb::FileDescriptor&)' is deprecated [-Wdeprecated-copy]
[INFO] [stderr]     154 |       : fd(_fd),
[INFO] [stderr]         |         ^~~~~~~
[INFO] [stderr]   /opt/rustwide/cargo-home/registry/src/index.crates.io-6f17d22bba15001f/parity-rocksdb-sys-0.5.6/rocksdb/db/version_edit.h:47:19: note: because 'rocksdb::FileDescriptor' has user-provided 'rocksdb::FileDescriptor& rocksdb::FileDescriptor::operator=(const rocksdb::FileDescriptor&)'
[INFO] [stderr]      47 |   FileDescriptor& operator=(const FileDescriptor& fd) {
[INFO] [stderr]         |                   ^~~~~~~~
[INFO] [stderr]   In file included from /opt/rustwide/cargo-home/registry/src/index.crates.io-6f17d22bba15001f/parity-rocksdb-sys-0.5.6/rocksdb/db/range_del_aggregator.h:16,
[INFO] [stderr]                    from /opt/rustwide/cargo-home/registry/src/index.crates.io-6f17d22bba15001f/parity-rocksdb-sys-0.5.6/rocksdb/db/memtable.h:19,
[INFO] [stderr]                    from /opt/rustwide/cargo-home/registry/src/index.crates.io-6f17d22bba15001f/parity-rocksdb-sys-0.5.6/rocksdb/db/memtable_list.h:17,
[INFO] [stderr]                    from /opt/rustwide/cargo-home/registry/src/index.crates.io-6f17d22bba15001f/parity-rocksdb-sys-0.5.6/rocksdb/db/column_family.h:17,
[INFO] [stderr]                    from /opt/rustwide/cargo-home/registry/src/index.crates.io-6f17d22bba15001f/parity-rocksdb-sys-0.5.6/rocksdb/db/db_impl.h:22,
[INFO] [stderr]                    from /opt/rustwide/cargo-home/registry/src/index.crates.io-6f17d22bba15001f/parity-rocksdb-sys-0.5.6/rocksdb/db/db_filesnapshot.cc:17:
[INFO] [stderr]   /opt/rustwide/cargo-home/registry/src/index.crates.io-6f17d22bba15001f/parity-rocksdb-sys-0.5.6/rocksdb/db/version_edit.h: In constructor 'rocksdb::FdWithKeyRange::FdWithKeyRange(rocksdb::FileDescriptor, rocksdb::Slice, rocksdb::Slice, rocksdb::FileMetaData*)':
[INFO] [stderr]   /opt/rustwide/cargo-home/registry/src/index.crates.io-6f17d22bba15001f/parity-rocksdb-sys-0.5.6/rocksdb/db/version_edit.h:154:9: warning: implicitly-declared 'constexpr rocksdb::FileDescriptor::FileDescriptor(const rocksdb::FileDescriptor&)' is deprecated [-Wdeprecated-copy]
[INFO] [stderr]     154 |       : fd(_fd),
[INFO] [stderr]         |         ^~~~~~~
[INFO] [stderr]   /opt/rustwide/cargo-home/registry/src/index.crates.io-6f17d22bba15001f/parity-rocksdb-sys-0.5.6/rocksdb/db/version_edit.h:47:19: note: because 'rocksdb::FileDescriptor' has user-provided 'rocksdb::FileDescriptor& rocksdb::FileDescriptor::operator=(const rocksdb::FileDescriptor&)'
[INFO] [stderr]      47 |   FileDescriptor& operator=(const FileDescriptor& fd) {
[INFO] [stderr]         |                   ^~~~~~~~
[INFO] [stderr]   In file included from /opt/rustwide/cargo-home/registry/src/index.crates.io-6f17d22bba15001f/parity-rocksdb-sys-0.5.6/rocksdb/db/range_del_aggregator.h:16,
[INFO] [stderr]                    from /opt/rustwide/cargo-home/registry/src/index.crates.io-6f17d22bba15001f/parity-rocksdb-sys-0.5.6/rocksdb/db/memtable.h:19,
[INFO] [stderr]                    from /opt/rustwide/cargo-home/registry/src/index.crates.io-6f17d22bba15001f/parity-rocksdb-sys-0.5.6/rocksdb/db/memtable_list.h:17,
[INFO] [stderr]                    from /opt/rustwide/cargo-home/registry/src/index.crates.io-6f17d22bba15001f/parity-rocksdb-sys-0.5.6/rocksdb/db/column_family.h:17,
[INFO] [stderr]                    from /opt/rustwide/cargo-home/registry/src/index.crates.io-6f17d22bba15001f/parity-rocksdb-sys-0.5.6/rocksdb/db/compaction_job.h:20,
[INFO] [stderr]                    from /opt/rustwide/cargo-home/registry/src/index.crates.io-6f17d22bba15001f/parity-rocksdb-sys-0.5.6/rocksdb/db/compaction_job.cc:10:
[INFO] [stderr]   /opt/rustwide/cargo-home/registry/src/index.crates.io-6f17d22bba15001f/parity-rocksdb-sys-0.5.6/rocksdb/db/version_edit.h: In constructor 'rocksdb::FdWithKeyRange::FdWithKeyRange(rocksdb::FileDescriptor, rocksdb::Slice, rocksdb::Slice, rocksdb::FileMetaData*)':
[INFO] [stderr]   /opt/rustwide/cargo-home/registry/src/index.crates.io-6f17d22bba15001f/parity-rocksdb-sys-0.5.6/rocksdb/db/version_edit.h:154:9: warning: implicitly-declared 'constexpr rocksdb::FileDescriptor::FileDescriptor(const rocksdb::FileDescriptor&)' is deprecated [-Wdeprecated-copy]
[INFO] [stderr]     154 |       : fd(_fd),
[INFO] [stderr]         |         ^~~~~~~
[INFO] [stderr]   /opt/rustwide/cargo-home/registry/src/index.crates.io-6f17d22bba15001f/parity-rocksdb-sys-0.5.6/rocksdb/db/version_edit.h:47:19: note: because 'rocksdb::FileDescriptor' has user-provided 'rocksdb::FileDescriptor& rocksdb::FileDescriptor::operator=(const rocksdb::FileDescriptor&)'
[INFO] [stderr]      47 |   FileDescriptor& operator=(const FileDescriptor& fd) {
[INFO] [stderr]         |                   ^~~~~~~~
[INFO] [stderr]   c++: fatal error: Killed signal terminated program cc1plus
[INFO] [stderr]   compilation terminated.
[INFO] [stderr]   gmake[3]: *** [CMakeFiles/rocksdb.dir/build.make:233: CMakeFiles/rocksdb.dir/db/compaction_picker_universal.cc.o] Error 1
[INFO] [stderr]   In file included from /opt/rustwide/cargo-home/registry/src/index.crates.io-6f17d22bba15001f/parity-rocksdb-sys-0.5.6/rocksdb/db/range_del_aggregator.h:16,
[INFO] [stderr]                    from /opt/rustwide/cargo-home/registry/src/index.crates.io-6f17d22bba15001f/parity-rocksdb-sys-0.5.6/rocksdb/db/memtable.h:19,
[INFO] [stderr]                    from /opt/rustwide/cargo-home/registry/src/index.crates.io-6f17d22bba15001f/parity-rocksdb-sys-0.5.6/rocksdb/db/memtable_list.h:17,
[INFO] [stderr]                    from /opt/rustwide/cargo-home/registry/src/index.crates.io-6f17d22bba15001f/parity-rocksdb-sys-0.5.6/rocksdb/db/column_family.h:17,
[INFO] [stderr]                    from /opt/rustwide/cargo-home/registry/src/index.crates.io-6f17d22bba15001f/parity-rocksdb-sys-0.5.6/rocksdb/db/db_impl.h:22,
[INFO] [stderr]                    from /opt/rustwide/cargo-home/registry/src/index.crates.io-6f17d22bba15001f/parity-rocksdb-sys-0.5.6/rocksdb/db/db_impl_write.cc:9:
[INFO] [stderr]   /opt/rustwide/cargo-home/registry/src/index.crates.io-6f17d22bba15001f/parity-rocksdb-sys-0.5.6/rocksdb/db/version_edit.h: In constructor 'rocksdb::FdWithKeyRange::FdWithKeyRange(rocksdb::FileDescriptor, rocksdb::Slice, rocksdb::Slice, rocksdb::FileMetaData*)':
[INFO] [stderr]   /opt/rustwide/cargo-home/registry/src/index.crates.io-6f17d22bba15001f/parity-rocksdb-sys-0.5.6/rocksdb/db/version_edit.h:154:9: warning: implicitly-declared 'constexpr rocksdb::FileDescriptor::FileDescriptor(const rocksdb::FileDescriptor&)' is deprecated [-Wdeprecated-copy]
[INFO] [stderr]     154 |       : fd(_fd),
[INFO] [stderr]         |         ^~~~~~~
[INFO] [stderr]   /opt/rustwide/cargo-home/registry/src/index.crates.io-6f17d22bba15001f/parity-rocksdb-sys-0.5.6/rocksdb/db/version_edit.h:47:19: note: because 'rocksdb::FileDescriptor' has user-provided 'rocksdb::FileDescriptor& rocksdb::FileDescriptor::operator=(const rocksdb::FileDescriptor&)'
[INFO] [stderr]      47 |   FileDescriptor& operator=(const FileDescriptor& fd) {
[INFO] [stderr]         |                   ^~~~~~~~
[INFO] [stderr]   In file included from /opt/rustwide/cargo-home/registry/src/index.crates.io-6f17d22bba15001f/parity-rocksdb-sys-0.5.6/rocksdb/db/range_del_aggregator.h:16,
[INFO] [stderr]                    from /opt/rustwide/cargo-home/registry/src/index.crates.io-6f17d22bba15001f/parity-rocksdb-sys-0.5.6/rocksdb/db/memtable.h:19,
[INFO] [stderr]                    from /opt/rustwide/cargo-home/registry/src/index.crates.io-6f17d22bba15001f/parity-rocksdb-sys-0.5.6/rocksdb/db/memtable_list.h:17,
[INFO] [stderr]                    from /opt/rustwide/cargo-home/registry/src/index.crates.io-6f17d22bba15001f/parity-rocksdb-sys-0.5.6/rocksdb/db/column_family.h:17,
[INFO] [stderr]                    from /opt/rustwide/cargo-home/registry/src/index.crates.io-6f17d22bba15001f/parity-rocksdb-sys-0.5.6/rocksdb/db/db_impl.h:22,
[INFO] [stderr]                    from /opt/rustwide/cargo-home/registry/src/index.crates.io-6f17d22bba15001f/parity-rocksdb-sys-0.5.6/rocksdb/db/db_impl_compaction_flush.cc:9:
[INFO] [stderr]   /opt/rustwide/cargo-home/registry/src/index.crates.io-6f17d22bba15001f/parity-rocksdb-sys-0.5.6/rocksdb/db/version_edit.h: In constructor 'rocksdb::FdWithKeyRange::FdWithKeyRange(rocksdb::FileDescriptor, rocksdb::Slice, rocksdb::Slice, rocksdb::FileMetaData*)':
[INFO] [stderr]   /opt/rustwide/cargo-home/registry/src/index.crates.io-6f17d22bba15001f/parity-rocksdb-sys-0.5.6/rocksdb/db/version_edit.h:154:9: warning: implicitly-declared 'constexpr rocksdb::FileDescriptor::FileDescriptor(const rocksdb::FileDescriptor&)' is deprecated [-Wdeprecated-copy]
[INFO] [stderr]     154 |       : fd(_fd),
[INFO] [stderr]         |         ^~~~~~~
[INFO] [stderr]   /opt/rustwide/cargo-home/registry/src/index.crates.io-6f17d22bba15001f/parity-rocksdb-sys-0.5.6/rocksdb/db/version_edit.h:47:19: note: because 'rocksdb::FileDescriptor' has user-provided 'rocksdb::FileDescriptor& rocksdb::FileDescriptor::operator=(const rocksdb::FileDescriptor&)'
[INFO] [stderr]      47 |   FileDescriptor& operator=(const FileDescriptor& fd) {
[INFO] [stderr]         |                   ^~~~~~~~
[INFO] [stderr]   In file included from /opt/rustwide/cargo-home/registry/src/index.crates.io-6f17d22bba15001f/parity-rocksdb-sys-0.5.6/rocksdb/db/range_del_aggregator.h:16,
[INFO] [stderr]                    from /opt/rustwide/cargo-home/registry/src/index.crates.io-6f17d22bba15001f/parity-rocksdb-sys-0.5.6/rocksdb/db/memtable.h:19,
[INFO] [stderr]                    from /opt/rustwide/cargo-home/registry/src/index.crates.io-6f17d22bba15001f/parity-rocksdb-sys-0.5.6/rocksdb/db/memtable_list.h:17,
[INFO] [stderr]                    from /opt/rustwide/cargo-home/registry/src/index.crates.io-6f17d22bba15001f/parity-rocksdb-sys-0.5.6/rocksdb/db/column_family.h:17,
[INFO] [stderr]                    from /opt/rustwide/cargo-home/registry/src/index.crates.io-6f17d22bba15001f/parity-rocksdb-sys-0.5.6/rocksdb/db/db_impl.h:22,
[INFO] [stderr]                    from /opt/rustwide/cargo-home/registry/src/index.crates.io-6f17d22bba15001f/parity-rocksdb-sys-0.5.6/rocksdb/db/db_impl_files.cc:9:
[INFO] [stderr]   /opt/rustwide/cargo-home/registry/src/index.crates.io-6f17d22bba15001f/parity-rocksdb-sys-0.5.6/rocksdb/db/version_edit.h: In constructor 'rocksdb::FdWithKeyRange::FdWithKeyRange(rocksdb::FileDescriptor, rocksdb::Slice, rocksdb::Slice, rocksdb::FileMetaData*)':
[INFO] [stderr]   /opt/rustwide/cargo-home/registry/src/index.crates.io-6f17d22bba15001f/parity-rocksdb-sys-0.5.6/rocksdb/db/version_edit.h:154:9: warning: implicitly-declared 'constexpr rocksdb::FileDescriptor::FileDescriptor(const rocksdb::FileDescriptor&)' is deprecated [-Wdeprecated-copy]
[INFO] [stderr]     154 |       : fd(_fd),
[INFO] [stderr]         |         ^~~~~~~
[INFO] [stderr]   /opt/rustwide/cargo-home/registry/src/index.crates.io-6f17d22bba15001f/parity-rocksdb-sys-0.5.6/rocksdb/db/version_edit.h:47:19: note: because 'rocksdb::FileDescriptor' has user-provided 'rocksdb::FileDescriptor& rocksdb::FileDescriptor::operator=(const rocksdb::FileDescriptor&)'
[INFO] [stderr]      47 |   FileDescriptor& operator=(const FileDescriptor& fd) {
[INFO] [stderr]         |                   ^~~~~~~~
[INFO] [stderr]   c++: fatal error: Killed signal terminated program cc1plus
[INFO] [stderr]   compilation terminated.
[INFO] [stderr]   gmake[3]: *** [CMakeFiles/rocksdb.dir/build.make:219: CMakeFiles/rocksdb.dir/db/compaction_picker.cc.o] Error 1
[INFO] [stderr]   In file included from /opt/rustwide/cargo-home/registry/src/index.crates.io-6f17d22bba15001f/parity-rocksdb-sys-0.5.6/rocksdb/db/range_del_aggregator.h:16,
[INFO] [stderr]                    from /opt/rustwide/cargo-home/registry/src/index.crates.io-6f17d22bba15001f/parity-rocksdb-sys-0.5.6/rocksdb/db/memtable.h:19,
[INFO] [stderr]                    from /opt/rustwide/cargo-home/registry/src/index.crates.io-6f17d22bba15001f/parity-rocksdb-sys-0.5.6/rocksdb/db/memtable_list.h:17,
[INFO] [stderr]                    from /opt/rustwide/cargo-home/registry/src/index.crates.io-6f17d22bba15001f/parity-rocksdb-sys-0.5.6/rocksdb/db/column_family.h:17,
[INFO] [stderr]                    from /opt/rustwide/cargo-home/registry/src/index.crates.io-6f17d22bba15001f/parity-rocksdb-sys-0.5.6/rocksdb/db/db_impl.h:22,
[INFO] [stderr]                    from /opt/rustwide/cargo-home/registry/src/index.crates.io-6f17d22bba15001f/parity-rocksdb-sys-0.5.6/rocksdb/db/db_impl.cc:9:
[INFO] [stderr]   /opt/rustwide/cargo-home/registry/src/index.crates.io-6f17d22bba15001f/parity-rocksdb-sys-0.5.6/rocksdb/db/version_edit.h: In constructor 'rocksdb::FdWithKeyRange::FdWithKeyRange(rocksdb::FileDescriptor, rocksdb::Slice, rocksdb::Slice, rocksdb::FileMetaData*)':
[INFO] [stderr]   /opt/rustwide/cargo-home/registry/src/index.crates.io-6f17d22bba15001f/parity-rocksdb-sys-0.5.6/rocksdb/db/version_edit.h:154:9: warning: implicitly-declared 'constexpr rocksdb::FileDescriptor::FileDescriptor(const rocksdb::FileDescriptor&)' is deprecated [-Wdeprecated-copy]
[INFO] [stderr]     154 |       : fd(_fd),
[INFO] [stderr]         |         ^~~~~~~
[INFO] [stderr]   /opt/rustwide/cargo-home/registry/src/index.crates.io-6f17d22bba15001f/parity-rocksdb-sys-0.5.6/rocksdb/db/version_edit.h:47:19: note: because 'rocksdb::FileDescriptor' has user-provided 'rocksdb::FileDescriptor& rocksdb::FileDescriptor::operator=(const rocksdb::FileDescriptor&)'
[INFO] [stderr]      47 |   FileDescriptor& operator=(const FileDescriptor& fd) {
[INFO] [stderr]         |                   ^~~~~~~~
[INFO] [stderr]   c++: fatal error: Killed signal terminated program cc1plus
[INFO] [stderr]   compilation terminated.
[INFO] [stderr]   gmake[3]: *** [CMakeFiles/rocksdb.dir/build.make:191: CMakeFiles/rocksdb.dir/db/compaction_iterator.cc.o] Error 1
[INFO] [stderr]   c++: fatal error: Killed signal terminated program cc1plus
[INFO] [stderr]   compilation terminated.
[INFO] [stderr]   gmake[3]: *** [CMakeFiles/rocksdb.dir/build.make:261: CMakeFiles/rocksdb.dir/db/db_filesnapshot.cc.o] Error 1
[INFO] [stderr]   c++: fatal error: Killed signal terminated program cc1plus
[INFO] [stderr]   compilation terminated.
[INFO] [stderr]   gmake[3]: *** [CMakeFiles/rocksdb.dir/build.make:247: CMakeFiles/rocksdb.dir/db/convenience.cc.o] Error 1
[INFO] [stderr]   /opt/rustwide/cargo-home/registry/src/index.crates.io-6f17d22bba15001f/parity-rocksdb-sys-0.5.6/rocksdb/db/version_edit.h: In copy constructor 'rocksdb::FileMetaData::FileMetaData(const rocksdb::FileMetaData&)':
[INFO] [stderr]   /opt/rustwide/cargo-home/registry/src/index.crates.io-6f17d22bba15001f/parity-rocksdb-sys-0.5.6/rocksdb/db/version_edit.h:76:8: warning: implicitly-declared 'constexpr rocksdb::FileDescriptor::FileDescriptor(const rocksdb::FileDescriptor&)' is deprecated [-Wdeprecated-copy]
[INFO] [stderr]      76 | struct FileMetaData {
[INFO] [stderr]         |        ^~~~~~~~~~~~
[INFO] [stderr]   /opt/rustwide/cargo-home/registry/src/index.crates.io-6f17d22bba15001f/parity-rocksdb-sys-0.5.6/rocksdb/db/version_edit.h:47:19: note: because 'rocksdb::FileDescriptor' has user-provided 'rocksdb::FileDescriptor& rocksdb::FileDescriptor::operator=(const rocksdb::FileDescriptor&)'
[INFO] [stderr]      47 |   FileDescriptor& operator=(const FileDescriptor& fd) {
[INFO] [stderr]         |                   ^~~~~~~~
[INFO] [stderr]   In file included from /usr/include/c++/11/bits/stl_algobase.h:64,
[INFO] [stderr]                    from /usr/include/c++/11/deque:60,
[INFO] [stderr]                    from /opt/rustwide/cargo-home/registry/src/index.crates.io-6f17d22bba15001f/parity-rocksdb-sys-0.5.6/rocksdb/db/db_impl.h:12,
[INFO] [stderr]                    from /opt/rustwide/cargo-home/registry/src/index.crates.io-6f17d22bba15001f/parity-rocksdb-sys-0.5.6/rocksdb/db/db_impl_compaction_flush.cc:9:
[INFO] [stderr]   /usr/include/c++/11/bits/stl_pair.h: In copy constructor 'std::pair<_T1, _T2>::pair(const std::pair<_T1, _T2>&) [with _T1 = int; _T2 = rocksdb::FileMetaData]':
[INFO] [stderr]   /usr/include/c++/11/bits/stl_pair.h:314:17: note: synthesized method 'rocksdb::FileMetaData::FileMetaData(const rocksdb::FileMetaData&)' first required here
[INFO] [stderr]     314 |       constexpr pair(const pair&) = default;    ///< Copy constructor
[INFO] [stderr]         |                 ^~~~
[INFO] [stderr]   /opt/rustwide/cargo-home/registry/src/index.crates.io-6f17d22bba15001f/parity-rocksdb-sys-0.5.6/rocksdb/db/db_impl_compaction_flush.cc: In member function 'rocksdb::Status rocksdb::DBImpl::CompactFilesImpl(const rocksdb::CompactionOptions&, rocksdb::ColumnFamilyData*, rocksdb::Version*, const std::vector<std::__cxx11::basic_string<char> >&, std::vector<std::__cxx11::basic_string<char> >*, int, int, rocksdb::JobContext*, rocksdb::LogBuffer*)':
[INFO] [stderr]   /opt/rustwide/cargo-home/registry/src/index.crates.io-6f17d22bba15001f/parity-rocksdb-sys-0.5.6/rocksdb/db/db_impl_compaction_flush.cc:752:21: warning: loop variable 'newf' creates a copy from type 'const std::pair<int, rocksdb::FileMetaData>' [-Wrange-loop-construct]
[INFO] [stderr]     752 |     for (const auto newf : c->edit()->GetNewFiles()) {
[INFO] [stderr]         |                     ^~~~
[INFO] [stderr]   /opt/rustwide/cargo-home/registry/src/index.crates.io-6f17d22bba15001f/parity-rocksdb-sys-0.5.6/rocksdb/db/db_impl_compaction_flush.cc:752:21: note: use reference type to prevent copying
[INFO] [stderr]     752 |     for (const auto newf : c->edit()->GetNewFiles()) {
[INFO] [stderr]         |                     ^~~~
[INFO] [stderr]         |                     &
[INFO] [stderr]   /opt/rustwide/cargo-home/registry/src/index.crates.io-6f17d22bba15001f/parity-rocksdb-sys-0.5.6/rocksdb/db/db_impl_compaction_flush.cc: In member function 'void rocksdb::DBImpl::NotifyOnCompactionCompleted(rocksdb::ColumnFamilyData*, rocksdb::Compaction*, const rocksdb::Status&, const rocksdb::CompactionJobStats&, int)':
[INFO] [stderr]   /opt/rustwide/cargo-home/registry/src/index.crates.io-6f17d22bba15001f/parity-rocksdb-sys-0.5.6/rocksdb/db/db_impl_compaction_flush.cc:842:21: warning: loop variable 'newf' creates a copy from type 'const std::pair<int, rocksdb::FileMetaData>' [-Wrange-loop-construct]
[INFO] [stderr]     842 |     for (const auto newf : c->edit()->GetNewFiles()) {
[INFO] [stderr]         |                     ^~~~
[INFO] [stderr]   /opt/rustwide/cargo-home/registry/src/index.crates.io-6f17d22bba15001f/parity-rocksdb-sys-0.5.6/rocksdb/db/db_impl_compaction_flush.cc:842:21: note: use reference type to prevent copying
[INFO] [stderr]     842 |     for (const auto newf : c->edit()->GetNewFiles()) {
[INFO] [stderr]         |                     ^~~~
[INFO] [stderr]         |                     &
[INFO] [stderr]   /opt/rustwide/cargo-home/registry/src/index.crates.io-6f17d22bba15001f/parity-rocksdb-sys-0.5.6/rocksdb/db/version_edit.h: In instantiation of 'constexpr std::pair<_T1, _T2>::pair(_U1&&, _U2&&) [with _U1 = int&; _U2 = rocksdb::FileMetaData; typename std::enable_if<(std::_PCC<true, _T1, _T2>::_MoveConstructiblePair<_U1, _U2>() && std::_PCC<true, _T1, _T2>::_ImplicitlyMoveConvertiblePair<_U1, _U2>()), bool>::type <anonymous> = true; _T1 = int; _T2 = rocksdb::FileMetaData]':
[INFO] [stderr]   /usr/include/c++/11/ext/new_allocator.h:162:4:   required from 'void __gnu_cxx::new_allocator<_Tp>::construct(_Up*, _Args&& ...) [with _Up = std::pair<int, rocksdb::FileMetaData>; _Args = {int&, rocksdb::FileMetaData}; _Tp = std::pair<int, rocksdb::FileMetaData>]'
[INFO] [stderr]   /usr/include/c++/11/bits/alloc_traits.h:516:17:   required from 'static void std::allocator_traits<std::allocator<_Tp1> >::construct(std::allocator_traits<std::allocator<_Tp1> >::allocator_type&, _Up*, _Args&& ...) [with _Up = std::pair<int, rocksdb::FileMetaData>; _Args = {int&, rocksdb::FileMetaData}; _Tp = std::pair<int, rocksdb::FileMetaData>; std::allocator_traits<std::allocator<_Tp1> >::allocator_type = std::allocator<std::pair<int, rocksdb::FileMetaData> >]'
[INFO] [stderr]   /usr/include/c++/11/bits/vector.tcc:115:30:   required from 'void std::vector<_Tp, _Alloc>::emplace_back(_Args&& ...) [with _Args = {int&, rocksdb::FileMetaData}; _Tp = std::pair<int, rocksdb::FileMetaData>; _Alloc = std::allocator<std::pair<int, rocksdb::FileMetaData> >]'
[INFO] [stderr]   /opt/rustwide/cargo-home/registry/src/index.crates.io-6f17d22bba15001f/parity-rocksdb-sys-0.5.6/rocksdb/db/version_edit.h:227:28:   required from here
[INFO] [stderr]   /opt/rustwide/cargo-home/registry/src/index.crates.io-6f17d22bba15001f/parity-rocksdb-sys-0.5.6/rocksdb/db/version_edit.h:76:8: warning: implicitly-declared 'constexpr rocksdb::FileDescriptor::FileDescriptor(const rocksdb::FileDescriptor&)' is deprecated [-Wdeprecated-copy]
[INFO] [stderr]      76 | struct FileMetaData {
[INFO] [stderr]         |        ^~~~~~~~~~~~
[INFO] [stderr]   /opt/rustwide/cargo-home/registry/src/index.crates.io-6f17d22bba15001f/parity-rocksdb-sys-0.5.6/rocksdb/db/version_edit.h:47:19: note: because 'rocksdb::FileDescriptor' has user-provided 'rocksdb::FileDescriptor& rocksdb::FileDescriptor::operator=(const rocksdb::FileDescriptor&)'
[INFO] [stderr]      47 |   FileDescriptor& operator=(const FileDescriptor& fd) {
[INFO] [stderr]         |                   ^~~~~~~~
[INFO] [stderr]   In file included from /usr/include/c++/11/bits/stl_algobase.h:64,
[INFO] [stderr]                    from /usr/include/c++/11/deque:60,
[INFO] [stderr]                    from /opt/rustwide/cargo-home/registry/src/index.crates.io-6f17d22bba15001f/parity-rocksdb-sys-0.5.6/rocksdb/db/db_impl.h:12,
[INFO] [stderr]                    from /opt/rustwide/cargo-home/registry/src/index.crates.io-6f17d22bba15001f/parity-rocksdb-sys-0.5.6/rocksdb/db/db_impl_write.cc:9:
[INFO] [stderr]   /usr/include/c++/11/bits/stl_pair.h:353:42: note: synthesized method 'rocksdb::FileMetaData::FileMetaData(rocksdb::FileMetaData&&)' first required here
[INFO] [stderr]     353 |         : first(std::forward<_U1>(__x)), second(std::forward<_U2>(__y)) { }
[INFO] [stderr]         |                                          ^~~~~~~~~~~~~~~~~~~~~~~~~~~~~~
[INFO] [stderr]   In file included from /opt/rustwide/cargo-home/registry/src/index.crates.io-6f17d22bba15001f/parity-rocksdb-sys-0.5.6/rocksdb/db/range_del_aggregator.h:16,
[INFO] [stderr]                    from /opt/rustwide/cargo-home/registry/src/index.crates.io-6f17d22bba15001f/parity-rocksdb-sys-0.5.6/rocksdb/db/memtable.h:19,
[INFO] [stderr]                    from /opt/rustwide/cargo-home/registry/src/index.crates.io-6f17d22bba15001f/parity-rocksdb-sys-0.5.6/rocksdb/db/memtable_list.h:17,
[INFO] [stderr]                    from /opt/rustwide/cargo-home/registry/src/index.crates.io-6f17d22bba15001f/parity-rocksdb-sys-0.5.6/rocksdb/db/column_family.h:17,
[INFO] [stderr]                    from /opt/rustwide/cargo-home/registry/src/index.crates.io-6f17d22bba15001f/parity-rocksdb-sys-0.5.6/rocksdb/db/db_impl.h:22,
[INFO] [stderr]                    from /opt/rustwide/cargo-home/registry/src/index.crates.io-6f17d22bba15001f/parity-rocksdb-sys-0.5.6/rocksdb/db/db_impl_write.cc:9:
[INFO] [stderr]   /opt/rustwide/cargo-home/registry/src/index.crates.io-6f17d22bba15001f/parity-rocksdb-sys-0.5.6/rocksdb/db/version_edit.h: In instantiation of 'constexpr std::pair<_T1, _T2>::pair(_U1&&, const _T2&) [with _U1 = int&; typename std::enable_if<std::_PCC<true, _T1, _T2>::_MoveCopyPair<true, _U1, _T2>(), bool>::type <anonymous> = true; _T1 = int; _T2 = rocksdb::FileMetaData]':
[INFO] [stderr]   /usr/include/c++/11/ext/new_allocator.h:162:4:   required from 'void __gnu_cxx::new_allocator<_Tp>::construct(_Up*, _Args&& ...) [with _Up = std::pair<int, rocksdb::FileMetaData>; _Args = {int&, const rocksdb::FileMetaData&}; _Tp = std::pair<int, rocksdb::FileMetaData>]'
[INFO] [stderr]   /usr/include/c++/11/bits/alloc_traits.h:516:17:   required from 'static void std::allocator_traits<std::allocator<_Tp1> >::construct(std::allocator_traits<std::allocator<_Tp1> >::allocator_type&, _Up*, _Args&& ...) [with _Up = std::pair<int, rocksdb::FileMetaData>; _Args = {int&, const rocksdb::FileMetaData&}; _Tp = std::pair<int, rocksdb::FileMetaData>; std::allocator_traits<std::allocator<_Tp1> >::allocator_type = std::allocator<std::pair<int, rocksdb::FileMetaData> >]'
[INFO] [stderr]   /usr/include/c++/11/bits/vector.tcc:115:30:   required from 'void std::vector<_Tp, _Alloc>::emplace_back(_Args&& ...) [with _Args = {int&, const rocksdb::FileMetaData&}; _Tp = std::pair<int, rocksdb::FileMetaData>; _Alloc = std::allocator<std::pair<int, rocksdb::FileMetaData> >]'
[INFO] [stderr]   /opt/rustwide/cargo-home/registry/src/index.crates.io-6f17d22bba15001f/parity-rocksdb-sys-0.5.6/rocksdb/db/version_edit.h:232:28:   required from here
[INFO] [stderr]   /opt/rustwide/cargo-home/registry/src/index.crates.io-6f17d22bba15001f/parity-rocksdb-sys-0.5.6/rocksdb/db/version_edit.h:76:8: warning: implicitly-declared 'constexpr rocksdb::FileDescriptor::FileDescriptor(const rocksdb::FileDescriptor&)' is deprecated [-Wdeprecated-copy]
[INFO] [stderr]      76 | struct FileMetaData {
[INFO] [stderr]         |        ^~~~~~~~~~~~
[INFO] [stderr]   /opt/rustwide/cargo-home/registry/src/index.crates.io-6f17d22bba15001f/parity-rocksdb-sys-0.5.6/rocksdb/db/version_edit.h:47:19: note: because 'rocksdb::FileDescriptor' has user-provided 'rocksdb::FileDescriptor& rocksdb::FileDescriptor::operator=(const rocksdb::FileDescriptor&)'
[INFO] [stderr]      47 |   FileDescriptor& operator=(const FileDescriptor& fd) {
[INFO] [stderr]         |                   ^~~~~~~~
[INFO] [stderr]   In file included from /usr/include/c++/11/bits/stl_algobase.h:64,
[INFO] [stderr]                    from /usr/include/c++/11/deque:60,
[INFO] [stderr]                    from /opt/rustwide/cargo-home/registry/src/index.crates.io-6f17d22bba15001f/parity-rocksdb-sys-0.5.6/rocksdb/db/db_impl.h:12,
[INFO] [stderr]                    from /opt/rustwide/cargo-home/registry/src/index.crates.io-6f17d22bba15001f/parity-rocksdb-sys-0.5.6/rocksdb/db/db_impl_write.cc:9:
[INFO] [stderr]   /usr/include/c++/11/bits/stl_pair.h:323:41: note: synthesized method 'rocksdb::FileMetaData::FileMetaData(const rocksdb::FileMetaData&)' first required here
[INFO] [stderr]     323 |        : first(std::forward<_U1>(__x)), second(__y) { }
[INFO] [stderr]         |                                         ^~~~~~~~~~~
[INFO] [stderr]   /opt/rustwide/cargo-home/registry/src/index.crates.io-6f17d22bba15001f/parity-rocksdb-sys-0.5.6/rocksdb/db/version_edit.h: In instantiation of 'constexpr std::pair<_T1, _T2>::pair(_U1&&, _U2&&) [with _U1 = int&; _U2 = rocksdb::FileMetaData; typename std::enable_if<(std::_PCC<true, _T1, _T2>::_MoveConstructiblePair<_U1, _U2>() && std::_PCC<true, _T1, _T2>::_ImplicitlyMoveConvertiblePair<_U1, _U2>()), bool>::type <anonymous> = true; _T1 = int; _T2 = rocksdb::FileMetaData]':
[INFO] [stderr]   /usr/include/c++/11/ext/new_allocator.h:162:4:   required from 'void __gnu_cxx::new_allocator<_Tp>::construct(_Up*, _Args&& ...) [with _Up = std::pair<int, rocksdb::FileMetaData>; _Args = {int&, rocksdb::FileMetaData}; _Tp = std::pair<int, rocksdb::FileMetaData>]'
[INFO] [stderr]   /usr/include/c++/11/bits/alloc_traits.h:516:17:   required from 'static void std::allocator_traits<std::allocator<_Tp1> >::construct(std::allocator_traits<std::allocator<_Tp1> >::allocator_type&, _Up*, _Args&& ...) [with _Up = std::pair<int, rocksdb::FileMetaData>; _Args = {int&, rocksdb::FileMetaData}; _Tp = std::pair<int, rocksdb::FileMetaData>; std::allocator_traits<std::allocator<_Tp1> >::allocator_type = std::allocator<std::pair<int, rocksdb::FileMetaData> >]'
[INFO] [stderr]   /usr/include/c++/11/bits/vector.tcc:115:30:   required from 'void std::vector<_Tp, _Alloc>::emplace_back(_Args&& ...) [with _Args = {int&, rocksdb::FileMetaData}; _Tp = std::pair<int, rocksdb::FileMetaData>; _Alloc = std::allocator<std::pair<int, rocksdb::FileMetaData> >]'
[INFO] [stderr]   /opt/rustwide/cargo-home/registry/src/index.crates.io-6f17d22bba15001f/parity-rocksdb-sys-0.5.6/rocksdb/db/version_edit.h:227:28:   required from here
[INFO] [stderr]   /opt/rustwide/cargo-home/registry/src/index.crates.io-6f17d22bba15001f/parity-rocksdb-sys-0.5.6/rocksdb/db/version_edit.h:76:8: warning: implicitly-declared 'constexpr rocksdb::FileDescriptor::FileDescriptor(const rocksdb::FileDescriptor&)' is deprecated [-Wdeprecated-copy]
[INFO] [stderr]      76 | struct FileMetaData {
[INFO] [stderr]         |        ^~~~~~~~~~~~
[INFO] [stderr]   /opt/rustwide/cargo-home/registry/src/index.crates.io-6f17d22bba15001f/parity-rocksdb-sys-0.5.6/rocksdb/db/version_edit.h:47:19: note: because 'rocksdb::FileDescriptor' has user-provided 'rocksdb::FileDescriptor& rocksdb::FileDescriptor::operator=(const rocksdb::FileDescriptor&)'
[INFO] [stderr]      47 |   FileDescriptor& operator=(const FileDescriptor& fd) {
[INFO] [stderr]         |                   ^~~~~~~~
[INFO] [stderr]   In file included from /usr/include/c++/11/bits/stl_algobase.h:64,
[INFO] [stderr]                    from /usr/include/c++/11/deque:60,
[INFO] [stderr]                    from /opt/rustwide/cargo-home/registry/src/index.crates.io-6f17d22bba15001f/parity-rocksdb-sys-0.5.6/rocksdb/db/db_impl.h:12,
[INFO] [stderr]                    from /opt/rustwide/cargo-home/registry/src/index.crates.io-6f17d22bba15001f/parity-rocksdb-sys-0.5.6/rocksdb/db/db_impl_files.cc:9:
[INFO] [stderr]   /usr/include/c++/11/bits/stl_pair.h:353:42: note: synthesized method 'rocksdb::FileMetaData::FileMetaData(rocksdb::FileMetaData&&)' first required here
[INFO] [stderr]     353 |         : first(std::forward<_U1>(__x)), second(std::forward<_U2>(__y)) { }
[INFO] [stderr]         |                                          ^~~~~~~~~~~~~~~~~~~~~~~~~~~~~~
[INFO] [stderr]   In file included from /opt/rustwide/cargo-home/registry/src/index.crates.io-6f17d22bba15001f/parity-rocksdb-sys-0.5.6/rocksdb/db/range_del_aggregator.h:16,
[INFO] [stderr]                    from /opt/rustwide/cargo-home/registry/src/index.crates.io-6f17d22bba15001f/parity-rocksdb-sys-0.5.6/rocksdb/db/memtable.h:19,
[INFO] [stderr]                    from /opt/rustwide/cargo-home/registry/src/index.crates.io-6f17d22bba15001f/parity-rocksdb-sys-0.5.6/rocksdb/db/memtable_list.h:17,
[INFO] [stderr]                    from /opt/rustwide/cargo-home/registry/src/index.crates.io-6f17d22bba15001f/parity-rocksdb-sys-0.5.6/rocksdb/db/column_family.h:17,
[INFO] [stderr]                    from /opt/rustwide/cargo-home/registry/src/index.crates.io-6f17d22bba15001f/parity-rocksdb-sys-0.5.6/rocksdb/db/db_impl.h:22,
[INFO] [stderr]                    from /opt/rustwide/cargo-home/registry/src/index.crates.io-6f17d22bba15001f/parity-rocksdb-sys-0.5.6/rocksdb/db/db_impl_files.cc:9:
[INFO] [stderr]   /opt/rustwide/cargo-home/registry/src/index.crates.io-6f17d22bba15001f/parity-rocksdb-sys-0.5.6/rocksdb/db/version_edit.h: In instantiation of 'constexpr std::pair<_T1, _T2>::pair(_U1&&, const _T2&) [with _U1 = int&; typename std::enable_if<std::_PCC<true, _T1, _T2>::_MoveCopyPair<true, _U1, _T2>(), bool>::type <anonymous> = true; _T1 = int; _T2 = rocksdb::FileMetaData]':
[INFO] [stderr]   /usr/include/c++/11/ext/new_allocator.h:162:4:   required from 'void __gnu_cxx::new_allocator<_Tp>::construct(_Up*, _Args&& ...) [with _Up = std::pair<int, rocksdb::FileMetaData>; _Args = {int&, const rocksdb::FileMetaData&}; _Tp = std::pair<int, rocksdb::FileMetaData>]'
[INFO] [stderr]   /usr/include/c++/11/bits/alloc_traits.h:516:17:   required from 'static void std::allocator_traits<std::allocator<_Tp1> >::construct(std::allocator_traits<std::allocator<_Tp1> >::allocator_type&, _Up*, _Args&& ...) [with _Up = std::pair<int, rocksdb::FileMetaData>; _Args = {int&, const rocksdb::FileMetaData&}; _Tp = std::pair<int, rocksdb::FileMetaData>; std::allocator_traits<std::allocator<_Tp1> >::allocator_type = std::allocator<std::pair<int, rocksdb::FileMetaData> >]'
[INFO] [stderr]   /usr/include/c++/11/bits/vector.tcc:115:30:   required from 'void std::vector<_Tp, _Alloc>::emplace_back(_Args&& ...) [with _Args = {int&, const rocksdb::FileMetaData&}; _Tp = std::pair<int, rocksdb::FileMetaData>; _Alloc = std::allocator<std::pair<int, rocksdb::FileMetaData> >]'
[INFO] [stderr]   /opt/rustwide/cargo-home/registry/src/index.crates.io-6f17d22bba15001f/parity-rocksdb-sys-0.5.6/rocksdb/db/version_edit.h:232:28:   required from here
[INFO] [stderr]   /opt/rustwide/cargo-home/registry/src/index.crates.io-6f17d22bba15001f/parity-rocksdb-sys-0.5.6/rocksdb/db/version_edit.h:76:8: warning: implicitly-declared 'constexpr rocksdb::FileDescriptor::FileDescriptor(const rocksdb::FileDescriptor&)' is deprecated [-Wdeprecated-copy]
[INFO] [stderr]      76 | struct FileMetaData {
[INFO] [stderr]         |        ^~~~~~~~~~~~
[INFO] [stderr]   /opt/rustwide/cargo-home/registry/src/index.crates.io-6f17d22bba15001f/parity-rocksdb-sys-0.5.6/rocksdb/db/version_edit.h:47:19: note: because 'rocksdb::FileDescriptor' has user-provided 'rocksdb::FileDescriptor& rocksdb::FileDescriptor::operator=(const rocksdb::FileDescriptor&)'
[INFO] [stderr]      47 |   FileDescriptor& operator=(const FileDescriptor& fd) {
[INFO] [stderr]         |                   ^~~~~~~~
[INFO] [stderr]   In file included from /usr/include/c++/11/bits/stl_algobase.h:64,
[INFO] [stderr]                    from /usr/include/c++/11/deque:60,
[INFO] [stderr]                    from /opt/rustwide/cargo-home/registry/src/index.crates.io-6f17d22bba15001f/parity-rocksdb-sys-0.5.6/rocksdb/db/db_impl.h:12,
[INFO] [stderr]                    from /opt/rustwide/cargo-home/registry/src/index.crates.io-6f17d22bba15001f/parity-rocksdb-sys-0.5.6/rocksdb/db/db_impl_files.cc:9:
[INFO] [stderr]   /usr/include/c++/11/bits/stl_pair.h:323:41: note: synthesized method 'rocksdb::FileMetaData::FileMetaData(const rocksdb::FileMetaData&)' first required here
[INFO] [stderr]     323 |        : first(std::forward<_U1>(__x)), second(__y) { }
[INFO] [stderr]         |                                         ^~~~~~~~~~~
[INFO] [stderr]   In file included from /opt/rustwide/cargo-home/registry/src/index.crates.io-6f17d22bba15001f/parity-rocksdb-sys-0.5.6/rocksdb/db/range_del_aggregator.h:16,
[INFO] [stderr]                    from /opt/rustwide/cargo-home/registry/src/index.crates.io-6f17d22bba15001f/parity-rocksdb-sys-0.5.6/rocksdb/db/memtable.h:19,
[INFO] [stderr]                    from /opt/rustwide/cargo-home/registry/src/index.crates.io-6f17d22bba15001f/parity-rocksdb-sys-0.5.6/rocksdb/db/memtable_list.h:17,
[INFO] [stderr]                    from /opt/rustwide/cargo-home/registry/src/index.crates.io-6f17d22bba15001f/parity-rocksdb-sys-0.5.6/rocksdb/db/column_family.h:17,
[INFO] [stderr]                    from /opt/rustwide/cargo-home/registry/src/index.crates.io-6f17d22bba15001f/parity-rocksdb-sys-0.5.6/rocksdb/db/db_impl.h:22,
[INFO] [stderr]                    from /opt/rustwide/cargo-home/registry/src/index.crates.io-6f17d22bba15001f/parity-rocksdb-sys-0.5.6/rocksdb/db/db_impl_compaction_flush.cc:9:
[INFO] [stderr]   /opt/rustwide/cargo-home/registry/src/index.crates.io-6f17d22bba15001f/parity-rocksdb-sys-0.5.6/rocksdb/db/version_edit.h: In instantiation of 'constexpr std::pair<_T1, _T2>::pair(_U1&&, _U2&&) [with _U1 = int&; _U2 = rocksdb::FileMetaData; typename std::enable_if<(std::_PCC<true, _T1, _T2>::_MoveConstructiblePair<_U1, _U2>() && std::_PCC<true, _T1, _T2>::_ImplicitlyMoveConvertiblePair<_U1, _U2>()), bool>::type <anonymous> = true; _T1 = int; _T2 = rocksdb::FileMetaData]':
[INFO] [stderr]   /usr/include/c++/11/ext/new_allocator.h:162:4:   required from 'void __gnu_cxx::new_allocator<_Tp>::construct(_Up*, _Args&& ...) [with _Up = std::pair<int, rocksdb::FileMetaData>; _Args = {int&, rocksdb::FileMetaData}; _Tp = std::pair<int, rocksdb::FileMetaData>]'
[INFO] [stderr]   /usr/include/c++/11/bits/alloc_traits.h:516:17:   required from 'static void std::allocator_traits<std::allocator<_Tp1> >::construct(std::allocator_traits<std::allocator<_Tp1> >::allocator_type&, _Up*, _Args&& ...) [with _Up = std::pair<int, rocksdb::FileMetaData>; _Args = {int&, rocksdb::FileMetaData}; _Tp = std::pair<int, rocksdb::FileMetaData>; std::allocator_traits<std::allocator<_Tp1> >::allocator_type = std::allocator<std::pair<int, rocksdb::FileMetaData> >]'
[INFO] [stderr]   /usr/include/c++/11/bits/vector.tcc:115:30:   required from 'void std::vector<_Tp, _Alloc>::emplace_back(_Args&& ...) [with _Args = {int&, rocksdb::FileMetaData}; _Tp = std::pair<int, rocksdb::FileMetaData>; _Alloc = std::allocator<std::pair<int, rocksdb::FileMetaData> >]'
[INFO] [stderr]   /opt/rustwide/cargo-home/registry/src/index.crates.io-6f17d22bba15001f/parity-rocksdb-sys-0.5.6/rocksdb/db/version_edit.h:227:28:   required from here
[INFO] [stderr]   /opt/rustwide/cargo-home/registry/src/index.crates.io-6f17d22bba15001f/parity-rocksdb-sys-0.5.6/rocksdb/db/version_edit.h:76:8: warning: implicitly-declared 'constexpr rocksdb::FileDescriptor::FileDescriptor(const rocksdb::FileDescriptor&)' is deprecated [-Wdeprecated-copy]
[INFO] [stderr]      76 | struct FileMetaData {
[INFO] [stderr]         |        ^~~~~~~~~~~~
[INFO] [stderr]   /opt/rustwide/cargo-home/registry/src/index.crates.io-6f17d22bba15001f/parity-rocksdb-sys-0.5.6/rocksdb/db/version_edit.h:47:19: note: because 'rocksdb::FileDescriptor' has user-provided 'rocksdb::FileDescriptor& rocksdb::FileDescriptor::operator=(const rocksdb::FileDescriptor&)'
[INFO] [stderr]      47 |   FileDescriptor& operator=(const FileDescriptor& fd) {
[INFO] [stderr]         |                   ^~~~~~~~
[INFO] [stderr]   In file included from /usr/include/c++/11/bits/stl_algobase.h:64,
[INFO] [stderr]                    from /usr/include/c++/11/deque:60,
[INFO] [stderr]                    from /opt/rustwide/cargo-home/registry/src/index.crates.io-6f17d22bba15001f/parity-rocksdb-sys-0.5.6/rocksdb/db/db_impl.h:12,
[INFO] [stderr]                    from /opt/rustwide/cargo-home/registry/src/index.crates.io-6f17d22bba15001f/parity-rocksdb-sys-0.5.6/rocksdb/db/db_impl_compaction_flush.cc:9:
[INFO] [stderr]   /usr/include/c++/11/bits/stl_pair.h:353:42: note: synthesized method 'rocksdb::FileMetaData::FileMetaData(rocksdb::FileMetaData&&)' first required here
[INFO] [stderr]     353 |         : first(std::forward<_U1>(__x)), second(std::forward<_U2>(__y)) { }
[INFO] [stderr]         |                                          ^~~~~~~~~~~~~~~~~~~~~~~~~~~~~~
[INFO] [stderr]   c++: fatal error: Killed signal terminated program cc1plus
[INFO] [stderr]   compilation terminated.
[INFO] [stderr]   gmake[3]: *** [CMakeFiles/rocksdb.dir/build.make:205: CMakeFiles/rocksdb.dir/db/compaction_job.cc.o] Error 1
[INFO] [stderr]   /opt/rustwide/cargo-home/registry/src/index.crates.io-6f17d22bba15001f/parity-rocksdb-sys-0.5.6/rocksdb/db/version_edit.h: In instantiation of 'constexpr std::pair<_T1, _T2>::pair(_U1&&, _U2&&) [with _U1 = int&; _U2 = rocksdb::FileMetaData; typename std::enable_if<(std::_PCC<true, _T1, _T2>::_MoveConstructiblePair<_U1, _U2>() && std::_PCC<true, _T1, _T2>::_ImplicitlyMoveConvertiblePair<_U1, _U2>()), bool>::type <anonymous> = true; _T1 = int; _T2 = rocksdb::FileMetaData]':
[INFO] [stderr]   /usr/include/c++/11/ext/new_allocator.h:162:4:   required from 'void __gnu_cxx::new_allocator<_Tp>::construct(_Up*, _Args&& ...) [with _Up = std::pair<int, rocksdb::FileMetaData>; _Args = {int&, rocksdb::FileMetaData}; _Tp = std::pair<int, rocksdb::FileMetaData>]'
[INFO] [stderr]   /usr/include/c++/11/bits/alloc_traits.h:516:17:   required from 'static void std::allocator_traits<std::allocator<_Tp1> >::construct(std::allocator_traits<std::allocator<_Tp1> >::allocator_type&, _Up*, _Args&& ...) [with _Up = std::pair<int, rocksdb::FileMetaData>; _Args = {int&, rocksdb::FileMetaData}; _Tp = std::pair<int, rocksdb::FileMetaData>; std::allocator_traits<std::allocator<_Tp1> >::allocator_type = std::allocator<std::pair<int, rocksdb::FileMetaData> >]'
[INFO] [stderr]   /usr/include/c++/11/bits/vector.tcc:115:30:   required from 'void std::vector<_Tp, _Alloc>::emplace_back(_Args&& ...) [with _Args = {int&, rocksdb::FileMetaData}; _Tp = std::pair<int, rocksdb::FileMetaData>; _Alloc = std::allocator<std::pair<int, rocksdb::FileMetaData> >]'
[INFO] [stderr]   /opt/rustwide/cargo-home/registry/src/index.crates.io-6f17d22bba15001f/parity-rocksdb-sys-0.5.6/rocksdb/db/version_edit.h:227:28:   required from here
[INFO] [stderr]   /opt/rustwide/cargo-home/registry/src/index.crates.io-6f17d22bba15001f/parity-rocksdb-sys-0.5.6/rocksdb/db/version_edit.h:76:8: warning: implicitly-declared 'constexpr rocksdb::FileDescriptor::FileDescriptor(const rocksdb::FileDescriptor&)' is deprecated [-Wdeprecated-copy]
[INFO] [stderr]      76 | struct FileMetaData {
[INFO] [stderr]         |        ^~~~~~~~~~~~
[INFO] [stderr]   /opt/rustwide/cargo-home/registry/src/index.crates.io-6f17d22bba15001f/parity-rocksdb-sys-0.5.6/rocksdb/db/version_edit.h:47:19: note: because 'rocksdb::FileDescriptor' has user-provided 'rocksdb::FileDescriptor& rocksdb::FileDescriptor::operator=(const rocksdb::FileDescriptor&)'
[INFO] [stderr]      47 |   FileDescriptor& operator=(const FileDescriptor& fd) {
[INFO] [stderr]         |                   ^~~~~~~~
[INFO] [stderr]   In file included from /usr/include/c++/11/bits/stl_algobase.h:64,
[INFO] [stderr]                    from /usr/include/c++/11/deque:60,
[INFO] [stderr]                    from /opt/rustwide/cargo-home/registry/src/index.crates.io-6f17d22bba15001f/parity-rocksdb-sys-0.5.6/rocksdb/db/db_impl.h:12,
[INFO] [stderr]                    from /opt/rustwide/cargo-home/registry/src/index.crates.io-6f17d22bba15001f/parity-rocksdb-sys-0.5.6/rocksdb/db/db_impl.cc:9:
[INFO] [stderr]   /usr/include/c++/11/bits/stl_pair.h:353:42: note: synthesized method 'rocksdb::FileMetaData::FileMetaData(rocksdb::FileMetaData&&)' first required here
[INFO] [stderr]     353 |         : first(std::forward<_U1>(__x)), second(std::forward<_U2>(__y)) { }
[INFO] [stderr]         |                                          ^~~~~~~~~~~~~~~~~~~~~~~~~~~~~~
[INFO] [stderr]   In file included from /opt/rustwide/cargo-home/registry/src/index.crates.io-6f17d22bba15001f/parity-rocksdb-sys-0.5.6/rocksdb/db/range_del_aggregator.h:16,
[INFO] [stderr]                    from /opt/rustwide/cargo-home/registry/src/index.crates.io-6f17d22bba15001f/parity-rocksdb-sys-0.5.6/rocksdb/db/memtable.h:19,
[INFO] [stderr]                    from /opt/rustwide/cargo-home/registry/src/index.crates.io-6f17d22bba15001f/parity-rocksdb-sys-0.5.6/rocksdb/db/memtable_list.h:17,
[INFO] [stderr]                    from /opt/rustwide/cargo-home/registry/src/index.crates.io-6f17d22bba15001f/parity-rocksdb-sys-0.5.6/rocksdb/db/column_family.h:17,
[INFO] [stderr]                    from /opt/rustwide/cargo-home/registry/src/index.crates.io-6f17d22bba15001f/parity-rocksdb-sys-0.5.6/rocksdb/db/db_impl.h:22,
[INFO] [stderr]                    from /opt/rustwide/cargo-home/registry/src/index.crates.io-6f17d22bba15001f/parity-rocksdb-sys-0.5.6/rocksdb/db/db_impl.cc:9:
[INFO] [stderr]   /opt/rustwide/cargo-home/registry/src/index.crates.io-6f17d22bba15001f/parity-rocksdb-sys-0.5.6/rocksdb/db/version_edit.h: In instantiation of 'constexpr std::pair<_T1, _T2>::pair(_U1&&, const _T2&) [with _U1 = int&; typename std::enable_if<std::_PCC<true, _T1, _T2>::_MoveCopyPair<true, _U1, _T2>(), bool>::type <anonymous> = true; _T1 = int; _T2 = rocksdb::FileMetaData]':
[INFO] [stderr]   /usr/include/c++/11/ext/new_allocator.h:162:4:   required from 'void __gnu_cxx::new_allocator<_Tp>::construct(_Up*, _Args&& ...) [with _Up = std::pair<int, rocksdb::FileMetaData>; _Args = {int&, const rocksdb::FileMetaData&}; _Tp = std::pair<int, rocksdb::FileMetaData>]'
[INFO] [stderr]   /usr/include/c++/11/bits/alloc_traits.h:516:17:   required from 'static void std::allocator_traits<std::allocator<_Tp1> >::construct(std::allocator_traits<std::allocator<_Tp1> >::allocator_type&, _Up*, _Args&& ...) [with _Up = std::pair<int, rocksdb::FileMetaData>; _Args = {int&, const rocksdb::FileMetaData&}; _Tp = std::pair<int, rocksdb::FileMetaData>; std::allocator_traits<std::allocator<_Tp1> >::allocator_type = std::allocator<std::pair<int, rocksdb::FileMetaData> >]'
[INFO] [stderr]   /usr/include/c++/11/bits/vector.tcc:115:30:   required from 'void std::vector<_Tp, _Alloc>::emplace_back(_Args&& ...) [with _Args = {int&, const rocksdb::FileMetaData&}; _Tp = std::pair<int, rocksdb::FileMetaData>; _Alloc = std::allocator<std::pair<int, rocksdb::FileMetaData> >]'
[INFO] [stderr]   /opt/rustwide/cargo-home/registry/src/index.crates.io-6f17d22bba15001f/parity-rocksdb-sys-0.5.6/rocksdb/db/version_edit.h:232:28:   required from here
[INFO] [stderr]   /opt/rustwide/cargo-home/registry/src/index.crates.io-6f17d22bba15001f/parity-rocksdb-sys-0.5.6/rocksdb/db/version_edit.h:76:8: warning: implicitly-declared 'constexpr rocksdb::FileDescriptor::FileDescriptor(const rocksdb::FileDescriptor&)' is deprecated [-Wdeprecated-copy]
[INFO] [stderr]      76 | struct FileMetaData {
[INFO] [stderr]         |        ^~~~~~~~~~~~
[INFO] [stderr]   /opt/rustwide/cargo-home/registry/src/index.crates.io-6f17d22bba15001f/parity-rocksdb-sys-0.5.6/rocksdb/db/version_edit.h:47:19: note: because 'rocksdb::FileDescriptor' has user-provided 'rocksdb::FileDescriptor& rocksdb::FileDescriptor::operator=(const rocksdb::FileDescriptor&)'
[INFO] [stderr]      47 |   FileDescriptor& operator=(const FileDescriptor& fd) {
[INFO] [stderr]         |                   ^~~~~~~~
[INFO] [stderr]   In file included from /usr/include/c++/11/bits/stl_algobase.h:64,
[INFO] [stderr]                    from /usr/include/c++/11/deque:60,
[INFO] [stderr]                    from /opt/rustwide/cargo-home/registry/src/index.crates.io-6f17d22bba15001f/parity-rocksdb-sys-0.5.6/rocksdb/db/db_impl.h:12,
[INFO] [stderr]                    from /opt/rustwide/cargo-home/registry/src/index.crates.io-6f17d22bba15001f/parity-rocksdb-sys-0.5.6/rocksdb/db/db_impl.cc:9:
[INFO] [stderr]   /usr/include/c++/11/bits/stl_pair.h:323:41: note: synthesized method 'rocksdb::FileMetaData::FileMetaData(const rocksdb::FileMetaData&)' first required here
[INFO] [stderr]     323 |        : first(std::forward<_U1>(__x)), second(__y) { }
[INFO] [stderr]         |                                         ^~~~~~~~~~~
[INFO] [stderr]   c++: fatal error: Killed signal terminated program cc1plus
[INFO] [stderr]   compilation terminated.
[INFO] [stderr]   gmake[3]: *** [CMakeFiles/rocksdb.dir/build.make:275: CMakeFiles/rocksdb.dir/db/db_impl.cc.o] Error 1
[INFO] [stderr]   gmake[2]: *** [CMakeFiles/Makefile2:484: CMakeFiles/rocksdb.dir/all] Error 2
[INFO] [stderr]   gmake[1]: *** [CMakeFiles/Makefile2:491: CMakeFiles/rocksdb.dir/rule] Error 2
[INFO] [stderr]   gmake: *** [Makefile:208: rocksdb] Error 2
[INFO] [stderr]   thread 'main' panicked at /opt/rustwide/cargo-home/registry/src/index.crates.io-6f17d22bba15001f/cmake-0.1.42/src/lib.rs:861:5:
[INFO] [stderr] 
[INFO] [stderr]   command did not execute successfully, got: exit status: 2
[INFO] [stderr] 
[INFO] [stderr]   build script failed, must exit now
[INFO] [stderr]   stack backtrace:
[INFO] [stderr]      0:     0x555a4884a03c - std::backtrace_rs::backtrace::libunwind::trace::ha637c64ce894333a
[INFO] [stderr]                                  at /rustc/82e1608dfa6e0b5569232559e3d385fea5a93112/library/std/src/../../backtrace/src/backtrace/libunwind.rs:104:5
[INFO] [stderr]      1:     0x555a4884a03c - std::backtrace_rs::backtrace::trace_unsynchronized::h47f62dea28e0c88d
[INFO] [stderr]                                  at /rustc/82e1608dfa6e0b5569232559e3d385fea5a93112/library/std/src/../../backtrace/src/backtrace/mod.rs:66:5
[INFO] [stderr]      2:     0x555a4884a03c - std::sys_common::backtrace::_print_fmt::h9eef0abe20ede486
[INFO] [stderr]                                  at /rustc/82e1608dfa6e0b5569232559e3d385fea5a93112/library/std/src/sys_common/backtrace.rs:67:5
[INFO] [stderr]      3:     0x555a4884a03c - <std::sys_common::backtrace::_print::DisplayBacktrace as core::fmt::Display>::fmt::hed7f999df88cc644
[INFO] [stderr]                                  at /rustc/82e1608dfa6e0b5569232559e3d385fea5a93112/library/std/src/sys_common/backtrace.rs:44:22
[INFO] [stderr]      4:     0x555a4886fd40 - core::fmt::rt::Argument::fmt::h1539a9308b8d058d
[INFO] [stderr]                                  at /rustc/82e1608dfa6e0b5569232559e3d385fea5a93112/library/core/src/fmt/rt.rs:142:9
[INFO] [stderr]      5:     0x555a4886fd40 - core::fmt::write::h3a39390d8560d9c9
[INFO] [stderr]                                  at /rustc/82e1608dfa6e0b5569232559e3d385fea5a93112/library/core/src/fmt/mod.rs:1120:17
[INFO] [stderr]      6:     0x555a4884779f - std::io::Write::write_fmt::h5fc9997dfe05f882
[INFO] [stderr]                                  at /rustc/82e1608dfa6e0b5569232559e3d385fea5a93112/library/std/src/io/mod.rs:1762:15
[INFO] [stderr]      7:     0x555a48849e24 - std::sys_common::backtrace::_print::h894006fb5c6f3d45
[INFO] [stderr]                                  at /rustc/82e1608dfa6e0b5569232559e3d385fea5a93112/library/std/src/sys_common/backtrace.rs:47:5
[INFO] [stderr]      8:     0x555a48849e24 - std::sys_common::backtrace::print::h23a2d212c6fff936
[INFO] [stderr]                                  at /rustc/82e1608dfa6e0b5569232559e3d385fea5a93112/library/std/src/sys_common/backtrace.rs:34:9
[INFO] [stderr]      9:     0x555a4884b547 - std::panicking::default_hook::{{closure}}::h8a1d2ee00185001a
[INFO] [stderr]     10:     0x555a4884b2af - std::panicking::default_hook::h6038f2eba384e475
[INFO] [stderr]                                  at /rustc/82e1608dfa6e0b5569232559e3d385fea5a93112/library/std/src/panicking.rs:292:9
[INFO] [stderr]     11:     0x555a4884b9c8 - std::panicking::rust_panic_with_hook::h2b5517d590cab22e
[INFO] [stderr]                                  at /rustc/82e1608dfa6e0b5569232559e3d385fea5a93112/library/std/src/panicking.rs:779:13
[INFO] [stderr]     12:     0x555a4884b8ae - std::panicking::begin_panic_handler::{{closure}}::h233112c06e0ef43e
[INFO] [stderr]                                  at /rustc/82e1608dfa6e0b5569232559e3d385fea5a93112/library/std/src/panicking.rs:657:13
[INFO] [stderr]     13:     0x555a4884a506 - std::sys_common::backtrace::__rust_end_short_backtrace::h6e893f24d7ebbff8
[INFO] [stderr]                                  at /rustc/82e1608dfa6e0b5569232559e3d385fea5a93112/library/std/src/sys_common/backtrace.rs:170:18
[INFO] [stderr]     14:     0x555a4884b612 - rust_begin_unwind
[INFO] [stderr]                                  at /rustc/82e1608dfa6e0b5569232559e3d385fea5a93112/library/std/src/panicking.rs:645:5
[INFO] [stderr]     15:     0x555a487e75d5 - core::panicking::panic_fmt::hbf0e066aabfa482c
[INFO] [stderr]                                  at /rustc/82e1608dfa6e0b5569232559e3d385fea5a93112/library/core/src/panicking.rs:72:14
[INFO] [stderr]     16:     0x555a487f2e91 - cmake::fail::hcf232c573a69ead0
[INFO] [stderr]     17:     0x555a487f2597 - cmake::run::hfda8e864fa593d83
[INFO] [stderr]     18:     0x555a487efa0d - cmake::Config::build::h1a7a6bf7c05f23ff
[INFO] [stderr]     19:     0x555a487e98f5 - build_script_build::main::h4bc64dd9716b0fae
[INFO] [stderr]     20:     0x555a487e80a3 - core::ops::function::FnOnce::call_once::hc2ab26b8cf1696f8
[INFO] [stderr]     21:     0x555a487e7dc6 - std::sys_common::backtrace::__rust_begin_short_backtrace::h105ae5c70cf9ce60
[INFO] [stderr]     22:     0x555a487e7e19 - std::rt::lang_start::{{closure}}::h233771645bdeea9d
[INFO] [stderr]     23:     0x555a48843937 - core::ops::function::impls::<impl core::ops::function::FnOnce<A> for &F>::call_once::hd95060ecd5e1ca24
[INFO] [stderr]                                  at /rustc/82e1608dfa6e0b5569232559e3d385fea5a93112/library/core/src/ops/function.rs:284:13
[INFO] [stderr]     24:     0x555a48843937 - std::panicking::try::do_call::h6e8cf51db32a6e4b
[INFO] [stderr]                                  at /rustc/82e1608dfa6e0b5569232559e3d385fea5a93112/library/std/src/panicking.rs:552:40
[INFO] [stderr]     25:     0x555a48843937 - std::panicking::try::h3a52eefe24fe3c29
[INFO] [stderr]                                  at /rustc/82e1608dfa6e0b5569232559e3d385fea5a93112/library/std/src/panicking.rs:516:19
[INFO] [stderr]     26:     0x555a48843937 - std::panic::catch_unwind::h24c28c23c02c3841
[INFO] [stderr]                                  at /rustc/82e1608dfa6e0b5569232559e3d385fea5a93112/library/std/src/panic.rs:142:14
[INFO] [stderr]     27:     0x555a48843937 - std::rt::lang_start_internal::{{closure}}::h705d3c9cbc06ef47
[INFO] [stderr]                                  at /rustc/82e1608dfa6e0b5569232559e3d385fea5a93112/library/std/src/rt.rs:148:48
[INFO] [stderr]     28:     0x555a48843937 - std::panicking::try::do_call::ha21f52ba13158470
[INFO] [stderr]                                  at /rustc/82e1608dfa6e0b5569232559e3d385fea5a93112/library/std/src/panicking.rs:552:40
[INFO] [stderr]     29:     0x555a48843937 - std::panicking::try::h5581346bf6aeb1f8
[INFO] [stderr]                                  at /rustc/82e1608dfa6e0b5569232559e3d385fea5a93112/library/std/src/panicking.rs:516:19
[INFO] [stderr]     30:     0x555a48843937 - std::panic::catch_unwind::h7919645a6b72e25b
[INFO] [stderr]                                  at /rustc/82e1608dfa6e0b5569232559e3d385fea5a93112/library/std/src/panic.rs:142:14
[INFO] [stderr]     31:     0x555a48843937 - std::rt::lang_start_internal::h12de51168669836e
[INFO] [stderr]                                  at /rustc/82e1608dfa6e0b5569232559e3d385fea5a93112/library/std/src/rt.rs:148:20
[INFO] [stderr]     32:     0x555a487e7df7 - std::rt::lang_start::h34281bd24e5c9ff9
[INFO] [stderr]     33:     0x555a487ea185 - main
[INFO] [stderr]     34:     0x7f332a959d90 - <unknown>
[INFO] [stderr]     35:     0x7f332a959e40 - __libc_start_main
[INFO] [stderr]     36:     0x555a487e7cf5 - _start
[INFO] [stderr]     37:                0x0 - <unknown>
[INFO] running `Command { std: "docker" "inspect" "1fc8d4774dd91db710b7fb232c785380c9bdbbc820593986da7b0284f7df43ff", kill_on_drop: false }`
[INFO] running `Command { std: "docker" "rm" "-f" "1fc8d4774dd91db710b7fb232c785380c9bdbbc820593986da7b0284f7df43ff", kill_on_drop: false }`
[INFO] [stdout] 1fc8d4774dd91db710b7fb232c785380c9bdbbc820593986da7b0284f7df43ff
