[INFO] cloning repository https://github.com/DGeisz/ppr-clip
[INFO] running `Command { std: "git" "-c" "credential.helper=" "-c" "credential.helper=/workspace/cargo-home/bin/git-credential-null" "clone" "--bare" "https://github.com/DGeisz/ppr-clip" "/workspace/cache/git-repos/https%3A%2F%2Fgithub.com%2FDGeisz%2Fppr-clip", kill_on_drop: false }`
[INFO] [stderr] Cloning into bare repository '/workspace/cache/git-repos/https%3A%2F%2Fgithub.com%2FDGeisz%2Fppr-clip'...
[INFO] running `Command { std: "git" "rev-parse" "HEAD", kill_on_drop: false }`
[INFO] [stdout] 1fbe7c655aa3469a9b5ad23876818e631e135c03
[INFO] testing DGeisz/ppr-clip against 1.75.0 for beta-1.76-1
[INFO] running `Command { std: "git" "clone" "/workspace/cache/git-repos/https%3A%2F%2Fgithub.com%2FDGeisz%2Fppr-clip" "/workspace/builds/worker-3-tc1/source", kill_on_drop: false }`
[INFO] [stderr] Cloning into '/workspace/builds/worker-3-tc1/source'...
[INFO] [stderr] done.
[INFO] validating manifest of git repo https://github.com/DGeisz/ppr-clip on toolchain 1.75.0
[INFO] running `Command { std: CARGO_HOME="/workspace/cargo-home" RUSTUP_HOME="/workspace/rustup-home" "/workspace/cargo-home/bin/cargo" "+1.75.0" "metadata" "--manifest-path" "Cargo.toml" "--no-deps", kill_on_drop: false }`
[INFO] started tweaking git repo https://github.com/DGeisz/ppr-clip
[INFO] finished tweaking git repo https://github.com/DGeisz/ppr-clip
[INFO] tweaked toml for git repo https://github.com/DGeisz/ppr-clip written to /workspace/builds/worker-3-tc1/source/Cargo.toml
[INFO] crate git repo https://github.com/DGeisz/ppr-clip already has a lockfile, it will not be regenerated
[INFO] running `Command { std: CARGO_HOME="/workspace/cargo-home" RUSTUP_HOME="/workspace/rustup-home" "/workspace/cargo-home/bin/cargo" "+1.75.0" "fetch" "--manifest-path" "Cargo.toml", kill_on_drop: false }`
[INFO] [stderr]  Downloading crates ...
[INFO] [stderr]   Downloaded solana-sdk-macro v1.8.6
[INFO] [stderr]   Downloaded anchor-attribute-account v0.18.2
[INFO] [stderr]   Downloaded anchor-derive-accounts v0.18.2
[INFO] [stderr]   Downloaded solana-frozen-abi v1.8.6
[INFO] [stderr]   Downloaded anchor-lang v0.18.2
[INFO] [stderr]   Downloaded anchor-attribute-interface v0.18.2
[INFO] [stderr]   Downloaded borsh v0.9.1
[INFO] [stderr]   Downloaded solana-logger v1.8.6
[INFO] [stderr]   Downloaded anchor-attribute-state v0.18.2
[INFO] [stderr]   Downloaded anchor-attribute-access-control v0.18.2
[INFO] [stderr]   Downloaded borsh-derive-internal v0.9.1
[INFO] [stderr]   Downloaded solana-frozen-abi-macro v1.8.6
[INFO] [stderr]   Downloaded anchor-attribute-program v0.18.2
[INFO] [stderr]   Downloaded borsh-derive v0.9.1
[INFO] [stderr]   Downloaded anchor-attribute-event v0.18.2
[INFO] [stderr]   Downloaded anchor-attribute-error v0.18.2
[INFO] [stderr]   Downloaded borsh-schema-derive-internal v0.9.1
[INFO] [stderr]   Downloaded anyhow v1.0.51
[INFO] [stderr]   Downloaded solana-program v1.8.6
[INFO] [stderr]   Downloaded ryu v1.0.6
[INFO] [stderr]   Downloaded anchor-syn v0.18.2
[INFO] running `Command { std: "docker" "create" "-v" "/var/lib/crater-agent-workspace/builds/worker-3-tc1/target:/opt/rustwide/target:rw,Z" "-v" "/var/lib/crater-agent-workspace/builds/worker-3-tc1/source:/opt/rustwide/workdir:ro,Z" "-v" "/var/lib/crater-agent-workspace/cargo-home:/opt/rustwide/cargo-home:ro,Z" "-v" "/var/lib/crater-agent-workspace/rustup-home:/opt/rustwide/rustup-home:ro,Z" "-e" "SOURCE_DIR=/opt/rustwide/workdir" "-e" "CARGO_TARGET_DIR=/opt/rustwide/target" "-e" "CARGO_HOME=/opt/rustwide/cargo-home" "-e" "RUSTUP_HOME=/opt/rustwide/rustup-home" "-w" "/opt/rustwide/workdir" "-m" "1610612736" "--user" "0:0" "--network" "none" "ghcr.io/rust-lang/crates-build-env/linux@sha256:2788e3201cd34a07e3172128adcd8b3090168a8e3bcc40d7c032b9dda1df7d1c" "/opt/rustwide/cargo-home/bin/cargo" "+1.75.0" "metadata" "--no-deps" "--format-version=1", kill_on_drop: false }`
[INFO] [stdout] c5b652fdc02edc505786568684d640bf6c3ee59002053cd1b5dd16e183819fd0
[INFO] running `Command { std: "docker" "start" "-a" "c5b652fdc02edc505786568684d640bf6c3ee59002053cd1b5dd16e183819fd0", kill_on_drop: false }`
[INFO] running `Command { std: "docker" "inspect" "c5b652fdc02edc505786568684d640bf6c3ee59002053cd1b5dd16e183819fd0", kill_on_drop: false }`
[INFO] running `Command { std: "docker" "rm" "-f" "c5b652fdc02edc505786568684d640bf6c3ee59002053cd1b5dd16e183819fd0", kill_on_drop: false }`
[INFO] [stdout] c5b652fdc02edc505786568684d640bf6c3ee59002053cd1b5dd16e183819fd0
[INFO] running `Command { std: "docker" "create" "-v" "/var/lib/crater-agent-workspace/builds/worker-3-tc1/target:/opt/rustwide/target:rw,Z" "-v" "/var/lib/crater-agent-workspace/builds/worker-3-tc1/source:/opt/rustwide/workdir:ro,Z" "-v" "/var/lib/crater-agent-workspace/cargo-home:/opt/rustwide/cargo-home:ro,Z" "-v" "/var/lib/crater-agent-workspace/rustup-home:/opt/rustwide/rustup-home:ro,Z" "-e" "SOURCE_DIR=/opt/rustwide/workdir" "-e" "CARGO_TARGET_DIR=/opt/rustwide/target" "-e" "CARGO_INCREMENTAL=0" "-e" "RUST_BACKTRACE=full" "-e" "RUSTFLAGS=--cap-lints=warn" "-e" "RUSTDOCFLAGS=--cap-lints=warn" "-e" "CARGO_HOME=/opt/rustwide/cargo-home" "-e" "RUSTUP_HOME=/opt/rustwide/rustup-home" "-w" "/opt/rustwide/workdir" "-m" "1610612736" "--user" "0:0" "--network" "none" "ghcr.io/rust-lang/crates-build-env/linux@sha256:2788e3201cd34a07e3172128adcd8b3090168a8e3bcc40d7c032b9dda1df7d1c" "/opt/rustwide/cargo-home/bin/cargo" "+1.75.0" "build" "--frozen" "--message-format=json", kill_on_drop: false }`
[INFO] [stdout] 14cb7b06176f9aaa104606515a87c908ba748f24813fc36f4d5f5492b39e6c21
[INFO] running `Command { std: "docker" "start" "-a" "14cb7b06176f9aaa104606515a87c908ba748f24813fc36f4d5f5492b39e6c21", kill_on_drop: false }`
[INFO] [stderr]    Compiling proc-macro2 v1.0.33
[INFO] [stderr]    Compiling unicode-xid v0.2.2
[INFO] [stderr]    Compiling syn v1.0.82
[INFO] [stderr]    Compiling serde_derive v1.0.130
[INFO] [stderr]    Compiling serde v1.0.130
[INFO] [stderr]    Compiling version_check v0.9.3
[INFO] [stderr]    Compiling typenum v1.14.0
[INFO] [stderr]    Compiling cfg-if v1.0.0
[INFO] [stderr]    Compiling block-padding v0.2.1
[INFO] [stderr]    Compiling opaque-debug v0.3.0
[INFO] [stderr]    Compiling libc v0.2.109
[INFO] [stderr]    Compiling cpufeatures v0.2.1
[INFO] [stderr]    Compiling subtle v2.4.1
[INFO] [stderr]    Compiling generic-array v0.14.4
[INFO] [stderr]    Compiling ryu v1.0.6
[INFO] [stderr]    Compiling bs58 v0.3.1
[INFO] [stderr]    Compiling proc-macro2-diagnostics v0.9.1
[INFO] [stderr]    Compiling semver-parser v0.7.0
[INFO] [stderr]    Compiling serde_json v1.0.72
[INFO] [stderr]    Compiling anyhow v1.0.51
[INFO] [stderr]    Compiling semver v0.9.0
[INFO] [stderr]    Compiling yansi v0.5.0
[INFO] [stderr]    Compiling quote v1.0.10
[INFO] [stderr]    Compiling itoa v0.4.8
[INFO] [stderr]    Compiling unicode-segmentation v1.8.0
[INFO] [stderr]    Compiling rustc_version v0.2.3
[INFO] [stderr]    Compiling memchr v2.4.1
[INFO] [stderr]    Compiling crunchy v0.2.2
[INFO] [stderr]    Compiling getrandom v0.1.16
[INFO] [stderr]    Compiling heck v0.3.3
[INFO] [stderr]    Compiling regex-syntax v0.6.25
[INFO] [stderr]    Compiling log v0.4.14
[INFO] [stderr]    Compiling rand_core v0.5.1
[INFO] [stderr]    Compiling rustversion v1.0.5
[INFO] [stderr]    Compiling feature-probe v0.1.1
[INFO] [stderr]    Compiling atty v0.2.14
[INFO] [stderr]    Compiling aho-corasick v0.7.18
[INFO] [stderr]    Compiling bv v0.11.1
[INFO] [stderr]    Compiling solana-frozen-abi-macro v1.8.6
[INFO] [stderr]    Compiling autocfg v1.0.1
[INFO] [stderr]    Compiling humantime v2.1.0
[INFO] [stderr]    Compiling termcolor v1.1.2
[INFO] [stderr]    Compiling ppv-lite86 v0.2.15
[INFO] [stderr]    Compiling cc v1.0.72
[INFO] [stderr]    Compiling num-traits v0.2.14
[INFO] [stderr]    Compiling rand_chacha v0.2.2
[INFO] [stderr]    Compiling generic-array v0.12.4
[INFO] [stderr]    Compiling solana-frozen-abi v1.8.6
[INFO] [stderr]    Compiling arrayref v0.3.6
[INFO] [stderr]    Compiling ahash v0.4.7
[INFO] [stderr]    Compiling lazy_static v1.4.0
[INFO] [stderr]    Compiling hashbrown v0.9.1
[INFO] [stderr]    Compiling rand v0.7.3
[INFO] [stderr]    Compiling digest v0.8.1
[INFO] [stderr]    Compiling blake3 v0.3.8
[INFO] [stderr]    Compiling memmap2 v0.1.0
[INFO] [stderr]    Compiling solana-program v1.8.6
[INFO] [stderr]    Compiling keccak v0.1.0
[INFO] [stderr]    Compiling either v1.6.1
[INFO] [stderr]    Compiling arrayvec v0.5.2
[INFO] [stderr]    Compiling regex v1.5.4
[INFO] [stderr]    Compiling byteorder v1.4.3
[INFO] [stderr]    Compiling base64 v0.12.3
[INFO] [stderr]    Compiling zeroize v1.4.3
[INFO] [stderr]    Compiling constant_time_eq v0.1.5
[INFO] [stderr]    Compiling cfg-if v0.1.10
[INFO] [stderr]    Compiling curve25519-dalek v2.1.3
[INFO] [stderr]    Compiling itertools v0.9.0
[INFO] [stderr]    Compiling hex v0.4.3
[INFO] [stderr]    Compiling base64 v0.13.0
[INFO] [stderr]    Compiling bs58 v0.4.0
[INFO] [stderr]    Compiling env_logger v0.8.4
[INFO] [stderr]    Compiling solana-logger v1.8.6
[INFO] [stderr]    Compiling borsh-schema-derive-internal v0.9.1
[INFO] [stderr]    Compiling borsh-derive-internal v0.9.1
[INFO] [stderr]    Compiling thiserror-impl v1.0.30
[INFO] [stderr]    Compiling bytemuck_derive v1.0.1
[INFO] [stderr]    Compiling num-derive v0.3.3
[INFO] [stderr]    Compiling solana-sdk-macro v1.8.6
[INFO] [stderr]    Compiling bytemuck v1.7.2
[INFO] [stderr]    Compiling thiserror v1.0.30
[INFO] [stderr]    Compiling toml v0.5.8
[INFO] [stderr]    Compiling serde_bytes v0.11.5
[INFO] [stderr]    Compiling bincode v1.3.3
[INFO] [stderr]    Compiling digest v0.9.0
[INFO] [stderr]    Compiling block-buffer v0.9.0
[INFO] [stderr]    Compiling crypto-mac v0.8.0
[INFO] [stderr]    Compiling libsecp256k1-core v0.2.2
[INFO] [stderr]    Compiling hmac v0.8.1
[INFO] [stderr]    Compiling sha2 v0.9.8
[INFO] [stderr]    Compiling hmac-drbg v0.3.0
[INFO] [stderr]    Compiling sha3 v0.9.1
[INFO] [stderr]    Compiling anchor-syn v0.18.2
[INFO] [stderr]    Compiling proc-macro-crate v0.1.5
[INFO] [stderr]    Compiling libsecp256k1-gen-ecmult v0.2.1
[INFO] [stderr]    Compiling libsecp256k1-gen-genmult v0.2.1
[INFO] [stderr]    Compiling borsh-derive v0.9.1
[INFO] [stderr]    Compiling libsecp256k1 v0.5.0
[INFO] [stderr]    Compiling borsh v0.9.1
[INFO] [stderr]    Compiling anchor-attribute-error v0.18.2
[INFO] [stderr]    Compiling anchor-attribute-interface v0.18.2
[INFO] [stderr]    Compiling anchor-attribute-state v0.18.2
[INFO] [stderr]    Compiling anchor-attribute-event v0.18.2
[INFO] [stderr]    Compiling anchor-attribute-account v0.18.2
[INFO] [stderr]    Compiling anchor-attribute-access-control v0.18.2
[INFO] [stderr]    Compiling anchor-derive-accounts v0.18.2
[INFO] [stderr]    Compiling anchor-attribute-program v0.18.2
[INFO] [stderr]    Compiling anchor-lang v0.18.2
[INFO] [stderr]    Compiling ppr-clip v0.1.0 (/opt/rustwide/workdir/programs/ppr-clip)
[INFO] [stdout] error[E0425]: cannot find value `CHAIN_RENT` in this scope
[INFO] [stdout]   --> programs/ppr-clip/src/lib.rs:35:43
[INFO] [stdout]    |
[INFO] [stdout] 35 |         if user.lamports() < (MINT_COST + CHAIN_RENT as u64) {
[INFO] [stdout]    |                                           ^^^^^^^^^^ not found in this scope
[INFO] [stdout] 
[INFO] [stdout] 
[INFO] [stdout] error[E0425]: cannot find value `receiving_account` in this scope
[INFO] [stdout]   --> programs/ppr-clip/src/lib.rs:54:11
[INFO] [stdout]    |
[INFO] [stdout] 54 |         **receiving_account.try_borrow_mut_lamports()? = receiving_account
[INFO] [stdout]    |           ^^^^^^^^^^^^^^^^^ not found in this scope
[INFO] [stdout] 
[INFO] [stdout] 
[INFO] [stdout] error[E0425]: cannot find value `receiving_account` in this scope
[INFO] [stdout]   --> programs/ppr-clip/src/lib.rs:54:58
[INFO] [stdout]    |
[INFO] [stdout] 54 |         **receiving_account.try_borrow_mut_lamports()? = receiving_account
[INFO] [stdout]    |                                                          ^^^^^^^^^^^^^^^^^ not found in this scope
[INFO] [stdout] 
[INFO] [stdout] 
[INFO] [stdout] error[E0425]: cannot find value `cur_balance` in this scope
[INFO] [stdout]   --> programs/ppr-clip/src/lib.rs:56:26
[INFO] [stdout]    |
[INFO] [stdout] 56 |             .checked_add(cur_balance)
[INFO] [stdout]    |                          ^^^^^^^^^^^ not found in this scope
[INFO] [stdout] 
[INFO] [stdout] 
[INFO] [stdout] error[E0425]: cannot find value `target_account` in this scope
[INFO] [stdout]   --> programs/ppr-clip/src/lib.rs:58:11
[INFO] [stdout]    |
[INFO] [stdout] 58 |         **target_account.try_borrow_mut_lamports()? = target_account
[INFO] [stdout]    |           ^^^^^^^^^^^^^^ not found in this scope
[INFO] [stdout] 
[INFO] [stdout] 
[INFO] [stdout] error[E0425]: cannot find value `target_account` in this scope
[INFO] [stdout]   --> programs/ppr-clip/src/lib.rs:58:55
[INFO] [stdout]    |
[INFO] [stdout] 58 |         **target_account.try_borrow_mut_lamports()? = target_account
[INFO] [stdout]    |                                                       ^^^^^^^^^^^^^^ not found in this scope
[INFO] [stdout] 
[INFO] [stdout] 
[INFO] [stdout] error[E0425]: cannot find value `cur_balance` in this scope
[INFO] [stdout]   --> programs/ppr-clip/src/lib.rs:60:26
[INFO] [stdout]    |
[INFO] [stdout] 60 |             .checked_sub(cur_balance)
[INFO] [stdout]    |                          ^^^^^^^^^^^ not found in this scope
[INFO] [stdout] 
[INFO] [stdout] 
[INFO] [stdout] error: aborting due to 7 previous errors
[INFO] [stdout] 
[INFO] [stdout] 
[INFO] [stdout] For more information about this error, try `rustc --explain E0425`.
[INFO] [stdout] 
[INFO] [stderr] error: could not compile `ppr-clip` (lib) due to 8 previous errors
[INFO] running `Command { std: "docker" "inspect" "14cb7b06176f9aaa104606515a87c908ba748f24813fc36f4d5f5492b39e6c21", kill_on_drop: false }`
[INFO] running `Command { std: "docker" "rm" "-f" "14cb7b06176f9aaa104606515a87c908ba748f24813fc36f4d5f5492b39e6c21", kill_on_drop: false }`
[INFO] [stdout] 14cb7b06176f9aaa104606515a87c908ba748f24813fc36f4d5f5492b39e6c21
