[INFO] cloning repository https://github.com/Czappi/libpujil-fork
[INFO] running `Command { std: "git" "-c" "credential.helper=" "-c" "credential.helper=/workspace/cargo-home/bin/git-credential-null" "clone" "--bare" "https://github.com/Czappi/libpujil-fork" "/workspace/cache/git-repos/https%3A%2F%2Fgithub.com%2FCzappi%2Flibpujil-fork", kill_on_drop: false }`
[INFO] [stderr] Cloning into bare repository '/workspace/cache/git-repos/https%3A%2F%2Fgithub.com%2FCzappi%2Flibpujil-fork'...
[INFO] running `Command { std: "git" "rev-parse" "HEAD", kill_on_drop: false }`
[INFO] [stdout] 205f76e4a6f0acae46f8793e656ad0ba605590d5
[INFO] testing Czappi/libpujil-fork against 1.75.0 for beta-1.76-1
[INFO] running `Command { std: "git" "clone" "/workspace/cache/git-repos/https%3A%2F%2Fgithub.com%2FCzappi%2Flibpujil-fork" "/workspace/builds/worker-0-tc1/source", kill_on_drop: false }`
[INFO] [stderr] Cloning into '/workspace/builds/worker-0-tc1/source'...
[INFO] [stderr] done.
[INFO] validating manifest of git repo https://github.com/Czappi/libpujil-fork on toolchain 1.75.0
[INFO] running `Command { std: CARGO_HOME="/workspace/cargo-home" RUSTUP_HOME="/workspace/rustup-home" "/workspace/cargo-home/bin/cargo" "+1.75.0" "metadata" "--manifest-path" "Cargo.toml" "--no-deps", kill_on_drop: false }`
[INFO] started tweaking git repo https://github.com/Czappi/libpujil-fork
[INFO] finished tweaking git repo https://github.com/Czappi/libpujil-fork
[INFO] tweaked toml for git repo https://github.com/Czappi/libpujil-fork written to /workspace/builds/worker-0-tc1/source/Cargo.toml
[INFO] crate git repo https://github.com/Czappi/libpujil-fork already has a lockfile, it will not be regenerated
[INFO] running `Command { std: CARGO_HOME="/workspace/cargo-home" RUSTUP_HOME="/workspace/rustup-home" "/workspace/cargo-home/bin/cargo" "+1.75.0" "fetch" "--manifest-path" "Cargo.toml", kill_on_drop: false }`
[INFO] [stderr]     Updating crates.io index
[INFO] [stderr]  Downloading crates ...
[INFO] [stderr]   Downloaded diffs v0.4.1
[INFO] [stderr]   Downloaded zstd-seekable v0.1.7
[INFO] [stderr]   Downloaded detone v1.0.0
[INFO] [stderr]   Downloaded serde_bytes v0.11.8
[INFO] [stderr]   Downloaded lmdb-rs v0.7.6
[INFO] running `Command { std: "docker" "create" "-v" "/var/lib/crater-agent-workspace/builds/worker-0-tc1/target:/opt/rustwide/target:rw,Z" "-v" "/var/lib/crater-agent-workspace/builds/worker-0-tc1/source:/opt/rustwide/workdir:ro,Z" "-v" "/var/lib/crater-agent-workspace/cargo-home:/opt/rustwide/cargo-home:ro,Z" "-v" "/var/lib/crater-agent-workspace/rustup-home:/opt/rustwide/rustup-home:ro,Z" "-e" "SOURCE_DIR=/opt/rustwide/workdir" "-e" "CARGO_TARGET_DIR=/opt/rustwide/target" "-e" "CARGO_HOME=/opt/rustwide/cargo-home" "-e" "RUSTUP_HOME=/opt/rustwide/rustup-home" "-w" "/opt/rustwide/workdir" "-m" "1610612736" "--user" "0:0" "--network" "none" "ghcr.io/rust-lang/crates-build-env/linux@sha256:2788e3201cd34a07e3172128adcd8b3090168a8e3bcc40d7c032b9dda1df7d1c" "/opt/rustwide/cargo-home/bin/cargo" "+1.75.0" "metadata" "--no-deps" "--format-version=1", kill_on_drop: false }`
[INFO] [stdout] 060f0d663025082c21aa4d6d733c9ef3bdbed27498bfbd12555929d30962ca59
[INFO] running `Command { std: "docker" "start" "-a" "060f0d663025082c21aa4d6d733c9ef3bdbed27498bfbd12555929d30962ca59", kill_on_drop: false }`
[INFO] running `Command { std: "docker" "inspect" "060f0d663025082c21aa4d6d733c9ef3bdbed27498bfbd12555929d30962ca59", kill_on_drop: false }`
[INFO] running `Command { std: "docker" "rm" "-f" "060f0d663025082c21aa4d6d733c9ef3bdbed27498bfbd12555929d30962ca59", kill_on_drop: false }`
[INFO] [stdout] 060f0d663025082c21aa4d6d733c9ef3bdbed27498bfbd12555929d30962ca59
[INFO] running `Command { std: "docker" "create" "-v" "/var/lib/crater-agent-workspace/builds/worker-0-tc1/target:/opt/rustwide/target:rw,Z" "-v" "/var/lib/crater-agent-workspace/builds/worker-0-tc1/source:/opt/rustwide/workdir:ro,Z" "-v" "/var/lib/crater-agent-workspace/cargo-home:/opt/rustwide/cargo-home:ro,Z" "-v" "/var/lib/crater-agent-workspace/rustup-home:/opt/rustwide/rustup-home:ro,Z" "-e" "SOURCE_DIR=/opt/rustwide/workdir" "-e" "CARGO_TARGET_DIR=/opt/rustwide/target" "-e" "CARGO_INCREMENTAL=0" "-e" "RUST_BACKTRACE=full" "-e" "RUSTFLAGS=--cap-lints=warn" "-e" "RUSTDOCFLAGS=--cap-lints=warn" "-e" "CARGO_HOME=/opt/rustwide/cargo-home" "-e" "RUSTUP_HOME=/opt/rustwide/rustup-home" "-w" "/opt/rustwide/workdir" "-m" "1610612736" "--user" "0:0" "--network" "none" "ghcr.io/rust-lang/crates-build-env/linux@sha256:2788e3201cd34a07e3172128adcd8b3090168a8e3bcc40d7c032b9dda1df7d1c" "/opt/rustwide/cargo-home/bin/cargo" "+1.75.0" "build" "--frozen" "--message-format=json", kill_on_drop: false }`
[INFO] [stdout] 1303e0025b9657399d40d65c227d6acbb301b96ce3bd99f7b2a37a636f2b1126
[INFO] running `Command { std: "docker" "start" "-a" "1303e0025b9657399d40d65c227d6acbb301b96ce3bd99f7b2a37a636f2b1126", kill_on_drop: false }`
[INFO] [stderr]    Compiling proc-macro2 v1.0.49
[INFO] [stderr]    Compiling libc v0.2.139
[INFO] [stderr]    Compiling quote v1.0.23
[INFO] [stderr]    Compiling unicode-ident v1.0.6
[INFO] [stderr]    Compiling syn v1.0.107
[INFO] [stderr]    Compiling serde_derive v1.0.152
[INFO] [stderr]    Compiling serde v1.0.152
[INFO] [stderr]    Compiling subtle v2.4.1
[INFO] [stderr]    Compiling getrandom v0.1.16
[INFO] [stderr]    Compiling cc v1.0.78
[INFO] [stderr]    Compiling crc32fast v1.3.2
[INFO] [stderr]    Compiling crossbeam-utils v0.8.14
[INFO] [stderr]    Compiling unicode-xid v0.2.4
[INFO] [stderr]    Compiling generic-array v0.14.6
[INFO] [stderr]    Compiling aho-corasick v0.7.20
[INFO] [stderr]    Compiling memoffset v0.7.1
[INFO] [stderr]    Compiling thiserror v1.0.38
[INFO] [stderr]    Compiling regex-syntax v0.6.28
[INFO] [stderr]    Compiling parking_lot_core v0.8.6
[INFO] [stderr]    Compiling crossbeam-epoch v0.9.13
[INFO] [stderr]    Compiling instant v0.1.12
[INFO] [stderr]    Compiling pkg-config v0.3.26
[INFO] [stderr]    Compiling cpufeatures v0.2.5
[INFO] [stderr]    Compiling opaque-debug v0.3.0
[INFO] [stderr]    Compiling bstr v0.2.17
[INFO] [stderr]    Compiling tokio v1.23.0
[INFO] [stderr]    Compiling same-file v1.0.6
[INFO] [stderr]    Compiling byteorder v1.4.3
[INFO] [stderr]    Compiling encoding_rs v0.8.31
[INFO] [stderr]    Compiling sanakirja-core v1.2.16 (/opt/rustwide/workdir/sanakirja-core)
[INFO] [stderr]    Compiling signature v1.6.4
[INFO] [stderr]    Compiling once_cell v1.16.0
[INFO] [stderr]    Compiling serde_json v1.0.91
[INFO] [stderr]    Compiling digest v0.9.0
[INFO] [stderr]    Compiling block-buffer v0.9.0
[INFO] [stderr]    Compiling crypto-common v0.1.6
[INFO] [stderr]    Compiling block-buffer v0.10.3
[INFO] [stderr]    Compiling crypto-mac v0.11.1
[INFO] [stderr]    Compiling cipher v0.3.0
[INFO] [stderr]    Compiling async-trait v0.1.60
[INFO] [stderr]    Compiling digest v0.10.6
[INFO] [stderr]    Compiling sha2 v0.9.9
[INFO] [stderr]    Compiling ctr v0.8.0
[INFO] [stderr]    Compiling thread_local v1.1.4
[INFO] [stderr]    Compiling walkdir v2.3.2
[INFO] [stderr]    Compiling ryu v1.0.12
[INFO] [stderr]    Compiling fastrand v1.8.0
[INFO] [stderr]    Compiling constant_time_eq v0.2.4
[INFO] [stderr]    Compiling linked-hash-map v0.5.6
[INFO] [stderr]    Compiling remove_dir_all v0.5.3
[INFO] [stderr]    Compiling getrandom v0.2.8
[INFO] [stderr]    Compiling num_cpus v1.15.0
[INFO] [stderr]    Compiling fs2 v0.4.3
[INFO] [stderr]    Compiling time v0.1.45
[INFO] [stderr]    Compiling rand_core v0.5.1
[INFO] [stderr]    Compiling memmap v0.7.0
[INFO] [stderr]    Compiling arrayref v0.3.6
[INFO] [stderr]    Compiling rand_core v0.6.4
[INFO] [stderr]    Compiling static_assertions v1.1.0
[INFO] [stderr]    Compiling bytes v1.3.0
[INFO] [stderr]    Compiling itoa v1.0.5
[INFO] [stderr]    Compiling threadpool v1.8.1
[INFO] [stderr]    Compiling blake3 v1.3.3
[INFO] [stderr]    Compiling rand_chacha v0.2.2
[INFO] [stderr]    Compiling zstd-seekable v0.1.7
[INFO] [stderr]    Compiling parking_lot v0.11.2
[INFO] [stderr]    Compiling rand_chacha v0.3.1
[INFO] [stderr]    Compiling minimal-lexical v0.2.1
[INFO] [stderr]    Compiling arrayvec v0.7.2
[INFO] [stderr]    Compiling rand v0.7.3
[INFO] [stderr]    Compiling iana-time-zone v0.1.53
[INFO] [stderr]    Compiling rand v0.8.5
[INFO] [stderr]    Compiling lru-cache v0.1.2
[INFO] [stderr]    Compiling tempfile v3.3.0
[INFO] [stderr]    Compiling nom v7.1.1
[INFO] [stderr]    Compiling crossbeam-deque v0.8.2
[INFO] [stderr]    Compiling aes v0.7.5
[INFO] [stderr]    Compiling regex v1.7.0
[INFO] [stderr]    Compiling hmac v0.11.0
[INFO] [stderr]    Compiling pbkdf2 v0.9.0
[INFO] [stderr]    Compiling data-encoding v2.3.3
[INFO] [stderr]    Compiling adler32 v1.2.0
[INFO] [stderr]    Compiling path-slash v0.1.5
[INFO] [stderr]    Compiling canonical-path v2.0.2
[INFO] [stderr]    Compiling bs58 v0.4.0
[INFO] [stderr]    Compiling diffs v0.4.1
[INFO] [stderr]    Compiling twox-hash v1.6.3
[INFO] [stderr]    Compiling globset v0.4.9
[INFO] [stderr]    Compiling ignore v0.4.18
[INFO] [stderr]    Compiling synstructure v0.12.6
[INFO] [stderr]    Compiling thiserror-impl v1.0.38
[INFO] [stderr]    Compiling zeroize_derive v1.3.3
[INFO] [stderr]    Compiling pijul-macros v0.5.0 (/opt/rustwide/workdir/pijul-macros)
[INFO] [stderr]    Compiling zeroize v1.3.0
[INFO] [stderr]    Compiling sanakirja-core-async v0.0.1 (/opt/rustwide/workdir/sanakirja-core-async)
[INFO] [stderr]    Compiling sanakirja v1.2.16 (/opt/rustwide/workdir/sanakirja)
[INFO] [stderr]    Compiling ed25519 v1.5.2
[INFO] [stderr]    Compiling curve25519-dalek v3.2.1
[INFO] [stderr]    Compiling serde_bytes v0.11.8
[INFO] [stderr]    Compiling chrono v0.4.23
[INFO] [stderr]    Compiling bincode v1.3.3
[INFO] [stderr]    Compiling toml v0.5.10
[INFO] [stderr]    Compiling ed25519-dalek v1.0.1
[INFO] [stderr]    Compiling libpijul v1.0.0-beta.3 (/opt/rustwide/workdir/libpijul)
[INFO] [stderr]     Finished dev [unoptimized + debuginfo] target(s) in 28.39s
[INFO] running `Command { std: "docker" "inspect" "1303e0025b9657399d40d65c227d6acbb301b96ce3bd99f7b2a37a636f2b1126", kill_on_drop: false }`
[INFO] running `Command { std: "docker" "rm" "-f" "1303e0025b9657399d40d65c227d6acbb301b96ce3bd99f7b2a37a636f2b1126", kill_on_drop: false }`
[INFO] [stdout] 1303e0025b9657399d40d65c227d6acbb301b96ce3bd99f7b2a37a636f2b1126
[INFO] running `Command { std: "docker" "create" "-v" "/var/lib/crater-agent-workspace/builds/worker-0-tc1/target:/opt/rustwide/target:rw,Z" "-v" "/var/lib/crater-agent-workspace/builds/worker-0-tc1/source:/opt/rustwide/workdir:ro,Z" "-v" "/var/lib/crater-agent-workspace/cargo-home:/opt/rustwide/cargo-home:ro,Z" "-v" "/var/lib/crater-agent-workspace/rustup-home:/opt/rustwide/rustup-home:ro,Z" "-e" "SOURCE_DIR=/opt/rustwide/workdir" "-e" "CARGO_TARGET_DIR=/opt/rustwide/target" "-e" "CARGO_INCREMENTAL=0" "-e" "RUST_BACKTRACE=full" "-e" "RUSTFLAGS=--cap-lints=warn" "-e" "RUSTDOCFLAGS=--cap-lints=warn" "-e" "CARGO_HOME=/opt/rustwide/cargo-home" "-e" "RUSTUP_HOME=/opt/rustwide/rustup-home" "-w" "/opt/rustwide/workdir" "-m" "1610612736" "--user" "0:0" "--network" "none" "ghcr.io/rust-lang/crates-build-env/linux@sha256:2788e3201cd34a07e3172128adcd8b3090168a8e3bcc40d7c032b9dda1df7d1c" "/opt/rustwide/cargo-home/bin/cargo" "+1.75.0" "test" "--frozen" "--no-run" "--message-format=json", kill_on_drop: false }`
[INFO] [stdout] e15634dc58f63c35ddcef6dc7d917d3cf29a25aa4109af22fe82f29ec41ec45a
[INFO] running `Command { std: "docker" "start" "-a" "e15634dc58f63c35ddcef6dc7d917d3cf29a25aa4109af22fe82f29ec41ec45a", kill_on_drop: false }`
[INFO] [stderr]    Compiling atty v0.2.14
[INFO] [stderr]    Compiling humantime v2.1.0
[INFO] [stderr]    Compiling termcolor v1.1.3
[INFO] [stderr]    Compiling gcc v0.3.55
[INFO] [stderr]    Compiling pijul-macros v0.5.0 (/opt/rustwide/workdir/pijul-macros)
[INFO] [stderr]    Compiling anyhow v1.0.68
[INFO] [stderr]    Compiling fxhash v0.2.1
[INFO] [stderr]    Compiling log v0.3.9
[INFO] [stderr]    Compiling bitflags v0.7.0
[INFO] [stderr]    Compiling quickcheck_macros v1.0.0
[INFO] [stderr]    Compiling uuid v0.8.2
[INFO] [stderr]    Compiling detone v1.0.0
[INFO] [stderr]    Compiling sanakirja-core-async v0.0.1 (/opt/rustwide/workdir/sanakirja-core-async)
[INFO] [stderr]    Compiling sanakirja-core v1.2.16 (/opt/rustwide/workdir/sanakirja-core)
[INFO] [stderr]    Compiling sled v0.34.7
[INFO] [stderr]    Compiling env_logger v0.8.4
[INFO] [stderr]    Compiling quickcheck v1.0.3
[INFO] [stderr]    Compiling liblmdb-sys v0.2.2
[INFO] [stderr]    Compiling libpijul v1.0.0-beta.3 (/opt/rustwide/workdir/libpijul)
[INFO] [stdout] error: expected one of `{`, lifetime, or type, found `>>`
[INFO] [stdout]   --> libpijul/src/tests/mod.rs:99:1
[INFO] [stdout]    |
[INFO] [stdout] 98 | where
[INFO] [stdout]    |      - expected one of `{`, lifetime, or type
[INFO] [stdout] 99 | >>>>>>> 0 [SHSJ3Y53]
[INFO] [stdout]    | ^^ unexpected token
[INFO] [stdout] 
[INFO] [stdout] 
[INFO] [stdout] warning: unused `#[macro_use]` import
[INFO] [stdout]   --> libpijul/src/lib.rs:14:1
[INFO] [stdout]    |
[INFO] [stdout] 14 | #[macro_use]
[INFO] [stdout]    | ^^^^^^^^^^^^
[INFO] [stdout]    |
[INFO] [stdout]    = note: `#[warn(unused_imports)]` on by default
[INFO] [stdout] 
[INFO] [stdout] 
[INFO] [stderr]    Compiling lmdb-rs v0.7.6
[INFO] [stderr]    Compiling sanakirja v1.2.16 (/opt/rustwide/workdir/sanakirja)
[INFO] [stdout] error[E0425]: cannot find function `add_refs` in this scope
[INFO] [stdout]   --> sanakirja/src/tests.rs:43:5
[INFO] [stdout]    |
[INFO] [stdout] 43 |     add_refs(&txn, &db, &mut refs).unwrap();
[INFO] [stdout]    |     ^^^^^^^^ not found in this scope
[INFO] [stdout] 
[INFO] [stdout] 
[INFO] [stdout] error[E0425]: cannot find function `add_refs` in this scope
[INFO] [stdout]    --> sanakirja/src/tests.rs:127:13
[INFO] [stdout]     |
[INFO] [stdout] 127 |             add_refs(&txn, &db, &mut refs).unwrap();
[INFO] [stdout]     |             ^^^^^^^^ not found in this scope
[INFO] [stdout] 
[INFO] [stdout] 
[INFO] [stdout] error[E0425]: cannot find function `add_refs` in this scope
[INFO] [stdout]    --> sanakirja/src/tests.rs:129:17
[INFO] [stdout]     |
[INFO] [stdout] 129 |                 add_refs(&txn, db, &mut refs).unwrap();
[INFO] [stdout]     |                 ^^^^^^^^ not found in this scope
[INFO] [stdout] 
[INFO] [stdout] 
[INFO] [stdout] error[E0425]: cannot find function `add_refs` in this scope
[INFO] [stdout]    --> sanakirja/src/tests.rs:217:13
[INFO] [stdout]     |
[INFO] [stdout] 217 |             add_refs(&txn, &db, &mut refs).unwrap();
[INFO] [stdout]     |             ^^^^^^^^ not found in this scope
[INFO] [stdout] 
[INFO] [stdout] 
[INFO] [stdout] error[E0425]: cannot find function `add_refs` in this scope
[INFO] [stdout]    --> sanakirja/src/tests.rs:298:13
[INFO] [stdout]     |
[INFO] [stdout] 298 |             add_refs(&txn, &db, &mut refs).unwrap();
[INFO] [stdout]     |             ^^^^^^^^ not found in this scope
[INFO] [stdout] 
[INFO] [stdout] 
[INFO] [stdout] error[E0425]: cannot find function `add_refs` in this scope
[INFO] [stdout]    --> sanakirja/src/tests.rs:373:5
[INFO] [stdout]     |
[INFO] [stdout] 373 |     add_refs(&txn, &db, &mut refs).unwrap();
[INFO] [stdout]     |     ^^^^^^^^ not found in this scope
[INFO] [stdout] 
[INFO] [stdout] 
[INFO] [stdout] error[E0425]: cannot find function `add_refs` in this scope
[INFO] [stdout]    --> sanakirja/src/tests.rs:374:5
[INFO] [stdout]     |
[INFO] [stdout] 374 |     add_refs(&txn, &db2, &mut refs).unwrap();
[INFO] [stdout]     |     ^^^^^^^^ not found in this scope
[INFO] [stdout] 
[INFO] [stdout] 
[INFO] [stdout] error[E0425]: cannot find function `add_refs` in this scope
[INFO] [stdout]    --> sanakirja/src/tests.rs:422:5
[INFO] [stdout]     |
[INFO] [stdout] 422 |     add_refs(&txn, &db, &mut refs).unwrap();
[INFO] [stdout]     |     ^^^^^^^^ not found in this scope
[INFO] [stdout] 
[INFO] [stdout] 
[INFO] [stdout] error[E0425]: cannot find function `add_refs` in this scope
[INFO] [stdout]    --> sanakirja/src/tests.rs:465:5
[INFO] [stdout]     |
[INFO] [stdout] 465 |     add_refs(&txn, &db, &mut refs).unwrap();
[INFO] [stdout]     |     ^^^^^^^^ not found in this scope
[INFO] [stdout] 
[INFO] [stdout] 
[INFO] [stdout] error[E0425]: cannot find function `add_refs` in this scope
[INFO] [stdout]    --> sanakirja/src/tests.rs:466:5
[INFO] [stdout]     |
[INFO] [stdout] 466 |     add_refs(&txn, &db2, &mut refs).unwrap();
[INFO] [stdout]     |     ^^^^^^^^ not found in this scope
[INFO] [stdout] 
[INFO] [stdout] 
[INFO] [stdout] error[E0425]: cannot find function `add_refs` in this scope
[INFO] [stdout]    --> sanakirja/src/tests.rs:494:5
[INFO] [stdout]     |
[INFO] [stdout] 494 |     add_refs(&txn, &db, &mut refs).unwrap();
[INFO] [stdout]     |     ^^^^^^^^ not found in this scope
[INFO] [stdout] 
[INFO] [stdout] 
[INFO] [stdout] error[E0425]: cannot find function `add_refs` in this scope
[INFO] [stdout]    --> sanakirja/src/tests.rs:521:5
[INFO] [stdout]     |
[INFO] [stdout] 521 |     add_refs(&txn, &db, &mut refs).unwrap();
[INFO] [stdout]     |     ^^^^^^^^ not found in this scope
[INFO] [stdout] 
[INFO] [stdout] 
[INFO] [stdout] error[E0425]: cannot find function `add_refs` in this scope
[INFO] [stdout]    --> sanakirja/src/tests.rs:561:5
[INFO] [stdout]     |
[INFO] [stdout] 561 |     add_refs(&txn, &db, &mut refs).unwrap();
[INFO] [stdout]     |     ^^^^^^^^ not found in this scope
[INFO] [stdout] 
[INFO] [stdout] 
[INFO] [stdout] error[E0425]: cannot find function `add_refs` in this scope
[INFO] [stdout]    --> sanakirja/src/tests.rs:562:5
[INFO] [stdout]     |
[INFO] [stdout] 562 |     add_refs(&txn, &db2, &mut refs).unwrap();
[INFO] [stdout]     |     ^^^^^^^^ not found in this scope
[INFO] [stdout] 
[INFO] [stdout] 
[INFO] [stdout] error[E0425]: cannot find function `add_refs` in this scope
[INFO] [stdout]    --> sanakirja/src/tests.rs:608:5
[INFO] [stdout]     |
[INFO] [stdout] 608 |     add_refs(&txn, &db, &mut refs).unwrap();
[INFO] [stdout]     |     ^^^^^^^^ not found in this scope
[INFO] [stdout] 
[INFO] [stdout] 
[INFO] [stdout] error[E0425]: cannot find function `add_refs` in this scope
[INFO] [stdout]    --> sanakirja/src/tests.rs:609:5
[INFO] [stdout]     |
[INFO] [stdout] 609 |     add_refs(&txn, &db2, &mut refs).unwrap();
[INFO] [stdout]     |     ^^^^^^^^ not found in this scope
[INFO] [stdout] 
[INFO] [stdout] 
[INFO] [stdout] error[E0425]: cannot find function `add_refs` in this scope
[INFO] [stdout]    --> sanakirja/src/tests.rs:684:5
[INFO] [stdout]     |
[INFO] [stdout] 684 |     add_refs(&txn, &db, &mut refs).unwrap();
[INFO] [stdout]     |     ^^^^^^^^ not found in this scope
[INFO] [stdout] 
[INFO] [stdout] 
[INFO] [stdout] error[E0425]: cannot find function `add_refs` in this scope
[INFO] [stdout]    --> sanakirja/src/tests.rs:685:5
[INFO] [stdout]     |
[INFO] [stdout] 685 |     add_refs(&txn, &db2, &mut refs).unwrap();
[INFO] [stdout]     |     ^^^^^^^^ not found in this scope
[INFO] [stdout] 
[INFO] [stdout] 
[INFO] [stdout] error[E0425]: cannot find function `add_refs` in this scope
[INFO] [stdout]    --> sanakirja/src/tests.rs:882:5
[INFO] [stdout]     |
[INFO] [stdout] 882 |     add_refs(&txn, &db, &mut refs).unwrap();
[INFO] [stdout]     |     ^^^^^^^^ not found in this scope
[INFO] [stdout] 
[INFO] [stdout] 
[INFO] [stdout] error[E0425]: cannot find function `add_refs` in this scope
[INFO] [stdout]    --> sanakirja/src/tests.rs:912:5
[INFO] [stdout]     |
[INFO] [stdout] 912 |     add_refs(&txn, &db2, &mut refs).unwrap();
[INFO] [stdout]     |     ^^^^^^^^ not found in this scope
[INFO] [stdout] 
[INFO] [stdout] 
[INFO] [stdout] error[E0425]: cannot find function `add_refs` in this scope
[INFO] [stdout]     --> sanakirja/src/tests.rs:1102:5
[INFO] [stdout]      |
[INFO] [stdout] 1102 |     add_refs(&txn, &db, &mut refs).unwrap();
[INFO] [stdout]      |     ^^^^^^^^ not found in this scope
[INFO] [stdout] 
[INFO] [stdout] 
[INFO] [stdout] error[E0425]: cannot find function `add_refs` in this scope
[INFO] [stdout]     --> sanakirja/src/tests.rs:1154:5
[INFO] [stdout]      |
[INFO] [stdout] 1154 |     add_refs(&txn, &db, &mut refs).unwrap();
[INFO] [stdout]      |     ^^^^^^^^ not found in this scope
[INFO] [stdout] 
[INFO] [stdout] 
[INFO] [stdout] error[E0425]: cannot find function `add_refs` in this scope
[INFO] [stdout]     --> sanakirja/src/tests.rs:1347:5
[INFO] [stdout]      |
[INFO] [stdout] 1347 |     add_refs(&txn, &db, &mut refs).unwrap();
[INFO] [stdout]      |     ^^^^^^^^ not found in this scope
[INFO] [stdout] 
[INFO] [stdout] 
[INFO] [stdout] error[E0425]: cannot find function `add_refs` in this scope
[INFO] [stdout]     --> sanakirja/src/tests.rs:1348:5
[INFO] [stdout]      |
[INFO] [stdout] 1348 |     add_refs(&txn, &db2, &mut refs).unwrap();
[INFO] [stdout]      |     ^^^^^^^^ not found in this scope
[INFO] [stdout] 
[INFO] [stdout] 
[INFO] [stdout] error[E0425]: cannot find function `add_refs` in this scope
[INFO] [stdout]     --> sanakirja/src/tests.rs:1395:5
[INFO] [stdout]      |
[INFO] [stdout] 1395 |     add_refs(&txn, &db, &mut refs).unwrap();
[INFO] [stdout]      |     ^^^^^^^^ not found in this scope
[INFO] [stdout] 
[INFO] [stdout] 
[INFO] [stdout] error: aborting due to 25 previous errors
[INFO] [stdout] 
[INFO] [stdout] 
[INFO] [stdout] For more information about this error, try `rustc --explain E0425`.
[INFO] [stdout] 
[INFO] [stderr] error: could not compile `sanakirja` (lib test) due to 26 previous errors
[INFO] [stderr] warning: build failed, waiting for other jobs to finish...
[INFO] [stdout] error: aborting due to previous error; 1 warning emitted
[INFO] [stdout] 
[INFO] [stdout] 
[INFO] [stderr] error: could not compile `libpijul` (lib test) due to 2 previous errors; 1 warning emitted
[INFO] running `Command { std: "docker" "inspect" "e15634dc58f63c35ddcef6dc7d917d3cf29a25aa4109af22fe82f29ec41ec45a", kill_on_drop: false }`
[INFO] running `Command { std: "docker" "rm" "-f" "e15634dc58f63c35ddcef6dc7d917d3cf29a25aa4109af22fe82f29ec41ec45a", kill_on_drop: false }`
[INFO] [stdout] e15634dc58f63c35ddcef6dc7d917d3cf29a25aa4109af22fe82f29ec41ec45a
