[INFO] cloning repository https://github.com/CyanNex/roomctl-web
[INFO] running `Command { std: "git" "-c" "credential.helper=" "-c" "credential.helper=/workspace/cargo-home/bin/git-credential-null" "clone" "--bare" "https://github.com/CyanNex/roomctl-web" "/workspace/cache/git-repos/https%3A%2F%2Fgithub.com%2FCyanNex%2Froomctl-web", kill_on_drop: false }`
[INFO] [stderr] Cloning into bare repository '/workspace/cache/git-repos/https%3A%2F%2Fgithub.com%2FCyanNex%2Froomctl-web'...
[INFO] running `Command { std: "git" "rev-parse" "HEAD", kill_on_drop: false }`
[INFO] [stdout] 7ea9db279c98ce0b2dfe5618d0de1b49d8a0ced7
[INFO] testing CyanNex/roomctl-web against 1.75.0 for beta-1.76-1
[INFO] running `Command { std: "git" "clone" "/workspace/cache/git-repos/https%3A%2F%2Fgithub.com%2FCyanNex%2Froomctl-web" "/workspace/builds/worker-3-tc1/source", kill_on_drop: false }`
[INFO] [stderr] Cloning into '/workspace/builds/worker-3-tc1/source'...
[INFO] [stderr] done.
[INFO] validating manifest of git repo https://github.com/CyanNex/roomctl-web on toolchain 1.75.0
[INFO] running `Command { std: CARGO_HOME="/workspace/cargo-home" RUSTUP_HOME="/workspace/rustup-home" "/workspace/cargo-home/bin/cargo" "+1.75.0" "metadata" "--manifest-path" "Cargo.toml" "--no-deps", kill_on_drop: false }`
[INFO] removed /workspace/builds/worker-3-tc1/source/.cargo/config.toml
[INFO] started tweaking git repo https://github.com/CyanNex/roomctl-web
[INFO] finished tweaking git repo https://github.com/CyanNex/roomctl-web
[INFO] tweaked toml for git repo https://github.com/CyanNex/roomctl-web written to /workspace/builds/worker-3-tc1/source/Cargo.toml
[INFO] crate git repo https://github.com/CyanNex/roomctl-web already has a lockfile, it will not be regenerated
[INFO] running `Command { std: CARGO_HOME="/workspace/cargo-home" RUSTUP_HOME="/workspace/rustup-home" "/workspace/cargo-home/bin/cargo" "+1.75.0" "fetch" "--manifest-path" "Cargo.toml", kill_on_drop: false }`
[INFO] [stderr]  Downloading crates ...
[INFO] [stderr]   Downloaded once_cell v1.13.1
[INFO] [stderr]   Downloaded ab_glyph v0.2.16
[INFO] [stderr]   Downloaded winit v0.27.2
[INFO] [stderr]   Downloaded owned_ttf_parser v0.15.1
[INFO] running `Command { std: "docker" "create" "-v" "/var/lib/crater-agent-workspace/builds/worker-3-tc1/target:/opt/rustwide/target:rw,Z" "-v" "/var/lib/crater-agent-workspace/builds/worker-3-tc1/source:/opt/rustwide/workdir:ro,Z" "-v" "/var/lib/crater-agent-workspace/cargo-home:/opt/rustwide/cargo-home:ro,Z" "-v" "/var/lib/crater-agent-workspace/rustup-home:/opt/rustwide/rustup-home:ro,Z" "-e" "SOURCE_DIR=/opt/rustwide/workdir" "-e" "CARGO_TARGET_DIR=/opt/rustwide/target" "-e" "CARGO_HOME=/opt/rustwide/cargo-home" "-e" "RUSTUP_HOME=/opt/rustwide/rustup-home" "-w" "/opt/rustwide/workdir" "-m" "1610612736" "--user" "0:0" "--network" "none" "ghcr.io/rust-lang/crates-build-env/linux@sha256:2788e3201cd34a07e3172128adcd8b3090168a8e3bcc40d7c032b9dda1df7d1c" "/opt/rustwide/cargo-home/bin/cargo" "+1.75.0" "metadata" "--no-deps" "--format-version=1", kill_on_drop: false }`
[INFO] [stdout] 3ceef850b9e7ed8c12941e4fb029d242ad70acdb40cd53e522b3f0d4b0269460
[INFO] running `Command { std: "docker" "start" "-a" "3ceef850b9e7ed8c12941e4fb029d242ad70acdb40cd53e522b3f0d4b0269460", kill_on_drop: false }`
[INFO] running `Command { std: "docker" "inspect" "3ceef850b9e7ed8c12941e4fb029d242ad70acdb40cd53e522b3f0d4b0269460", kill_on_drop: false }`
[INFO] running `Command { std: "docker" "rm" "-f" "3ceef850b9e7ed8c12941e4fb029d242ad70acdb40cd53e522b3f0d4b0269460", kill_on_drop: false }`
[INFO] [stdout] 3ceef850b9e7ed8c12941e4fb029d242ad70acdb40cd53e522b3f0d4b0269460
[INFO] running `Command { std: "docker" "create" "-v" "/var/lib/crater-agent-workspace/builds/worker-3-tc1/target:/opt/rustwide/target:rw,Z" "-v" "/var/lib/crater-agent-workspace/builds/worker-3-tc1/source:/opt/rustwide/workdir:ro,Z" "-v" "/var/lib/crater-agent-workspace/cargo-home:/opt/rustwide/cargo-home:ro,Z" "-v" "/var/lib/crater-agent-workspace/rustup-home:/opt/rustwide/rustup-home:ro,Z" "-e" "SOURCE_DIR=/opt/rustwide/workdir" "-e" "CARGO_TARGET_DIR=/opt/rustwide/target" "-e" "CARGO_INCREMENTAL=0" "-e" "RUST_BACKTRACE=full" "-e" "RUSTFLAGS=--cap-lints=warn" "-e" "RUSTDOCFLAGS=--cap-lints=warn" "-e" "CARGO_HOME=/opt/rustwide/cargo-home" "-e" "RUSTUP_HOME=/opt/rustwide/rustup-home" "-w" "/opt/rustwide/workdir" "-m" "1610612736" "--user" "0:0" "--network" "none" "ghcr.io/rust-lang/crates-build-env/linux@sha256:2788e3201cd34a07e3172128adcd8b3090168a8e3bcc40d7c032b9dda1df7d1c" "/opt/rustwide/cargo-home/bin/cargo" "+1.75.0" "build" "--frozen" "--message-format=json", kill_on_drop: false }`
[INFO] [stdout] 61548f561f39dc5f98f49515ff90b513c083ad8169e2242b280b953de561b4ac
[INFO] running `Command { std: "docker" "start" "-a" "61548f561f39dc5f98f49515ff90b513c083ad8169e2242b280b953de561b4ac", kill_on_drop: false }`
[INFO] [stderr]    Compiling cfg-if v1.0.0
[INFO] [stderr]    Compiling libc v0.2.132
[INFO] [stderr]    Compiling proc-macro2 v1.0.43
[INFO] [stderr]    Compiling unicode-ident v1.0.3
[INFO] [stderr]    Compiling quote v1.0.21
[INFO] [stderr]    Compiling pkg-config v0.3.25
[INFO] [stderr]    Compiling syn v1.0.99
[INFO] [stderr]    Compiling autocfg v1.1.0
[INFO] [stderr]    Compiling bitflags v1.3.2
[INFO] [stderr]    Compiling xml-rs v0.8.4
[INFO] [stderr]    Compiling log v0.4.17
[INFO] [stderr]    Compiling smallvec v1.9.0
[INFO] [stderr]    Compiling once_cell v1.13.1
[INFO] [stderr]    Compiling version_check v0.9.4
[INFO] [stderr]    Compiling lazy_static v1.4.0
[INFO] [stderr]    Compiling cc v1.0.73
[INFO] [stderr]    Compiling libloading v0.7.3
[INFO] [stderr]    Compiling dlib v0.5.0
[INFO] [stderr]    Compiling memoffset v0.6.5
[INFO] [stderr]    Compiling cmake v0.1.48
[INFO] [stderr]    Compiling wayland-scanner v0.29.4
[INFO] [stderr]    Compiling nix v0.22.3
[INFO] [stderr]    Compiling wayland-sys v0.29.4
[INFO] [stderr]    Compiling memchr v2.5.0
[INFO] [stderr]    Compiling lock_api v0.4.7
[INFO] [stderr]    Compiling serde_derive v1.0.143
[INFO] [stderr]    Compiling downcast-rs v1.2.0
[INFO] [stderr]    Compiling parking_lot_core v0.9.3
[INFO] [stderr]    Compiling scoped-tls v1.0.0
[INFO] [stderr]    Compiling khronos_api v3.1.0
[INFO] [stderr]    Compiling slotmap v1.0.6
[INFO] [stderr]    Compiling minimal-lexical v0.2.1
[INFO] [stderr]    Compiling scopeguard v1.1.0
[INFO] [stderr]    Compiling serde v1.0.143
[INFO] [stderr]    Compiling nom v7.1.1
[INFO] [stderr]    Compiling servo-fontconfig-sys v5.1.0
[INFO] [stderr]    Compiling freetype-sys v0.13.1
[INFO] [stderr]    Compiling wayland-commons v0.29.4
[INFO] [stderr]    Compiling expat-sys v2.1.6
[INFO] [stderr]    Compiling crc32fast v1.3.2
[INFO] [stderr]    Compiling wayland-client v0.29.4
[INFO] [stderr]    Compiling wayland-protocols v0.29.4
[INFO] [stderr]    Compiling parking_lot v0.12.1
[INFO] [stderr]    Compiling gl_generator v0.14.0
[INFO] [stderr]    Compiling xcursor v0.3.4
[INFO] [stderr]    Compiling nix v0.24.2
[INFO] [stderr]    Compiling smithay-client-toolkit v0.16.0
[INFO] [stderr]    Compiling adler32 v1.2.0
[INFO] [stderr]    Compiling vec_map v0.8.2
[INFO] [stderr]    Compiling adler v1.0.2
[INFO] [stderr]    Compiling miniz_oxide v0.5.3
[INFO] [stderr]    Compiling deflate v1.0.0
[INFO] [stderr]    Compiling memmap2 v0.5.7
[INFO] [stderr]    Compiling crossfont v0.5.0
[INFO] [stderr]    Compiling x11-dl v2.20.0
[INFO] [stderr]    Compiling ahash v0.8.0
[INFO] [stderr]    Compiling ttf-parser v0.15.2
[INFO] [stderr]    Compiling foreign-types-shared v0.3.1
[INFO] [stderr]    Compiling percent-encoding v2.1.0
[INFO] [stderr]    Compiling tinyvec_macros v0.1.0
[INFO] [stderr]    Compiling arrayref v0.3.6
[INFO] [stderr]    Compiling tinyvec v1.6.0
[INFO] [stderr]    Compiling png v0.17.5
[INFO] [stderr]    Compiling servo-fontconfig v0.5.1
[INFO] [stderr]    Compiling freetype-rs v0.26.0
[INFO] [stderr]    Compiling getrandom v0.2.7
[INFO] [stderr]    Compiling ab_glyph_rasterizer v0.1.5
[INFO] [stderr]    Compiling wayland-cursor v0.29.4
[INFO] [stderr]    Compiling cty v0.2.2
[INFO] [stderr]    Compiling matches v0.1.9
[INFO] [stderr]    Compiling arrayvec v0.5.2
[INFO] [stderr]    Compiling owned_ttf_parser v0.15.1
[INFO] [stderr]    Compiling unicode-normalization v0.1.21
[INFO] [stderr]    Compiling ab_glyph v0.2.16
[INFO] [stderr]    Compiling tracing-core v0.1.29
[INFO] [stderr]    Compiling unicode-bidi v0.3.8
[INFO] [stderr]    Compiling base64 v0.13.0
[INFO] [stderr]    Compiling pin-project-lite v0.2.9
[INFO] [stderr]    Compiling nohash-hasher v0.2.0
[INFO] [stderr]    Compiling tracing v0.1.36
[INFO] [stderr]    Compiling idna v0.2.3
[INFO] [stderr]    Compiling form_urlencoded v1.0.1
[INFO] [stderr]    Compiling raw-window-handle v0.4.3
[INFO] [stderr]    Compiling raw-window-handle v0.5.0
[INFO] [stderr]    Compiling glutin_glx_sys v0.1.8
[INFO] [stderr]    Compiling glutin_egl_sys v0.1.6
[INFO] [stderr]    Compiling gethostname v0.2.3
[INFO] [stderr]    Compiling mio v0.8.4
[INFO] [stderr]    Compiling instant v0.1.12
[INFO] [stderr]    Compiling x11rb v0.9.0
[INFO] [stderr]    Compiling url v2.2.2
[INFO] [stderr]    Compiling shared_library v0.1.9
[INFO] [stderr]    Compiling osmesa-sys v0.1.2
[INFO] [stderr]    Compiling webbrowser v0.7.1
[INFO] [stderr]    Compiling wayland-egl v0.29.4
[INFO] [stderr]    Compiling dirs-sys-next v0.1.2
[INFO] [stderr]    Compiling glow v0.11.2
[INFO] [stderr]    Compiling directories-next v2.0.0
[INFO] [stderr]    Compiling bytemuck_derive v1.2.1
[INFO] [stderr]    Compiling thiserror-impl v1.0.32
[INFO] [stderr]    Compiling foreign-types-macros v0.2.2
[INFO] [stderr]    Compiling bytemuck v1.12.1
[INFO] [stderr]    Compiling tiny-skia-path v0.7.0
[INFO] [stderr]    Compiling foreign-types v0.5.0
[INFO] [stderr]    Compiling safe_arch v0.5.2
[INFO] [stderr]    Compiling tiny-skia v0.7.0
[INFO] [stderr]    Compiling thiserror v1.0.32
[INFO] [stderr]    Compiling calloop v0.10.1
[INFO] [stderr]    Compiling arboard v2.1.1
[INFO] [stderr]    Compiling emath v0.19.0
[INFO] [stderr]    Compiling ron v0.8.0
[INFO] [stderr]    Compiling epaint v0.19.0
[INFO] [stderr]    Compiling egui v0.19.0
[INFO] [stderr]    Compiling egui_glow v0.19.0
[INFO] [stderr]    Compiling sctk-adwaita v0.4.2
[INFO] [stderr]    Compiling smithay-clipboard v0.6.6
[INFO] [stderr]    Compiling winit v0.27.2
[INFO] [stderr]    Compiling glutin v0.29.1
[INFO] [stderr]    Compiling egui-winit v0.19.0
[INFO] [stderr]    Compiling eframe v0.19.0
[INFO] [stderr]    Compiling roomctl-web v0.1.0 (/opt/rustwide/workdir)
[INFO] [stdout] error[E0433]: failed to resolve: use of undeclared crate or module `tracing_subscriber`
[INFO] [stdout]  --> src/main.rs:8:5
[INFO] [stdout]   |
[INFO] [stdout] 8 |     tracing_subscriber::fmt::init();
[INFO] [stdout]   |     ^^^^^^^^^^^^^^^^^^ use of undeclared crate or module `tracing_subscriber`
[INFO] [stdout] 
[INFO] [stdout] 
[INFO] [stdout] error[E0433]: failed to resolve: use of undeclared crate or module `eframe_template`
[INFO] [stdout]   --> src/main.rs:14:32
[INFO] [stdout]    |
[INFO] [stdout] 14 |         Box::new(|cc| Box::new(eframe_template::TemplateApp::new(cc))),
[INFO] [stdout]    |                                ^^^^^^^^^^^^^^^ use of undeclared crate or module `eframe_template`
[INFO] [stdout]    |
[INFO] [stdout] help: consider importing this struct
[INFO] [stdout]    |
[INFO] [stdout] 5  + use roomctl_web::TemplateApp;
[INFO] [stdout]    |
[INFO] [stdout] help: if you import `TemplateApp`, refer to it directly
[INFO] [stdout]    |
[INFO] [stdout] 14 -         Box::new(|cc| Box::new(eframe_template::TemplateApp::new(cc))),
[INFO] [stdout] 14 +         Box::new(|cc| Box::new(TemplateApp::new(cc))),
[INFO] [stdout]    |
[INFO] [stdout] 
[INFO] [stdout] 
[INFO] [stdout] error: aborting due to 2 previous errors
[INFO] [stdout] 
[INFO] [stdout] 
[INFO] [stdout] For more information about this error, try `rustc --explain E0433`.
[INFO] [stdout] 
[INFO] [stderr] error: could not compile `roomctl-web` (bin "roomctl-web") due to 3 previous errors
[INFO] running `Command { std: "docker" "inspect" "61548f561f39dc5f98f49515ff90b513c083ad8169e2242b280b953de561b4ac", kill_on_drop: false }`
[INFO] running `Command { std: "docker" "rm" "-f" "61548f561f39dc5f98f49515ff90b513c083ad8169e2242b280b953de561b4ac", kill_on_drop: false }`
[INFO] [stdout] 61548f561f39dc5f98f49515ff90b513c083ad8169e2242b280b953de561b4ac
[INFO] testing CyanNex/roomctl-web against beta-2023-12-22 for beta-1.76-1
[INFO] running `Command { std: "git" "clone" "/workspace/cache/git-repos/https%3A%2F%2Fgithub.com%2FCyanNex%2Froomctl-web" "/workspace/builds/worker-3-tc2/source", kill_on_drop: false }`
[INFO] [stderr] Cloning into '/workspace/builds/worker-3-tc2/source'...
[INFO] [stderr] done.
[INFO] validating manifest of git repo https://github.com/CyanNex/roomctl-web on toolchain beta-2023-12-22
[INFO] running `Command { std: CARGO_HOME="/workspace/cargo-home" RUSTUP_HOME="/workspace/rustup-home" "/workspace/cargo-home/bin/cargo" "+beta-2023-12-22" "metadata" "--manifest-path" "Cargo.toml" "--no-deps", kill_on_drop: false }`
[INFO] removed /workspace/builds/worker-3-tc2/source/.cargo/config.toml
[INFO] started tweaking git repo https://github.com/CyanNex/roomctl-web
[INFO] finished tweaking git repo https://github.com/CyanNex/roomctl-web
[INFO] tweaked toml for git repo https://github.com/CyanNex/roomctl-web written to /workspace/builds/worker-3-tc2/source/Cargo.toml
[INFO] crate git repo https://github.com/CyanNex/roomctl-web already has a lockfile, it will not be regenerated
[INFO] running `Command { std: CARGO_HOME="/workspace/cargo-home" RUSTUP_HOME="/workspace/rustup-home" "/workspace/cargo-home/bin/cargo" "+beta-2023-12-22" "fetch" "--manifest-path" "Cargo.toml", kill_on_drop: false }`
[INFO] running `Command { std: "docker" "create" "-v" "/var/lib/crater-agent-workspace/builds/worker-3-tc2/target:/opt/rustwide/target:rw,Z" "-v" "/var/lib/crater-agent-workspace/builds/worker-3-tc2/source:/opt/rustwide/workdir:ro,Z" "-v" "/var/lib/crater-agent-workspace/cargo-home:/opt/rustwide/cargo-home:ro,Z" "-v" "/var/lib/crater-agent-workspace/rustup-home:/opt/rustwide/rustup-home:ro,Z" "-e" "SOURCE_DIR=/opt/rustwide/workdir" "-e" "CARGO_TARGET_DIR=/opt/rustwide/target" "-e" "CARGO_HOME=/opt/rustwide/cargo-home" "-e" "RUSTUP_HOME=/opt/rustwide/rustup-home" "-w" "/opt/rustwide/workdir" "-m" "1610612736" "--user" "0:0" "--network" "none" "ghcr.io/rust-lang/crates-build-env/linux@sha256:2788e3201cd34a07e3172128adcd8b3090168a8e3bcc40d7c032b9dda1df7d1c" "/opt/rustwide/cargo-home/bin/cargo" "+beta-2023-12-22" "metadata" "--no-deps" "--format-version=1", kill_on_drop: false }`
[INFO] [stdout] e70d08a8ed4fe56d23ea0830aecc6c1e2003915958a7f5c86cda577d755b3585
[INFO] running `Command { std: "docker" "start" "-a" "e70d08a8ed4fe56d23ea0830aecc6c1e2003915958a7f5c86cda577d755b3585", kill_on_drop: false }`
[INFO] running `Command { std: "docker" "inspect" "e70d08a8ed4fe56d23ea0830aecc6c1e2003915958a7f5c86cda577d755b3585", kill_on_drop: false }`
[INFO] running `Command { std: "docker" "rm" "-f" "e70d08a8ed4fe56d23ea0830aecc6c1e2003915958a7f5c86cda577d755b3585", kill_on_drop: false }`
[INFO] [stdout] e70d08a8ed4fe56d23ea0830aecc6c1e2003915958a7f5c86cda577d755b3585
[INFO] running `Command { std: "docker" "create" "-v" "/var/lib/crater-agent-workspace/builds/worker-3-tc2/target:/opt/rustwide/target:rw,Z" "-v" "/var/lib/crater-agent-workspace/builds/worker-3-tc2/source:/opt/rustwide/workdir:ro,Z" "-v" "/var/lib/crater-agent-workspace/cargo-home:/opt/rustwide/cargo-home:ro,Z" "-v" "/var/lib/crater-agent-workspace/rustup-home:/opt/rustwide/rustup-home:ro,Z" "-e" "SOURCE_DIR=/opt/rustwide/workdir" "-e" "CARGO_TARGET_DIR=/opt/rustwide/target" "-e" "CARGO_INCREMENTAL=0" "-e" "RUST_BACKTRACE=full" "-e" "RUSTFLAGS=--cap-lints=warn" "-e" "RUSTDOCFLAGS=--cap-lints=warn" "-e" "CARGO_HOME=/opt/rustwide/cargo-home" "-e" "RUSTUP_HOME=/opt/rustwide/rustup-home" "-w" "/opt/rustwide/workdir" "-m" "1610612736" "--user" "0:0" "--network" "none" "ghcr.io/rust-lang/crates-build-env/linux@sha256:2788e3201cd34a07e3172128adcd8b3090168a8e3bcc40d7c032b9dda1df7d1c" "/opt/rustwide/cargo-home/bin/cargo" "+beta-2023-12-22" "build" "--frozen" "--message-format=json", kill_on_drop: false }`
[INFO] [stdout] e7f6bf528c239f00769bfafb8bcdfc5f39101839d96c1497b09a16c2451d4455
[INFO] running `Command { std: "docker" "start" "-a" "e7f6bf528c239f00769bfafb8bcdfc5f39101839d96c1497b09a16c2451d4455", kill_on_drop: false }`
[INFO] [stderr]    Compiling cfg-if v1.0.0
[INFO] [stderr]    Compiling libc v0.2.132
[INFO] [stderr]    Compiling proc-macro2 v1.0.43
[INFO] [stderr]    Compiling unicode-ident v1.0.3
[INFO] [stderr]    Compiling quote v1.0.21
[INFO] [stderr]    Compiling pkg-config v0.3.25
[INFO] [stderr]    Compiling syn v1.0.99
[INFO] [stderr]    Compiling autocfg v1.1.0
[INFO] [stderr]    Compiling bitflags v1.3.2
[INFO] [stderr]    Compiling xml-rs v0.8.4
[INFO] [stderr]    Compiling log v0.4.17
[INFO] [stderr]    Compiling smallvec v1.9.0
[INFO] [stderr]    Compiling once_cell v1.13.1
[INFO] [stderr]    Compiling lazy_static v1.4.0
[INFO] [stderr]    Compiling version_check v0.9.4
[INFO] [stderr]    Compiling cc v1.0.73
[INFO] [stderr]    Compiling libloading v0.7.3
[INFO] [stderr]    Compiling memoffset v0.6.5
[INFO] [stderr]    Compiling cmake v0.1.48
[INFO] [stderr]    Compiling wayland-scanner v0.29.4
[INFO] [stderr]    Compiling nix v0.22.3
[INFO] [stderr]    Compiling wayland-sys v0.29.4
[INFO] [stderr]    Compiling dlib v0.5.0
[INFO] [stderr]    Compiling memchr v2.5.0
[INFO] [stderr]    Compiling lock_api v0.4.7
[INFO] [stderr]    Compiling khronos_api v3.1.0
[INFO] [stderr]    Compiling scoped-tls v1.0.0
[INFO] [stderr]    Compiling downcast-rs v1.2.0
[INFO] [stderr]    Compiling serde_derive v1.0.143
[INFO] [stderr]    Compiling parking_lot_core v0.9.3
[INFO] [stderr]    Compiling slotmap v1.0.6
[INFO] [stderr]    Compiling serde v1.0.143
[INFO] [stderr]    Compiling minimal-lexical v0.2.1
[INFO] [stderr]    Compiling scopeguard v1.1.0
[INFO] [stderr]    Compiling nom v7.1.1
[INFO] [stderr]    Compiling servo-fontconfig-sys v5.1.0
[INFO] [stderr]    Compiling freetype-sys v0.13.1
[INFO] [stderr]    Compiling wayland-commons v0.29.4
[INFO] [stderr]    Compiling expat-sys v2.1.6
[INFO] [stderr]    Compiling wayland-client v0.29.4
[INFO] [stderr]    Compiling wayland-protocols v0.29.4
[INFO] [stderr]    Compiling crc32fast v1.3.2
[INFO] [stderr]    Compiling parking_lot v0.12.1
[INFO] [stderr]    Compiling gl_generator v0.14.0
[INFO] [stderr]    Compiling xcursor v0.3.4
[INFO] [stderr]    Compiling nix v0.24.2
[INFO] [stderr]    Compiling smithay-client-toolkit v0.16.0
[INFO] [stderr]    Compiling adler32 v1.2.0
[INFO] [stderr]    Compiling adler v1.0.2
[INFO] [stderr]    Compiling vec_map v0.8.2
[INFO] [stderr]    Compiling miniz_oxide v0.5.3
[INFO] [stderr]    Compiling deflate v1.0.0
[INFO] [stderr]    Compiling crossfont v0.5.0
[INFO] [stderr]    Compiling x11-dl v2.20.0
[INFO] [stderr]    Compiling memmap2 v0.5.7
[INFO] [stderr]    Compiling ahash v0.8.0
[INFO] [stderr]    Compiling arrayref v0.3.6
[INFO] [stderr]    Compiling ttf-parser v0.15.2
[INFO] [stderr]    Compiling tinyvec_macros v0.1.0
[INFO] [stderr]    Compiling percent-encoding v2.1.0
[INFO] [stderr]    Compiling foreign-types-shared v0.3.1
[INFO] [stderr]    Compiling tinyvec v1.6.0
[INFO] [stderr]    Compiling png v0.17.5
[INFO] [stderr]    Compiling servo-fontconfig v0.5.1
[INFO] [stderr]    Compiling freetype-rs v0.26.0
[INFO] [stderr]    Compiling getrandom v0.2.7
[INFO] [stderr]    Compiling wayland-cursor v0.29.4
[INFO] [stderr]    Compiling matches v0.1.9
[INFO] [stderr]    Compiling arrayvec v0.5.2
[INFO] [stderr]    Compiling owned_ttf_parser v0.15.1
[INFO] [stderr]    Compiling ab_glyph_rasterizer v0.1.5
[INFO] [stderr]    Compiling cty v0.2.2
[INFO] [stderr]    Compiling ab_glyph v0.2.16
[INFO] [stderr]    Compiling unicode-normalization v0.1.21
[INFO] [stderr]    Compiling tracing-core v0.1.29
[INFO] [stderr]    Compiling base64 v0.13.0
[INFO] [stderr]    Compiling nohash-hasher v0.2.0
[INFO] [stderr]    Compiling unicode-bidi v0.3.8
[INFO] [stderr]    Compiling pin-project-lite v0.2.9
[INFO] [stderr]    Compiling tracing v0.1.36
[INFO] [stderr]    Compiling idna v0.2.3
[INFO] [stderr]    Compiling raw-window-handle v0.4.3
[INFO] [stderr]    Compiling raw-window-handle v0.5.0
[INFO] [stderr]    Compiling form_urlencoded v1.0.1
[INFO] [stderr]    Compiling glutin_egl_sys v0.1.6
[INFO] [stderr]    Compiling glutin_glx_sys v0.1.8
[INFO] [stderr]    Compiling mio v0.8.4
[INFO] [stderr]    Compiling gethostname v0.2.3
[INFO] [stderr]    Compiling instant v0.1.12
[INFO] [stderr]    Compiling x11rb v0.9.0
[INFO] [stderr]    Compiling url v2.2.2
[INFO] [stderr]    Compiling shared_library v0.1.9
[INFO] [stderr]    Compiling osmesa-sys v0.1.2
[INFO] [stderr]    Compiling webbrowser v0.7.1
[INFO] [stderr]    Compiling wayland-egl v0.29.4
[INFO] [stderr]    Compiling dirs-sys-next v0.1.2
[INFO] [stderr]    Compiling glow v0.11.2
[INFO] [stderr]    Compiling directories-next v2.0.0
[INFO] [stderr]    Compiling bytemuck_derive v1.2.1
[INFO] [stderr]    Compiling thiserror-impl v1.0.32
[INFO] [stderr]    Compiling foreign-types-macros v0.2.2
[INFO] [stderr]    Compiling foreign-types v0.5.0
[INFO] [stderr]    Compiling bytemuck v1.12.1
[INFO] [stderr]    Compiling tiny-skia-path v0.7.0
[INFO] [stderr]    Compiling safe_arch v0.5.2
[INFO] [stderr]    Compiling tiny-skia v0.7.0
[INFO] [stderr]    Compiling thiserror v1.0.32
[INFO] [stderr]    Compiling calloop v0.10.1
[INFO] [stderr]    Compiling arboard v2.1.1
[INFO] [stderr]    Compiling emath v0.19.0
[INFO] [stderr]    Compiling ron v0.8.0
[INFO] [stderr]    Compiling epaint v0.19.0
[INFO] [stderr]    Compiling egui v0.19.0
[INFO] [stderr]    Compiling egui_glow v0.19.0
[INFO] [stderr]    Compiling sctk-adwaita v0.4.2
[INFO] [stderr]    Compiling smithay-clipboard v0.6.6
[INFO] [stderr]    Compiling winit v0.27.2
[INFO] [stderr]    Compiling glutin v0.29.1
[INFO] [stderr]    Compiling egui-winit v0.19.0
[INFO] [stderr]    Compiling eframe v0.19.0
[INFO] [stderr]    Compiling roomctl-web v0.1.0 (/opt/rustwide/workdir)
[INFO] [stdout] error[E0433]: failed to resolve: use of undeclared crate or module `tracing_subscriber`
[INFO] [stdout]  --> src/main.rs:8:5
[INFO] [stdout]   |
[INFO] [stdout] 8 |     tracing_subscriber::fmt::init();
[INFO] [stdout]   |     ^^^^^^^^^^^^^^^^^^ use of undeclared crate or module `tracing_subscriber`
[INFO] [stdout] 
[INFO] [stdout] 
[INFO] [stdout] error[E0433]: failed to resolve: use of undeclared crate or module `eframe_template`
[INFO] [stdout]   --> src/main.rs:14:32
[INFO] [stdout]    |
[INFO] [stdout] 14 |         Box::new(|cc| Box::new(eframe_template::TemplateApp::new(cc))),
[INFO] [stdout]    |                                ^^^^^^^^^^^^^^^ use of undeclared crate or module `eframe_template`
[INFO] [stdout]    |
[INFO] [stdout] help: consider importing this struct
[INFO] [stdout]    |
[INFO] [stdout] 5  + use roomctl_web::TemplateApp;
[INFO] [stdout]    |
[INFO] [stdout] help: if you import `TemplateApp`, refer to it directly
[INFO] [stdout]    |
[INFO] [stdout] 14 -         Box::new(|cc| Box::new(eframe_template::TemplateApp::new(cc))),
[INFO] [stdout] 14 +         Box::new(|cc| Box::new(TemplateApp::new(cc))),
[INFO] [stdout]    |
[INFO] [stdout] 
[INFO] [stdout] 
[INFO] [stdout] error: aborting due to 2 previous errors
[INFO] [stdout] 
[INFO] [stdout] 
[INFO] [stdout] For more information about this error, try `rustc --explain E0433`.
[INFO] [stdout] 
[INFO] [stderr] error: could not compile `roomctl-web` (bin "roomctl-web") due to 3 previous errors
[INFO] running `Command { std: "docker" "inspect" "e7f6bf528c239f00769bfafb8bcdfc5f39101839d96c1497b09a16c2451d4455", kill_on_drop: false }`
[INFO] running `Command { std: "docker" "rm" "-f" "e7f6bf528c239f00769bfafb8bcdfc5f39101839d96c1497b09a16c2451d4455", kill_on_drop: false }`
[INFO] [stdout] e7f6bf528c239f00769bfafb8bcdfc5f39101839d96c1497b09a16c2451d4455
