[INFO] cloning repository https://github.com/CubeRunners/CubeRunnersBE
[INFO] running `Command { std: "git" "-c" "credential.helper=" "-c" "credential.helper=/workspace/cargo-home/bin/git-credential-null" "clone" "--bare" "https://github.com/CubeRunners/CubeRunnersBE" "/workspace/cache/git-repos/https%3A%2F%2Fgithub.com%2FCubeRunners%2FCubeRunnersBE", kill_on_drop: false }`
[INFO] [stderr] Cloning into bare repository '/workspace/cache/git-repos/https%3A%2F%2Fgithub.com%2FCubeRunners%2FCubeRunnersBE'...
[INFO] running `Command { std: "git" "rev-parse" "HEAD", kill_on_drop: false }`
[INFO] [stdout] 49448deb00802a8cf17c911d4db8cdd151bd5026
[INFO] testing CubeRunners/CubeRunnersBE against 1.75.0 for beta-1.76-1
[INFO] running `Command { std: "git" "clone" "/workspace/cache/git-repos/https%3A%2F%2Fgithub.com%2FCubeRunners%2FCubeRunnersBE" "/workspace/builds/worker-2-tc1/source", kill_on_drop: false }`
[INFO] [stderr] Cloning into '/workspace/builds/worker-2-tc1/source'...
[INFO] [stderr] done.
[INFO] validating manifest of git repo https://github.com/CubeRunners/CubeRunnersBE on toolchain 1.75.0
[INFO] running `Command { std: CARGO_HOME="/workspace/cargo-home" RUSTUP_HOME="/workspace/rustup-home" "/workspace/cargo-home/bin/cargo" "+1.75.0" "metadata" "--manifest-path" "Cargo.toml" "--no-deps", kill_on_drop: false }`
[INFO] started tweaking git repo https://github.com/CubeRunners/CubeRunnersBE
[INFO] finished tweaking git repo https://github.com/CubeRunners/CubeRunnersBE
[INFO] tweaked toml for git repo https://github.com/CubeRunners/CubeRunnersBE written to /workspace/builds/worker-2-tc1/source/Cargo.toml
[INFO] crate git repo https://github.com/CubeRunners/CubeRunnersBE already has a lockfile, it will not be regenerated
[INFO] running `Command { std: CARGO_HOME="/workspace/cargo-home" RUSTUP_HOME="/workspace/rustup-home" "/workspace/cargo-home/bin/cargo" "+1.75.0" "fetch" "--manifest-path" "Cargo.toml", kill_on_drop: false }`
[INFO] [stderr]     Updating crates.io index
[INFO] [stderr]  Downloading crates ...
[INFO] [stderr]   Downloaded diesel_derives v2.1.2
[INFO] [stderr]   Downloaded zstd-safe v6.0.2+zstd.1.5.2
[INFO] [stderr]   Downloaded diesel v2.1.4
[INFO] [stderr]   Downloaded actix-web v4.3.0
[INFO] [stderr]   Downloaded zstd v0.12.2+zstd.1.5.2
[INFO] [stderr]   Downloaded actix-http v3.3.0
[INFO] running `Command { std: "docker" "create" "-v" "/var/lib/crater-agent-workspace/builds/worker-2-tc1/target:/opt/rustwide/target:rw,Z" "-v" "/var/lib/crater-agent-workspace/builds/worker-2-tc1/source:/opt/rustwide/workdir:ro,Z" "-v" "/var/lib/crater-agent-workspace/cargo-home:/opt/rustwide/cargo-home:ro,Z" "-v" "/var/lib/crater-agent-workspace/rustup-home:/opt/rustwide/rustup-home:ro,Z" "-e" "SOURCE_DIR=/opt/rustwide/workdir" "-e" "CARGO_TARGET_DIR=/opt/rustwide/target" "-e" "CARGO_HOME=/opt/rustwide/cargo-home" "-e" "RUSTUP_HOME=/opt/rustwide/rustup-home" "-w" "/opt/rustwide/workdir" "-m" "1610612736" "--user" "0:0" "--network" "none" "ghcr.io/rust-lang/crates-build-env/linux@sha256:2788e3201cd34a07e3172128adcd8b3090168a8e3bcc40d7c032b9dda1df7d1c" "/opt/rustwide/cargo-home/bin/cargo" "+1.75.0" "metadata" "--no-deps" "--format-version=1", kill_on_drop: false }`
[INFO] [stdout] 7dab219c90666ff090a48fa6cfae272919fca9dbc4728a438786235d60cebad9
[INFO] running `Command { std: "docker" "start" "-a" "7dab219c90666ff090a48fa6cfae272919fca9dbc4728a438786235d60cebad9", kill_on_drop: false }`
[INFO] running `Command { std: "docker" "inspect" "7dab219c90666ff090a48fa6cfae272919fca9dbc4728a438786235d60cebad9", kill_on_drop: false }`
[INFO] running `Command { std: "docker" "rm" "-f" "7dab219c90666ff090a48fa6cfae272919fca9dbc4728a438786235d60cebad9", kill_on_drop: false }`
[INFO] [stdout] 7dab219c90666ff090a48fa6cfae272919fca9dbc4728a438786235d60cebad9
[INFO] running `Command { std: "docker" "create" "-v" "/var/lib/crater-agent-workspace/builds/worker-2-tc1/target:/opt/rustwide/target:rw,Z" "-v" "/var/lib/crater-agent-workspace/builds/worker-2-tc1/source:/opt/rustwide/workdir:ro,Z" "-v" "/var/lib/crater-agent-workspace/cargo-home:/opt/rustwide/cargo-home:ro,Z" "-v" "/var/lib/crater-agent-workspace/rustup-home:/opt/rustwide/rustup-home:ro,Z" "-e" "SOURCE_DIR=/opt/rustwide/workdir" "-e" "CARGO_TARGET_DIR=/opt/rustwide/target" "-e" "CARGO_INCREMENTAL=0" "-e" "RUST_BACKTRACE=full" "-e" "RUSTFLAGS=--cap-lints=warn" "-e" "RUSTDOCFLAGS=--cap-lints=warn" "-e" "CARGO_HOME=/opt/rustwide/cargo-home" "-e" "RUSTUP_HOME=/opt/rustwide/rustup-home" "-w" "/opt/rustwide/workdir" "-m" "1610612736" "--user" "0:0" "--network" "none" "ghcr.io/rust-lang/crates-build-env/linux@sha256:2788e3201cd34a07e3172128adcd8b3090168a8e3bcc40d7c032b9dda1df7d1c" "/opt/rustwide/cargo-home/bin/cargo" "+1.75.0" "build" "--frozen" "--message-format=json", kill_on_drop: false }`
[INFO] [stdout] 22e0f8d96688640cd623df0862799f240d024923d884e68f09a36cadac31d3f9
[INFO] running `Command { std: "docker" "start" "-a" "22e0f8d96688640cd623df0862799f240d024923d884e68f09a36cadac31d3f9", kill_on_drop: false }`
[INFO] [stderr]    Compiling libc v0.2.139
[INFO] [stderr]    Compiling log v0.4.17
[INFO] [stderr]    Compiling bytes v1.3.0
[INFO] [stderr]    Compiling proc-macro2 v1.0.75
[INFO] [stderr]    Compiling itoa v1.0.5
[INFO] [stderr]    Compiling futures-core v0.3.25
[INFO] [stderr]    Compiling parking_lot_core v0.9.6
[INFO] [stderr]    Compiling once_cell v1.17.0
[INFO] [stderr]    Compiling tokio v1.24.2
[INFO] [stderr]    Compiling tracing-core v0.1.30
[INFO] [stderr]    Compiling generic-array v0.14.6
[INFO] [stderr]    Compiling futures-task v0.3.25
[INFO] [stderr]    Compiling pkg-config v0.3.26
[INFO] [stderr]    Compiling serde v1.0.152
[INFO] [stderr]    Compiling futures-util v0.3.25
[INFO] [stderr]    Compiling http v0.2.8
[INFO] [stderr]    Compiling quote v1.0.35
[INFO] [stderr]    Compiling jobserver v0.1.25
[INFO] [stderr]    Compiling cc v1.0.78
[INFO] [stderr]    Compiling socket2 v0.4.7
[INFO] [stderr]    Compiling signal-hook-registry v1.4.0
[INFO] [stderr]    Compiling parking_lot v0.12.1
[INFO] [stderr]    Compiling mio v0.8.5
[INFO] [stderr]    Compiling tracing v0.1.37
[INFO] [stderr]    Compiling getrandom v0.2.8
[INFO] [stderr]    Compiling futures-sink v0.3.25
[INFO] [stderr]    Compiling paste v1.0.11
[INFO] [stderr]    Compiling syn v1.0.107
[INFO] [stderr]    Compiling bytestring v1.2.0
[INFO] [stderr]    Compiling slab v0.4.7
[INFO] [stderr]    Compiling indexmap v1.9.2
[INFO] [stderr]    Compiling zstd-safe v6.0.2+zstd.1.5.2
[INFO] [stderr]    Compiling zstd-sys v2.0.5+zstd.1.5.2
[INFO] [stderr]    Compiling local-waker v0.1.3
[INFO] [stderr]    Compiling alloc-no-stdlib v2.0.4
[INFO] [stderr]    Compiling alloc-stdlib v0.2.2
[INFO] [stderr]    Compiling tinyvec v1.6.0
[INFO] [stderr]    Compiling rand_core v0.6.4
[INFO] [stderr]    Compiling block-buffer v0.10.3
[INFO] [stderr]    Compiling crypto-common v0.1.6
[INFO] [stderr]    Compiling ahash v0.7.6
[INFO] [stderr]    Compiling time-core v0.1.0
[INFO] [stderr]    Compiling ppv-lite86 v0.2.17
[INFO] [stderr]    Compiling actix-service v2.0.2
[INFO] [stderr]    Compiling unicode-normalization v0.1.22
[INFO] [stderr]    Compiling miniz_oxide v0.6.2
[INFO] [stderr]    Compiling rand_chacha v0.3.1
[INFO] [stderr]    Compiling time-macros v0.2.6
[INFO] [stderr]    Compiling digest v0.10.6
[INFO] [stderr]    Compiling brotli-decompressor v2.3.4
[INFO] [stderr]    Compiling actix-utils v3.0.1
[INFO] [stderr]    Compiling syn v2.0.48
[INFO] [stderr]    Compiling cookie v0.16.2
[INFO] [stderr]    Compiling serde_json v1.0.91
[INFO] [stderr]    Compiling unicode-bidi v0.3.10
[INFO] [stderr]    Compiling tokio-util v0.7.4
[INFO] [stderr]    Compiling actix-rt v2.8.0
[INFO] [stderr]    Compiling pq-sys v0.4.8
[INFO] [stderr]    Compiling convert_case v0.4.0
[INFO] [stderr]    Compiling ryu v1.0.12
[INFO] [stderr]    Compiling cpufeatures v0.2.5
[INFO] [stderr]    Compiling actix-codec v0.5.0
[INFO] [stderr]    Compiling sha1 v0.10.5
[INFO] [stderr]    Compiling h2 v0.3.15
[INFO] [stderr]    Compiling time v0.3.17
[INFO] [stderr]    Compiling brotli v3.3.4
[INFO] [stderr]    Compiling idna v0.3.0
[INFO] [stderr]    Compiling actix-router v0.5.1
[INFO] [stderr]    Compiling diesel_table_macro_syntax v0.1.0
[INFO] [stderr]    Compiling flate2 v1.0.25
[INFO] [stderr]    Compiling rand v0.8.5
[INFO] [stderr]    Compiling local-channel v0.1.3
[INFO] [stderr]    Compiling num_cpus v1.15.0
[INFO] [stderr]    Compiling language-tags v0.3.2
[INFO] [stderr]    Compiling derive_more v0.99.17
[INFO] [stderr]    Compiling actix-web-codegen v4.1.0
[INFO] [stderr]    Compiling actix-macros v0.2.3
[INFO] [stderr]    Compiling actix-server v2.2.0
[INFO] [stderr]    Compiling url v2.3.1
[INFO] [stderr]    Compiling diesel_derives v2.1.2
[INFO] [stderr]    Compiling serde_urlencoded v0.7.1
[INFO] [stderr]    Compiling byteorder v1.5.0
[INFO] [stderr]    Compiling dotenvy v0.15.7
[INFO] [stderr]    Compiling diesel v2.1.4
[INFO] [stderr]    Compiling zstd v0.12.2+zstd.1.5.2
[INFO] [stderr]    Compiling actix-http v3.3.0
[INFO] [stderr]    Compiling actix-web v4.3.0
[INFO] [stderr]    Compiling cube-runners-backend v0.1.0 (/opt/rustwide/workdir)
[INFO] [stdout] error: cannot find attribute `update` in this scope
[INFO] [stdout]   --> src/main.rs:41:3
[INFO] [stdout]    |
[INFO] [stdout] 41 | #[update("/api/v1/like")]
[INFO] [stdout]    |   ^^^^^^
[INFO] [stdout] 
[INFO] [stdout] 
[INFO] [stdout] error[E0601]: `main` function not found in crate `cube_runners_backend`
[INFO] [stdout]   --> src/main.rs:54:2
[INFO] [stdout]    |
[INFO] [stdout] 37 | #[get("/api/v1/:idCube")]
[INFO] [stdout]    | ------------------------- non-function item at `crate::main` is found
[INFO] [stdout] ...
[INFO] [stdout] 54 | }
[INFO] [stdout]    |  ^ the main function must be defined at the crate level (in `src/main.rs`)
[INFO] [stdout]    |
[INFO] [stdout] note: here is a function named `main`
[INFO] [stdout]   --> src/main.rs:43:1
[INFO] [stdout]    |
[INFO] [stdout] 43 | #[actix_web::main]
[INFO] [stdout]    | ^^^^^^^^^^^^^^^^^^
[INFO] [stdout]    = note: you have one or more functions named `main` not defined at the crate level
[INFO] [stdout]    = help: consider moving the `main` function definitions
[INFO] [stdout]    = note: this error originates in the attribute macro `::actix_web::rt::main` (in Nightly builds, run with -Z macro-backtrace for more info)
[INFO] [stdout] 
[INFO] [stdout] 
[INFO] [stdout] warning: unused variable: `req_body`
[INFO] [stdout]   --> src/main.rs:18:15
[INFO] [stdout]    |
[INFO] [stdout] 18 | async fn user(req_body: String) -> impl Responder {
[INFO] [stdout]    |               ^^^^^^^^ help: if this is intentional, prefix it with an underscore: `_req_body`
[INFO] [stdout]    |
[INFO] [stdout]    = note: `#[warn(unused_variables)]` on by default
[INFO] [stdout] 
[INFO] [stdout] 
[INFO] [stdout] warning: unused variable: `req_body`
[INFO] [stdout]   --> src/main.rs:23:16
[INFO] [stdout]    |
[INFO] [stdout] 23 | async fn login(req_body: String) -> impl Responder {
[INFO] [stdout]    |                ^^^^^^^^ help: if this is intentional, prefix it with an underscore: `_req_body`
[INFO] [stdout] 
[INFO] [stdout] 
[INFO] [stdout] warning: unused variable: `req_body`
[INFO] [stdout]   --> src/main.rs:28:19
[INFO] [stdout]    |
[INFO] [stdout] 28 | async fn byIdCube(req_body: String) -> impl Responder {
[INFO] [stdout]    |                   ^^^^^^^^ help: if this is intentional, prefix it with an underscore: `_req_body`
[INFO] [stdout] 
[INFO] [stdout] 
[INFO] [stdout] warning: unused variable: `req_body`
[INFO] [stdout]   --> src/main.rs:33:15
[INFO] [stdout]    |
[INFO] [stdout] 33 | async fn like(req_body: String) -> impl Responder {
[INFO] [stdout]    |               ^^^^^^^^ help: if this is intentional, prefix it with an underscore: `_req_body`
[INFO] [stdout] 
[INFO] [stdout] 
[INFO] [stdout] error[E0277]: the trait bound `<main as HttpServiceFactory>::register::main: Handler<_>` is not satisfied
[INFO] [stdout]    --> src/main.rs:44:10
[INFO] [stdout]     |
[INFO] [stdout] 37  | #[get("/api/v1/:idCube")]
[INFO] [stdout]     | ------------------------- required by a bound introduced by this call
[INFO] [stdout] ...
[INFO] [stdout] 44  | async fn main() -> std::io::Result<()> {
[INFO] [stdout]     |          ^^^^ the trait `Handler<_>` is not implemented for `<main as HttpServiceFactory>::register::main`
[INFO] [stdout]     |
[INFO] [stdout] note: required by a bound in `Resource::<T>::to`
[INFO] [stdout]    --> /opt/rustwide/cargo-home/registry/src/index.crates.io-6f17d22bba15001f/actix-web-4.3.0/src/resource.rs:240:12
[INFO] [stdout]     |
[INFO] [stdout] 238 |     pub fn to<F, Args>(mut self, handler: F) -> Self
[INFO] [stdout]     |            -- required by a bound in this associated function
[INFO] [stdout] 239 |     where
[INFO] [stdout] 240 |         F: Handler<Args>,
[INFO] [stdout]     |            ^^^^^^^^^^^^^ required by this bound in `Resource::<T>::to`
[INFO] [stdout] 
[INFO] [stdout] 
[INFO] [stdout] error[E0277]: the trait bound `<<main as HttpServiceFactory>::register::main as HttpServiceFactory>::register::main: Handler<_>` is not satisfied
[INFO] [stdout]    --> src/main.rs:44:10
[INFO] [stdout]     |
[INFO] [stdout] 38  | #[get("/api/v1/like")]
[INFO] [stdout]     | ---------------------- required by a bound introduced by this call
[INFO] [stdout] ...
[INFO] [stdout] 44  | async fn main() -> std::io::Result<()> {
[INFO] [stdout]     |          ^^^^ the trait `Handler<_>` is not implemented for `<<main as HttpServiceFactory>::register::main as HttpServiceFactory>::register::main`
[INFO] [stdout]     |
[INFO] [stdout] note: required by a bound in `Resource::<T>::to`
[INFO] [stdout]    --> /opt/rustwide/cargo-home/registry/src/index.crates.io-6f17d22bba15001f/actix-web-4.3.0/src/resource.rs:240:12
[INFO] [stdout]     |
[INFO] [stdout] 238 |     pub fn to<F, Args>(mut self, handler: F) -> Self
[INFO] [stdout]     |            -- required by a bound in this associated function
[INFO] [stdout] 239 |     where
[INFO] [stdout] 240 |         F: Handler<Args>,
[INFO] [stdout]     |            ^^^^^^^^^^^^^ required by this bound in `Resource::<T>::to`
[INFO] [stdout] 
[INFO] [stdout] 
[INFO] [stdout] error[E0277]: the trait bound `fn() -> Result<(), std::io::Error> {main}: Handler<_>` is not satisfied
[INFO] [stdout]    --> src/main.rs:44:10
[INFO] [stdout]     |
[INFO] [stdout] 39  | #[get("/api/v1/:idCard")]
[INFO] [stdout]     | ------------------------- required by a bound introduced by this call
[INFO] [stdout] ...
[INFO] [stdout] 44  | async fn main() -> std::io::Result<()> {
[INFO] [stdout]     |          ^^^^ the trait `Handler<_>` is not implemented for fn item `fn() -> Result<(), std::io::Error> {main}`
[INFO] [stdout]     |
[INFO] [stdout] note: required by a bound in `Resource::<T>::to`
[INFO] [stdout]    --> /opt/rustwide/cargo-home/registry/src/index.crates.io-6f17d22bba15001f/actix-web-4.3.0/src/resource.rs:240:12
[INFO] [stdout]     |
[INFO] [stdout] 238 |     pub fn to<F, Args>(mut self, handler: F) -> Self
[INFO] [stdout]     |            -- required by a bound in this associated function
[INFO] [stdout] 239 |     where
[INFO] [stdout] 240 |         F: Handler<Args>,
[INFO] [stdout]     |            ^^^^^^^^^^^^^ required by this bound in `Resource::<T>::to`
[INFO] [stdout] 
[INFO] [stdout] 
[INFO] [stdout] error: aborting due to 5 previous errors; 4 warnings emitted
[INFO] [stdout] 
[INFO] [stdout] 
[INFO] [stdout] Some errors have detailed explanations: E0277, E0601.
[INFO] [stdout] 
[INFO] [stdout] For more information about an error, try `rustc --explain E0277`.
[INFO] [stdout] 
[INFO] [stderr] error: could not compile `cube-runners-backend` (bin "cube-runners-backend") due to 6 previous errors; 4 warnings emitted
[INFO] running `Command { std: "docker" "inspect" "22e0f8d96688640cd623df0862799f240d024923d884e68f09a36cadac31d3f9", kill_on_drop: false }`
[INFO] running `Command { std: "docker" "rm" "-f" "22e0f8d96688640cd623df0862799f240d024923d884e68f09a36cadac31d3f9", kill_on_drop: false }`
[INFO] [stdout] 22e0f8d96688640cd623df0862799f240d024923d884e68f09a36cadac31d3f9
[INFO] testing CubeRunners/CubeRunnersBE against beta-2023-12-22 for beta-1.76-1
[INFO] running `Command { std: "git" "clone" "/workspace/cache/git-repos/https%3A%2F%2Fgithub.com%2FCubeRunners%2FCubeRunnersBE" "/workspace/builds/worker-2-tc2/source", kill_on_drop: false }`
[INFO] [stderr] Cloning into '/workspace/builds/worker-2-tc2/source'...
[INFO] [stderr] done.
[INFO] validating manifest of git repo https://github.com/CubeRunners/CubeRunnersBE on toolchain beta-2023-12-22
[INFO] running `Command { std: CARGO_HOME="/workspace/cargo-home" RUSTUP_HOME="/workspace/rustup-home" "/workspace/cargo-home/bin/cargo" "+beta-2023-12-22" "metadata" "--manifest-path" "Cargo.toml" "--no-deps", kill_on_drop: false }`
[INFO] started tweaking git repo https://github.com/CubeRunners/CubeRunnersBE
[INFO] finished tweaking git repo https://github.com/CubeRunners/CubeRunnersBE
[INFO] tweaked toml for git repo https://github.com/CubeRunners/CubeRunnersBE written to /workspace/builds/worker-2-tc2/source/Cargo.toml
[INFO] crate git repo https://github.com/CubeRunners/CubeRunnersBE already has a lockfile, it will not be regenerated
[INFO] running `Command { std: CARGO_HOME="/workspace/cargo-home" RUSTUP_HOME="/workspace/rustup-home" "/workspace/cargo-home/bin/cargo" "+beta-2023-12-22" "fetch" "--manifest-path" "Cargo.toml", kill_on_drop: false }`
[INFO] [stderr]     Updating crates.io index
[INFO] running `Command { std: "docker" "create" "-v" "/var/lib/crater-agent-workspace/builds/worker-2-tc2/target:/opt/rustwide/target:rw,Z" "-v" "/var/lib/crater-agent-workspace/builds/worker-2-tc2/source:/opt/rustwide/workdir:ro,Z" "-v" "/var/lib/crater-agent-workspace/cargo-home:/opt/rustwide/cargo-home:ro,Z" "-v" "/var/lib/crater-agent-workspace/rustup-home:/opt/rustwide/rustup-home:ro,Z" "-e" "SOURCE_DIR=/opt/rustwide/workdir" "-e" "CARGO_TARGET_DIR=/opt/rustwide/target" "-e" "CARGO_HOME=/opt/rustwide/cargo-home" "-e" "RUSTUP_HOME=/opt/rustwide/rustup-home" "-w" "/opt/rustwide/workdir" "-m" "1610612736" "--user" "0:0" "--network" "none" "ghcr.io/rust-lang/crates-build-env/linux@sha256:2788e3201cd34a07e3172128adcd8b3090168a8e3bcc40d7c032b9dda1df7d1c" "/opt/rustwide/cargo-home/bin/cargo" "+beta-2023-12-22" "metadata" "--no-deps" "--format-version=1", kill_on_drop: false }`
[INFO] [stdout] 7f0f302977ff7ec2fad198c47636eed25d632a4f3507c2dd02c26764f421da16
[INFO] running `Command { std: "docker" "start" "-a" "7f0f302977ff7ec2fad198c47636eed25d632a4f3507c2dd02c26764f421da16", kill_on_drop: false }`
[INFO] running `Command { std: "docker" "inspect" "7f0f302977ff7ec2fad198c47636eed25d632a4f3507c2dd02c26764f421da16", kill_on_drop: false }`
[INFO] running `Command { std: "docker" "rm" "-f" "7f0f302977ff7ec2fad198c47636eed25d632a4f3507c2dd02c26764f421da16", kill_on_drop: false }`
[INFO] [stdout] 7f0f302977ff7ec2fad198c47636eed25d632a4f3507c2dd02c26764f421da16
[INFO] running `Command { std: "docker" "create" "-v" "/var/lib/crater-agent-workspace/builds/worker-2-tc2/target:/opt/rustwide/target:rw,Z" "-v" "/var/lib/crater-agent-workspace/builds/worker-2-tc2/source:/opt/rustwide/workdir:ro,Z" "-v" "/var/lib/crater-agent-workspace/cargo-home:/opt/rustwide/cargo-home:ro,Z" "-v" "/var/lib/crater-agent-workspace/rustup-home:/opt/rustwide/rustup-home:ro,Z" "-e" "SOURCE_DIR=/opt/rustwide/workdir" "-e" "CARGO_TARGET_DIR=/opt/rustwide/target" "-e" "CARGO_INCREMENTAL=0" "-e" "RUST_BACKTRACE=full" "-e" "RUSTFLAGS=--cap-lints=warn" "-e" "RUSTDOCFLAGS=--cap-lints=warn" "-e" "CARGO_HOME=/opt/rustwide/cargo-home" "-e" "RUSTUP_HOME=/opt/rustwide/rustup-home" "-w" "/opt/rustwide/workdir" "-m" "1610612736" "--user" "0:0" "--network" "none" "ghcr.io/rust-lang/crates-build-env/linux@sha256:2788e3201cd34a07e3172128adcd8b3090168a8e3bcc40d7c032b9dda1df7d1c" "/opt/rustwide/cargo-home/bin/cargo" "+beta-2023-12-22" "build" "--frozen" "--message-format=json", kill_on_drop: false }`
[INFO] [stdout] 4c214aefd3c2ce96787d4d5ce1fd976b65cd8b4007b3c3b18ff5f480dadf06dc
[INFO] running `Command { std: "docker" "start" "-a" "4c214aefd3c2ce96787d4d5ce1fd976b65cd8b4007b3c3b18ff5f480dadf06dc", kill_on_drop: false }`
[INFO] [stderr]    Compiling libc v0.2.139
[INFO] [stderr]    Compiling log v0.4.17
[INFO] [stderr]    Compiling bytes v1.3.0
[INFO] [stderr]    Compiling proc-macro2 v1.0.75
[INFO] [stderr]    Compiling itoa v1.0.5
[INFO] [stderr]    Compiling futures-core v0.3.25
[INFO] [stderr]    Compiling parking_lot_core v0.9.6
[INFO] [stderr]    Compiling once_cell v1.17.0
[INFO] [stderr]    Compiling tokio v1.24.2
[INFO] [stderr]    Compiling tracing-core v0.1.30
[INFO] [stderr]    Compiling generic-array v0.14.6
[INFO] [stderr]    Compiling futures-task v0.3.25
[INFO] [stderr]    Compiling pkg-config v0.3.26
[INFO] [stderr]    Compiling serde v1.0.152
[INFO] [stderr]    Compiling futures-util v0.3.25
[INFO] [stderr]    Compiling http v0.2.8
[INFO] [stderr]    Compiling tracing v0.1.37
[INFO] [stderr]    Compiling jobserver v0.1.25
[INFO] [stderr]    Compiling cc v1.0.78
[INFO] [stderr]    Compiling signal-hook-registry v1.4.0
[INFO] [stderr]    Compiling quote v1.0.35
[INFO] [stderr]    Compiling parking_lot v0.12.1
[INFO] [stderr]    Compiling mio v0.8.5
[INFO] [stderr]    Compiling socket2 v0.4.7
[INFO] [stderr]    Compiling getrandom v0.2.8
[INFO] [stderr]    Compiling futures-sink v0.3.25
[INFO] [stderr]    Compiling paste v1.0.11
[INFO] [stderr]    Compiling syn v1.0.107
[INFO] [stderr]    Compiling bytestring v1.2.0
[INFO] [stderr]    Compiling slab v0.4.7
[INFO] [stderr]    Compiling zstd-sys v2.0.5+zstd.1.5.2
[INFO] [stderr]    Compiling indexmap v1.9.2
[INFO] [stderr]    Compiling alloc-no-stdlib v2.0.4
[INFO] [stderr]    Compiling zstd-safe v6.0.2+zstd.1.5.2
[INFO] [stderr]    Compiling local-waker v0.1.3
[INFO] [stderr]    Compiling alloc-stdlib v0.2.2
[INFO] [stderr]    Compiling tinyvec v1.6.0
[INFO] [stderr]    Compiling crypto-common v0.1.6
[INFO] [stderr]    Compiling block-buffer v0.10.3
[INFO] [stderr]    Compiling rand_core v0.6.4
[INFO] [stderr]    Compiling ahash v0.7.6
[INFO] [stderr]    Compiling time-core v0.1.0
[INFO] [stderr]    Compiling ppv-lite86 v0.2.17
[INFO] [stderr]    Compiling actix-service v2.0.2
[INFO] [stderr]    Compiling rand_chacha v0.3.1
[INFO] [stderr]    Compiling miniz_oxide v0.6.2
[INFO] [stderr]    Compiling unicode-normalization v0.1.22
[INFO] [stderr]    Compiling time-macros v0.2.6
[INFO] [stderr]    Compiling digest v0.10.6
[INFO] [stderr]    Compiling tokio-util v0.7.4
[INFO] [stderr]    Compiling actix-rt v2.8.0
[INFO] [stderr]    Compiling brotli-decompressor v2.3.4
[INFO] [stderr]    Compiling actix-utils v3.0.1
[INFO] [stderr]    Compiling syn v2.0.48
[INFO] [stderr]    Compiling cookie v0.16.2
[INFO] [stderr]    Compiling serde_json v1.0.91
[INFO] [stderr]    Compiling pq-sys v0.4.8
[INFO] [stderr]    Compiling convert_case v0.4.0
[INFO] [stderr]    Compiling ryu v1.0.12
[INFO] [stderr]    Compiling unicode-bidi v0.3.10
[INFO] [stderr]    Compiling cpufeatures v0.2.5
[INFO] [stderr]    Compiling sha1 v0.10.5
[INFO] [stderr]    Compiling time v0.3.17
[INFO] [stderr]    Compiling brotli v3.3.4
[INFO] [stderr]    Compiling idna v0.3.0
[INFO] [stderr]    Compiling actix-codec v0.5.0
[INFO] [stderr]    Compiling h2 v0.3.15
[INFO] [stderr]    Compiling flate2 v1.0.25
[INFO] [stderr]    Compiling actix-router v0.5.1
[INFO] [stderr]    Compiling diesel_table_macro_syntax v0.1.0
[INFO] [stderr]    Compiling rand v0.8.5
[INFO] [stderr]    Compiling local-channel v0.1.3
[INFO] [stderr]    Compiling num_cpus v1.15.0
[INFO] [stderr]    Compiling language-tags v0.3.2
[INFO] [stderr]    Compiling actix-server v2.2.0
[INFO] [stderr]    Compiling derive_more v0.99.17
[INFO] [stderr]    Compiling actix-macros v0.2.3
[INFO] [stderr]    Compiling actix-web-codegen v4.1.0
[INFO] [stderr]    Compiling diesel_derives v2.1.2
[INFO] [stderr]    Compiling url v2.3.1
[INFO] [stderr]    Compiling serde_urlencoded v0.7.1
[INFO] [stderr]    Compiling byteorder v1.5.0
[INFO] [stderr]    Compiling dotenvy v0.15.7
[INFO] [stderr]    Compiling diesel v2.1.4
[INFO] [stderr]    Compiling zstd v0.12.2+zstd.1.5.2
[INFO] [stderr]    Compiling actix-http v3.3.0
[INFO] [stderr]    Compiling actix-web v4.3.0
[INFO] [stderr]    Compiling cube-runners-backend v0.1.0 (/opt/rustwide/workdir)
[INFO] [stdout] error: cannot find attribute `update` in this scope
[INFO] [stdout]   --> src/main.rs:41:3
[INFO] [stdout]    |
[INFO] [stdout] 41 | #[update("/api/v1/like")]
[INFO] [stdout]    |   ^^^^^^
[INFO] [stdout] 
[INFO] [stdout] 
[INFO] [stdout] error[E0601]: `main` function not found in crate `cube_runners_backend`
[INFO] [stdout]   --> src/main.rs:54:2
[INFO] [stdout]    |
[INFO] [stdout] 37 | #[get("/api/v1/:idCube")]
[INFO] [stdout]    | ------------------------- non-function item at `crate::main` is found
[INFO] [stdout] ...
[INFO] [stdout] 54 | }
[INFO] [stdout]    |  ^ the main function must be defined at the crate level (in `src/main.rs`)
[INFO] [stdout]    |
[INFO] [stdout] note: here is a function named `main`
[INFO] [stdout]   --> src/main.rs:43:1
[INFO] [stdout]    |
[INFO] [stdout] 43 | #[actix_web::main]
[INFO] [stdout]    | ^^^^^^^^^^^^^^^^^^
[INFO] [stdout]    = note: you have one or more functions named `main` not defined at the crate level
[INFO] [stdout]    = help: consider moving the `main` function definitions
[INFO] [stdout]    = note: this error originates in the attribute macro `::actix_web::rt::main` (in Nightly builds, run with -Z macro-backtrace for more info)
[INFO] [stdout] 
[INFO] [stdout] 
[INFO] [stdout] warning: unused variable: `req_body`
[INFO] [stdout]   --> src/main.rs:18:15
[INFO] [stdout]    |
[INFO] [stdout] 18 | async fn user(req_body: String) -> impl Responder {
[INFO] [stdout]    |               ^^^^^^^^ help: if this is intentional, prefix it with an underscore: `_req_body`
[INFO] [stdout]    |
[INFO] [stdout]    = note: `#[warn(unused_variables)]` on by default
[INFO] [stdout] 
[INFO] [stdout] 
[INFO] [stdout] warning: unused variable: `req_body`
[INFO] [stdout]   --> src/main.rs:23:16
[INFO] [stdout]    |
[INFO] [stdout] 23 | async fn login(req_body: String) -> impl Responder {
[INFO] [stdout]    |                ^^^^^^^^ help: if this is intentional, prefix it with an underscore: `_req_body`
[INFO] [stdout] 
[INFO] [stdout] 
[INFO] [stdout] warning: unused variable: `req_body`
[INFO] [stdout]   --> src/main.rs:28:19
[INFO] [stdout]    |
[INFO] [stdout] 28 | async fn byIdCube(req_body: String) -> impl Responder {
[INFO] [stdout]    |                   ^^^^^^^^ help: if this is intentional, prefix it with an underscore: `_req_body`
[INFO] [stdout] 
[INFO] [stdout] 
[INFO] [stdout] warning: unused variable: `req_body`
[INFO] [stdout]   --> src/main.rs:33:15
[INFO] [stdout]    |
[INFO] [stdout] 33 | async fn like(req_body: String) -> impl Responder {
[INFO] [stdout]    |               ^^^^^^^^ help: if this is intentional, prefix it with an underscore: `_req_body`
[INFO] [stdout] 
[INFO] [stdout] 
[INFO] [stdout] error[E0277]: the trait bound `<main as HttpServiceFactory>::register::main: Handler<_>` is not satisfied
[INFO] [stdout]    --> src/main.rs:44:10
[INFO] [stdout]     |
[INFO] [stdout] 37  | #[get("/api/v1/:idCube")]
[INFO] [stdout]     | ------------------------- required by a bound introduced by this call
[INFO] [stdout] ...
[INFO] [stdout] 44  | async fn main() -> std::io::Result<()> {
[INFO] [stdout]     |          ^^^^ the trait `Handler<_>` is not implemented for `<main as HttpServiceFactory>::register::main`
[INFO] [stdout]     |
[INFO] [stdout] note: required by a bound in `Resource::<T>::to`
[INFO] [stdout]    --> /opt/rustwide/cargo-home/registry/src/index.crates.io-6f17d22bba15001f/actix-web-4.3.0/src/resource.rs:240:12
[INFO] [stdout]     |
[INFO] [stdout] 238 |     pub fn to<F, Args>(mut self, handler: F) -> Self
[INFO] [stdout]     |            -- required by a bound in this associated function
[INFO] [stdout] 239 |     where
[INFO] [stdout] 240 |         F: Handler<Args>,
[INFO] [stdout]     |            ^^^^^^^^^^^^^ required by this bound in `Resource::<T>::to`
[INFO] [stdout] 
[INFO] [stdout] 
[INFO] [stdout] error[E0277]: the trait bound `<<main as HttpServiceFactory>::register::main as HttpServiceFactory>::register::main: Handler<_>` is not satisfied
[INFO] [stdout]    --> src/main.rs:44:10
[INFO] [stdout]     |
[INFO] [stdout] 38  | #[get("/api/v1/like")]
[INFO] [stdout]     | ---------------------- required by a bound introduced by this call
[INFO] [stdout] ...
[INFO] [stdout] 44  | async fn main() -> std::io::Result<()> {
[INFO] [stdout]     |          ^^^^ the trait `Handler<_>` is not implemented for `<<main as HttpServiceFactory>::register::main as HttpServiceFactory>::register::main`
[INFO] [stdout]     |
[INFO] [stdout] note: required by a bound in `Resource::<T>::to`
[INFO] [stdout]    --> /opt/rustwide/cargo-home/registry/src/index.crates.io-6f17d22bba15001f/actix-web-4.3.0/src/resource.rs:240:12
[INFO] [stdout]     |
[INFO] [stdout] 238 |     pub fn to<F, Args>(mut self, handler: F) -> Self
[INFO] [stdout]     |            -- required by a bound in this associated function
[INFO] [stdout] 239 |     where
[INFO] [stdout] 240 |         F: Handler<Args>,
[INFO] [stdout]     |            ^^^^^^^^^^^^^ required by this bound in `Resource::<T>::to`
[INFO] [stdout] 
[INFO] [stdout] 
[INFO] [stdout] error[E0277]: the trait bound `fn() -> Result<(), std::io::Error> {main}: Handler<_>` is not satisfied
[INFO] [stdout]    --> src/main.rs:44:10
[INFO] [stdout]     |
[INFO] [stdout] 39  | #[get("/api/v1/:idCard")]
[INFO] [stdout]     | ------------------------- required by a bound introduced by this call
[INFO] [stdout] ...
[INFO] [stdout] 44  | async fn main() -> std::io::Result<()> {
[INFO] [stdout]     |          ^^^^ the trait `Handler<_>` is not implemented for fn item `fn() -> Result<(), std::io::Error> {main}`
[INFO] [stdout]     |
[INFO] [stdout] note: required by a bound in `Resource::<T>::to`
[INFO] [stdout]    --> /opt/rustwide/cargo-home/registry/src/index.crates.io-6f17d22bba15001f/actix-web-4.3.0/src/resource.rs:240:12
[INFO] [stdout]     |
[INFO] [stdout] 238 |     pub fn to<F, Args>(mut self, handler: F) -> Self
[INFO] [stdout]     |            -- required by a bound in this associated function
[INFO] [stdout] 239 |     where
[INFO] [stdout] 240 |         F: Handler<Args>,
[INFO] [stdout]     |            ^^^^^^^^^^^^^ required by this bound in `Resource::<T>::to`
[INFO] [stdout] 
[INFO] [stdout] 
[INFO] [stdout] error: aborting due to 5 previous errors; 4 warnings emitted
[INFO] [stdout] 
[INFO] [stdout] 
[INFO] [stdout] Some errors have detailed explanations: E0277, E0601.
[INFO] [stdout] 
[INFO] [stdout] For more information about an error, try `rustc --explain E0277`.
[INFO] [stdout] 
[INFO] [stderr] error: could not compile `cube-runners-backend` (bin "cube-runners-backend") due to 6 previous errors; 4 warnings emitted
[INFO] running `Command { std: "docker" "inspect" "4c214aefd3c2ce96787d4d5ce1fd976b65cd8b4007b3c3b18ff5f480dadf06dc", kill_on_drop: false }`
[INFO] running `Command { std: "docker" "rm" "-f" "4c214aefd3c2ce96787d4d5ce1fd976b65cd8b4007b3c3b18ff5f480dadf06dc", kill_on_drop: false }`
[INFO] [stdout] 4c214aefd3c2ce96787d4d5ce1fd976b65cd8b4007b3c3b18ff5f480dadf06dc
