[INFO] cloning repository https://github.com/CrunchwrapSupreme/raycaster
[INFO] running `Command { std: "git" "-c" "credential.helper=" "-c" "credential.helper=/workspace/cargo-home/bin/git-credential-null" "clone" "--bare" "https://github.com/CrunchwrapSupreme/raycaster" "/workspace/cache/git-repos/https%3A%2F%2Fgithub.com%2FCrunchwrapSupreme%2Fraycaster", kill_on_drop: false }`
[INFO] [stderr] Cloning into bare repository '/workspace/cache/git-repos/https%3A%2F%2Fgithub.com%2FCrunchwrapSupreme%2Fraycaster'...
[INFO] running `Command { std: "git" "rev-parse" "HEAD", kill_on_drop: false }`
[INFO] [stdout] 7c45d79328356f697af14f6f6dbe2d01feb530c7
[INFO] testing CrunchwrapSupreme/raycaster against 1.75.0 for beta-1.76-1
[INFO] running `Command { std: "git" "clone" "/workspace/cache/git-repos/https%3A%2F%2Fgithub.com%2FCrunchwrapSupreme%2Fraycaster" "/workspace/builds/worker-5-tc1/source", kill_on_drop: false }`
[INFO] [stderr] Cloning into '/workspace/builds/worker-5-tc1/source'...
[INFO] [stderr] done.
[INFO] validating manifest of git repo https://github.com/CrunchwrapSupreme/raycaster on toolchain 1.75.0
[INFO] running `Command { std: CARGO_HOME="/workspace/cargo-home" RUSTUP_HOME="/workspace/rustup-home" "/workspace/cargo-home/bin/cargo" "+1.75.0" "metadata" "--manifest-path" "Cargo.toml" "--no-deps", kill_on_drop: false }`
[INFO] started tweaking git repo https://github.com/CrunchwrapSupreme/raycaster
[INFO] finished tweaking git repo https://github.com/CrunchwrapSupreme/raycaster
[INFO] tweaked toml for git repo https://github.com/CrunchwrapSupreme/raycaster written to /workspace/builds/worker-5-tc1/source/Cargo.toml
[INFO] crate git repo https://github.com/CrunchwrapSupreme/raycaster already has a lockfile, it will not be regenerated
[INFO] running `Command { std: CARGO_HOME="/workspace/cargo-home" RUSTUP_HOME="/workspace/rustup-home" "/workspace/cargo-home/bin/cargo" "+1.75.0" "fetch" "--manifest-path" "Cargo.toml", kill_on_drop: false }`
[INFO] [stderr]     Updating crates.io index
[INFO] [stderr]  Downloading crates ...
[INFO] [stderr]   Downloaded ndk-glue v0.5.1
[INFO] [stderr]   Downloaded winit_input_helper v0.11.1
[INFO] [stderr]   Downloaded simba v0.7.1
[INFO] [stderr]   Downloaded wide v0.7.4
[INFO] [stderr]   Downloaded pixels v0.9.0
[INFO] [stderr]   Downloaded wide v0.6.5
[INFO] [stderr]   Downloaded ultraviolet v0.8.1
[INFO] running `Command { std: "docker" "create" "-v" "/var/lib/crater-agent-workspace/builds/worker-5-tc1/target:/opt/rustwide/target:rw,Z" "-v" "/var/lib/crater-agent-workspace/builds/worker-5-tc1/source:/opt/rustwide/workdir:ro,Z" "-v" "/var/lib/crater-agent-workspace/cargo-home:/opt/rustwide/cargo-home:ro,Z" "-v" "/var/lib/crater-agent-workspace/rustup-home:/opt/rustwide/rustup-home:ro,Z" "-e" "SOURCE_DIR=/opt/rustwide/workdir" "-e" "CARGO_TARGET_DIR=/opt/rustwide/target" "-e" "CARGO_HOME=/opt/rustwide/cargo-home" "-e" "RUSTUP_HOME=/opt/rustwide/rustup-home" "-w" "/opt/rustwide/workdir" "-m" "1610612736" "--user" "0:0" "--network" "none" "ghcr.io/rust-lang/crates-build-env/linux@sha256:2788e3201cd34a07e3172128adcd8b3090168a8e3bcc40d7c032b9dda1df7d1c" "/opt/rustwide/cargo-home/bin/cargo" "+1.75.0" "metadata" "--no-deps" "--format-version=1", kill_on_drop: false }`
[INFO] [stdout] 1e3bfb9bcffc22822461d69cde7e49cc366f620dd7cf836fb62a40061fb33659
[INFO] running `Command { std: "docker" "start" "-a" "1e3bfb9bcffc22822461d69cde7e49cc366f620dd7cf836fb62a40061fb33659", kill_on_drop: false }`
[INFO] running `Command { std: "docker" "inspect" "1e3bfb9bcffc22822461d69cde7e49cc366f620dd7cf836fb62a40061fb33659", kill_on_drop: false }`
[INFO] running `Command { std: "docker" "rm" "-f" "1e3bfb9bcffc22822461d69cde7e49cc366f620dd7cf836fb62a40061fb33659", kill_on_drop: false }`
[INFO] [stdout] 1e3bfb9bcffc22822461d69cde7e49cc366f620dd7cf836fb62a40061fb33659
[INFO] running `Command { std: "docker" "create" "-v" "/var/lib/crater-agent-workspace/builds/worker-5-tc1/target:/opt/rustwide/target:rw,Z" "-v" "/var/lib/crater-agent-workspace/builds/worker-5-tc1/source:/opt/rustwide/workdir:ro,Z" "-v" "/var/lib/crater-agent-workspace/cargo-home:/opt/rustwide/cargo-home:ro,Z" "-v" "/var/lib/crater-agent-workspace/rustup-home:/opt/rustwide/rustup-home:ro,Z" "-e" "SOURCE_DIR=/opt/rustwide/workdir" "-e" "CARGO_TARGET_DIR=/opt/rustwide/target" "-e" "CARGO_INCREMENTAL=0" "-e" "RUST_BACKTRACE=full" "-e" "RUSTFLAGS=--cap-lints=warn" "-e" "RUSTDOCFLAGS=--cap-lints=warn" "-e" "CARGO_HOME=/opt/rustwide/cargo-home" "-e" "RUSTUP_HOME=/opt/rustwide/rustup-home" "-w" "/opt/rustwide/workdir" "-m" "1610612736" "--user" "0:0" "--network" "none" "ghcr.io/rust-lang/crates-build-env/linux@sha256:2788e3201cd34a07e3172128adcd8b3090168a8e3bcc40d7c032b9dda1df7d1c" "/opt/rustwide/cargo-home/bin/cargo" "+1.75.0" "build" "--frozen" "--message-format=json", kill_on_drop: false }`
[INFO] [stdout] 44da3e8e7741603e8b3121042ad50379279b2af0a69f79b2ab2e5f38c5902cad
[INFO] running `Command { std: "docker" "start" "-a" "44da3e8e7741603e8b3121042ad50379279b2af0a69f79b2ab2e5f38c5902cad", kill_on_drop: false }`
[INFO] [stderr]    Compiling libc v0.2.119
[INFO] [stderr]    Compiling once_cell v1.9.0
[INFO] [stderr]    Compiling memoffset v0.6.5
[INFO] [stderr]    Compiling libloading v0.7.3
[INFO] [stderr]    Compiling num-traits v0.2.14
[INFO] [stderr]    Compiling smallvec v1.8.0
[INFO] [stderr]    Compiling log v0.4.14
[INFO] [stderr]    Compiling syn v1.0.86
[INFO] [stderr]    Compiling xml-rs v0.8.4
[INFO] [stderr]    Compiling ahash v0.7.6
[INFO] [stderr]    Compiling wayland-sys v0.29.4
[INFO] [stderr]    Compiling parking_lot_core v0.8.5
[INFO] [stderr]    Compiling dlib v0.5.0
[INFO] [stderr]    Compiling instant v0.1.12
[INFO] [stderr]    Compiling wayland-scanner v0.29.4
[INFO] [stderr]    Compiling bytemuck v1.7.3
[INFO] [stderr]    Compiling memchr v2.4.1
[INFO] [stderr]    Compiling lock_api v0.4.6
[INFO] [stderr]    Compiling nom v7.1.0
[INFO] [stderr]    Compiling indexmap v1.8.0
[INFO] [stderr]    Compiling cty v0.2.2
[INFO] [stderr]    Compiling crossbeam-utils v0.8.7
[INFO] [stderr]    Compiling raw-window-handle v0.4.2
[INFO] [stderr]    Compiling minimal-lexical v0.2.1
[INFO] [stderr]    Compiling termcolor v1.1.2
[INFO] [stderr]    Compiling bit-vec v0.6.3
[INFO] [stderr]    Compiling getrandom v0.2.5
[INFO] [stderr]    Compiling nix v0.22.3
[INFO] [stderr]    Compiling downcast-rs v1.2.0
[INFO] [stderr]    Compiling unicode-width v0.1.9
[INFO] [stderr]    Compiling scoped-tls v1.0.0
[INFO] [stderr]    Compiling codespan-reporting v0.11.1
[INFO] [stderr]    Compiling hashbrown v0.11.2
[INFO] [stderr]    Compiling parking_lot v0.11.2
[INFO] [stderr]    Compiling wayland-client v0.29.4
[INFO] [stderr]    Compiling wayland-protocols v0.29.4
[INFO] [stderr]    Compiling ash v0.34.0+1.2.203
[INFO] [stderr]    Compiling bit-set v0.5.2
[INFO] [stderr]    Compiling khronos-egl v4.1.0
[INFO] [stderr]    Compiling spirv v0.2.0+1.5.4
[INFO] [stderr]    Compiling gpu-descriptor-types v0.1.1
[INFO] [stderr]    Compiling gpu-alloc-types v0.2.0
[INFO] [stderr]    Compiling crossbeam-epoch v0.9.7
[INFO] [stderr]    Compiling rustc-hash v1.1.0
[INFO] [stderr]    Compiling hexf-parse v0.2.1
[INFO] [stderr]    Compiling gpu-alloc v0.5.3
[INFO] [stderr]    Compiling gpu-descriptor v0.2.2
[INFO] [stderr]    Compiling x11-dl v2.19.1
[INFO] [stderr]    Compiling smithay-client-toolkit v0.15.3
[INFO] [stderr]    Compiling wgpu-types v0.12.0
[INFO] [stderr]    Compiling num-integer v0.1.44
[INFO] [stderr]    Compiling xcursor v0.3.4
[INFO] [stderr]    Compiling glow v0.11.2
[INFO] [stderr]    Compiling renderdoc-sys v0.7.1
[INFO] [stderr]    Compiling inplace_it v0.3.3
[INFO] [stderr]    Compiling arrayvec v0.7.2
[INFO] [stderr]    Compiling rayon-core v1.9.1
[INFO] [stderr]    Compiling wayland-commons v0.29.4
[INFO] [stderr]    Compiling profiling v1.0.5
[INFO] [stderr]    Compiling calloop v0.9.3
[INFO] [stderr]    Compiling wgpu-core v0.12.2
[INFO] [stderr]    Compiling memmap2 v0.3.1
[INFO] [stderr]    Compiling thiserror-impl v1.0.30
[INFO] [stderr]    Compiling safe_arch v0.5.2
[INFO] [stderr]    Compiling safe_arch v0.6.0
[INFO] [stderr]    Compiling num-rational v0.4.0
[INFO] [stderr]    Compiling winit v0.26.1
[INFO] [stderr]    Compiling typenum v1.15.0
[INFO] [stderr]    Compiling copyless v0.1.5
[INFO] [stderr]    Compiling wide v0.7.4
[INFO] [stderr]    Compiling wide v0.6.5
[INFO] [stderr]    Compiling crossbeam-deque v0.8.1
[INFO] [stderr]    Compiling wayland-cursor v0.29.4
[INFO] [stderr]    Compiling thiserror v1.0.30
[INFO] [stderr]    Compiling crossbeam-channel v0.5.2
[INFO] [stderr]    Compiling naga v0.8.5
[INFO] [stderr]    Compiling num_cpus v1.13.1
[INFO] [stderr]    Compiling mio v0.8.0
[INFO] [stderr]    Compiling approx v0.5.1
[INFO] [stderr]    Compiling num-complex v0.4.0
[INFO] [stderr]    Compiling rayon v1.5.1
[INFO] [stderr]    Compiling rawpointer v0.2.1
[INFO] [stderr]    Compiling paste v1.0.6
[INFO] [stderr]    Compiling percent-encoding v2.1.0
[INFO] [stderr]    Compiling matrixmultiply v0.3.2
[INFO] [stderr]    Compiling ultraviolet v0.8.1
[INFO] [stderr]    Compiling simba v0.7.1
[INFO] [stderr]    Compiling nalgebra-macros v0.1.0
[INFO] [stderr]    Compiling either v1.6.1
[INFO] [stderr]    Compiling pollster v0.2.5
[INFO] [stderr]    Compiling wgpu-hal v0.12.4
[INFO] [stderr]    Compiling nalgebra v0.30.1
[INFO] [stderr]    Compiling wgpu v0.12.0
[INFO] [stderr]    Compiling pixels v0.9.0
[INFO] [stderr]    Compiling winit_input_helper v0.11.1
[INFO] [stderr]    Compiling test-engine-rust v0.1.0 (/opt/rustwide/workdir)
[INFO] [stderr]     Finished dev [unoptimized + debuginfo] target(s) in 54.68s
[INFO] running `Command { std: "docker" "inspect" "44da3e8e7741603e8b3121042ad50379279b2af0a69f79b2ab2e5f38c5902cad", kill_on_drop: false }`
[INFO] running `Command { std: "docker" "rm" "-f" "44da3e8e7741603e8b3121042ad50379279b2af0a69f79b2ab2e5f38c5902cad", kill_on_drop: false }`
[INFO] [stdout] 44da3e8e7741603e8b3121042ad50379279b2af0a69f79b2ab2e5f38c5902cad
[INFO] running `Command { std: "docker" "create" "-v" "/var/lib/crater-agent-workspace/builds/worker-5-tc1/target:/opt/rustwide/target:rw,Z" "-v" "/var/lib/crater-agent-workspace/builds/worker-5-tc1/source:/opt/rustwide/workdir:ro,Z" "-v" "/var/lib/crater-agent-workspace/cargo-home:/opt/rustwide/cargo-home:ro,Z" "-v" "/var/lib/crater-agent-workspace/rustup-home:/opt/rustwide/rustup-home:ro,Z" "-e" "SOURCE_DIR=/opt/rustwide/workdir" "-e" "CARGO_TARGET_DIR=/opt/rustwide/target" "-e" "CARGO_INCREMENTAL=0" "-e" "RUST_BACKTRACE=full" "-e" "RUSTFLAGS=--cap-lints=warn" "-e" "RUSTDOCFLAGS=--cap-lints=warn" "-e" "CARGO_HOME=/opt/rustwide/cargo-home" "-e" "RUSTUP_HOME=/opt/rustwide/rustup-home" "-w" "/opt/rustwide/workdir" "-m" "1610612736" "--user" "0:0" "--network" "none" "ghcr.io/rust-lang/crates-build-env/linux@sha256:2788e3201cd34a07e3172128adcd8b3090168a8e3bcc40d7c032b9dda1df7d1c" "/opt/rustwide/cargo-home/bin/cargo" "+1.75.0" "test" "--frozen" "--no-run" "--message-format=json", kill_on_drop: false }`
[INFO] [stdout] 4f4d70950c80eced14c3a6b33189093ae1c94005ec16e3aa49ffa28511d0296c
[INFO] running `Command { std: "docker" "start" "-a" "4f4d70950c80eced14c3a6b33189093ae1c94005ec16e3aa49ffa28511d0296c", kill_on_drop: false }`
[INFO] [stderr]    Compiling test-engine-rust v0.1.0 (/opt/rustwide/workdir)
[INFO] [stdout] error[E0061]: this method takes 3 arguments but 2 arguments were supplied
[INFO] [stdout]    --> src/map.rs:174:23
[INFO] [stdout]     |
[INFO] [stdout] 174 |         let hit = map.cast_ray(pos, dir);
[INFO] [stdout]     |                       ^^^^^^^^---------- an argument of type `f64` is missing
[INFO] [stdout]     |
[INFO] [stdout] note: method defined here
[INFO] [stdout]    --> src/map.rs:69:12
[INFO] [stdout]     |
[INFO] [stdout] 69  |     pub fn cast_ray(&self, pos: Vector2D, dir: Vector2D, max_len: f64) -> Option<BlockData> {
[INFO] [stdout]     |            ^^^^^^^^        -------------  -------------  ------------
[INFO] [stdout] help: provide the argument
[INFO] [stdout]     |
[INFO] [stdout] 174 |         let hit = map.cast_ray(pos, dir, /* f64 */);
[INFO] [stdout]     |                               ~~~~~~~~~~~~~~~~~~~~~
[INFO] [stdout] 
[INFO] [stdout] 
[INFO] [stdout] error[E0061]: this method takes 3 arguments but 2 arguments were supplied
[INFO] [stdout]    --> src/map.rs:181:23
[INFO] [stdout]     |
[INFO] [stdout] 181 |         let hit = map.cast_ray(pos, dir);
[INFO] [stdout]     |                       ^^^^^^^^---------- an argument of type `f64` is missing
[INFO] [stdout]     |
[INFO] [stdout] note: method defined here
[INFO] [stdout]    --> src/map.rs:69:12
[INFO] [stdout]     |
[INFO] [stdout] 69  |     pub fn cast_ray(&self, pos: Vector2D, dir: Vector2D, max_len: f64) -> Option<BlockData> {
[INFO] [stdout]     |            ^^^^^^^^        -------------  -------------  ------------
[INFO] [stdout] help: provide the argument
[INFO] [stdout]     |
[INFO] [stdout] 181 |         let hit = map.cast_ray(pos, dir, /* f64 */);
[INFO] [stdout]     |                               ~~~~~~~~~~~~~~~~~~~~~
[INFO] [stdout] 
[INFO] [stdout] 
[INFO] [stdout] error: aborting due to 2 previous errors
[INFO] [stdout] 
[INFO] [stdout] 
[INFO] [stdout] For more information about this error, try `rustc --explain E0061`.
[INFO] [stdout] 
[INFO] [stderr] error: could not compile `test-engine-rust` (bin "test-engine-rust" test) due to 3 previous errors
[INFO] running `Command { std: "docker" "inspect" "4f4d70950c80eced14c3a6b33189093ae1c94005ec16e3aa49ffa28511d0296c", kill_on_drop: false }`
[INFO] running `Command { std: "docker" "rm" "-f" "4f4d70950c80eced14c3a6b33189093ae1c94005ec16e3aa49ffa28511d0296c", kill_on_drop: false }`
[INFO] [stdout] 4f4d70950c80eced14c3a6b33189093ae1c94005ec16e3aa49ffa28511d0296c
[INFO] testing CrunchwrapSupreme/raycaster against beta-2023-12-22 for beta-1.76-1
[INFO] running `Command { std: "git" "clone" "/workspace/cache/git-repos/https%3A%2F%2Fgithub.com%2FCrunchwrapSupreme%2Fraycaster" "/workspace/builds/worker-5-tc2/source", kill_on_drop: false }`
[INFO] [stderr] Cloning into '/workspace/builds/worker-5-tc2/source'...
[INFO] [stderr] done.
[INFO] validating manifest of git repo https://github.com/CrunchwrapSupreme/raycaster on toolchain beta-2023-12-22
[INFO] running `Command { std: CARGO_HOME="/workspace/cargo-home" RUSTUP_HOME="/workspace/rustup-home" "/workspace/cargo-home/bin/cargo" "+beta-2023-12-22" "metadata" "--manifest-path" "Cargo.toml" "--no-deps", kill_on_drop: false }`
[INFO] started tweaking git repo https://github.com/CrunchwrapSupreme/raycaster
[INFO] finished tweaking git repo https://github.com/CrunchwrapSupreme/raycaster
[INFO] tweaked toml for git repo https://github.com/CrunchwrapSupreme/raycaster written to /workspace/builds/worker-5-tc2/source/Cargo.toml
[INFO] crate git repo https://github.com/CrunchwrapSupreme/raycaster already has a lockfile, it will not be regenerated
[INFO] running `Command { std: CARGO_HOME="/workspace/cargo-home" RUSTUP_HOME="/workspace/rustup-home" "/workspace/cargo-home/bin/cargo" "+beta-2023-12-22" "fetch" "--manifest-path" "Cargo.toml", kill_on_drop: false }`
[INFO] running `Command { std: "docker" "create" "-v" "/var/lib/crater-agent-workspace/builds/worker-5-tc2/target:/opt/rustwide/target:rw,Z" "-v" "/var/lib/crater-agent-workspace/builds/worker-5-tc2/source:/opt/rustwide/workdir:ro,Z" "-v" "/var/lib/crater-agent-workspace/cargo-home:/opt/rustwide/cargo-home:ro,Z" "-v" "/var/lib/crater-agent-workspace/rustup-home:/opt/rustwide/rustup-home:ro,Z" "-e" "SOURCE_DIR=/opt/rustwide/workdir" "-e" "CARGO_TARGET_DIR=/opt/rustwide/target" "-e" "CARGO_HOME=/opt/rustwide/cargo-home" "-e" "RUSTUP_HOME=/opt/rustwide/rustup-home" "-w" "/opt/rustwide/workdir" "-m" "1610612736" "--user" "0:0" "--network" "none" "ghcr.io/rust-lang/crates-build-env/linux@sha256:2788e3201cd34a07e3172128adcd8b3090168a8e3bcc40d7c032b9dda1df7d1c" "/opt/rustwide/cargo-home/bin/cargo" "+beta-2023-12-22" "metadata" "--no-deps" "--format-version=1", kill_on_drop: false }`
[INFO] [stdout] 9b9cce4c36c500fb02bc925685f61077278c622fdef3b9361747b9a48990db21
[INFO] running `Command { std: "docker" "start" "-a" "9b9cce4c36c500fb02bc925685f61077278c622fdef3b9361747b9a48990db21", kill_on_drop: false }`
[INFO] running `Command { std: "docker" "inspect" "9b9cce4c36c500fb02bc925685f61077278c622fdef3b9361747b9a48990db21", kill_on_drop: false }`
[INFO] running `Command { std: "docker" "rm" "-f" "9b9cce4c36c500fb02bc925685f61077278c622fdef3b9361747b9a48990db21", kill_on_drop: false }`
[INFO] [stdout] 9b9cce4c36c500fb02bc925685f61077278c622fdef3b9361747b9a48990db21
[INFO] running `Command { std: "docker" "create" "-v" "/var/lib/crater-agent-workspace/builds/worker-5-tc2/target:/opt/rustwide/target:rw,Z" "-v" "/var/lib/crater-agent-workspace/builds/worker-5-tc2/source:/opt/rustwide/workdir:ro,Z" "-v" "/var/lib/crater-agent-workspace/cargo-home:/opt/rustwide/cargo-home:ro,Z" "-v" "/var/lib/crater-agent-workspace/rustup-home:/opt/rustwide/rustup-home:ro,Z" "-e" "SOURCE_DIR=/opt/rustwide/workdir" "-e" "CARGO_TARGET_DIR=/opt/rustwide/target" "-e" "CARGO_INCREMENTAL=0" "-e" "RUST_BACKTRACE=full" "-e" "RUSTFLAGS=--cap-lints=warn" "-e" "RUSTDOCFLAGS=--cap-lints=warn" "-e" "CARGO_HOME=/opt/rustwide/cargo-home" "-e" "RUSTUP_HOME=/opt/rustwide/rustup-home" "-w" "/opt/rustwide/workdir" "-m" "1610612736" "--user" "0:0" "--network" "none" "ghcr.io/rust-lang/crates-build-env/linux@sha256:2788e3201cd34a07e3172128adcd8b3090168a8e3bcc40d7c032b9dda1df7d1c" "/opt/rustwide/cargo-home/bin/cargo" "+beta-2023-12-22" "build" "--frozen" "--message-format=json", kill_on_drop: false }`
[INFO] [stdout] 1d82c0a5aa0582aba86b795814301e4d0fd94a9267dcaf9b7ead42a3d6d31581
[INFO] running `Command { std: "docker" "start" "-a" "1d82c0a5aa0582aba86b795814301e4d0fd94a9267dcaf9b7ead42a3d6d31581", kill_on_drop: false }`
[INFO] [stderr]    Compiling libc v0.2.119
[INFO] [stderr]    Compiling once_cell v1.9.0
[INFO] [stderr]    Compiling libloading v0.7.3
[INFO] [stderr]    Compiling memoffset v0.6.5
[INFO] [stderr]    Compiling num-traits v0.2.14
[INFO] [stderr]    Compiling smallvec v1.8.0
[INFO] [stderr]    Compiling log v0.4.14
[INFO] [stderr]    Compiling syn v1.0.86
[INFO] [stderr]    Compiling xml-rs v0.8.4
[INFO] [stderr]    Compiling ahash v0.7.6
[INFO] [stderr]    Compiling wayland-sys v0.29.4
[INFO] [stderr]    Compiling parking_lot_core v0.8.5
[INFO] [stderr]    Compiling dlib v0.5.0
[INFO] [stderr]    Compiling instant v0.1.12
[INFO] [stderr]    Compiling bytemuck v1.7.3
[INFO] [stderr]    Compiling memchr v2.4.1
[INFO] [stderr]    Compiling lock_api v0.4.6
[INFO] [stderr]    Compiling nom v7.1.0
[INFO] [stderr]    Compiling wayland-scanner v0.29.4
[INFO] [stderr]    Compiling indexmap v1.8.0
[INFO] [stderr]    Compiling cty v0.2.2
[INFO] [stderr]    Compiling crossbeam-utils v0.8.7
[INFO] [stderr]    Compiling raw-window-handle v0.4.2
[INFO] [stderr]    Compiling termcolor v1.1.2
[INFO] [stderr]    Compiling unicode-width v0.1.9
[INFO] [stderr]    Compiling scoped-tls v1.0.0
[INFO] [stderr]    Compiling bit-vec v0.6.3
[INFO] [stderr]    Compiling minimal-lexical v0.2.1
[INFO] [stderr]    Compiling downcast-rs v1.2.0
[INFO] [stderr]    Compiling codespan-reporting v0.11.1
[INFO] [stderr]    Compiling bit-set v0.5.2
[INFO] [stderr]    Compiling getrandom v0.2.5
[INFO] [stderr]    Compiling nix v0.22.3
[INFO] [stderr]    Compiling parking_lot v0.11.2
[INFO] [stderr]    Compiling hashbrown v0.11.2
[INFO] [stderr]    Compiling ash v0.34.0+1.2.203
[INFO] [stderr]    Compiling wayland-client v0.29.4
[INFO] [stderr]    Compiling wayland-protocols v0.29.4
[INFO] [stderr]    Compiling khronos-egl v4.1.0
[INFO] [stderr]    Compiling spirv v0.2.0+1.5.4
[INFO] [stderr]    Compiling gpu-alloc-types v0.2.0
[INFO] [stderr]    Compiling gpu-descriptor-types v0.1.1
[INFO] [stderr]    Compiling hexf-parse v0.2.1
[INFO] [stderr]    Compiling crossbeam-epoch v0.9.7
[INFO] [stderr]    Compiling rustc-hash v1.1.0
[INFO] [stderr]    Compiling gpu-descriptor v0.2.2
[INFO] [stderr]    Compiling gpu-alloc v0.5.3
[INFO] [stderr]    Compiling xcursor v0.3.4
[INFO] [stderr]    Compiling smithay-client-toolkit v0.15.3
[INFO] [stderr]    Compiling x11-dl v2.19.1
[INFO] [stderr]    Compiling wgpu-types v0.12.0
[INFO] [stderr]    Compiling num-integer v0.1.44
[INFO] [stderr]    Compiling inplace_it v0.3.3
[INFO] [stderr]    Compiling profiling v1.0.5
[INFO] [stderr]    Compiling wayland-commons v0.29.4
[INFO] [stderr]    Compiling renderdoc-sys v0.7.1
[INFO] [stderr]    Compiling arrayvec v0.7.2
[INFO] [stderr]    Compiling rayon-core v1.9.1
[INFO] [stderr]    Compiling glow v0.11.2
[INFO] [stderr]    Compiling calloop v0.9.3
[INFO] [stderr]    Compiling thiserror-impl v1.0.30
[INFO] [stderr]    Compiling wgpu-core v0.12.2
[INFO] [stderr]    Compiling memmap2 v0.3.1
[INFO] [stderr]    Compiling safe_arch v0.6.0
[INFO] [stderr]    Compiling safe_arch v0.5.2
[INFO] [stderr]    Compiling num-rational v0.4.0
[INFO] [stderr]    Compiling wayland-cursor v0.29.4
[INFO] [stderr]    Compiling winit v0.26.1
[INFO] [stderr]    Compiling copyless v0.1.5
[INFO] [stderr]    Compiling typenum v1.15.0
[INFO] [stderr]    Compiling wide v0.6.5
[INFO] [stderr]    Compiling wide v0.7.4
[INFO] [stderr]    Compiling crossbeam-deque v0.8.1
[INFO] [stderr]    Compiling thiserror v1.0.30
[INFO] [stderr]    Compiling naga v0.8.5
[INFO] [stderr]    Compiling crossbeam-channel v0.5.2
[INFO] [stderr]    Compiling mio v0.8.0
[INFO] [stderr]    Compiling num_cpus v1.13.1
[INFO] [stderr]    Compiling num-complex v0.4.0
[INFO] [stderr]    Compiling approx v0.5.1
[INFO] [stderr]    Compiling rayon v1.5.1
[INFO] [stderr]    Compiling percent-encoding v2.1.0
[INFO] [stderr]    Compiling paste v1.0.6
[INFO] [stderr]    Compiling rawpointer v0.2.1
[INFO] [stderr]    Compiling matrixmultiply v0.3.2
[INFO] [stderr]    Compiling ultraviolet v0.8.1
[INFO] [stderr]    Compiling simba v0.7.1
[INFO] [stderr]    Compiling nalgebra-macros v0.1.0
[INFO] [stderr]    Compiling pollster v0.2.5
[INFO] [stderr]    Compiling either v1.6.1
[INFO] [stderr]    Compiling wgpu-hal v0.12.4
[INFO] [stderr]    Compiling nalgebra v0.30.1
[INFO] [stderr]    Compiling wgpu v0.12.0
[INFO] [stderr]    Compiling pixels v0.9.0
[INFO] [stderr]    Compiling winit_input_helper v0.11.1
[INFO] [stderr]    Compiling test-engine-rust v0.1.0 (/opt/rustwide/workdir)
[INFO] [stderr]     Finished dev [unoptimized + debuginfo] target(s) in 44.49s
[INFO] running `Command { std: "docker" "inspect" "1d82c0a5aa0582aba86b795814301e4d0fd94a9267dcaf9b7ead42a3d6d31581", kill_on_drop: false }`
[INFO] running `Command { std: "docker" "rm" "-f" "1d82c0a5aa0582aba86b795814301e4d0fd94a9267dcaf9b7ead42a3d6d31581", kill_on_drop: false }`
[INFO] [stdout] 1d82c0a5aa0582aba86b795814301e4d0fd94a9267dcaf9b7ead42a3d6d31581
[INFO] running `Command { std: "docker" "create" "-v" "/var/lib/crater-agent-workspace/builds/worker-5-tc2/target:/opt/rustwide/target:rw,Z" "-v" "/var/lib/crater-agent-workspace/builds/worker-5-tc2/source:/opt/rustwide/workdir:ro,Z" "-v" "/var/lib/crater-agent-workspace/cargo-home:/opt/rustwide/cargo-home:ro,Z" "-v" "/var/lib/crater-agent-workspace/rustup-home:/opt/rustwide/rustup-home:ro,Z" "-e" "SOURCE_DIR=/opt/rustwide/workdir" "-e" "CARGO_TARGET_DIR=/opt/rustwide/target" "-e" "CARGO_INCREMENTAL=0" "-e" "RUST_BACKTRACE=full" "-e" "RUSTFLAGS=--cap-lints=warn" "-e" "RUSTDOCFLAGS=--cap-lints=warn" "-e" "CARGO_HOME=/opt/rustwide/cargo-home" "-e" "RUSTUP_HOME=/opt/rustwide/rustup-home" "-w" "/opt/rustwide/workdir" "-m" "1610612736" "--user" "0:0" "--network" "none" "ghcr.io/rust-lang/crates-build-env/linux@sha256:2788e3201cd34a07e3172128adcd8b3090168a8e3bcc40d7c032b9dda1df7d1c" "/opt/rustwide/cargo-home/bin/cargo" "+beta-2023-12-22" "test" "--frozen" "--no-run" "--message-format=json", kill_on_drop: false }`
[INFO] [stdout] 71dd5530bb9a0ca43b9fb8580ea4cb453bcd12700f037878887aa995d5bdb0f8
[INFO] running `Command { std: "docker" "start" "-a" "71dd5530bb9a0ca43b9fb8580ea4cb453bcd12700f037878887aa995d5bdb0f8", kill_on_drop: false }`
[INFO] [stderr]    Compiling test-engine-rust v0.1.0 (/opt/rustwide/workdir)
[INFO] [stdout] error[E0061]: this method takes 3 arguments but 2 arguments were supplied
[INFO] [stdout]    --> src/map.rs:174:23
[INFO] [stdout]     |
[INFO] [stdout] 174 |         let hit = map.cast_ray(pos, dir);
[INFO] [stdout]     |                       ^^^^^^^^---------- an argument of type `f64` is missing
[INFO] [stdout]     |
[INFO] [stdout] note: method defined here
[INFO] [stdout]    --> src/map.rs:69:12
[INFO] [stdout]     |
[INFO] [stdout] 69  |     pub fn cast_ray(&self, pos: Vector2D, dir: Vector2D, max_len: f64) -> Option<BlockData> {
[INFO] [stdout]     |            ^^^^^^^^        -------------  -------------  ------------
[INFO] [stdout] help: provide the argument
[INFO] [stdout]     |
[INFO] [stdout] 174 |         let hit = map.cast_ray(pos, dir, /* f64 */);
[INFO] [stdout]     |                               ~~~~~~~~~~~~~~~~~~~~~
[INFO] [stdout] 
[INFO] [stdout] 
[INFO] [stdout] error[E0061]: this method takes 3 arguments but 2 arguments were supplied
[INFO] [stdout]    --> src/map.rs:181:23
[INFO] [stdout]     |
[INFO] [stdout] 181 |         let hit = map.cast_ray(pos, dir);
[INFO] [stdout]     |                       ^^^^^^^^---------- an argument of type `f64` is missing
[INFO] [stdout]     |
[INFO] [stdout] note: method defined here
[INFO] [stdout]    --> src/map.rs:69:12
[INFO] [stdout]     |
[INFO] [stdout] 69  |     pub fn cast_ray(&self, pos: Vector2D, dir: Vector2D, max_len: f64) -> Option<BlockData> {
[INFO] [stdout]     |            ^^^^^^^^        -------------  -------------  ------------
[INFO] [stdout] help: provide the argument
[INFO] [stdout]     |
[INFO] [stdout] 181 |         let hit = map.cast_ray(pos, dir, /* f64 */);
[INFO] [stdout]     |                               ~~~~~~~~~~~~~~~~~~~~~
[INFO] [stdout] 
[INFO] [stdout] 
[INFO] [stdout] error: aborting due to 2 previous errors
[INFO] [stdout] 
[INFO] [stdout] 
[INFO] [stdout] For more information about this error, try `rustc --explain E0061`.
[INFO] [stdout] 
[INFO] [stderr] error: could not compile `test-engine-rust` (bin "test-engine-rust" test) due to 3 previous errors
[INFO] running `Command { std: "docker" "inspect" "71dd5530bb9a0ca43b9fb8580ea4cb453bcd12700f037878887aa995d5bdb0f8", kill_on_drop: false }`
[INFO] running `Command { std: "docker" "rm" "-f" "71dd5530bb9a0ca43b9fb8580ea4cb453bcd12700f037878887aa995d5bdb0f8", kill_on_drop: false }`
[INFO] [stdout] 71dd5530bb9a0ca43b9fb8580ea4cb453bcd12700f037878887aa995d5bdb0f8
