[INFO] cloning repository https://github.com/CroxxN/lapce-html
[INFO] running `Command { std: "git" "-c" "credential.helper=" "-c" "credential.helper=/workspace/cargo-home/bin/git-credential-null" "clone" "--bare" "https://github.com/CroxxN/lapce-html" "/workspace/cache/git-repos/https%3A%2F%2Fgithub.com%2FCroxxN%2Flapce-html", kill_on_drop: false }`
[INFO] [stderr] Cloning into bare repository '/workspace/cache/git-repos/https%3A%2F%2Fgithub.com%2FCroxxN%2Flapce-html'...
[INFO] running `Command { std: "git" "rev-parse" "HEAD", kill_on_drop: false }`
[INFO] [stdout] 63c8655d80c7bbab8ceffe37dd65d71222a2eaa0
[INFO] testing CroxxN/lapce-html against 1.75.0 for beta-1.76-1
[INFO] running `Command { std: "git" "clone" "/workspace/cache/git-repos/https%3A%2F%2Fgithub.com%2FCroxxN%2Flapce-html" "/workspace/builds/worker-7-tc1/source", kill_on_drop: false }`
[INFO] [stderr] Cloning into '/workspace/builds/worker-7-tc1/source'...
[INFO] [stderr] done.
[INFO] validating manifest of git repo https://github.com/CroxxN/lapce-html on toolchain 1.75.0
[INFO] running `Command { std: CARGO_HOME="/workspace/cargo-home" RUSTUP_HOME="/workspace/rustup-home" "/workspace/cargo-home/bin/cargo" "+1.75.0" "metadata" "--manifest-path" "Cargo.toml" "--no-deps", kill_on_drop: false }`
[INFO] removed /workspace/builds/worker-7-tc1/source/.cargo/config.toml
[INFO] started tweaking git repo https://github.com/CroxxN/lapce-html
[INFO] finished tweaking git repo https://github.com/CroxxN/lapce-html
[INFO] tweaked toml for git repo https://github.com/CroxxN/lapce-html written to /workspace/builds/worker-7-tc1/source/Cargo.toml
[INFO] crate git repo https://github.com/CroxxN/lapce-html already has a lockfile, it will not be regenerated
[INFO] running `Command { std: CARGO_HOME="/workspace/cargo-home" RUSTUP_HOME="/workspace/rustup-home" "/workspace/cargo-home/bin/cargo" "+1.75.0" "fetch" "--manifest-path" "Cargo.toml", kill_on_drop: false }`
[INFO] [stderr]     Updating git repository `https://github.com/lapce/lapce-plugin-rust.git`
[INFO] [stderr]     Updating crates.io index
[INFO] [stderr]     Updating git repository `https://github.com/lapce/psp-types`
[INFO] [stderr]     Updating git repository `https://github.com/lapce/wasi-experimental-http`
[INFO] [stderr]  Downloading crates ...
[INFO] [stderr]   Downloaded jsonrpc-lite v0.5.0
[INFO] running `Command { std: "docker" "create" "-v" "/var/lib/crater-agent-workspace/builds/worker-7-tc1/target:/opt/rustwide/target:rw,Z" "-v" "/var/lib/crater-agent-workspace/builds/worker-7-tc1/source:/opt/rustwide/workdir:ro,Z" "-v" "/var/lib/crater-agent-workspace/cargo-home:/opt/rustwide/cargo-home:ro,Z" "-v" "/var/lib/crater-agent-workspace/rustup-home:/opt/rustwide/rustup-home:ro,Z" "-e" "SOURCE_DIR=/opt/rustwide/workdir" "-e" "CARGO_TARGET_DIR=/opt/rustwide/target" "-e" "CARGO_HOME=/opt/rustwide/cargo-home" "-e" "RUSTUP_HOME=/opt/rustwide/rustup-home" "-w" "/opt/rustwide/workdir" "-m" "1610612736" "--user" "0:0" "--network" "none" "ghcr.io/rust-lang/crates-build-env/linux@sha256:2788e3201cd34a07e3172128adcd8b3090168a8e3bcc40d7c032b9dda1df7d1c" "/opt/rustwide/cargo-home/bin/cargo" "+1.75.0" "metadata" "--no-deps" "--format-version=1", kill_on_drop: false }`
[INFO] [stdout] f4d09c91546e27188d993aa55eba01ea82a93ff048f9aa3782330896d445a99a
[INFO] running `Command { std: "docker" "start" "-a" "f4d09c91546e27188d993aa55eba01ea82a93ff048f9aa3782330896d445a99a", kill_on_drop: false }`
[INFO] running `Command { std: "docker" "inspect" "f4d09c91546e27188d993aa55eba01ea82a93ff048f9aa3782330896d445a99a", kill_on_drop: false }`
[INFO] running `Command { std: "docker" "rm" "-f" "f4d09c91546e27188d993aa55eba01ea82a93ff048f9aa3782330896d445a99a", kill_on_drop: false }`
[INFO] [stdout] f4d09c91546e27188d993aa55eba01ea82a93ff048f9aa3782330896d445a99a
[INFO] running `Command { std: "docker" "create" "-v" "/var/lib/crater-agent-workspace/builds/worker-7-tc1/target:/opt/rustwide/target:rw,Z" "-v" "/var/lib/crater-agent-workspace/builds/worker-7-tc1/source:/opt/rustwide/workdir:ro,Z" "-v" "/var/lib/crater-agent-workspace/cargo-home:/opt/rustwide/cargo-home:ro,Z" "-v" "/var/lib/crater-agent-workspace/rustup-home:/opt/rustwide/rustup-home:ro,Z" "-e" "SOURCE_DIR=/opt/rustwide/workdir" "-e" "CARGO_TARGET_DIR=/opt/rustwide/target" "-e" "CARGO_INCREMENTAL=0" "-e" "RUST_BACKTRACE=full" "-e" "RUSTFLAGS=--cap-lints=warn" "-e" "RUSTDOCFLAGS=--cap-lints=warn" "-e" "CARGO_HOME=/opt/rustwide/cargo-home" "-e" "RUSTUP_HOME=/opt/rustwide/rustup-home" "-w" "/opt/rustwide/workdir" "-m" "1610612736" "--user" "0:0" "--network" "none" "ghcr.io/rust-lang/crates-build-env/linux@sha256:2788e3201cd34a07e3172128adcd8b3090168a8e3bcc40d7c032b9dda1df7d1c" "/opt/rustwide/cargo-home/bin/cargo" "+1.75.0" "build" "--frozen" "--message-format=json", kill_on_drop: false }`
[INFO] [stdout] 216d455c8b23478dd309321336012eb5f5e691c1cfd64e1e0227e70543a8f316
[INFO] running `Command { std: "docker" "start" "-a" "216d455c8b23478dd309321336012eb5f5e691c1cfd64e1e0227e70543a8f316", kill_on_drop: false }`
[INFO] [stderr]    Compiling lapce-html v0.1.0 (/opt/rustwide/workdir)
[INFO] [stdout] error[E0433]: failed to resolve: use of undeclared crate or module `lapce_plugin`
[INFO] [stdout]  --> src/main.rs:2:5
[INFO] [stdout]   |
[INFO] [stdout] 2 | use lapce_plugin::{
[INFO] [stdout]   |     ^^^^^^^^^^^^ use of undeclared crate or module `lapce_plugin`
[INFO] [stdout] 
[INFO] [stdout] 
[INFO] [stdout] error[E0432]: unresolved import `anyhow`
[INFO] [stdout]  --> src/main.rs:1:5
[INFO] [stdout]   |
[INFO] [stdout] 1 | use anyhow::{anyhow, Result};
[INFO] [stdout]   |     ^^^^^^ use of undeclared crate or module `anyhow`
[INFO] [stdout] 
[INFO] [stdout] 
[INFO] [stdout] error[E0432]: unresolved import `lapce_plugin`
[INFO] [stdout]  --> src/main.rs:2:5
[INFO] [stdout]   |
[INFO] [stdout] 2 | use lapce_plugin::{
[INFO] [stdout]   |     ^^^^^^^^^^^^ use of undeclared crate or module `lapce_plugin`
[INFO] [stdout] 
[INFO] [stdout] 
[INFO] [stdout] error[E0432]: unresolved import `serde_json`
[INFO] [stdout]  --> src/main.rs:9:5
[INFO] [stdout]   |
[INFO] [stdout] 9 | use serde_json::Value;
[INFO] [stdout]   |     ^^^^^^^^^^ use of undeclared crate or module `serde_json`
[INFO] [stdout] 
[INFO] [stdout] 
[INFO] [stdout] error: cannot determine resolution for the macro `register_plugin`
[INFO] [stdout]   --> src/main.rs:14:1
[INFO] [stdout]    |
[INFO] [stdout] 14 | register_plugin!(State);
[INFO] [stdout]    | ^^^^^^^^^^^^^^^
[INFO] [stdout]    |
[INFO] [stdout]    = note: import resolution is stuck, try simplifying macro imports
[INFO] [stdout] 
[INFO] [stdout] 
[INFO] [stdout] error: cannot determine resolution for the macro `anyhow`
[INFO] [stdout]   --> src/main.rs:26:30
[INFO] [stdout]    |
[INFO] [stdout] 26 |       | Err(e) => return Err(anyhow!(e)),
[INFO] [stdout]    |                              ^^^^^^
[INFO] [stdout] ...
[INFO] [stdout] 59 |             let server_uri = ok!(Url::parse(&format!("urn:{}", server_path)));
[INFO] [stdout]    |                              ------------------------------------------------ in this macro invocation
[INFO] [stdout]    |
[INFO] [stdout]    = note: import resolution is stuck, try simplifying macro imports
[INFO] [stdout]    = note: this error originates in the macro `ok` (in Nightly builds, run with -Z macro-backtrace for more info)
[INFO] [stdout] 
[INFO] [stdout] 
[INFO] [stdout] error: cannot determine resolution for the macro `anyhow`
[INFO] [stdout]   --> src/main.rs:26:30
[INFO] [stdout]    |
[INFO] [stdout] 26 |       | Err(e) => return Err(anyhow!(e)),
[INFO] [stdout]    |                              ^^^^^^
[INFO] [stdout] ...
[INFO] [stdout] 74 |     | Ok("windows") => ok!(Url::parse("urn:vscode-html-language-server.cmd")),
[INFO] [stdout]    |                        ------------------------------------------------------ in this macro invocation
[INFO] [stdout]    |
[INFO] [stdout]    = note: import resolution is stuck, try simplifying macro imports
[INFO] [stdout]    = note: this error originates in the macro `ok` (in Nightly builds, run with -Z macro-backtrace for more info)
[INFO] [stdout] 
[INFO] [stdout] 
[INFO] [stdout] error: cannot determine resolution for the macro `anyhow`
[INFO] [stdout]   --> src/main.rs:26:30
[INFO] [stdout]    |
[INFO] [stdout] 26 |       | Err(e) => return Err(anyhow!(e)),
[INFO] [stdout]    |                              ^^^^^^
[INFO] [stdout] ...
[INFO] [stdout] 75 |     | _ => ok!(Url::parse("urn:vscode-html-langauge-server")),
[INFO] [stdout]    |            -------------------------------------------------- in this macro invocation
[INFO] [stdout]    |
[INFO] [stdout]    = note: import resolution is stuck, try simplifying macro imports
[INFO] [stdout]    = note: this error originates in the macro `ok` (in Nightly builds, run with -Z macro-backtrace for more info)
[INFO] [stdout] 
[INFO] [stdout] 
[INFO] [stdout] error[E0601]: `main` function not found in crate `lapce_html`
[INFO] [stdout]    --> src/main.rs:101:2
[INFO] [stdout]     |
[INFO] [stdout] 101 | }
[INFO] [stdout]     |  ^ consider adding a `main` function to `src/main.rs`
[INFO] [stdout] 
[INFO] [stdout] 
[INFO] [stdout] error[E0433]: failed to resolve: use of undeclared crate or module `serde_json`
[INFO] [stdout]   --> src/main.rs:93:40
[INFO] [stdout]    |
[INFO] [stdout] 93 |         let params: InitializeParams = serde_json::from_value(params).unwrap();
[INFO] [stdout]    |                                        ^^^^^^^^^^ use of undeclared crate or module `serde_json`
[INFO] [stdout] 
[INFO] [stdout] 
[INFO] [stdout] error: aborting due to 10 previous errors
[INFO] [stdout] 
[INFO] [stdout] 
[INFO] [stdout] Some errors have detailed explanations: E0432, E0433, E0601.
[INFO] [stdout] 
[INFO] [stdout] For more information about an error, try `rustc --explain E0432`.
[INFO] [stdout] 
[INFO] [stderr] error: could not compile `lapce-html` (bin "lapce-html") due to 11 previous errors
[INFO] running `Command { std: "docker" "inspect" "216d455c8b23478dd309321336012eb5f5e691c1cfd64e1e0227e70543a8f316", kill_on_drop: false }`
[INFO] running `Command { std: "docker" "rm" "-f" "216d455c8b23478dd309321336012eb5f5e691c1cfd64e1e0227e70543a8f316", kill_on_drop: false }`
[INFO] [stdout] 216d455c8b23478dd309321336012eb5f5e691c1cfd64e1e0227e70543a8f316
