[INFO] cloning repository https://github.com/Crinax/selya-rs
[INFO] running `Command { std: "git" "-c" "credential.helper=" "-c" "credential.helper=/workspace/cargo-home/bin/git-credential-null" "clone" "--bare" "https://github.com/Crinax/selya-rs" "/workspace/cache/git-repos/https%3A%2F%2Fgithub.com%2FCrinax%2Fselya-rs", kill_on_drop: false }`
[INFO] [stderr] Cloning into bare repository '/workspace/cache/git-repos/https%3A%2F%2Fgithub.com%2FCrinax%2Fselya-rs'...
[INFO] running `Command { std: "git" "rev-parse" "HEAD", kill_on_drop: false }`
[INFO] [stdout] 468b159d7110dd7a27e8dae5e2f5d13b8906d858
[INFO] testing Crinax/selya-rs against 1.75.0 for beta-1.76-1
[INFO] running `Command { std: "git" "clone" "/workspace/cache/git-repos/https%3A%2F%2Fgithub.com%2FCrinax%2Fselya-rs" "/workspace/builds/worker-5-tc1/source", kill_on_drop: false }`
[INFO] [stderr] Cloning into '/workspace/builds/worker-5-tc1/source'...
[INFO] [stderr] done.
[INFO] validating manifest of git repo https://github.com/Crinax/selya-rs on toolchain 1.75.0
[INFO] running `Command { std: CARGO_HOME="/workspace/cargo-home" RUSTUP_HOME="/workspace/rustup-home" "/workspace/cargo-home/bin/cargo" "+1.75.0" "metadata" "--manifest-path" "Cargo.toml" "--no-deps", kill_on_drop: false }`
[INFO] started tweaking git repo https://github.com/Crinax/selya-rs
[INFO] finished tweaking git repo https://github.com/Crinax/selya-rs
[INFO] tweaked toml for git repo https://github.com/Crinax/selya-rs written to /workspace/builds/worker-5-tc1/source/Cargo.toml
[INFO] crate git repo https://github.com/Crinax/selya-rs already has a lockfile, it will not be regenerated
[INFO] running `Command { std: CARGO_HOME="/workspace/cargo-home" RUSTUP_HOME="/workspace/rustup-home" "/workspace/cargo-home/bin/cargo" "+1.75.0" "fetch" "--manifest-path" "Cargo.toml", kill_on_drop: false }`
[INFO] [stderr] warning: only one of `license` or `license-file` is necessary
[INFO] [stderr] `license` should be used if the package license can be expressed with a standard SPDX expression.
[INFO] [stderr] `license-file` should be used if the package uses a non-standard license.
[INFO] [stderr] See https://doc.rust-lang.org/cargo/reference/manifest.html#the-license-and-license-file-fields for more information.
[INFO] [stderr]  Downloading crates ...
[INFO] [stderr]   Downloaded syn v2.0.20
[INFO] running `Command { std: "docker" "create" "-v" "/var/lib/crater-agent-workspace/builds/worker-5-tc1/target:/opt/rustwide/target:rw,Z" "-v" "/var/lib/crater-agent-workspace/builds/worker-5-tc1/source:/opt/rustwide/workdir:ro,Z" "-v" "/var/lib/crater-agent-workspace/cargo-home:/opt/rustwide/cargo-home:ro,Z" "-v" "/var/lib/crater-agent-workspace/rustup-home:/opt/rustwide/rustup-home:ro,Z" "-e" "SOURCE_DIR=/opt/rustwide/workdir" "-e" "CARGO_TARGET_DIR=/opt/rustwide/target" "-e" "CARGO_HOME=/opt/rustwide/cargo-home" "-e" "RUSTUP_HOME=/opt/rustwide/rustup-home" "-w" "/opt/rustwide/workdir" "-m" "1610612736" "--user" "0:0" "--network" "none" "ghcr.io/rust-lang/crates-build-env/linux@sha256:2788e3201cd34a07e3172128adcd8b3090168a8e3bcc40d7c032b9dda1df7d1c" "/opt/rustwide/cargo-home/bin/cargo" "+1.75.0" "metadata" "--no-deps" "--format-version=1", kill_on_drop: false }`
[INFO] [stdout] fb39134ed1e0509eb290985aac00198c1fe17c0cb637c5533eb57a4d5fe0621a
[INFO] running `Command { std: "docker" "start" "-a" "fb39134ed1e0509eb290985aac00198c1fe17c0cb637c5533eb57a4d5fe0621a", kill_on_drop: false }`
[INFO] running `Command { std: "docker" "inspect" "fb39134ed1e0509eb290985aac00198c1fe17c0cb637c5533eb57a4d5fe0621a", kill_on_drop: false }`
[INFO] running `Command { std: "docker" "rm" "-f" "fb39134ed1e0509eb290985aac00198c1fe17c0cb637c5533eb57a4d5fe0621a", kill_on_drop: false }`
[INFO] [stdout] fb39134ed1e0509eb290985aac00198c1fe17c0cb637c5533eb57a4d5fe0621a
[INFO] running `Command { std: "docker" "create" "-v" "/var/lib/crater-agent-workspace/builds/worker-5-tc1/target:/opt/rustwide/target:rw,Z" "-v" "/var/lib/crater-agent-workspace/builds/worker-5-tc1/source:/opt/rustwide/workdir:ro,Z" "-v" "/var/lib/crater-agent-workspace/cargo-home:/opt/rustwide/cargo-home:ro,Z" "-v" "/var/lib/crater-agent-workspace/rustup-home:/opt/rustwide/rustup-home:ro,Z" "-e" "SOURCE_DIR=/opt/rustwide/workdir" "-e" "CARGO_TARGET_DIR=/opt/rustwide/target" "-e" "CARGO_INCREMENTAL=0" "-e" "RUST_BACKTRACE=full" "-e" "RUSTFLAGS=--cap-lints=warn" "-e" "RUSTDOCFLAGS=--cap-lints=warn" "-e" "CARGO_HOME=/opt/rustwide/cargo-home" "-e" "RUSTUP_HOME=/opt/rustwide/rustup-home" "-w" "/opt/rustwide/workdir" "-m" "1610612736" "--user" "0:0" "--network" "none" "ghcr.io/rust-lang/crates-build-env/linux@sha256:2788e3201cd34a07e3172128adcd8b3090168a8e3bcc40d7c032b9dda1df7d1c" "/opt/rustwide/cargo-home/bin/cargo" "+1.75.0" "build" "--frozen" "--message-format=json", kill_on_drop: false }`
[INFO] [stdout] 85df1cc417e83b4c603671c5dfcba621afc6cb62aa4c2a838393a94b7cfe2e5d
[INFO] running `Command { std: "docker" "start" "-a" "85df1cc417e83b4c603671c5dfcba621afc6cb62aa4c2a838393a94b7cfe2e5d", kill_on_drop: false }`
[INFO] [stderr] warning: only one of `license` or `license-file` is necessary
[INFO] [stderr] `license` should be used if the package license can be expressed with a standard SPDX expression.
[INFO] [stderr] `license-file` should be used if the package uses a non-standard license.
[INFO] [stderr] See https://doc.rust-lang.org/cargo/reference/manifest.html#the-license-and-license-file-fields for more information.
[INFO] [stderr]    Compiling selya v0.1.0 (/opt/rustwide/workdir)
[INFO] [stdout] warning: unused import: `crate::parser::domain_parsers::SelyaParserResult`
[INFO] [stdout]  --> src/plugin/mod.rs:5:9
[INFO] [stdout]   |
[INFO] [stdout] 5 | pub use crate::parser::domain_parsers::SelyaParserResult;
[INFO] [stdout]   |         ^^^^^^^^^^^^^^^^^^^^^^^^^^^^^^^^^^^^^^^^^^^^^^^^
[INFO] [stdout]   |
[INFO] [stdout]   = note: `#[warn(unused_imports)]` on by default
[INFO] [stdout] 
[INFO] [stdout] 
[INFO] [stdout] warning: unused import: `crate::parser::tokenizer::Token`
[INFO] [stdout]  --> src/plugin/mod.rs:6:9
[INFO] [stdout]   |
[INFO] [stdout] 6 | pub use crate::parser::tokenizer::Token;
[INFO] [stdout]   |         ^^^^^^^^^^^^^^^^^^^^^^^^^^^^^^^
[INFO] [stdout] 
[INFO] [stdout] 
[INFO] [stdout] warning: 2 warnings emitted
[INFO] [stdout] 
[INFO] [stdout] 
[INFO] [stdout] error[E0432]: unresolved import `clap`
[INFO] [stdout]   --> src/bin.rs:10:5
[INFO] [stdout]    |
[INFO] [stdout] 10 | use clap::Parser;
[INFO] [stdout]    |     ^^^^ use of undeclared crate or module `clap`
[INFO] [stdout] 
[INFO] [stdout] 
[INFO] [stdout] error: cannot determine resolution for the derive macro `Parser`
[INFO] [stdout]   --> src/bin.rs:14:10
[INFO] [stdout]    |
[INFO] [stdout] 14 | #[derive(Parser, Debug)]
[INFO] [stdout]    |          ^^^^^^
[INFO] [stdout]    |
[INFO] [stdout]    = note: import resolution is stuck, try simplifying macro imports
[INFO] [stdout] 
[INFO] [stdout] 
[INFO] [stdout] error: cannot find attribute `command` in this scope
[INFO] [stdout]   --> src/bin.rs:15:3
[INFO] [stdout]    |
[INFO] [stdout] 15 | #[command(author, version, about, long_about = None)]
[INFO] [stdout]    |   ^^^^^^^
[INFO] [stdout] 
[INFO] [stdout] 
[INFO] [stdout] error: cannot find attribute `arg` in this scope
[INFO] [stdout]   --> src/bin.rs:21:7
[INFO] [stdout]    |
[INFO] [stdout] 21 |     #[arg(short, long)]
[INFO] [stdout]    |       ^^^
[INFO] [stdout] 
[INFO] [stdout] 
[INFO] [stdout] error[E0599]: no function or associated item named `parse` found for struct `Args` in the current scope
[INFO] [stdout]   --> src/bin.rs:26:22
[INFO] [stdout]    |
[INFO] [stdout] 16 | struct Args {
[INFO] [stdout]    | ----------- function or associated item `parse` not found for this struct
[INFO] [stdout] ...
[INFO] [stdout] 26 |     let args = Args::parse();
[INFO] [stdout]    |                      ^^^^^ function or associated item not found in `Args`
[INFO] [stdout]    |
[INFO] [stdout]    = help: items from traits can only be used if the trait is implemented and in scope
[INFO] [stdout]    = note: the following trait defines an item `parse`, perhaps you need to implement it:
[INFO] [stdout]            candidate #1: `selya::parser::Parser`
[INFO] [stdout] 
[INFO] [stdout] 
[INFO] [stdout] error: aborting due to 5 previous errors
[INFO] [stdout] 
[INFO] [stdout] 
[INFO] [stdout] Some errors have detailed explanations: E0432, E0599.
[INFO] [stdout] 
[INFO] [stdout] For more information about an error, try `rustc --explain E0432`.
[INFO] [stdout] 
[INFO] [stderr] error: could not compile `selya` (bin "selya") due to 6 previous errors
[INFO] running `Command { std: "docker" "inspect" "85df1cc417e83b4c603671c5dfcba621afc6cb62aa4c2a838393a94b7cfe2e5d", kill_on_drop: false }`
[INFO] running `Command { std: "docker" "rm" "-f" "85df1cc417e83b4c603671c5dfcba621afc6cb62aa4c2a838393a94b7cfe2e5d", kill_on_drop: false }`
[INFO] [stdout] 85df1cc417e83b4c603671c5dfcba621afc6cb62aa4c2a838393a94b7cfe2e5d
[INFO] testing Crinax/selya-rs against beta-2023-12-22 for beta-1.76-1
[INFO] running `Command { std: "git" "clone" "/workspace/cache/git-repos/https%3A%2F%2Fgithub.com%2FCrinax%2Fselya-rs" "/workspace/builds/worker-5-tc2/source", kill_on_drop: false }`
[INFO] [stderr] Cloning into '/workspace/builds/worker-5-tc2/source'...
[INFO] [stderr] done.
[INFO] validating manifest of git repo https://github.com/Crinax/selya-rs on toolchain beta-2023-12-22
[INFO] running `Command { std: CARGO_HOME="/workspace/cargo-home" RUSTUP_HOME="/workspace/rustup-home" "/workspace/cargo-home/bin/cargo" "+beta-2023-12-22" "metadata" "--manifest-path" "Cargo.toml" "--no-deps", kill_on_drop: false }`
[INFO] started tweaking git repo https://github.com/Crinax/selya-rs
[INFO] finished tweaking git repo https://github.com/Crinax/selya-rs
[INFO] tweaked toml for git repo https://github.com/Crinax/selya-rs written to /workspace/builds/worker-5-tc2/source/Cargo.toml
[INFO] crate git repo https://github.com/Crinax/selya-rs already has a lockfile, it will not be regenerated
[INFO] running `Command { std: CARGO_HOME="/workspace/cargo-home" RUSTUP_HOME="/workspace/rustup-home" "/workspace/cargo-home/bin/cargo" "+beta-2023-12-22" "fetch" "--manifest-path" "Cargo.toml", kill_on_drop: false }`
[INFO] [stderr] warning: only one of `license` or `license-file` is necessary
[INFO] [stderr] `license` should be used if the package license can be expressed with a standard SPDX expression.
[INFO] [stderr] `license-file` should be used if the package uses a non-standard license.
[INFO] [stderr] See https://doc.rust-lang.org/cargo/reference/manifest.html#the-license-and-license-file-fields for more information.
[INFO] running `Command { std: "docker" "create" "-v" "/var/lib/crater-agent-workspace/builds/worker-5-tc2/target:/opt/rustwide/target:rw,Z" "-v" "/var/lib/crater-agent-workspace/builds/worker-5-tc2/source:/opt/rustwide/workdir:ro,Z" "-v" "/var/lib/crater-agent-workspace/cargo-home:/opt/rustwide/cargo-home:ro,Z" "-v" "/var/lib/crater-agent-workspace/rustup-home:/opt/rustwide/rustup-home:ro,Z" "-e" "SOURCE_DIR=/opt/rustwide/workdir" "-e" "CARGO_TARGET_DIR=/opt/rustwide/target" "-e" "CARGO_HOME=/opt/rustwide/cargo-home" "-e" "RUSTUP_HOME=/opt/rustwide/rustup-home" "-w" "/opt/rustwide/workdir" "-m" "1610612736" "--user" "0:0" "--network" "none" "ghcr.io/rust-lang/crates-build-env/linux@sha256:2788e3201cd34a07e3172128adcd8b3090168a8e3bcc40d7c032b9dda1df7d1c" "/opt/rustwide/cargo-home/bin/cargo" "+beta-2023-12-22" "metadata" "--no-deps" "--format-version=1", kill_on_drop: false }`
[INFO] [stdout] 8b4bd688e3dabe34f317d0781de3db602a83eef49cb85f6f20a45dcb1eaae7ab
[INFO] running `Command { std: "docker" "start" "-a" "8b4bd688e3dabe34f317d0781de3db602a83eef49cb85f6f20a45dcb1eaae7ab", kill_on_drop: false }`
[INFO] running `Command { std: "docker" "inspect" "8b4bd688e3dabe34f317d0781de3db602a83eef49cb85f6f20a45dcb1eaae7ab", kill_on_drop: false }`
[INFO] running `Command { std: "docker" "rm" "-f" "8b4bd688e3dabe34f317d0781de3db602a83eef49cb85f6f20a45dcb1eaae7ab", kill_on_drop: false }`
[INFO] [stdout] 8b4bd688e3dabe34f317d0781de3db602a83eef49cb85f6f20a45dcb1eaae7ab
[INFO] running `Command { std: "docker" "create" "-v" "/var/lib/crater-agent-workspace/builds/worker-5-tc2/target:/opt/rustwide/target:rw,Z" "-v" "/var/lib/crater-agent-workspace/builds/worker-5-tc2/source:/opt/rustwide/workdir:ro,Z" "-v" "/var/lib/crater-agent-workspace/cargo-home:/opt/rustwide/cargo-home:ro,Z" "-v" "/var/lib/crater-agent-workspace/rustup-home:/opt/rustwide/rustup-home:ro,Z" "-e" "SOURCE_DIR=/opt/rustwide/workdir" "-e" "CARGO_TARGET_DIR=/opt/rustwide/target" "-e" "CARGO_INCREMENTAL=0" "-e" "RUST_BACKTRACE=full" "-e" "RUSTFLAGS=--cap-lints=warn" "-e" "RUSTDOCFLAGS=--cap-lints=warn" "-e" "CARGO_HOME=/opt/rustwide/cargo-home" "-e" "RUSTUP_HOME=/opt/rustwide/rustup-home" "-w" "/opt/rustwide/workdir" "-m" "1610612736" "--user" "0:0" "--network" "none" "ghcr.io/rust-lang/crates-build-env/linux@sha256:2788e3201cd34a07e3172128adcd8b3090168a8e3bcc40d7c032b9dda1df7d1c" "/opt/rustwide/cargo-home/bin/cargo" "+beta-2023-12-22" "build" "--frozen" "--message-format=json", kill_on_drop: false }`
[INFO] [stdout] 68c13e703aba4df8977e582a74b791a5442bbaf408e134c837015242765f50af
[INFO] running `Command { std: "docker" "start" "-a" "68c13e703aba4df8977e582a74b791a5442bbaf408e134c837015242765f50af", kill_on_drop: false }`
[INFO] [stderr] warning: only one of `license` or `license-file` is necessary
[INFO] [stderr] `license` should be used if the package license can be expressed with a standard SPDX expression.
[INFO] [stderr] `license-file` should be used if the package uses a non-standard license.
[INFO] [stderr] See https://doc.rust-lang.org/cargo/reference/manifest.html#the-license-and-license-file-fields for more information.
[INFO] [stderr]    Compiling selya v0.1.0 (/opt/rustwide/workdir)
[INFO] [stdout] warning: unused import: `crate::parser::domain_parsers::SelyaParserResult`
[INFO] [stdout]  --> src/plugin/mod.rs:5:9
[INFO] [stdout]   |
[INFO] [stdout] 5 | pub use crate::parser::domain_parsers::SelyaParserResult;
[INFO] [stdout]   |         ^^^^^^^^^^^^^^^^^^^^^^^^^^^^^^^^^^^^^^^^^^^^^^^^
[INFO] [stdout]   |
[INFO] [stdout]   = note: `#[warn(unused_imports)]` on by default
[INFO] [stdout] 
[INFO] [stdout] 
[INFO] [stdout] warning: unused import: `crate::parser::tokenizer::Token`
[INFO] [stdout]  --> src/plugin/mod.rs:6:9
[INFO] [stdout]   |
[INFO] [stdout] 6 | pub use crate::parser::tokenizer::Token;
[INFO] [stdout]   |         ^^^^^^^^^^^^^^^^^^^^^^^^^^^^^^^
[INFO] [stdout] 
[INFO] [stdout] 
[INFO] [stdout] warning: 2 warnings emitted
[INFO] [stdout] 
[INFO] [stdout] 
[INFO] [stdout] error[E0432]: unresolved import `clap`
[INFO] [stdout]   --> src/bin.rs:10:5
[INFO] [stdout]    |
[INFO] [stdout] 10 | use clap::Parser;
[INFO] [stdout]    |     ^^^^ use of undeclared crate or module `clap`
[INFO] [stdout] 
[INFO] [stdout] 
[INFO] [stdout] error: cannot determine resolution for the derive macro `Parser`
[INFO] [stdout]   --> src/bin.rs:14:10
[INFO] [stdout]    |
[INFO] [stdout] 14 | #[derive(Parser, Debug)]
[INFO] [stdout]    |          ^^^^^^
[INFO] [stdout]    |
[INFO] [stdout]    = note: import resolution is stuck, try simplifying macro imports
[INFO] [stdout] 
[INFO] [stdout] 
[INFO] [stdout] error: cannot find attribute `command` in this scope
[INFO] [stdout]   --> src/bin.rs:15:3
[INFO] [stdout]    |
[INFO] [stdout] 15 | #[command(author, version, about, long_about = None)]
[INFO] [stdout]    |   ^^^^^^^
[INFO] [stdout] 
[INFO] [stdout] 
[INFO] [stdout] error: cannot find attribute `arg` in this scope
[INFO] [stdout]   --> src/bin.rs:21:7
[INFO] [stdout]    |
[INFO] [stdout] 21 |     #[arg(short, long)]
[INFO] [stdout]    |       ^^^
[INFO] [stdout] 
[INFO] [stdout] 
[INFO] [stdout] error[E0599]: no function or associated item named `parse` found for struct `Args` in the current scope
[INFO] [stdout]   --> src/bin.rs:26:22
[INFO] [stdout]    |
[INFO] [stdout] 16 | struct Args {
[INFO] [stdout]    | ----------- function or associated item `parse` not found for this struct
[INFO] [stdout] ...
[INFO] [stdout] 26 |     let args = Args::parse();
[INFO] [stdout]    |                      ^^^^^ function or associated item not found in `Args`
[INFO] [stdout]    |
[INFO] [stdout]    = help: items from traits can only be used if the trait is implemented and in scope
[INFO] [stdout]    = note: the following trait defines an item `parse`, perhaps you need to implement it:
[INFO] [stdout]            candidate #1: `selya::parser::Parser`
[INFO] [stdout] 
[INFO] [stdout] 
[INFO] [stdout] error: aborting due to 5 previous errors
[INFO] [stdout] 
[INFO] [stdout] 
[INFO] [stdout] Some errors have detailed explanations: E0432, E0599.
[INFO] [stdout] 
[INFO] [stdout] For more information about an error, try `rustc --explain E0432`.
[INFO] [stdout] 
[INFO] [stderr] error: could not compile `selya` (bin "selya") due to 6 previous errors
[INFO] running `Command { std: "docker" "inspect" "68c13e703aba4df8977e582a74b791a5442bbaf408e134c837015242765f50af", kill_on_drop: false }`
[INFO] running `Command { std: "docker" "rm" "-f" "68c13e703aba4df8977e582a74b791a5442bbaf408e134c837015242765f50af", kill_on_drop: false }`
[INFO] [stdout] 68c13e703aba4df8977e582a74b791a5442bbaf408e134c837015242765f50af
