[INFO] cloning repository https://github.com/CremboC/advent-of-code-2022
[INFO] running `Command { std: "git" "-c" "credential.helper=" "-c" "credential.helper=/workspace/cargo-home/bin/git-credential-null" "clone" "--bare" "https://github.com/CremboC/advent-of-code-2022" "/workspace/cache/git-repos/https%3A%2F%2Fgithub.com%2FCremboC%2Fadvent-of-code-2022", kill_on_drop: false }`
[INFO] [stderr] Cloning into bare repository '/workspace/cache/git-repos/https%3A%2F%2Fgithub.com%2FCremboC%2Fadvent-of-code-2022'...
[INFO] running `Command { std: "git" "rev-parse" "HEAD", kill_on_drop: false }`
[INFO] [stdout] e7d17754b4d2b57ec0ce21acad6fe762c45e233b
[INFO] testing CremboC/advent-of-code-2022 against 1.75.0 for beta-1.76-1
[INFO] running `Command { std: "git" "clone" "/workspace/cache/git-repos/https%3A%2F%2Fgithub.com%2FCremboC%2Fadvent-of-code-2022" "/workspace/builds/worker-0-tc1/source", kill_on_drop: false }`
[INFO] [stderr] Cloning into '/workspace/builds/worker-0-tc1/source'...
[INFO] [stderr] done.
[INFO] validating manifest of git repo https://github.com/CremboC/advent-of-code-2022 on toolchain 1.75.0
[INFO] running `Command { std: CARGO_HOME="/workspace/cargo-home" RUSTUP_HOME="/workspace/rustup-home" "/workspace/cargo-home/bin/cargo" "+1.75.0" "metadata" "--manifest-path" "Cargo.toml" "--no-deps", kill_on_drop: false }`
[INFO] started tweaking git repo https://github.com/CremboC/advent-of-code-2022
[INFO] finished tweaking git repo https://github.com/CremboC/advent-of-code-2022
[INFO] tweaked toml for git repo https://github.com/CremboC/advent-of-code-2022 written to /workspace/builds/worker-0-tc1/source/Cargo.toml
[INFO] crate git repo https://github.com/CremboC/advent-of-code-2022 already has a lockfile, it will not be regenerated
[INFO] running `Command { std: CARGO_HOME="/workspace/cargo-home" RUSTUP_HOME="/workspace/rustup-home" "/workspace/cargo-home/bin/cargo" "+1.75.0" "fetch" "--manifest-path" "Cargo.toml", kill_on_drop: false }`
[INFO] [stderr]     Updating crates.io index
[INFO] [stderr]  Downloading crates ...
[INFO] [stderr]   Downloaded priority-queue v1.3.0
[INFO] [stderr]   Downloaded reikna v0.12.3
[INFO] running `Command { std: "docker" "create" "-v" "/var/lib/crater-agent-workspace/builds/worker-0-tc1/target:/opt/rustwide/target:rw,Z" "-v" "/var/lib/crater-agent-workspace/builds/worker-0-tc1/source:/opt/rustwide/workdir:ro,Z" "-v" "/var/lib/crater-agent-workspace/cargo-home:/opt/rustwide/cargo-home:ro,Z" "-v" "/var/lib/crater-agent-workspace/rustup-home:/opt/rustwide/rustup-home:ro,Z" "-e" "SOURCE_DIR=/opt/rustwide/workdir" "-e" "CARGO_TARGET_DIR=/opt/rustwide/target" "-e" "CARGO_HOME=/opt/rustwide/cargo-home" "-e" "RUSTUP_HOME=/opt/rustwide/rustup-home" "-w" "/opt/rustwide/workdir" "-m" "1610612736" "--user" "0:0" "--network" "none" "ghcr.io/rust-lang/crates-build-env/linux@sha256:2788e3201cd34a07e3172128adcd8b3090168a8e3bcc40d7c032b9dda1df7d1c" "/opt/rustwide/cargo-home/bin/cargo" "+1.75.0" "metadata" "--no-deps" "--format-version=1", kill_on_drop: false }`
[INFO] [stdout] 93309023988b52abc8719f4d9a6e8aa4df86f460e5de051b23e76051d338a573
[INFO] running `Command { std: "docker" "start" "-a" "93309023988b52abc8719f4d9a6e8aa4df86f460e5de051b23e76051d338a573", kill_on_drop: false }`
[INFO] running `Command { std: "docker" "inspect" "93309023988b52abc8719f4d9a6e8aa4df86f460e5de051b23e76051d338a573", kill_on_drop: false }`
[INFO] running `Command { std: "docker" "rm" "-f" "93309023988b52abc8719f4d9a6e8aa4df86f460e5de051b23e76051d338a573", kill_on_drop: false }`
[INFO] [stdout] 93309023988b52abc8719f4d9a6e8aa4df86f460e5de051b23e76051d338a573
[INFO] running `Command { std: "docker" "create" "-v" "/var/lib/crater-agent-workspace/builds/worker-0-tc1/target:/opt/rustwide/target:rw,Z" "-v" "/var/lib/crater-agent-workspace/builds/worker-0-tc1/source:/opt/rustwide/workdir:ro,Z" "-v" "/var/lib/crater-agent-workspace/cargo-home:/opt/rustwide/cargo-home:ro,Z" "-v" "/var/lib/crater-agent-workspace/rustup-home:/opt/rustwide/rustup-home:ro,Z" "-e" "SOURCE_DIR=/opt/rustwide/workdir" "-e" "CARGO_TARGET_DIR=/opt/rustwide/target" "-e" "CARGO_INCREMENTAL=0" "-e" "RUST_BACKTRACE=full" "-e" "RUSTFLAGS=--cap-lints=warn" "-e" "RUSTDOCFLAGS=--cap-lints=warn" "-e" "CARGO_HOME=/opt/rustwide/cargo-home" "-e" "RUSTUP_HOME=/opt/rustwide/rustup-home" "-w" "/opt/rustwide/workdir" "-m" "1610612736" "--user" "0:0" "--network" "none" "ghcr.io/rust-lang/crates-build-env/linux@sha256:2788e3201cd34a07e3172128adcd8b3090168a8e3bcc40d7c032b9dda1df7d1c" "/opt/rustwide/cargo-home/bin/cargo" "+1.75.0" "build" "--frozen" "--message-format=json", kill_on_drop: false }`
[INFO] [stdout] e8dd20326f8c56e0c391da75843304783b0cc55243150022ff80bfa3b735f706
[INFO] running `Command { std: "docker" "start" "-a" "e8dd20326f8c56e0c391da75843304783b0cc55243150022ff80bfa3b735f706", kill_on_drop: false }`
[INFO] [stderr]    Compiling num-traits v0.2.15
[INFO] [stderr]    Compiling num-integer v0.1.45
[INFO] [stderr]    Compiling indexmap v1.9.2
[INFO] [stderr]    Compiling priority-queue v1.3.0
[INFO] [stderr]    Compiling rawpointer v0.2.1
[INFO] [stderr]    Compiling hashbrown v0.12.3
[INFO] [stderr]    Compiling either v1.8.0
[INFO] [stderr]    Compiling minimal-lexical v0.2.1
[INFO] [stderr]    Compiling reikna v0.12.3
[INFO] [stderr]    Compiling memchr v2.5.0
[INFO] [stderr]    Compiling matrixmultiply v0.3.2
[INFO] [stderr]    Compiling itertools v0.10.5
[INFO] [stderr]    Compiling nom v7.1.1
[INFO] [stderr]    Compiling num-complex v0.4.2
[INFO] [stderr]    Compiling ndarray v0.15.6
[INFO] [stderr]    Compiling advent-of-code-2022 v0.1.0 (/opt/rustwide/workdir)
[INFO] [stdout] error[E0583]: file not found for module `day15`
[INFO] [stdout]   --> src/main.rs:15:1
[INFO] [stdout]    |
[INFO] [stdout] 15 | mod day15;
[INFO] [stdout]    | ^^^^^^^^^^
[INFO] [stdout]    |
[INFO] [stdout]    = help: to create the module `day15`, create file "src/day15.rs" or "src/day15/mod.rs"
[INFO] [stdout]    = note: if there is a `mod day15` elsewhere in the crate already, import it with `use crate::...` instead
[INFO] [stdout] 
[INFO] [stdout] 
[INFO] [stdout] error[E0425]: cannot find function `part1` in module `day15`
[INFO] [stdout]   --> src/main.rs:62:37
[INFO] [stdout]    |
[INFO] [stdout] 62 |     time("day 15 part 1", || day15::part1());
[INFO] [stdout]    |                                     ^^^^^ not found in `day15`
[INFO] [stdout]    |
[INFO] [stdout] help: consider importing one of these items
[INFO] [stdout]    |
[INFO] [stdout] 17 + use crate::day01::part1;
[INFO] [stdout]    |
[INFO] [stdout] 17 + use crate::day02::part1;
[INFO] [stdout]    |
[INFO] [stdout] 17 + use crate::day03::part1;
[INFO] [stdout]    |
[INFO] [stdout] 17 + use crate::day04::part1;
[INFO] [stdout]    |
[INFO] [stdout]      and 10 other candidates
[INFO] [stdout] help: if you import `part1`, refer to it directly
[INFO] [stdout]    |
[INFO] [stdout] 62 -     time("day 15 part 1", || day15::part1());
[INFO] [stdout] 62 +     time("day 15 part 1", || part1());
[INFO] [stdout]    |
[INFO] [stdout] 
[INFO] [stdout] 
[INFO] [stdout] error[E0425]: cannot find function `part2` in module `day15`
[INFO] [stdout]   --> src/main.rs:63:37
[INFO] [stdout]    |
[INFO] [stdout] 63 |     time("day 15 part 2", || day15::part2());
[INFO] [stdout]    |                                     ^^^^^ not found in `day15`
[INFO] [stdout]    |
[INFO] [stdout] help: consider importing one of these items
[INFO] [stdout]    |
[INFO] [stdout] 17 + use crate::day01::part2;
[INFO] [stdout]    |
[INFO] [stdout] 17 + use crate::day02::part2;
[INFO] [stdout]    |
[INFO] [stdout] 17 + use crate::day03::part2;
[INFO] [stdout]    |
[INFO] [stdout] 17 + use crate::day04::part2;
[INFO] [stdout]    |
[INFO] [stdout]      and 10 other candidates
[INFO] [stdout] help: if you import `part2`, refer to it directly
[INFO] [stdout]    |
[INFO] [stdout] 63 -     time("day 15 part 2", || day15::part2());
[INFO] [stdout] 63 +     time("day 15 part 2", || part2());
[INFO] [stdout]    |
[INFO] [stdout] 
[INFO] [stdout] 
[INFO] [stdout] error: aborting due to 3 previous errors
[INFO] [stdout] 
[INFO] [stdout] 
[INFO] [stdout] Some errors have detailed explanations: E0425, E0583.
[INFO] [stdout] 
[INFO] [stdout] For more information about an error, try `rustc --explain E0425`.
[INFO] [stdout] 
[INFO] [stderr] error: could not compile `advent-of-code-2022` (bin "advent-of-code-2022") due to 4 previous errors
[INFO] running `Command { std: "docker" "inspect" "e8dd20326f8c56e0c391da75843304783b0cc55243150022ff80bfa3b735f706", kill_on_drop: false }`
[INFO] running `Command { std: "docker" "rm" "-f" "e8dd20326f8c56e0c391da75843304783b0cc55243150022ff80bfa3b735f706", kill_on_drop: false }`
[INFO] [stdout] e8dd20326f8c56e0c391da75843304783b0cc55243150022ff80bfa3b735f706
[INFO] testing CremboC/advent-of-code-2022 against beta-2023-12-22 for beta-1.76-1
[INFO] running `Command { std: "git" "clone" "/workspace/cache/git-repos/https%3A%2F%2Fgithub.com%2FCremboC%2Fadvent-of-code-2022" "/workspace/builds/worker-0-tc2/source", kill_on_drop: false }`
[INFO] [stderr] Cloning into '/workspace/builds/worker-0-tc2/source'...
[INFO] [stderr] done.
[INFO] validating manifest of git repo https://github.com/CremboC/advent-of-code-2022 on toolchain beta-2023-12-22
[INFO] running `Command { std: CARGO_HOME="/workspace/cargo-home" RUSTUP_HOME="/workspace/rustup-home" "/workspace/cargo-home/bin/cargo" "+beta-2023-12-22" "metadata" "--manifest-path" "Cargo.toml" "--no-deps", kill_on_drop: false }`
[INFO] started tweaking git repo https://github.com/CremboC/advent-of-code-2022
[INFO] finished tweaking git repo https://github.com/CremboC/advent-of-code-2022
[INFO] tweaked toml for git repo https://github.com/CremboC/advent-of-code-2022 written to /workspace/builds/worker-0-tc2/source/Cargo.toml
[INFO] crate git repo https://github.com/CremboC/advent-of-code-2022 already has a lockfile, it will not be regenerated
[INFO] running `Command { std: CARGO_HOME="/workspace/cargo-home" RUSTUP_HOME="/workspace/rustup-home" "/workspace/cargo-home/bin/cargo" "+beta-2023-12-22" "fetch" "--manifest-path" "Cargo.toml", kill_on_drop: false }`
[INFO] running `Command { std: "docker" "create" "-v" "/var/lib/crater-agent-workspace/builds/worker-0-tc2/target:/opt/rustwide/target:rw,Z" "-v" "/var/lib/crater-agent-workspace/builds/worker-0-tc2/source:/opt/rustwide/workdir:ro,Z" "-v" "/var/lib/crater-agent-workspace/cargo-home:/opt/rustwide/cargo-home:ro,Z" "-v" "/var/lib/crater-agent-workspace/rustup-home:/opt/rustwide/rustup-home:ro,Z" "-e" "SOURCE_DIR=/opt/rustwide/workdir" "-e" "CARGO_TARGET_DIR=/opt/rustwide/target" "-e" "CARGO_HOME=/opt/rustwide/cargo-home" "-e" "RUSTUP_HOME=/opt/rustwide/rustup-home" "-w" "/opt/rustwide/workdir" "-m" "1610612736" "--user" "0:0" "--network" "none" "ghcr.io/rust-lang/crates-build-env/linux@sha256:2788e3201cd34a07e3172128adcd8b3090168a8e3bcc40d7c032b9dda1df7d1c" "/opt/rustwide/cargo-home/bin/cargo" "+beta-2023-12-22" "metadata" "--no-deps" "--format-version=1", kill_on_drop: false }`
[INFO] [stdout] e0725d61140c88575f29e5f57170d5adb8d46aec16b162f12eca21ac0305a6ee
[INFO] running `Command { std: "docker" "start" "-a" "e0725d61140c88575f29e5f57170d5adb8d46aec16b162f12eca21ac0305a6ee", kill_on_drop: false }`
[INFO] running `Command { std: "docker" "inspect" "e0725d61140c88575f29e5f57170d5adb8d46aec16b162f12eca21ac0305a6ee", kill_on_drop: false }`
[INFO] running `Command { std: "docker" "rm" "-f" "e0725d61140c88575f29e5f57170d5adb8d46aec16b162f12eca21ac0305a6ee", kill_on_drop: false }`
[INFO] [stdout] e0725d61140c88575f29e5f57170d5adb8d46aec16b162f12eca21ac0305a6ee
[INFO] running `Command { std: "docker" "create" "-v" "/var/lib/crater-agent-workspace/builds/worker-0-tc2/target:/opt/rustwide/target:rw,Z" "-v" "/var/lib/crater-agent-workspace/builds/worker-0-tc2/source:/opt/rustwide/workdir:ro,Z" "-v" "/var/lib/crater-agent-workspace/cargo-home:/opt/rustwide/cargo-home:ro,Z" "-v" "/var/lib/crater-agent-workspace/rustup-home:/opt/rustwide/rustup-home:ro,Z" "-e" "SOURCE_DIR=/opt/rustwide/workdir" "-e" "CARGO_TARGET_DIR=/opt/rustwide/target" "-e" "CARGO_INCREMENTAL=0" "-e" "RUST_BACKTRACE=full" "-e" "RUSTFLAGS=--cap-lints=warn" "-e" "RUSTDOCFLAGS=--cap-lints=warn" "-e" "CARGO_HOME=/opt/rustwide/cargo-home" "-e" "RUSTUP_HOME=/opt/rustwide/rustup-home" "-w" "/opt/rustwide/workdir" "-m" "1610612736" "--user" "0:0" "--network" "none" "ghcr.io/rust-lang/crates-build-env/linux@sha256:2788e3201cd34a07e3172128adcd8b3090168a8e3bcc40d7c032b9dda1df7d1c" "/opt/rustwide/cargo-home/bin/cargo" "+beta-2023-12-22" "build" "--frozen" "--message-format=json", kill_on_drop: false }`
[INFO] [stdout] 18164e403c2c74fe218065a7fe6a0ba5ddc4985e797cd3437055fd852cb31f8d
[INFO] running `Command { std: "docker" "start" "-a" "18164e403c2c74fe218065a7fe6a0ba5ddc4985e797cd3437055fd852cb31f8d", kill_on_drop: false }`
[INFO] [stderr]    Compiling num-traits v0.2.15
[INFO] [stderr]    Compiling indexmap v1.9.2
[INFO] [stderr]    Compiling num-integer v0.1.45
[INFO] [stderr]    Compiling priority-queue v1.3.0
[INFO] [stderr]    Compiling hashbrown v0.12.3
[INFO] [stderr]    Compiling rawpointer v0.2.1
[INFO] [stderr]    Compiling minimal-lexical v0.2.1
[INFO] [stderr]    Compiling either v1.8.0
[INFO] [stderr]    Compiling reikna v0.12.3
[INFO] [stderr]    Compiling memchr v2.5.0
[INFO] [stderr]    Compiling matrixmultiply v0.3.2
[INFO] [stderr]    Compiling itertools v0.10.5
[INFO] [stderr]    Compiling nom v7.1.1
[INFO] [stderr]    Compiling num-complex v0.4.2
[INFO] [stderr]    Compiling ndarray v0.15.6
[INFO] [stderr]    Compiling advent-of-code-2022 v0.1.0 (/opt/rustwide/workdir)
[INFO] [stdout] error[E0583]: file not found for module `day15`
[INFO] [stdout]   --> src/main.rs:15:1
[INFO] [stdout]    |
[INFO] [stdout] 15 | mod day15;
[INFO] [stdout]    | ^^^^^^^^^^
[INFO] [stdout]    |
[INFO] [stdout]    = help: to create the module `day15`, create file "src/day15.rs" or "src/day15/mod.rs"
[INFO] [stdout]    = note: if there is a `mod day15` elsewhere in the crate already, import it with `use crate::...` instead
[INFO] [stdout] 
[INFO] [stdout] 
[INFO] [stdout] error[E0425]: cannot find function `part1` in module `day15`
[INFO] [stdout]   --> src/main.rs:62:37
[INFO] [stdout]    |
[INFO] [stdout] 62 |     time("day 15 part 1", || day15::part1());
[INFO] [stdout]    |                                     ^^^^^ not found in `day15`
[INFO] [stdout]    |
[INFO] [stdout] help: consider importing one of these items
[INFO] [stdout]    |
[INFO] [stdout] 17 + use crate::day01::part1;
[INFO] [stdout]    |
[INFO] [stdout] 17 + use crate::day02::part1;
[INFO] [stdout]    |
[INFO] [stdout] 17 + use crate::day03::part1;
[INFO] [stdout]    |
[INFO] [stdout] 17 + use crate::day04::part1;
[INFO] [stdout]    |
[INFO] [stdout]      and 10 other candidates
[INFO] [stdout] help: if you import `part1`, refer to it directly
[INFO] [stdout]    |
[INFO] [stdout] 62 -     time("day 15 part 1", || day15::part1());
[INFO] [stdout] 62 +     time("day 15 part 1", || part1());
[INFO] [stdout]    |
[INFO] [stdout] 
[INFO] [stdout] 
[INFO] [stdout] error[E0425]: cannot find function `part2` in module `day15`
[INFO] [stdout]   --> src/main.rs:63:37
[INFO] [stdout]    |
[INFO] [stdout] 63 |     time("day 15 part 2", || day15::part2());
[INFO] [stdout]    |                                     ^^^^^ not found in `day15`
[INFO] [stdout]    |
[INFO] [stdout] help: consider importing one of these items
[INFO] [stdout]    |
[INFO] [stdout] 17 + use crate::day01::part2;
[INFO] [stdout]    |
[INFO] [stdout] 17 + use crate::day02::part2;
[INFO] [stdout]    |
[INFO] [stdout] 17 + use crate::day03::part2;
[INFO] [stdout]    |
[INFO] [stdout] 17 + use crate::day04::part2;
[INFO] [stdout]    |
[INFO] [stdout]      and 10 other candidates
[INFO] [stdout] help: if you import `part2`, refer to it directly
[INFO] [stdout]    |
[INFO] [stdout] 63 -     time("day 15 part 2", || day15::part2());
[INFO] [stdout] 63 +     time("day 15 part 2", || part2());
[INFO] [stdout]    |
[INFO] [stdout] 
[INFO] [stdout] 
[INFO] [stdout] error: aborting due to 3 previous errors
[INFO] [stdout] 
[INFO] [stdout] 
[INFO] [stdout] Some errors have detailed explanations: E0425, E0583.
[INFO] [stdout] 
[INFO] [stdout] For more information about an error, try `rustc --explain E0425`.
[INFO] [stdout] 
[INFO] [stderr] error: could not compile `advent-of-code-2022` (bin "advent-of-code-2022") due to 4 previous errors
[INFO] running `Command { std: "docker" "inspect" "18164e403c2c74fe218065a7fe6a0ba5ddc4985e797cd3437055fd852cb31f8d", kill_on_drop: false }`
[INFO] running `Command { std: "docker" "rm" "-f" "18164e403c2c74fe218065a7fe6a0ba5ddc4985e797cd3437055fd852cb31f8d", kill_on_drop: false }`
[INFO] [stdout] 18164e403c2c74fe218065a7fe6a0ba5ddc4985e797cd3437055fd852cb31f8d
