[INFO] cloning repository https://github.com/Creeper-IT/rabellenkalkulation
[INFO] running `Command { std: "git" "-c" "credential.helper=" "-c" "credential.helper=/workspace/cargo-home/bin/git-credential-null" "clone" "--bare" "https://github.com/Creeper-IT/rabellenkalkulation" "/workspace/cache/git-repos/https%3A%2F%2Fgithub.com%2FCreeper-IT%2Frabellenkalkulation", kill_on_drop: false }`
[INFO] [stderr] Cloning into bare repository '/workspace/cache/git-repos/https%3A%2F%2Fgithub.com%2FCreeper-IT%2Frabellenkalkulation'...
[INFO] running `Command { std: "git" "rev-parse" "HEAD", kill_on_drop: false }`
[INFO] [stdout] 7556560a19eccacc846906e81245563e7e2121f6
[INFO] testing Creeper-IT/rabellenkalkulation against 1.75.0 for beta-1.76-1
[INFO] running `Command { std: "git" "clone" "/workspace/cache/git-repos/https%3A%2F%2Fgithub.com%2FCreeper-IT%2Frabellenkalkulation" "/workspace/builds/worker-5-tc1/source", kill_on_drop: false }`
[INFO] [stderr] Cloning into '/workspace/builds/worker-5-tc1/source'...
[INFO] [stderr] done.
[INFO] validating manifest of git repo https://github.com/Creeper-IT/rabellenkalkulation on toolchain 1.75.0
[INFO] running `Command { std: CARGO_HOME="/workspace/cargo-home" RUSTUP_HOME="/workspace/rustup-home" "/workspace/cargo-home/bin/cargo" "+1.75.0" "metadata" "--manifest-path" "Cargo.toml" "--no-deps", kill_on_drop: false }`
[INFO] started tweaking git repo https://github.com/Creeper-IT/rabellenkalkulation
[INFO] finished tweaking git repo https://github.com/Creeper-IT/rabellenkalkulation
[INFO] tweaked toml for git repo https://github.com/Creeper-IT/rabellenkalkulation written to /workspace/builds/worker-5-tc1/source/Cargo.toml
[INFO] crate git repo https://github.com/Creeper-IT/rabellenkalkulation already has a lockfile, it will not be regenerated
[INFO] running `Command { std: CARGO_HOME="/workspace/cargo-home" RUSTUP_HOME="/workspace/rustup-home" "/workspace/cargo-home/bin/cargo" "+1.75.0" "fetch" "--manifest-path" "Cargo.toml", kill_on_drop: false }`
[INFO] running `Command { std: "docker" "create" "-v" "/var/lib/crater-agent-workspace/builds/worker-5-tc1/target:/opt/rustwide/target:rw,Z" "-v" "/var/lib/crater-agent-workspace/builds/worker-5-tc1/source:/opt/rustwide/workdir:ro,Z" "-v" "/var/lib/crater-agent-workspace/cargo-home:/opt/rustwide/cargo-home:ro,Z" "-v" "/var/lib/crater-agent-workspace/rustup-home:/opt/rustwide/rustup-home:ro,Z" "-e" "SOURCE_DIR=/opt/rustwide/workdir" "-e" "CARGO_TARGET_DIR=/opt/rustwide/target" "-e" "CARGO_HOME=/opt/rustwide/cargo-home" "-e" "RUSTUP_HOME=/opt/rustwide/rustup-home" "-w" "/opt/rustwide/workdir" "-m" "1610612736" "--user" "0:0" "--network" "none" "ghcr.io/rust-lang/crates-build-env/linux@sha256:2788e3201cd34a07e3172128adcd8b3090168a8e3bcc40d7c032b9dda1df7d1c" "/opt/rustwide/cargo-home/bin/cargo" "+1.75.0" "metadata" "--no-deps" "--format-version=1", kill_on_drop: false }`
[INFO] [stdout] b7306e2837a0f6c2ec2bf0edb1ee6bbb29a80b69c659ab5216b8465bb1197787
[INFO] running `Command { std: "docker" "start" "-a" "b7306e2837a0f6c2ec2bf0edb1ee6bbb29a80b69c659ab5216b8465bb1197787", kill_on_drop: false }`
[INFO] running `Command { std: "docker" "inspect" "b7306e2837a0f6c2ec2bf0edb1ee6bbb29a80b69c659ab5216b8465bb1197787", kill_on_drop: false }`
[INFO] running `Command { std: "docker" "rm" "-f" "b7306e2837a0f6c2ec2bf0edb1ee6bbb29a80b69c659ab5216b8465bb1197787", kill_on_drop: false }`
[INFO] [stdout] b7306e2837a0f6c2ec2bf0edb1ee6bbb29a80b69c659ab5216b8465bb1197787
[INFO] running `Command { std: "docker" "create" "-v" "/var/lib/crater-agent-workspace/builds/worker-5-tc1/target:/opt/rustwide/target:rw,Z" "-v" "/var/lib/crater-agent-workspace/builds/worker-5-tc1/source:/opt/rustwide/workdir:ro,Z" "-v" "/var/lib/crater-agent-workspace/cargo-home:/opt/rustwide/cargo-home:ro,Z" "-v" "/var/lib/crater-agent-workspace/rustup-home:/opt/rustwide/rustup-home:ro,Z" "-e" "SOURCE_DIR=/opt/rustwide/workdir" "-e" "CARGO_TARGET_DIR=/opt/rustwide/target" "-e" "CARGO_INCREMENTAL=0" "-e" "RUST_BACKTRACE=full" "-e" "RUSTFLAGS=--cap-lints=warn" "-e" "RUSTDOCFLAGS=--cap-lints=warn" "-e" "CARGO_HOME=/opt/rustwide/cargo-home" "-e" "RUSTUP_HOME=/opt/rustwide/rustup-home" "-w" "/opt/rustwide/workdir" "-m" "1610612736" "--user" "0:0" "--network" "none" "ghcr.io/rust-lang/crates-build-env/linux@sha256:2788e3201cd34a07e3172128adcd8b3090168a8e3bcc40d7c032b9dda1df7d1c" "/opt/rustwide/cargo-home/bin/cargo" "+1.75.0" "build" "--frozen" "--message-format=json", kill_on_drop: false }`
[INFO] [stdout] a43f5e7bf00630fd8d1b3ce1494bf22c6ab13134a934336d79cc2e33379dc41b
[INFO] running `Command { std: "docker" "start" "-a" "a43f5e7bf00630fd8d1b3ce1494bf22c6ab13134a934336d79cc2e33379dc41b", kill_on_drop: false }`
[INFO] [stderr]    Compiling rabellenkalkulation v0.1.0 (/opt/rustwide/workdir)
[INFO] [stdout] error: cannot find macro `read` in this scope
[INFO] [stdout]  --> src/main.rs:8:13
[INFO] [stdout]   |
[INFO] [stdout] 8 |     test2 = read!("{}\n");
[INFO] [stdout]   |             ^^^^
[INFO] [stdout]   |
[INFO] [stdout] note: `read` is imported here, but it is a function, not a macro
[INFO] [stdout]  --> src/main.rs:1:5
[INFO] [stdout]   |
[INFO] [stdout] 1 | use std::fs::read;
[INFO] [stdout]   |     ^^^^^^^^^^^^^
[INFO] [stdout] 
[INFO] [stdout] 
[INFO] [stdout] error[E0425]: cannot find value `text` in this scope
[INFO] [stdout]   --> src/main.rs:11:8
[INFO] [stdout]    |
[INFO] [stdout] 11 |     if text == 54 {
[INFO] [stdout]    |        ^^^^ help: a local variable with a similar name exists: `test`
[INFO] [stdout] 
[INFO] [stdout] 
[INFO] [stdout] error[E0277]: the size for values of type `str` cannot be known at compilation time
[INFO] [stdout]  --> src/main.rs:5:9
[INFO] [stdout]   |
[INFO] [stdout] 5 |     let test2:str;
[INFO] [stdout]   |         ^^^^^ doesn't have a size known at compile-time
[INFO] [stdout]   |
[INFO] [stdout]   = help: the trait `Sized` is not implemented for `str`
[INFO] [stdout]   = note: all local variables must have a statically known size
[INFO] [stdout]   = help: unsized locals are gated as an unstable feature
[INFO] [stdout] help: consider borrowing here
[INFO] [stdout]   |
[INFO] [stdout] 5 |     let test2:&str;
[INFO] [stdout]   |               +
[INFO] [stdout] 
[INFO] [stdout] 
[INFO] [stdout] error[E0277]: the size for values of type `str` cannot be known at compilation time
[INFO] [stdout]  --> src/main.rs:8:5
[INFO] [stdout]   |
[INFO] [stdout] 8 |     test2 = read!("{}\n");
[INFO] [stdout]   |     ^^^^^ doesn't have a size known at compile-time
[INFO] [stdout]   |
[INFO] [stdout]   = help: the trait `Sized` is not implemented for `str`
[INFO] [stdout]   = note: the left-hand-side of an assignment must have a statically known size
[INFO] [stdout] 
[INFO] [stdout] 
[INFO] [stdout] error: aborting due to 4 previous errors
[INFO] [stdout] 
[INFO] [stdout] 
[INFO] [stdout] Some errors have detailed explanations: E0277, E0425.
[INFO] [stdout] 
[INFO] [stdout] For more information about an error, try `rustc --explain E0277`.
[INFO] [stdout] 
[INFO] [stderr] error: could not compile `rabellenkalkulation` (bin "rabellenkalkulation") due to 5 previous errors
[INFO] running `Command { std: "docker" "inspect" "a43f5e7bf00630fd8d1b3ce1494bf22c6ab13134a934336d79cc2e33379dc41b", kill_on_drop: false }`
[INFO] running `Command { std: "docker" "rm" "-f" "a43f5e7bf00630fd8d1b3ce1494bf22c6ab13134a934336d79cc2e33379dc41b", kill_on_drop: false }`
[INFO] [stdout] a43f5e7bf00630fd8d1b3ce1494bf22c6ab13134a934336d79cc2e33379dc41b
[INFO] testing Creeper-IT/rabellenkalkulation against beta-2023-12-22 for beta-1.76-1
[INFO] running `Command { std: "git" "clone" "/workspace/cache/git-repos/https%3A%2F%2Fgithub.com%2FCreeper-IT%2Frabellenkalkulation" "/workspace/builds/worker-5-tc2/source", kill_on_drop: false }`
[INFO] [stderr] Cloning into '/workspace/builds/worker-5-tc2/source'...
[INFO] [stderr] done.
[INFO] validating manifest of git repo https://github.com/Creeper-IT/rabellenkalkulation on toolchain beta-2023-12-22
[INFO] running `Command { std: CARGO_HOME="/workspace/cargo-home" RUSTUP_HOME="/workspace/rustup-home" "/workspace/cargo-home/bin/cargo" "+beta-2023-12-22" "metadata" "--manifest-path" "Cargo.toml" "--no-deps", kill_on_drop: false }`
[INFO] started tweaking git repo https://github.com/Creeper-IT/rabellenkalkulation
[INFO] finished tweaking git repo https://github.com/Creeper-IT/rabellenkalkulation
[INFO] tweaked toml for git repo https://github.com/Creeper-IT/rabellenkalkulation written to /workspace/builds/worker-5-tc2/source/Cargo.toml
[INFO] crate git repo https://github.com/Creeper-IT/rabellenkalkulation already has a lockfile, it will not be regenerated
[INFO] running `Command { std: CARGO_HOME="/workspace/cargo-home" RUSTUP_HOME="/workspace/rustup-home" "/workspace/cargo-home/bin/cargo" "+beta-2023-12-22" "fetch" "--manifest-path" "Cargo.toml", kill_on_drop: false }`
[INFO] running `Command { std: "docker" "create" "-v" "/var/lib/crater-agent-workspace/builds/worker-5-tc2/target:/opt/rustwide/target:rw,Z" "-v" "/var/lib/crater-agent-workspace/builds/worker-5-tc2/source:/opt/rustwide/workdir:ro,Z" "-v" "/var/lib/crater-agent-workspace/cargo-home:/opt/rustwide/cargo-home:ro,Z" "-v" "/var/lib/crater-agent-workspace/rustup-home:/opt/rustwide/rustup-home:ro,Z" "-e" "SOURCE_DIR=/opt/rustwide/workdir" "-e" "CARGO_TARGET_DIR=/opt/rustwide/target" "-e" "CARGO_HOME=/opt/rustwide/cargo-home" "-e" "RUSTUP_HOME=/opt/rustwide/rustup-home" "-w" "/opt/rustwide/workdir" "-m" "1610612736" "--user" "0:0" "--network" "none" "ghcr.io/rust-lang/crates-build-env/linux@sha256:2788e3201cd34a07e3172128adcd8b3090168a8e3bcc40d7c032b9dda1df7d1c" "/opt/rustwide/cargo-home/bin/cargo" "+beta-2023-12-22" "metadata" "--no-deps" "--format-version=1", kill_on_drop: false }`
[INFO] [stdout] 0e90a63b6a01cf63268009bf06123b4360be82ecee53f42d07137a476f7f33cc
[INFO] running `Command { std: "docker" "start" "-a" "0e90a63b6a01cf63268009bf06123b4360be82ecee53f42d07137a476f7f33cc", kill_on_drop: false }`
[INFO] running `Command { std: "docker" "inspect" "0e90a63b6a01cf63268009bf06123b4360be82ecee53f42d07137a476f7f33cc", kill_on_drop: false }`
[INFO] running `Command { std: "docker" "rm" "-f" "0e90a63b6a01cf63268009bf06123b4360be82ecee53f42d07137a476f7f33cc", kill_on_drop: false }`
[INFO] [stdout] 0e90a63b6a01cf63268009bf06123b4360be82ecee53f42d07137a476f7f33cc
[INFO] running `Command { std: "docker" "create" "-v" "/var/lib/crater-agent-workspace/builds/worker-5-tc2/target:/opt/rustwide/target:rw,Z" "-v" "/var/lib/crater-agent-workspace/builds/worker-5-tc2/source:/opt/rustwide/workdir:ro,Z" "-v" "/var/lib/crater-agent-workspace/cargo-home:/opt/rustwide/cargo-home:ro,Z" "-v" "/var/lib/crater-agent-workspace/rustup-home:/opt/rustwide/rustup-home:ro,Z" "-e" "SOURCE_DIR=/opt/rustwide/workdir" "-e" "CARGO_TARGET_DIR=/opt/rustwide/target" "-e" "CARGO_INCREMENTAL=0" "-e" "RUST_BACKTRACE=full" "-e" "RUSTFLAGS=--cap-lints=warn" "-e" "RUSTDOCFLAGS=--cap-lints=warn" "-e" "CARGO_HOME=/opt/rustwide/cargo-home" "-e" "RUSTUP_HOME=/opt/rustwide/rustup-home" "-w" "/opt/rustwide/workdir" "-m" "1610612736" "--user" "0:0" "--network" "none" "ghcr.io/rust-lang/crates-build-env/linux@sha256:2788e3201cd34a07e3172128adcd8b3090168a8e3bcc40d7c032b9dda1df7d1c" "/opt/rustwide/cargo-home/bin/cargo" "+beta-2023-12-22" "build" "--frozen" "--message-format=json", kill_on_drop: false }`
[INFO] [stdout] 267469e2e490feecb0b018af1283779fabf8faa0c2d349b2fe9c1a10f197ce8b
[INFO] running `Command { std: "docker" "start" "-a" "267469e2e490feecb0b018af1283779fabf8faa0c2d349b2fe9c1a10f197ce8b", kill_on_drop: false }`
[INFO] [stderr]    Compiling rabellenkalkulation v0.1.0 (/opt/rustwide/workdir)
[INFO] [stdout] error: cannot find macro `read` in this scope
[INFO] [stdout]  --> src/main.rs:8:13
[INFO] [stdout]   |
[INFO] [stdout] 8 |     test2 = read!("{}\n");
[INFO] [stdout]   |             ^^^^
[INFO] [stdout]   |
[INFO] [stdout] note: `read` is imported here, but it is a function, not a macro
[INFO] [stdout]  --> src/main.rs:1:5
[INFO] [stdout]   |
[INFO] [stdout] 1 | use std::fs::read;
[INFO] [stdout]   |     ^^^^^^^^^^^^^
[INFO] [stdout] 
[INFO] [stdout] 
[INFO] [stdout] error[E0425]: cannot find value `text` in this scope
[INFO] [stdout]   --> src/main.rs:11:8
[INFO] [stdout]    |
[INFO] [stdout] 11 |     if text == 54 {
[INFO] [stdout]    |        ^^^^ help: a local variable with a similar name exists: `test`
[INFO] [stdout] 
[INFO] [stdout] 
[INFO] [stdout] error[E0277]: the size for values of type `str` cannot be known at compilation time
[INFO] [stdout]  --> src/main.rs:5:9
[INFO] [stdout]   |
[INFO] [stdout] 5 |     let test2:str;
[INFO] [stdout]   |         ^^^^^ doesn't have a size known at compile-time
[INFO] [stdout]   |
[INFO] [stdout]   = help: the trait `Sized` is not implemented for `str`
[INFO] [stdout]   = note: all local variables must have a statically known size
[INFO] [stdout]   = help: unsized locals are gated as an unstable feature
[INFO] [stdout] help: consider borrowing here
[INFO] [stdout]   |
[INFO] [stdout] 5 |     let test2:&str;
[INFO] [stdout]   |               +
[INFO] [stdout] 
[INFO] [stdout] 
[INFO] [stdout] error[E0277]: the size for values of type `str` cannot be known at compilation time
[INFO] [stdout]  --> src/main.rs:8:5
[INFO] [stdout]   |
[INFO] [stdout] 8 |     test2 = read!("{}\n");
[INFO] [stdout]   |     ^^^^^ doesn't have a size known at compile-time
[INFO] [stdout]   |
[INFO] [stdout]   = help: the trait `Sized` is not implemented for `str`
[INFO] [stdout]   = note: the left-hand-side of an assignment must have a statically known size
[INFO] [stdout] 
[INFO] [stdout] 
[INFO] [stdout] error: aborting due to 4 previous errors
[INFO] [stdout] 
[INFO] [stdout] 
[INFO] [stdout] Some errors have detailed explanations: E0277, E0425.
[INFO] [stdout] 
[INFO] [stdout] For more information about an error, try `rustc --explain E0277`.
[INFO] [stdout] 
[INFO] [stderr] error: could not compile `rabellenkalkulation` (bin "rabellenkalkulation") due to 5 previous errors
[INFO] running `Command { std: "docker" "inspect" "267469e2e490feecb0b018af1283779fabf8faa0c2d349b2fe9c1a10f197ce8b", kill_on_drop: false }`
[INFO] running `Command { std: "docker" "rm" "-f" "267469e2e490feecb0b018af1283779fabf8faa0c2d349b2fe9c1a10f197ce8b", kill_on_drop: false }`
[INFO] [stdout] 267469e2e490feecb0b018af1283779fabf8faa0c2d349b2fe9c1a10f197ce8b
