[INFO] cloning repository https://github.com/CosmosCamel/NoPixels-CW
[INFO] running `Command { std: "git" "-c" "credential.helper=" "-c" "credential.helper=/workspace/cargo-home/bin/git-credential-null" "clone" "--bare" "https://github.com/CosmosCamel/NoPixels-CW" "/workspace/cache/git-repos/https%3A%2F%2Fgithub.com%2FCosmosCamel%2FNoPixels-CW", kill_on_drop: false }`
[INFO] [stderr] Cloning into bare repository '/workspace/cache/git-repos/https%3A%2F%2Fgithub.com%2FCosmosCamel%2FNoPixels-CW'...
[INFO] running `Command { std: "git" "rev-parse" "HEAD", kill_on_drop: false }`
[INFO] [stdout] 2934756d267047ecfa7269a2f213cededf6c27ce
[INFO] testing CosmosCamel/NoPixels-CW against 1.75.0 for beta-1.76-1
[INFO] running `Command { std: "git" "clone" "/workspace/cache/git-repos/https%3A%2F%2Fgithub.com%2FCosmosCamel%2FNoPixels-CW" "/workspace/builds/worker-1-tc1/source", kill_on_drop: false }`
[INFO] [stderr] Cloning into '/workspace/builds/worker-1-tc1/source'...
[INFO] [stderr] done.
[INFO] validating manifest of git repo https://github.com/CosmosCamel/NoPixels-CW on toolchain 1.75.0
[INFO] running `Command { std: CARGO_HOME="/workspace/cargo-home" RUSTUP_HOME="/workspace/rustup-home" "/workspace/cargo-home/bin/cargo" "+1.75.0" "metadata" "--manifest-path" "Cargo.toml" "--no-deps", kill_on_drop: false }`
[INFO] removed /workspace/builds/worker-1-tc1/source/.cargo/config
[INFO] started tweaking git repo https://github.com/CosmosCamel/NoPixels-CW
[INFO] finished tweaking git repo https://github.com/CosmosCamel/NoPixels-CW
[INFO] tweaked toml for git repo https://github.com/CosmosCamel/NoPixels-CW written to /workspace/builds/worker-1-tc1/source/Cargo.toml
[INFO] crate git repo https://github.com/CosmosCamel/NoPixels-CW already has a lockfile, it will not be regenerated
[INFO] running `Command { std: CARGO_HOME="/workspace/cargo-home" RUSTUP_HOME="/workspace/rustup-home" "/workspace/cargo-home/bin/cargo" "+1.75.0" "fetch" "--manifest-path" "Cargo.toml", kill_on_drop: false }`
[INFO] [stderr]     Updating crates.io index
[INFO] [stderr]  Downloading crates ...
[INFO] [stderr]   Downloaded cosmwasm-crypto v1.2.7
[INFO] [stderr]   Downloaded cosmwasm-schema-derive v1.2.7
[INFO] [stderr]   Downloaded cosmwasm-schema v1.2.7
[INFO] [stderr]   Downloaded cosmwasm-storage v1.2.7
[INFO] [stderr]   Downloaded cw-multi-test v0.15.1
[INFO] [stderr]   Downloaded cosmwasm-std v1.2.7
[INFO] [stderr]   Downloaded cosmwasm-derive v1.2.7
[INFO] [stderr]   Downloaded sg721-base v0.21.8
[INFO] [stderr]   Downloaded sg-std v0.21.12
[INFO] [stderr]   Downloaded sg721 v0.21.12
[INFO] running `Command { std: "docker" "create" "-v" "/var/lib/crater-agent-workspace/builds/worker-1-tc1/target:/opt/rustwide/target:rw,Z" "-v" "/var/lib/crater-agent-workspace/builds/worker-1-tc1/source:/opt/rustwide/workdir:ro,Z" "-v" "/var/lib/crater-agent-workspace/cargo-home:/opt/rustwide/cargo-home:ro,Z" "-v" "/var/lib/crater-agent-workspace/rustup-home:/opt/rustwide/rustup-home:ro,Z" "-e" "SOURCE_DIR=/opt/rustwide/workdir" "-e" "CARGO_TARGET_DIR=/opt/rustwide/target" "-e" "CARGO_HOME=/opt/rustwide/cargo-home" "-e" "RUSTUP_HOME=/opt/rustwide/rustup-home" "-w" "/opt/rustwide/workdir" "-m" "1610612736" "--user" "0:0" "--network" "none" "ghcr.io/rust-lang/crates-build-env/linux@sha256:2788e3201cd34a07e3172128adcd8b3090168a8e3bcc40d7c032b9dda1df7d1c" "/opt/rustwide/cargo-home/bin/cargo" "+1.75.0" "metadata" "--no-deps" "--format-version=1", kill_on_drop: false }`
[INFO] [stdout] 4ac65c3f5e2ce4c870e01f65a579ae93973dc7ec95be39e3667d9315aba09c46
[INFO] running `Command { std: "docker" "start" "-a" "4ac65c3f5e2ce4c870e01f65a579ae93973dc7ec95be39e3667d9315aba09c46", kill_on_drop: false }`
[INFO] running `Command { std: "docker" "inspect" "4ac65c3f5e2ce4c870e01f65a579ae93973dc7ec95be39e3667d9315aba09c46", kill_on_drop: false }`
[INFO] running `Command { std: "docker" "rm" "-f" "4ac65c3f5e2ce4c870e01f65a579ae93973dc7ec95be39e3667d9315aba09c46", kill_on_drop: false }`
[INFO] [stdout] 4ac65c3f5e2ce4c870e01f65a579ae93973dc7ec95be39e3667d9315aba09c46
[INFO] running `Command { std: "docker" "create" "-v" "/var/lib/crater-agent-workspace/builds/worker-1-tc1/target:/opt/rustwide/target:rw,Z" "-v" "/var/lib/crater-agent-workspace/builds/worker-1-tc1/source:/opt/rustwide/workdir:ro,Z" "-v" "/var/lib/crater-agent-workspace/cargo-home:/opt/rustwide/cargo-home:ro,Z" "-v" "/var/lib/crater-agent-workspace/rustup-home:/opt/rustwide/rustup-home:ro,Z" "-e" "SOURCE_DIR=/opt/rustwide/workdir" "-e" "CARGO_TARGET_DIR=/opt/rustwide/target" "-e" "CARGO_INCREMENTAL=0" "-e" "RUST_BACKTRACE=full" "-e" "RUSTFLAGS=--cap-lints=warn" "-e" "RUSTDOCFLAGS=--cap-lints=warn" "-e" "CARGO_HOME=/opt/rustwide/cargo-home" "-e" "RUSTUP_HOME=/opt/rustwide/rustup-home" "-w" "/opt/rustwide/workdir" "-m" "1610612736" "--user" "0:0" "--network" "none" "ghcr.io/rust-lang/crates-build-env/linux@sha256:2788e3201cd34a07e3172128adcd8b3090168a8e3bcc40d7c032b9dda1df7d1c" "/opt/rustwide/cargo-home/bin/cargo" "+1.75.0" "build" "--frozen" "--message-format=json", kill_on_drop: false }`
[INFO] [stdout] 5f48b2af7ce60bcebbd9e55b4299b333c7094dfb6c1e91fc67a2852596fe3deb
[INFO] running `Command { std: "docker" "start" "-a" "5f48b2af7ce60bcebbd9e55b4299b333c7094dfb6c1e91fc67a2852596fe3deb", kill_on_drop: false }`
[INFO] [stderr]    Compiling typenum v1.16.0
[INFO] [stderr]    Compiling generic-array v0.14.7
[INFO] [stderr]    Compiling proc-macro2 v1.0.64
[INFO] [stderr]    Compiling quote v1.0.29
[INFO] [stderr]    Compiling unicode-ident v1.0.10
[INFO] [stderr]    Compiling libc v0.2.147
[INFO] [stderr]    Compiling subtle v2.5.0
[INFO] [stderr]    Compiling zeroize v1.6.0
[INFO] [stderr]    Compiling syn v1.0.109
[INFO] [stderr]    Compiling const-oid v0.9.4
[INFO] [stderr]    Compiling serde v1.0.171
[INFO] [stderr]    Compiling base64ct v1.6.0
[INFO] [stderr]    Compiling ahash v0.7.6
[INFO] [stderr]    Compiling cpufeatures v0.2.9
[INFO] [stderr]    Compiling base16ct v0.1.1
[INFO] [stderr]    Compiling serde_json v1.0.102
[INFO] [stderr]    Compiling thiserror v1.0.43
[INFO] [stderr]    Compiling once_cell v1.18.0
[INFO] [stderr]    Compiling der v0.6.1
[INFO] [stderr]    Compiling ryu v1.0.14
[INFO] [stderr]    Compiling itoa v1.0.8
[INFO] [stderr]    Compiling schemars v0.8.12
[INFO] [stderr]    Compiling rand_core v0.5.1
[INFO] [stderr]    Compiling dyn-clone v1.0.11
[INFO] [stderr]    Compiling uint v0.9.5
[INFO] [stderr]    Compiling base64 v0.13.1
[INFO] [stderr]    Compiling semver v1.0.17
[INFO] [stderr]    Compiling tinyvec_macros v0.1.1
[INFO] [stderr]    Compiling unicode-bidi v0.3.13
[INFO] [stderr]    Compiling tinyvec v1.6.0
[INFO] [stderr]    Compiling percent-encoding v2.3.0
[INFO] [stderr]    Compiling form_urlencoded v1.2.0
[INFO] [stderr]    Compiling spki v0.6.0
[INFO] [stderr]    Compiling syn v2.0.25
[INFO] [stderr]    Compiling getrandom v0.2.10
[INFO] [stderr]    Compiling pkcs8 v0.9.0
[INFO] [stderr]    Compiling rand_core v0.6.4
[INFO] [stderr]    Compiling unicode-normalization v0.1.22
[INFO] [stderr]    Compiling ff v0.12.1
[INFO] [stderr]    Compiling hashbrown v0.12.3
[INFO] [stderr]    Compiling group v0.12.1
[INFO] [stderr]    Compiling idna v0.4.0
[INFO] [stderr]    Compiling crypto-common v0.1.6
[INFO] [stderr]    Compiling block-buffer v0.10.4
[INFO] [stderr]    Compiling crypto-bigint v0.4.9
[INFO] [stderr]    Compiling sec1 v0.3.0
[INFO] [stderr]    Compiling digest v0.9.0
[INFO] [stderr]    Compiling block-buffer v0.9.0
[INFO] [stderr]    Compiling curve25519-dalek v3.2.0
[INFO] [stderr]    Compiling sha2 v0.9.9
[INFO] [stderr]    Compiling digest v0.10.7
[INFO] [stderr]    Compiling url v2.4.0
[INFO] [stderr]    Compiling hmac v0.12.1
[INFO] [stderr]    Compiling signature v1.6.4
[INFO] [stderr]    Compiling sha2 v0.10.7
[INFO] [stderr]    Compiling rfc6979 v0.3.1
[INFO] [stderr]    Compiling elliptic-curve v0.12.3
[INFO] [stderr]    Compiling serde_derive v1.0.171
[INFO] [stderr]    Compiling thiserror-impl v1.0.43
[INFO] [stderr]    Compiling ecdsa v0.14.8
[INFO] [stderr]    Compiling k256 v0.11.6
[INFO] [stderr]    Compiling serde_derive_internals v0.26.0
[INFO] [stderr]    Compiling schemars_derive v0.8.12
[INFO] [stderr]    Compiling derivative v2.2.0
[INFO] [stderr]    Compiling cosmwasm-derive v1.2.7
[INFO] [stderr]    Compiling cosmwasm-schema-derive v1.2.7
[INFO] [stderr]    Compiling ed25519-zebra v3.1.0
[INFO] [stderr]    Compiling serde-json-wasm v0.5.1
[INFO] [stderr]    Compiling cosmwasm-crypto v1.2.7
[INFO] [stderr]    Compiling cosmwasm-std v1.2.7
[INFO] [stderr]    Compiling cosmwasm-schema v1.2.7
[INFO] [stderr]    Compiling cw-storage-plus v0.16.0
[INFO] [stderr]    Compiling cw-storage-plus v1.1.0
[INFO] [stderr]    Compiling cw-storage-plus v0.15.1
[INFO] [stderr]    Compiling cosmwasm-storage v1.2.7
[INFO] [stderr]    Compiling cw2 v0.16.0
[INFO] [stderr]    Compiling cw2 v1.1.0
[INFO] [stderr]    Compiling cw2 v0.15.1
[INFO] [stderr]    Compiling cw-utils v0.16.0
[INFO] [stderr]    Compiling cw-utils v1.0.1
[INFO] [stderr]    Compiling cw721 v0.16.0
[INFO] [stderr]    Compiling sg-std v0.21.12
[INFO] [stderr]    Compiling cw721-base v0.16.0
[INFO] [stderr]    Compiling sg721 v0.21.12
[INFO] [stderr]    Compiling sg721-base v0.21.8
[INFO] [stderr]    Compiling nopixels v2.0.0 (/opt/rustwide/workdir)
[INFO] [stderr]     Finished dev [unoptimized + debuginfo] target(s) in 18.86s
[INFO] running `Command { std: "docker" "inspect" "5f48b2af7ce60bcebbd9e55b4299b333c7094dfb6c1e91fc67a2852596fe3deb", kill_on_drop: false }`
[INFO] running `Command { std: "docker" "rm" "-f" "5f48b2af7ce60bcebbd9e55b4299b333c7094dfb6c1e91fc67a2852596fe3deb", kill_on_drop: false }`
[INFO] [stdout] 5f48b2af7ce60bcebbd9e55b4299b333c7094dfb6c1e91fc67a2852596fe3deb
[INFO] running `Command { std: "docker" "create" "-v" "/var/lib/crater-agent-workspace/builds/worker-1-tc1/target:/opt/rustwide/target:rw,Z" "-v" "/var/lib/crater-agent-workspace/builds/worker-1-tc1/source:/opt/rustwide/workdir:ro,Z" "-v" "/var/lib/crater-agent-workspace/cargo-home:/opt/rustwide/cargo-home:ro,Z" "-v" "/var/lib/crater-agent-workspace/rustup-home:/opt/rustwide/rustup-home:ro,Z" "-e" "SOURCE_DIR=/opt/rustwide/workdir" "-e" "CARGO_TARGET_DIR=/opt/rustwide/target" "-e" "CARGO_INCREMENTAL=0" "-e" "RUST_BACKTRACE=full" "-e" "RUSTFLAGS=--cap-lints=warn" "-e" "RUSTDOCFLAGS=--cap-lints=warn" "-e" "CARGO_HOME=/opt/rustwide/cargo-home" "-e" "RUSTUP_HOME=/opt/rustwide/rustup-home" "-w" "/opt/rustwide/workdir" "-m" "1610612736" "--user" "0:0" "--network" "none" "ghcr.io/rust-lang/crates-build-env/linux@sha256:2788e3201cd34a07e3172128adcd8b3090168a8e3bcc40d7c032b9dda1df7d1c" "/opt/rustwide/cargo-home/bin/cargo" "+1.75.0" "test" "--frozen" "--no-run" "--message-format=json", kill_on_drop: false }`
[INFO] [stdout] 816a31123c67b546e254e10c915827a151ac103f48919f736a7cc6f37db92de9
[INFO] running `Command { std: "docker" "start" "-a" "816a31123c67b546e254e10c915827a151ac103f48919f736a7cc6f37db92de9", kill_on_drop: false }`
[INFO] [stderr]    Compiling anyhow v1.0.71
[INFO] [stderr]    Compiling either v1.8.1
[INFO] [stderr]    Compiling bytes v1.4.0
[INFO] [stderr]    Compiling cw-utils v0.15.1
[INFO] [stderr]    Compiling itertools v0.10.5
[INFO] [stderr]    Compiling prost-derive v0.9.0
[INFO] [stderr]    Compiling prost v0.9.0
[INFO] [stderr]    Compiling cw-multi-test v0.15.1
[INFO] [stderr]    Compiling nopixels v2.0.0 (/opt/rustwide/workdir)
[INFO] [stdout] error[E0063]: missing fields `collection_address`, `fee` and `start_height` in initializer of `InstantiateMsg`
[INFO] [stdout]   --> src/contract_tests.rs:45:19
[INFO] [stdout]    |
[INFO] [stdout] 45 |         let msg = InstantiateMsg {
[INFO] [stdout]    |                   ^^^^^^^^^^^^^^ missing `collection_address`, `fee` and `start_height`
[INFO] [stdout] 
[INFO] [stdout] 
[INFO] [stdout] error[E0063]: missing fields `collection_address`, `fee` and `start_height` in initializer of `InstantiateMsg`
[INFO] [stdout]   --> src/contract_tests.rs:55:19
[INFO] [stdout]    |
[INFO] [stdout] 55 |         let msg = InstantiateMsg {
[INFO] [stdout]    |                   ^^^^^^^^^^^^^^ missing `collection_address`, `fee` and `start_height`
[INFO] [stdout] 
[INFO] [stdout] 
[INFO] [stdout] error[E0063]: missing fields `collection_address`, `fee` and `start_height` in initializer of `InstantiateMsg`
[INFO] [stdout]   --> src/contract_tests.rs:65:19
[INFO] [stdout]    |
[INFO] [stdout] 65 |         let msg = InstantiateMsg {
[INFO] [stdout]    |                   ^^^^^^^^^^^^^^ missing `collection_address`, `fee` and `start_height`
[INFO] [stdout] 
[INFO] [stdout] 
[INFO] [stdout] error[E0063]: missing fields `collection_address`, `fee` and `start_height` in initializer of `InstantiateMsg`
[INFO] [stdout]   --> src/contract_tests.rs:97:19
[INFO] [stdout]    |
[INFO] [stdout] 97 |         let msg = InstantiateMsg {
[INFO] [stdout]    |                   ^^^^^^^^^^^^^^ missing `collection_address`, `fee` and `start_height`
[INFO] [stdout] 
[INFO] [stdout] 
[INFO] [stdout] error[E0063]: missing fields `collection_address`, `fee` and `start_height` in initializer of `InstantiateMsg`
[INFO] [stdout]    --> src/contract_tests.rs:241:19
[INFO] [stdout]     |
[INFO] [stdout] 241 |         let msg = InstantiateMsg {
[INFO] [stdout]     |                   ^^^^^^^^^^^^^^ missing `collection_address`, `fee` and `start_height`
[INFO] [stdout] 
[INFO] [stdout] 
[INFO] [stdout] error[E0063]: missing fields `collection_address`, `fee` and `start_height` in initializer of `InstantiateMsg`
[INFO] [stdout]    --> src/contract_tests.rs:276:19
[INFO] [stdout]     |
[INFO] [stdout] 276 |         let msg = InstantiateMsg {
[INFO] [stdout]     |                   ^^^^^^^^^^^^^^ missing `collection_address`, `fee` and `start_height`
[INFO] [stdout] 
[INFO] [stdout] 
[INFO] [stdout] error[E0063]: missing fields `collection_address`, `fee` and `start_height` in initializer of `InstantiateMsg`
[INFO] [stdout]    --> src/contract_tests.rs:307:19
[INFO] [stdout]     |
[INFO] [stdout] 307 |         let msg = InstantiateMsg {
[INFO] [stdout]     |                   ^^^^^^^^^^^^^^ missing `collection_address`, `fee` and `start_height`
[INFO] [stdout] 
[INFO] [stdout] 
[INFO] [stdout] error: aborting due to 7 previous errors
[INFO] [stdout] 
[INFO] [stdout] 
[INFO] [stdout] For more information about this error, try `rustc --explain E0063`.
[INFO] [stdout] 
[INFO] [stderr] error: could not compile `nopixels` (lib test) due to 8 previous errors
[INFO] [stderr] warning: build failed, waiting for other jobs to finish...
[INFO] running `Command { std: "docker" "inspect" "816a31123c67b546e254e10c915827a151ac103f48919f736a7cc6f37db92de9", kill_on_drop: false }`
[INFO] running `Command { std: "docker" "rm" "-f" "816a31123c67b546e254e10c915827a151ac103f48919f736a7cc6f37db92de9", kill_on_drop: false }`
[INFO] [stdout] 816a31123c67b546e254e10c915827a151ac103f48919f736a7cc6f37db92de9
[INFO] testing CosmosCamel/NoPixels-CW against beta-2023-12-22 for beta-1.76-1
[INFO] running `Command { std: "git" "clone" "/workspace/cache/git-repos/https%3A%2F%2Fgithub.com%2FCosmosCamel%2FNoPixels-CW" "/workspace/builds/worker-1-tc2/source", kill_on_drop: false }`
[INFO] [stderr] Cloning into '/workspace/builds/worker-1-tc2/source'...
[INFO] [stderr] done.
[INFO] validating manifest of git repo https://github.com/CosmosCamel/NoPixels-CW on toolchain beta-2023-12-22
[INFO] running `Command { std: CARGO_HOME="/workspace/cargo-home" RUSTUP_HOME="/workspace/rustup-home" "/workspace/cargo-home/bin/cargo" "+beta-2023-12-22" "metadata" "--manifest-path" "Cargo.toml" "--no-deps", kill_on_drop: false }`
[INFO] removed /workspace/builds/worker-1-tc2/source/.cargo/config
[INFO] started tweaking git repo https://github.com/CosmosCamel/NoPixels-CW
[INFO] finished tweaking git repo https://github.com/CosmosCamel/NoPixels-CW
[INFO] tweaked toml for git repo https://github.com/CosmosCamel/NoPixels-CW written to /workspace/builds/worker-1-tc2/source/Cargo.toml
[INFO] crate git repo https://github.com/CosmosCamel/NoPixels-CW already has a lockfile, it will not be regenerated
[INFO] running `Command { std: CARGO_HOME="/workspace/cargo-home" RUSTUP_HOME="/workspace/rustup-home" "/workspace/cargo-home/bin/cargo" "+beta-2023-12-22" "fetch" "--manifest-path" "Cargo.toml", kill_on_drop: false }`
[INFO] running `Command { std: "docker" "create" "-v" "/var/lib/crater-agent-workspace/builds/worker-1-tc2/target:/opt/rustwide/target:rw,Z" "-v" "/var/lib/crater-agent-workspace/builds/worker-1-tc2/source:/opt/rustwide/workdir:ro,Z" "-v" "/var/lib/crater-agent-workspace/cargo-home:/opt/rustwide/cargo-home:ro,Z" "-v" "/var/lib/crater-agent-workspace/rustup-home:/opt/rustwide/rustup-home:ro,Z" "-e" "SOURCE_DIR=/opt/rustwide/workdir" "-e" "CARGO_TARGET_DIR=/opt/rustwide/target" "-e" "CARGO_HOME=/opt/rustwide/cargo-home" "-e" "RUSTUP_HOME=/opt/rustwide/rustup-home" "-w" "/opt/rustwide/workdir" "-m" "1610612736" "--user" "0:0" "--network" "none" "ghcr.io/rust-lang/crates-build-env/linux@sha256:2788e3201cd34a07e3172128adcd8b3090168a8e3bcc40d7c032b9dda1df7d1c" "/opt/rustwide/cargo-home/bin/cargo" "+beta-2023-12-22" "metadata" "--no-deps" "--format-version=1", kill_on_drop: false }`
[INFO] [stdout] f5a44aa693fa9ea5c8837f29b5d6b198969577c445b552224d25876c5d9f60ca
[INFO] running `Command { std: "docker" "start" "-a" "f5a44aa693fa9ea5c8837f29b5d6b198969577c445b552224d25876c5d9f60ca", kill_on_drop: false }`
[INFO] running `Command { std: "docker" "inspect" "f5a44aa693fa9ea5c8837f29b5d6b198969577c445b552224d25876c5d9f60ca", kill_on_drop: false }`
[INFO] running `Command { std: "docker" "rm" "-f" "f5a44aa693fa9ea5c8837f29b5d6b198969577c445b552224d25876c5d9f60ca", kill_on_drop: false }`
[INFO] [stdout] f5a44aa693fa9ea5c8837f29b5d6b198969577c445b552224d25876c5d9f60ca
[INFO] running `Command { std: "docker" "create" "-v" "/var/lib/crater-agent-workspace/builds/worker-1-tc2/target:/opt/rustwide/target:rw,Z" "-v" "/var/lib/crater-agent-workspace/builds/worker-1-tc2/source:/opt/rustwide/workdir:ro,Z" "-v" "/var/lib/crater-agent-workspace/cargo-home:/opt/rustwide/cargo-home:ro,Z" "-v" "/var/lib/crater-agent-workspace/rustup-home:/opt/rustwide/rustup-home:ro,Z" "-e" "SOURCE_DIR=/opt/rustwide/workdir" "-e" "CARGO_TARGET_DIR=/opt/rustwide/target" "-e" "CARGO_INCREMENTAL=0" "-e" "RUST_BACKTRACE=full" "-e" "RUSTFLAGS=--cap-lints=warn" "-e" "RUSTDOCFLAGS=--cap-lints=warn" "-e" "CARGO_HOME=/opt/rustwide/cargo-home" "-e" "RUSTUP_HOME=/opt/rustwide/rustup-home" "-w" "/opt/rustwide/workdir" "-m" "1610612736" "--user" "0:0" "--network" "none" "ghcr.io/rust-lang/crates-build-env/linux@sha256:2788e3201cd34a07e3172128adcd8b3090168a8e3bcc40d7c032b9dda1df7d1c" "/opt/rustwide/cargo-home/bin/cargo" "+beta-2023-12-22" "build" "--frozen" "--message-format=json", kill_on_drop: false }`
[INFO] [stdout] 602de1420e9985147ec6ffc458f023564dc895a9ee554e709861a83a0e365c17
[INFO] running `Command { std: "docker" "start" "-a" "602de1420e9985147ec6ffc458f023564dc895a9ee554e709861a83a0e365c17", kill_on_drop: false }`
[INFO] [stderr]    Compiling typenum v1.16.0
[INFO] [stderr]    Compiling generic-array v0.14.7
[INFO] [stderr]    Compiling proc-macro2 v1.0.64
[INFO] [stderr]    Compiling quote v1.0.29
[INFO] [stderr]    Compiling unicode-ident v1.0.10
[INFO] [stderr]    Compiling libc v0.2.147
[INFO] [stderr]    Compiling subtle v2.5.0
[INFO] [stderr]    Compiling zeroize v1.6.0
[INFO] [stderr]    Compiling syn v1.0.109
[INFO] [stderr]    Compiling serde v1.0.171
[INFO] [stderr]    Compiling const-oid v0.9.4
[INFO] [stderr]    Compiling base64ct v1.6.0
[INFO] [stderr]    Compiling ahash v0.7.6
[INFO] [stderr]    Compiling cpufeatures v0.2.9
[INFO] [stderr]    Compiling base16ct v0.1.1
[INFO] [stderr]    Compiling thiserror v1.0.43
[INFO] [stderr]    Compiling once_cell v1.18.0
[INFO] [stderr]    Compiling serde_json v1.0.102
[INFO] [stderr]    Compiling schemars v0.8.12
[INFO] [stderr]    Compiling der v0.6.1
[INFO] [stderr]    Compiling rand_core v0.5.1
[INFO] [stderr]    Compiling itoa v1.0.8
[INFO] [stderr]    Compiling ryu v1.0.14
[INFO] [stderr]    Compiling dyn-clone v1.0.11
[INFO] [stderr]    Compiling uint v0.9.5
[INFO] [stderr]    Compiling base64 v0.13.1
[INFO] [stderr]    Compiling semver v1.0.17
[INFO] [stderr]    Compiling tinyvec_macros v0.1.1
[INFO] [stderr]    Compiling tinyvec v1.6.0
[INFO] [stderr]    Compiling percent-encoding v2.3.0
[INFO] [stderr]    Compiling unicode-bidi v0.3.13
[INFO] [stderr]    Compiling form_urlencoded v1.2.0
[INFO] [stderr]    Compiling getrandom v0.2.10
[INFO] [stderr]    Compiling syn v2.0.25
[INFO] [stderr]    Compiling rand_core v0.6.4
[INFO] [stderr]    Compiling spki v0.6.0
[INFO] [stderr]    Compiling hashbrown v0.12.3
[INFO] [stderr]    Compiling ff v0.12.1
[INFO] [stderr]    Compiling pkcs8 v0.9.0
[INFO] [stderr]    Compiling group v0.12.1
[INFO] [stderr]    Compiling unicode-normalization v0.1.22
[INFO] [stderr]    Compiling idna v0.4.0
[INFO] [stderr]    Compiling crypto-common v0.1.6
[INFO] [stderr]    Compiling block-buffer v0.10.4
[INFO] [stderr]    Compiling crypto-bigint v0.4.9
[INFO] [stderr]    Compiling digest v0.9.0
[INFO] [stderr]    Compiling sec1 v0.3.0
[INFO] [stderr]    Compiling block-buffer v0.9.0
[INFO] [stderr]    Compiling curve25519-dalek v3.2.0
[INFO] [stderr]    Compiling sha2 v0.9.9
[INFO] [stderr]    Compiling digest v0.10.7
[INFO] [stderr]    Compiling url v2.4.0
[INFO] [stderr]    Compiling hmac v0.12.1
[INFO] [stderr]    Compiling signature v1.6.4
[INFO] [stderr]    Compiling sha2 v0.10.7
[INFO] [stderr]    Compiling rfc6979 v0.3.1
[INFO] [stderr]    Compiling elliptic-curve v0.12.3
[INFO] [stderr]    Compiling serde_derive v1.0.171
[INFO] [stderr]    Compiling thiserror-impl v1.0.43
[INFO] [stderr]    Compiling ecdsa v0.14.8
[INFO] [stderr]    Compiling k256 v0.11.6
[INFO] [stderr]    Compiling serde_derive_internals v0.26.0
[INFO] [stderr]    Compiling schemars_derive v0.8.12
[INFO] [stderr]    Compiling derivative v2.2.0
[INFO] [stderr]    Compiling cosmwasm-derive v1.2.7
[INFO] [stderr]    Compiling cosmwasm-schema-derive v1.2.7
[INFO] [stderr]    Compiling ed25519-zebra v3.1.0
[INFO] [stderr]    Compiling serde-json-wasm v0.5.1
[INFO] [stderr]    Compiling cosmwasm-crypto v1.2.7
[INFO] [stderr]    Compiling cosmwasm-std v1.2.7
[INFO] [stderr]    Compiling cosmwasm-schema v1.2.7
[INFO] [stderr]    Compiling cw-storage-plus v0.16.0
[INFO] [stderr]    Compiling cw-storage-plus v1.1.0
[INFO] [stderr]    Compiling cw-storage-plus v0.15.1
[INFO] [stderr]    Compiling cosmwasm-storage v1.2.7
[INFO] [stderr]    Compiling cw2 v0.16.0
[INFO] [stderr]    Compiling cw2 v1.1.0
[INFO] [stderr]    Compiling cw-utils v0.16.0
[INFO] [stderr]    Compiling cw2 v0.15.1
[INFO] [stderr]    Compiling cw-utils v1.0.1
[INFO] [stderr]    Compiling cw721 v0.16.0
[INFO] [stderr]    Compiling sg-std v0.21.12
[INFO] [stderr]    Compiling cw721-base v0.16.0
[INFO] [stderr]    Compiling sg721 v0.21.12
[INFO] [stderr]    Compiling sg721-base v0.21.8
[INFO] [stderr]    Compiling nopixels v2.0.0 (/opt/rustwide/workdir)
[INFO] [stderr]     Finished dev [unoptimized + debuginfo] target(s) in 23.92s
[INFO] running `Command { std: "docker" "inspect" "602de1420e9985147ec6ffc458f023564dc895a9ee554e709861a83a0e365c17", kill_on_drop: false }`
[INFO] running `Command { std: "docker" "rm" "-f" "602de1420e9985147ec6ffc458f023564dc895a9ee554e709861a83a0e365c17", kill_on_drop: false }`
[INFO] [stdout] 602de1420e9985147ec6ffc458f023564dc895a9ee554e709861a83a0e365c17
[INFO] running `Command { std: "docker" "create" "-v" "/var/lib/crater-agent-workspace/builds/worker-1-tc2/target:/opt/rustwide/target:rw,Z" "-v" "/var/lib/crater-agent-workspace/builds/worker-1-tc2/source:/opt/rustwide/workdir:ro,Z" "-v" "/var/lib/crater-agent-workspace/cargo-home:/opt/rustwide/cargo-home:ro,Z" "-v" "/var/lib/crater-agent-workspace/rustup-home:/opt/rustwide/rustup-home:ro,Z" "-e" "SOURCE_DIR=/opt/rustwide/workdir" "-e" "CARGO_TARGET_DIR=/opt/rustwide/target" "-e" "CARGO_INCREMENTAL=0" "-e" "RUST_BACKTRACE=full" "-e" "RUSTFLAGS=--cap-lints=warn" "-e" "RUSTDOCFLAGS=--cap-lints=warn" "-e" "CARGO_HOME=/opt/rustwide/cargo-home" "-e" "RUSTUP_HOME=/opt/rustwide/rustup-home" "-w" "/opt/rustwide/workdir" "-m" "1610612736" "--user" "0:0" "--network" "none" "ghcr.io/rust-lang/crates-build-env/linux@sha256:2788e3201cd34a07e3172128adcd8b3090168a8e3bcc40d7c032b9dda1df7d1c" "/opt/rustwide/cargo-home/bin/cargo" "+beta-2023-12-22" "test" "--frozen" "--no-run" "--message-format=json", kill_on_drop: false }`
[INFO] [stdout] 32f6883e8f421e895b0df8ece253e2cdd5c70daa2f809d23dff4ce049432f88f
[INFO] running `Command { std: "docker" "start" "-a" "32f6883e8f421e895b0df8ece253e2cdd5c70daa2f809d23dff4ce049432f88f", kill_on_drop: false }`
[INFO] [stderr]    Compiling anyhow v1.0.71
[INFO] [stderr]    Compiling either v1.8.1
[INFO] [stderr]    Compiling bytes v1.4.0
[INFO] [stderr]    Compiling cw-utils v0.15.1
[INFO] [stderr]    Compiling itertools v0.10.5
[INFO] [stderr]    Compiling prost-derive v0.9.0
[INFO] [stderr]    Compiling prost v0.9.0
[INFO] [stderr]    Compiling cw-multi-test v0.15.1
[INFO] [stderr]    Compiling nopixels v2.0.0 (/opt/rustwide/workdir)
[INFO] [stdout] error[E0063]: missing fields `collection_address`, `fee` and `start_height` in initializer of `InstantiateMsg`
[INFO] [stdout]   --> src/contract_tests.rs:45:19
[INFO] [stdout]    |
[INFO] [stdout] 45 |         let msg = InstantiateMsg {
[INFO] [stdout]    |                   ^^^^^^^^^^^^^^ missing `collection_address`, `fee` and `start_height`
[INFO] [stdout] 
[INFO] [stdout] 
[INFO] [stdout] error[E0063]: missing fields `collection_address`, `fee` and `start_height` in initializer of `InstantiateMsg`
[INFO] [stdout]   --> src/contract_tests.rs:55:19
[INFO] [stdout]    |
[INFO] [stdout] 55 |         let msg = InstantiateMsg {
[INFO] [stdout]    |                   ^^^^^^^^^^^^^^ missing `collection_address`, `fee` and `start_height`
[INFO] [stdout] 
[INFO] [stdout] 
[INFO] [stdout] error[E0063]: missing fields `collection_address`, `fee` and `start_height` in initializer of `InstantiateMsg`
[INFO] [stdout]   --> src/contract_tests.rs:65:19
[INFO] [stdout]    |
[INFO] [stdout] 65 |         let msg = InstantiateMsg {
[INFO] [stdout]    |                   ^^^^^^^^^^^^^^ missing `collection_address`, `fee` and `start_height`
[INFO] [stdout] 
[INFO] [stdout] 
[INFO] [stdout] error[E0063]: missing fields `collection_address`, `fee` and `start_height` in initializer of `InstantiateMsg`
[INFO] [stdout]   --> src/contract_tests.rs:97:19
[INFO] [stdout]    |
[INFO] [stdout] 97 |         let msg = InstantiateMsg {
[INFO] [stdout]    |                   ^^^^^^^^^^^^^^ missing `collection_address`, `fee` and `start_height`
[INFO] [stdout] 
[INFO] [stdout] 
[INFO] [stdout] error[E0063]: missing fields `collection_address`, `fee` and `start_height` in initializer of `InstantiateMsg`
[INFO] [stdout]    --> src/contract_tests.rs:241:19
[INFO] [stdout]     |
[INFO] [stdout] 241 |         let msg = InstantiateMsg {
[INFO] [stdout]     |                   ^^^^^^^^^^^^^^ missing `collection_address`, `fee` and `start_height`
[INFO] [stdout] 
[INFO] [stdout] 
[INFO] [stdout] error[E0063]: missing fields `collection_address`, `fee` and `start_height` in initializer of `InstantiateMsg`
[INFO] [stdout]    --> src/contract_tests.rs:276:19
[INFO] [stdout]     |
[INFO] [stdout] 276 |         let msg = InstantiateMsg {
[INFO] [stdout]     |                   ^^^^^^^^^^^^^^ missing `collection_address`, `fee` and `start_height`
[INFO] [stdout] 
[INFO] [stdout] 
[INFO] [stdout] error[E0063]: missing fields `collection_address`, `fee` and `start_height` in initializer of `InstantiateMsg`
[INFO] [stdout]    --> src/contract_tests.rs:307:19
[INFO] [stdout]     |
[INFO] [stdout] 307 |         let msg = InstantiateMsg {
[INFO] [stdout]     |                   ^^^^^^^^^^^^^^ missing `collection_address`, `fee` and `start_height`
[INFO] [stdout] 
[INFO] [stdout] 
[INFO] [stdout] error: aborting due to 7 previous errors
[INFO] [stdout] 
[INFO] [stdout] 
[INFO] [stdout] For more information about this error, try `rustc --explain E0063`.
[INFO] [stdout] 
[INFO] [stderr] error: could not compile `nopixels` (lib test) due to 8 previous errors
[INFO] [stderr] warning: build failed, waiting for other jobs to finish...
[INFO] running `Command { std: "docker" "inspect" "32f6883e8f421e895b0df8ece253e2cdd5c70daa2f809d23dff4ce049432f88f", kill_on_drop: false }`
[INFO] running `Command { std: "docker" "rm" "-f" "32f6883e8f421e895b0df8ece253e2cdd5c70daa2f809d23dff4ce049432f88f", kill_on_drop: false }`
[INFO] [stdout] 32f6883e8f421e895b0df8ece253e2cdd5c70daa2f809d23dff4ce049432f88f
