[INFO] cloning repository https://github.com/Cosmo-CoDiOS/codid
[INFO] running `Command { std: "git" "-c" "credential.helper=" "-c" "credential.helper=/workspace/cargo-home/bin/git-credential-null" "clone" "--bare" "https://github.com/Cosmo-CoDiOS/codid" "/workspace/cache/git-repos/https%3A%2F%2Fgithub.com%2FCosmo-CoDiOS%2Fcodid", kill_on_drop: false }`
[INFO] [stderr] Cloning into bare repository '/workspace/cache/git-repos/https%3A%2F%2Fgithub.com%2FCosmo-CoDiOS%2Fcodid'...
[INFO] running `Command { std: "git" "rev-parse" "HEAD", kill_on_drop: false }`
[INFO] [stdout] 60312677846f3eb0224433e92c58a2da40a968a6
[INFO] testing Cosmo-CoDiOS/codid against 1.75.0 for beta-1.76-1
[INFO] running `Command { std: "git" "clone" "/workspace/cache/git-repos/https%3A%2F%2Fgithub.com%2FCosmo-CoDiOS%2Fcodid" "/workspace/builds/worker-5-tc1/source", kill_on_drop: false }`
[INFO] [stderr] Cloning into '/workspace/builds/worker-5-tc1/source'...
[INFO] [stderr] done.
[INFO] validating manifest of git repo https://github.com/Cosmo-CoDiOS/codid on toolchain 1.75.0
[INFO] running `Command { std: CARGO_HOME="/workspace/cargo-home" RUSTUP_HOME="/workspace/rustup-home" "/workspace/cargo-home/bin/cargo" "+1.75.0" "metadata" "--manifest-path" "Cargo.toml" "--no-deps", kill_on_drop: false }`
[INFO] removed /workspace/builds/worker-5-tc1/source/rust-toolchain
[INFO] started tweaking git repo https://github.com/Cosmo-CoDiOS/codid
[INFO] finished tweaking git repo https://github.com/Cosmo-CoDiOS/codid
[INFO] tweaked toml for git repo https://github.com/Cosmo-CoDiOS/codid written to /workspace/builds/worker-5-tc1/source/Cargo.toml
[INFO] crate git repo https://github.com/Cosmo-CoDiOS/codid already has a lockfile, it will not be regenerated
[INFO] running `Command { std: CARGO_HOME="/workspace/cargo-home" RUSTUP_HOME="/workspace/rustup-home" "/workspace/cargo-home/bin/cargo" "+1.75.0" "fetch" "--manifest-path" "Cargo.toml", kill_on_drop: false }`
[INFO] [stderr]     Updating git repository `https://github.com/Cosmo-CoDiOS/codi_protocols`
[INFO] [stderr]     Updating crates.io index
[INFO] [stderr]     Updating git repository `https://github.com/liranringel/structure`
[INFO] [stderr]  Downloading crates ...
[INFO] [stderr]   Downloaded thiserror-no-std v2.0.2
[INFO] [stderr]   Downloaded structure-macro-impl v0.1.2
[INFO] [stderr]   Downloaded thiserror-impl-no-std v2.0.2
[INFO] [stderr]   Downloaded structure v0.1.2
[INFO] [stderr]   Downloaded serde v1.0.181
[INFO] [stderr]   Downloaded ical v0.8.0
[INFO] [stderr]   Downloaded serde_derive v1.0.181
[INFO] running `Command { std: "docker" "create" "-v" "/var/lib/crater-agent-workspace/builds/worker-5-tc1/target:/opt/rustwide/target:rw,Z" "-v" "/var/lib/crater-agent-workspace/builds/worker-5-tc1/source:/opt/rustwide/workdir:ro,Z" "-v" "/var/lib/crater-agent-workspace/cargo-home:/opt/rustwide/cargo-home:ro,Z" "-v" "/var/lib/crater-agent-workspace/rustup-home:/opt/rustwide/rustup-home:ro,Z" "-e" "SOURCE_DIR=/opt/rustwide/workdir" "-e" "CARGO_TARGET_DIR=/opt/rustwide/target" "-e" "CARGO_HOME=/opt/rustwide/cargo-home" "-e" "RUSTUP_HOME=/opt/rustwide/rustup-home" "-w" "/opt/rustwide/workdir" "-m" "1610612736" "--user" "0:0" "--network" "none" "ghcr.io/rust-lang/crates-build-env/linux@sha256:2788e3201cd34a07e3172128adcd8b3090168a8e3bcc40d7c032b9dda1df7d1c" "/opt/rustwide/cargo-home/bin/cargo" "+1.75.0" "metadata" "--no-deps" "--format-version=1", kill_on_drop: false }`
[INFO] [stdout] 895dfd1b94d3a3416da8544a3b9e1d2d2e445d2355fcaadac25ab7e347a29d7e
[INFO] running `Command { std: "docker" "start" "-a" "895dfd1b94d3a3416da8544a3b9e1d2d2e445d2355fcaadac25ab7e347a29d7e", kill_on_drop: false }`
[INFO] running `Command { std: "docker" "inspect" "895dfd1b94d3a3416da8544a3b9e1d2d2e445d2355fcaadac25ab7e347a29d7e", kill_on_drop: false }`
[INFO] running `Command { std: "docker" "rm" "-f" "895dfd1b94d3a3416da8544a3b9e1d2d2e445d2355fcaadac25ab7e347a29d7e", kill_on_drop: false }`
[INFO] [stdout] 895dfd1b94d3a3416da8544a3b9e1d2d2e445d2355fcaadac25ab7e347a29d7e
[INFO] running `Command { std: "docker" "create" "-v" "/var/lib/crater-agent-workspace/builds/worker-5-tc1/target:/opt/rustwide/target:rw,Z" "-v" "/var/lib/crater-agent-workspace/builds/worker-5-tc1/source:/opt/rustwide/workdir:ro,Z" "-v" "/var/lib/crater-agent-workspace/cargo-home:/opt/rustwide/cargo-home:ro,Z" "-v" "/var/lib/crater-agent-workspace/rustup-home:/opt/rustwide/rustup-home:ro,Z" "-e" "SOURCE_DIR=/opt/rustwide/workdir" "-e" "CARGO_TARGET_DIR=/opt/rustwide/target" "-e" "CARGO_INCREMENTAL=0" "-e" "RUST_BACKTRACE=full" "-e" "RUSTFLAGS=--cap-lints=warn" "-e" "RUSTDOCFLAGS=--cap-lints=warn" "-e" "CARGO_HOME=/opt/rustwide/cargo-home" "-e" "RUSTUP_HOME=/opt/rustwide/rustup-home" "-w" "/opt/rustwide/workdir" "-m" "1610612736" "--user" "0:0" "--network" "none" "ghcr.io/rust-lang/crates-build-env/linux@sha256:2788e3201cd34a07e3172128adcd8b3090168a8e3bcc40d7c032b9dda1df7d1c" "/opt/rustwide/cargo-home/bin/cargo" "+1.75.0" "build" "--frozen" "--message-format=json", kill_on_drop: false }`
[INFO] [stdout] 4d430bfb553dc8698341f921fb32d45eaa720d327f37ec8465e53338e75eb9c6
[INFO] running `Command { std: "docker" "start" "-a" "4d430bfb553dc8698341f921fb32d45eaa720d327f37ec8465e53338e75eb9c6", kill_on_drop: false }`
[INFO] [stderr]    Compiling libc v0.2.147
[INFO] [stderr]    Compiling proc-macro2 v1.0.66
[INFO] [stderr]    Compiling unicode-ident v1.0.11
[INFO] [stderr]    Compiling autocfg v1.1.0
[INFO] [stderr]    Compiling cfg-if v1.0.0
[INFO] [stderr]    Compiling memchr v2.5.0
[INFO] [stderr]    Compiling once_cell v1.18.0
[INFO] [stderr]    Compiling pin-project-lite v0.2.10
[INFO] [stderr]    Compiling futures-core v0.3.28
[INFO] [stderr]    Compiling version_check v0.9.4
[INFO] [stderr]    Compiling scopeguard v1.2.0
[INFO] [stderr]    Compiling bytes v1.4.0
[INFO] [stderr]    Compiling parking_lot_core v0.9.8
[INFO] [stderr]    Compiling bitflags v1.3.2
[INFO] [stderr]    Compiling futures-channel v0.3.28
[INFO] [stderr]    Compiling smallvec v1.11.0
[INFO] [stderr]    Compiling futures-sink v0.3.28
[INFO] [stderr]    Compiling futures-task v0.3.28
[INFO] [stderr]    Compiling futures-util v0.3.28
[INFO] [stderr]    Compiling itoa v1.0.9
[INFO] [stderr]    Compiling pin-utils v0.1.0
[INFO] [stderr]    Compiling futures-io v0.3.28
[INFO] [stderr]    Compiling rustversion v1.0.14
[INFO] [stderr]    Compiling serde v1.0.181
[INFO] [stderr]    Compiling tracing-core v0.1.31
[INFO] [stderr]    Compiling thiserror v1.0.44
[INFO] [stderr]    Compiling io-lifetimes v1.0.11
[INFO] [stderr]    Compiling fnv v1.0.7
[INFO] [stderr]    Compiling serde_derive v1.0.181
[INFO] [stderr]    Compiling rustix v0.37.23
[INFO] [stderr]    Compiling linux-raw-sys v0.3.8
[INFO] [stderr]    Compiling http v0.2.9
[INFO] [stderr]    Compiling httparse v1.8.0
[INFO] [stderr]    Compiling async-trait v0.1.72
[INFO] [stderr]    Compiling ucd-trie v0.1.6
[INFO] [stderr]    Compiling pkg-config v0.3.27
[INFO] [stderr]    Compiling ahash v0.7.6
[INFO] [stderr]    Compiling lock_api v0.4.10
[INFO] [stderr]    Compiling slab v0.4.8
[INFO] [stderr]    Compiling tokio v1.29.1
[INFO] [stderr]    Compiling indexmap v1.9.3
[INFO] [stderr]    Compiling quote v1.0.32
[INFO] [stderr]    Compiling tower-service v0.3.2
[INFO] [stderr]    Compiling ppv-lite86 v0.2.17
[INFO] [stderr]    Compiling syn v1.0.109
[INFO] [stderr]    Compiling syn v2.0.28
[INFO] [stderr]    Compiling http-body v0.4.5
[INFO] [stderr]    Compiling try-lock v0.2.4
[INFO] [stderr]    Compiling utf8parse v0.2.1
[INFO] [stderr]    Compiling want v0.3.1
[INFO] [stderr]    Compiling httpdate v1.0.2
[INFO] [stderr]    Compiling tower-layer v0.3.2
[INFO] [stderr]    Compiling anstyle-parse v0.2.1
[INFO] [stderr]    Compiling aho-corasick v1.0.2
[INFO] [stderr]    Compiling serde_json v1.0.104
[INFO] [stderr]    Compiling static_assertions v1.1.0
[INFO] [stderr]    Compiling anyhow v1.0.72
[INFO] [stderr]    Compiling dlv-list v0.3.0
[INFO] [stderr]    Compiling mime v0.3.17
[INFO] [stderr]    Compiling regex-syntax v0.7.4
[INFO] [stderr]    Compiling colorchoice v1.0.0
[INFO] [stderr]    Compiling proc-macro-hack-impl v0.4.3
[INFO] [stderr]    Compiling getrandom v0.2.10
[INFO] [stderr]    Compiling socket2 v0.4.9
[INFO] [stderr]    Compiling mio v0.8.8
[INFO] [stderr]    Compiling signal-hook-registry v1.4.1
[INFO] [stderr]    Compiling parking_lot v0.12.1
[INFO] [stderr]    Compiling num_cpus v1.16.0
[INFO] [stderr]    Compiling hashbrown v0.12.3
[INFO] [stderr]    Compiling libudev-sys v0.1.4
[INFO] [stderr]    Compiling rand_core v0.6.4
[INFO] [stderr]    Compiling anstyle v1.0.1
[INFO] [stderr]    Compiling anstyle-query v1.0.0
[INFO] [stderr]    Compiling rand_chacha v0.3.1
[INFO] [stderr]    Compiling proc-macro-hack v0.4.3
[INFO] [stderr]    Compiling ordered-multimap v0.4.3
[INFO] [stderr]    Compiling nix v0.26.2
[INFO] [stderr]    Compiling minimal-lexical v0.2.1
[INFO] [stderr]    Compiling percent-encoding v2.3.0
[INFO] [stderr]    Compiling value-bag v1.4.1
[INFO] [stderr]    Compiling option-ext v0.2.0
[INFO] [stderr]    Compiling rand v0.8.5
[INFO] [stderr]    Compiling regex-automata v0.3.4
[INFO] [stderr]    Compiling libudev v0.3.0
[INFO] [stderr]    Compiling clap_lex v0.5.0
[INFO] [stderr]    Compiling axum-core v0.3.4
[INFO] [stderr]    Compiling axum v0.6.20
[INFO] [stderr]    Compiling matchit v0.7.2
[INFO] [stderr]    Compiling sync_wrapper v0.1.2
[INFO] [stderr]    Compiling bitflags v2.0.2
[INFO] [stderr]    Compiling ryu v1.0.15
[INFO] [stderr]    Compiling strsim v0.10.0
[INFO] [stderr]    Compiling linked-hash-map v0.5.6
[INFO] [stderr]    Compiling base64 v0.13.1
[INFO] [stderr]    Compiling quote v0.3.15
[INFO] [stderr]    Compiling rust-ini v0.18.0
[INFO] [stderr]    Compiling nom v7.1.3
[INFO] [stderr]    Compiling yaml-rust v0.4.5
[INFO] [stderr]    Compiling log v0.4.19
[INFO] [stderr]    Compiling is-terminal v0.4.7
[INFO] [stderr]    Compiling structure-macro-impl v0.1.2
[INFO] [stderr]    Compiling anstream v0.3.2
[INFO] [stderr]    Compiling dirs-sys v0.4.1
[INFO] [stderr]    Compiling core2 v0.4.0
[INFO] [stderr]    Compiling clap_builder v4.3.19
[INFO] [stderr]    Compiling prost v0.11.9
[INFO] [stderr]    Compiling pathdiff v0.2.1
[INFO] [stderr]    Compiling serialport v4.2.2
[INFO] [stderr]    Compiling humantime v2.1.0
[INFO] [stderr]    Compiling termcolor v1.2.0
[INFO] [stderr]    Compiling byteorder v1.4.3
[INFO] [stderr]    Compiling base64 v0.21.2
[INFO] [stderr]    Compiling lazy_static v1.4.0
[INFO] [stderr]    Compiling toml v0.5.11
[INFO] [stderr]    Compiling ron v0.7.1
[INFO] [stderr]    Compiling dirs v5.0.1
[INFO] [stderr]    Compiling structure v0.1.2
[INFO] [stderr]    Compiling regex v1.9.1
[INFO] [stderr]    Compiling env_logger v0.10.0
[INFO] [stderr]    Compiling clap v4.3.19
[INFO] [stderr]    Compiling thiserror-impl-no-std v2.0.2
[INFO] [stderr]    Compiling thiserror-no-std v2.0.2
[INFO] [stderr]    Compiling codi_protocol_common v0.6.1 (https://github.com/Cosmo-CoDiOS/codi_protocols?branch=main#48a6b3ed)
[INFO] [stderr]    Compiling tokio-macros v2.1.0
[INFO] [stderr]    Compiling futures-macro v0.3.28
[INFO] [stderr]    Compiling tracing-attributes v0.1.26
[INFO] [stderr]    Compiling thiserror-impl v1.0.44
[INFO] [stderr]    Compiling pin-project-internal v1.1.2
[INFO] [stderr]    Compiling pin-project v1.1.2
[INFO] [stderr]    Compiling pest v2.7.2
[INFO] [stderr]    Compiling futures-executor v0.3.28
[INFO] [stderr]    Compiling pest_meta v2.7.2
[INFO] [stderr]    Compiling futures v0.3.28
[INFO] [stderr]    Compiling tracing v0.1.37
[INFO] [stderr]    Compiling pest_generator v2.7.2
[INFO] [stderr]    Compiling tokio-util v0.7.8
[INFO] [stderr]    Compiling tokio-io-timeout v1.2.0
[INFO] [stderr]    Compiling tokio-stream v0.1.14
[INFO] [stderr]    Compiling h2 v0.3.20
[INFO] [stderr]    Compiling tower v0.4.13
[INFO] [stderr]    Compiling hyper v0.14.27
[INFO] [stderr]    Compiling pest_derive v2.7.2
[INFO] [stderr]    Compiling hyper-timeout v0.4.1
[INFO] [stderr]    Compiling json5 v0.4.1
[INFO] [stderr]    Compiling config v0.13.3
[INFO] [stderr]    Compiling tonic v0.9.2
[INFO] [stderr]    Compiling codid v0.1.0 (/opt/rustwide/workdir)
[INFO] [stdout] error: ONE variant of CoDi required as a feature, please respecify!
[INFO] [stdout]   --> src/lib.rs:25:1
[INFO] [stdout]    |
[INFO] [stdout] 25 | compile_error!("ONE variant of CoDi required as a feature, please respecify!");
[INFO] [stdout]    | ^^^^^^^^^^^^^^^^^^^^^^^^^^^^^^^^^^^^^^^^^^^^^^^^^^^^^^^^^^^^^^^^^^^^^^^^^^^^^^
[INFO] [stdout] 
[INFO] [stdout] 
[INFO] [stdout] error: At least ONE Cosmo ROM is required as a feature, please specify!
[INFO] [stdout]   --> src/lib.rs:37:1
[INFO] [stdout]    |
[INFO] [stdout] 37 | / compile_error!(
[INFO] [stdout] 38 | |     "At least ONE Cosmo ROM is required as a feature, please specify!"
[INFO] [stdout] 39 | | );
[INFO] [stdout]    | |_^
[INFO] [stdout] 
[INFO] [stdout] 
[INFO] [stdout] error[E0433]: failed to resolve: use of undeclared crate or module `zbus`
[INFO] [stdout]  --> src/platforms/linux/contacts_eds.rs:8:5
[INFO] [stdout]   |
[INFO] [stdout] 8 | use zbus::blocking::{Connection, Proxy};
[INFO] [stdout]   |     ^^^^ use of undeclared crate or module `zbus`
[INFO] [stdout] 
[INFO] [stdout] 
[INFO] [stdout] error[E0364]: `stm32_bootloader_dl` is only public within the crate, and cannot be re-exported outside
[INFO] [stdout]  --> src/platforms/common/mod.rs:5:16
[INFO] [stdout]   |
[INFO] [stdout] 5 | pub use proc::{stm32_bootloader_dl, stm32_reset, stm32_wake};
[INFO] [stdout]   |                ^^^^^^^^^^^^^^^^^^^
[INFO] [stdout]   |
[INFO] [stdout] note: consider marking `stm32_bootloader_dl` as `pub` in the imported module
[INFO] [stdout]  --> src/platforms/common/mod.rs:5:16
[INFO] [stdout]   |
[INFO] [stdout] 5 | pub use proc::{stm32_bootloader_dl, stm32_reset, stm32_wake};
[INFO] [stdout]   |                ^^^^^^^^^^^^^^^^^^^
[INFO] [stdout] 
[INFO] [stdout] 
[INFO] [stdout] error[E0364]: `stm32_reset` is only public within the crate, and cannot be re-exported outside
[INFO] [stdout]  --> src/platforms/common/mod.rs:5:37
[INFO] [stdout]   |
[INFO] [stdout] 5 | pub use proc::{stm32_bootloader_dl, stm32_reset, stm32_wake};
[INFO] [stdout]   |                                     ^^^^^^^^^^^
[INFO] [stdout]   |
[INFO] [stdout] note: consider marking `stm32_reset` as `pub` in the imported module
[INFO] [stdout]  --> src/platforms/common/mod.rs:5:37
[INFO] [stdout]   |
[INFO] [stdout] 5 | pub use proc::{stm32_bootloader_dl, stm32_reset, stm32_wake};
[INFO] [stdout]   |                                     ^^^^^^^^^^^
[INFO] [stdout] 
[INFO] [stdout] 
[INFO] [stdout] error[E0364]: `stm32_wake` is only public within the crate, and cannot be re-exported outside
[INFO] [stdout]  --> src/platforms/common/mod.rs:5:50
[INFO] [stdout]   |
[INFO] [stdout] 5 | pub use proc::{stm32_bootloader_dl, stm32_reset, stm32_wake};
[INFO] [stdout]   |                                                  ^^^^^^^^^^
[INFO] [stdout]   |
[INFO] [stdout] note: consider marking `stm32_wake` as `pub` in the imported module
[INFO] [stdout]  --> src/platforms/common/mod.rs:5:50
[INFO] [stdout]   |
[INFO] [stdout] 5 | pub use proc::{stm32_bootloader_dl, stm32_reset, stm32_wake};
[INFO] [stdout]   |                                                  ^^^^^^^^^^
[INFO] [stdout] 
[INFO] [stdout] 
[INFO] [stdout] error[E0432]: unresolved import `zbus`
[INFO] [stdout]  --> src/platforms/linux/contacts_eds.rs:9:5
[INFO] [stdout]   |
[INFO] [stdout] 9 | use zbus::Error as ZbusError;
[INFO] [stdout]   |     ^^^^ use of undeclared crate or module `zbus`
[INFO] [stdout] 
[INFO] [stdout] 
[INFO] [stdout] error[E0433]: failed to resolve: use of undeclared crate or module `ical`
[INFO] [stdout]    --> src/platforms/linux/contacts_eds.rs:136:22
[INFO] [stdout]     |
[INFO] [stdout] 136 |         let reader = ical::VcardParser::new(BufReader::new(contact.as_bytes()));
[INFO] [stdout]     |                      ^^^^ use of undeclared crate or module `ical`
[INFO] [stdout] 
[INFO] [stdout] 
[INFO] [stdout] warning: unused import: `debug`
[INFO] [stdout]  --> src/platforms/common/proc.rs:4:11
[INFO] [stdout]   |
[INFO] [stdout] 4 | use log::{debug, info, trace};
[INFO] [stdout]   |           ^^^^^
[INFO] [stdout]   |
[INFO] [stdout] note: the lint level is defined here
[INFO] [stdout]  --> src/lib.rs:5:5
[INFO] [stdout]   |
[INFO] [stdout] 5 |     unused_imports,
[INFO] [stdout]   |     ^^^^^^^^^^^^^^
[INFO] [stdout] 
[INFO] [stdout] 
[INFO] [stdout] warning: unused imports: `stm32_bootloader_dl`, `stm32_reset`, `stm32_wake`
[INFO] [stdout]  --> src/platforms/common/mod.rs:5:16
[INFO] [stdout]   |
[INFO] [stdout] 5 | pub use proc::{stm32_bootloader_dl, stm32_reset, stm32_wake};
[INFO] [stdout]   |                ^^^^^^^^^^^^^^^^^^^  ^^^^^^^^^^^  ^^^^^^^^^^
[INFO] [stdout] 
[INFO] [stdout] 
[INFO] [stdout] error: aborting due to 8 previous errors; 2 warnings emitted
[INFO] [stdout] 
[INFO] [stdout] 
[INFO] [stdout] Some errors have detailed explanations: E0364, E0432, E0433.
[INFO] [stdout] 
[INFO] [stdout] For more information about an error, try `rustc --explain E0364`.
[INFO] [stdout] 
[INFO] [stderr] error: could not compile `codid` (lib) due to 9 previous errors; 2 warnings emitted
[INFO] [stderr] warning: build failed, waiting for other jobs to finish...
[INFO] running `Command { std: "docker" "inspect" "4d430bfb553dc8698341f921fb32d45eaa720d327f37ec8465e53338e75eb9c6", kill_on_drop: false }`
[INFO] running `Command { std: "docker" "rm" "-f" "4d430bfb553dc8698341f921fb32d45eaa720d327f37ec8465e53338e75eb9c6", kill_on_drop: false }`
[INFO] [stdout] 4d430bfb553dc8698341f921fb32d45eaa720d327f37ec8465e53338e75eb9c6
