[INFO] cloning repository https://github.com/Coolsonickirby/fighter-table-expansion
[INFO] running `Command { std: "git" "-c" "credential.helper=" "-c" "credential.helper=/workspace/cargo-home/bin/git-credential-null" "clone" "--bare" "https://github.com/Coolsonickirby/fighter-table-expansion" "/workspace/cache/git-repos/https%3A%2F%2Fgithub.com%2FCoolsonickirby%2Ffighter-table-expansion", kill_on_drop: false }`
[INFO] [stderr] Cloning into bare repository '/workspace/cache/git-repos/https%3A%2F%2Fgithub.com%2FCoolsonickirby%2Ffighter-table-expansion'...
[INFO] running `Command { std: "git" "rev-parse" "HEAD", kill_on_drop: false }`
[INFO] [stdout] 30ca0949ea264e37118f633bc339dc663bbcc5e3
[INFO] testing Coolsonickirby/fighter-table-expansion against 1.75.0 for beta-1.76-1
[INFO] running `Command { std: "git" "clone" "/workspace/cache/git-repos/https%3A%2F%2Fgithub.com%2FCoolsonickirby%2Ffighter-table-expansion" "/workspace/builds/worker-0-tc1/source", kill_on_drop: false }`
[INFO] [stderr] Cloning into '/workspace/builds/worker-0-tc1/source'...
[INFO] [stderr] done.
[INFO] validating manifest of git repo https://github.com/Coolsonickirby/fighter-table-expansion on toolchain 1.75.0
[INFO] running `Command { std: CARGO_HOME="/workspace/cargo-home" RUSTUP_HOME="/workspace/rustup-home" "/workspace/cargo-home/bin/cargo" "+1.75.0" "metadata" "--manifest-path" "Cargo.toml" "--no-deps", kill_on_drop: false }`
[INFO] started tweaking git repo https://github.com/Coolsonickirby/fighter-table-expansion
[INFO] finished tweaking git repo https://github.com/Coolsonickirby/fighter-table-expansion
[INFO] tweaked toml for git repo https://github.com/Coolsonickirby/fighter-table-expansion written to /workspace/builds/worker-0-tc1/source/Cargo.toml
[INFO] crate git repo https://github.com/Coolsonickirby/fighter-table-expansion already has a lockfile, it will not be regenerated
[INFO] running `Command { std: CARGO_HOME="/workspace/cargo-home" RUSTUP_HOME="/workspace/rustup-home" "/workspace/cargo-home/bin/cargo" "+1.75.0" "fetch" "--manifest-path" "Cargo.toml", kill_on_drop: false }`
[INFO] [stderr]     Updating crates.io index
[INFO] [stderr]     Updating git repository `https://github.com/ultimate-research/skyline-smash.git`
[INFO] [stderr]     Updating git repository `https://github.com/ultimate-research/libc-nnsdk`
[INFO] [stderr]     Updating git repository `https://github.com/ultimate-research/nnsdk-rs`
[INFO] [stderr]     Updating git repository `https://github.com/ultimate-research/skyline-rs`
[INFO] [stderr]  Downloading crates ...
[INFO] [stderr]   Downloaded libc-nnsdk v0.2.0
[INFO] [stderr]   Downloaded compile-time-lua-bind-hash v1.1.1
[INFO] [stderr]   Downloaded libc-nnsdk v0.3.0
[INFO] [stderr]   Downloaded skyline v0.2.1
[INFO] [stderr]   Downloaded skyline_macro v0.2.0
[INFO] [stderr]   Downloaded nnsdk v0.2.0
[INFO] [stderr]   Downloaded lua_bind_hash v1.0.1
[INFO] [stderr]   Downloaded nnsdk v0.3.0
[INFO] running `Command { std: "docker" "create" "-v" "/var/lib/crater-agent-workspace/builds/worker-0-tc1/target:/opt/rustwide/target:rw,Z" "-v" "/var/lib/crater-agent-workspace/builds/worker-0-tc1/source:/opt/rustwide/workdir:ro,Z" "-v" "/var/lib/crater-agent-workspace/cargo-home:/opt/rustwide/cargo-home:ro,Z" "-v" "/var/lib/crater-agent-workspace/rustup-home:/opt/rustwide/rustup-home:ro,Z" "-e" "SOURCE_DIR=/opt/rustwide/workdir" "-e" "CARGO_TARGET_DIR=/opt/rustwide/target" "-e" "CARGO_HOME=/opt/rustwide/cargo-home" "-e" "RUSTUP_HOME=/opt/rustwide/rustup-home" "-w" "/opt/rustwide/workdir" "-m" "1610612736" "--user" "0:0" "--network" "none" "ghcr.io/rust-lang/crates-build-env/linux@sha256:2788e3201cd34a07e3172128adcd8b3090168a8e3bcc40d7c032b9dda1df7d1c" "/opt/rustwide/cargo-home/bin/cargo" "+1.75.0" "metadata" "--no-deps" "--format-version=1", kill_on_drop: false }`
[INFO] [stdout] d3c8ef7e6fb58778207018b93bf0dcce5efbaeca1762be6a41ff394c33a202df
[INFO] running `Command { std: "docker" "start" "-a" "d3c8ef7e6fb58778207018b93bf0dcce5efbaeca1762be6a41ff394c33a202df", kill_on_drop: false }`
[INFO] running `Command { std: "docker" "inspect" "d3c8ef7e6fb58778207018b93bf0dcce5efbaeca1762be6a41ff394c33a202df", kill_on_drop: false }`
[INFO] running `Command { std: "docker" "rm" "-f" "d3c8ef7e6fb58778207018b93bf0dcce5efbaeca1762be6a41ff394c33a202df", kill_on_drop: false }`
[INFO] [stdout] d3c8ef7e6fb58778207018b93bf0dcce5efbaeca1762be6a41ff394c33a202df
[INFO] running `Command { std: "docker" "create" "-v" "/var/lib/crater-agent-workspace/builds/worker-0-tc1/target:/opt/rustwide/target:rw,Z" "-v" "/var/lib/crater-agent-workspace/builds/worker-0-tc1/source:/opt/rustwide/workdir:ro,Z" "-v" "/var/lib/crater-agent-workspace/cargo-home:/opt/rustwide/cargo-home:ro,Z" "-v" "/var/lib/crater-agent-workspace/rustup-home:/opt/rustwide/rustup-home:ro,Z" "-e" "SOURCE_DIR=/opt/rustwide/workdir" "-e" "CARGO_TARGET_DIR=/opt/rustwide/target" "-e" "CARGO_INCREMENTAL=0" "-e" "RUST_BACKTRACE=full" "-e" "RUSTFLAGS=--cap-lints=warn" "-e" "RUSTDOCFLAGS=--cap-lints=warn" "-e" "CARGO_HOME=/opt/rustwide/cargo-home" "-e" "RUSTUP_HOME=/opt/rustwide/rustup-home" "-w" "/opt/rustwide/workdir" "-m" "1610612736" "--user" "0:0" "--network" "none" "ghcr.io/rust-lang/crates-build-env/linux@sha256:2788e3201cd34a07e3172128adcd8b3090168a8e3bcc40d7c032b9dda1df7d1c" "/opt/rustwide/cargo-home/bin/cargo" "+1.75.0" "build" "--frozen" "--message-format=json", kill_on_drop: false }`
[INFO] [stdout] 90316149c04f99c7fdea4cd93c9c43810bbf2d51a8666125ff79232532796283
[INFO] running `Command { std: "docker" "start" "-a" "90316149c04f99c7fdea4cd93c9c43810bbf2d51a8666125ff79232532796283", kill_on_drop: false }`
[INFO] [stderr]    Compiling proc-macro2 v1.0.52
[INFO] [stderr]    Compiling quote v1.0.25
[INFO] [stderr]    Compiling syn v1.0.109
[INFO] [stderr]    Compiling lazy_static v1.4.0
[INFO] [stderr]    Compiling libc-nnsdk v0.2.0
[INFO] [stderr]    Compiling libc-nnsdk v0.3.0
[INFO] [stderr]    Compiling skyline_macro v0.2.0 (https://github.com/ultimate-research/skyline-rs#9bc51b01)
[INFO] [stderr]    Compiling skyline_macro v0.2.0
[INFO] [stderr]    Compiling lua_bind_hash v1.0.1
[INFO] [stderr]    Compiling nnsdk v0.3.0
[INFO] [stderr]    Compiling nnsdk v0.3.0 (https://github.com/ultimate-research/nnsdk-rs#99cf632f)
[INFO] [stderr]    Compiling nnsdk v0.2.0
[INFO] [stdout] error[E0554]: `#![feature]` may not be used on the stable release channel
[INFO] [stdout]  --> /opt/rustwide/cargo-home/git/checkouts/nnsdk-rs-5cfca3135ef26195/99cf632/src/lib.rs:2:1
[INFO] [stdout]   |
[INFO] [stdout] 2 | #![feature(repr_simd)]
[INFO] [stdout]   | ^^^^^^^^^^^^^^^^^^^^^^
[INFO] [stdout] 
[INFO] [stdout] 
[INFO] [stdout] error[E0554]: `#![feature]` may not be used on the stable release channel
[INFO] [stdout]  --> /opt/rustwide/cargo-home/git/checkouts/nnsdk-rs-5cfca3135ef26195/99cf632/src/lib.rs:3:1
[INFO] [stdout]   |
[INFO] [stdout] 3 | #![feature(new_uninit)]
[INFO] [stdout]   | ^^^^^^^^^^^^^^^^^^^^^^^
[INFO] [stdout] 
[INFO] [stdout] 
[INFO] [stdout] error[E0554]: `#![feature]` may not be used on the stable release channel
[INFO] [stdout]  --> /opt/rustwide/cargo-home/registry/src/index.crates.io-6f17d22bba15001f/nnsdk-0.3.0/src/lib.rs:2:1
[INFO] [stdout]   |
[INFO] [stdout] 2 | #![feature(repr_simd)]
[INFO] [stdout]   | ^^^^^^^^^^^^^^^^^^^^^^
[INFO] [stdout] 
[INFO] [stdout] 
[INFO] [stdout] error[E0554]: `#![feature]` may not be used on the stable release channel
[INFO] [stdout]  --> /opt/rustwide/cargo-home/registry/src/index.crates.io-6f17d22bba15001f/nnsdk-0.3.0/src/lib.rs:3:1
[INFO] [stdout]   |
[INFO] [stdout] 3 | #![feature(new_uninit)]
[INFO] [stdout]   | ^^^^^^^^^^^^^^^^^^^^^^^
[INFO] [stdout] 
[INFO] [stdout] 
[INFO] [stdout] error[E0554]: `#![feature]` may not be used on the stable release channel
[INFO] [stdout]  --> /opt/rustwide/cargo-home/registry/src/index.crates.io-6f17d22bba15001f/nnsdk-0.3.0/src/lib.rs:3:12
[INFO] [stdout]   |
[INFO] [stdout] 3 | #![feature(new_uninit)]
[INFO] [stdout]   |            ^^^^^^^^^^
[INFO] [stdout] 
[INFO] [stdout] 
[INFO] [stdout] error[E0554]: `#![feature]` may not be used on the stable release channel
[INFO] [stdout]  --> /opt/rustwide/cargo-home/git/checkouts/nnsdk-rs-5cfca3135ef26195/99cf632/src/lib.rs:3:12
[INFO] [stdout]   |
[INFO] [stdout] 3 | #![feature(new_uninit)]
[INFO] [stdout]   |            ^^^^^^^^^^
[INFO] [stdout] 
[INFO] [stdout] 
[INFO] [stdout] error[E0554]: `#![feature]` may not be used on the stable release channel
[INFO] [stdout]  --> /opt/rustwide/cargo-home/registry/src/index.crates.io-6f17d22bba15001f/nnsdk-0.2.0/src/lib.rs:2:1
[INFO] [stdout]   |
[INFO] [stdout] 2 | #![feature(repr_simd)]
[INFO] [stdout]   | ^^^^^^^^^^^^^^^^^^^^^^
[INFO] [stdout] 
[INFO] [stdout] 
[INFO] [stderr]    Compiling libc-nnsdk v0.3.0 (https://github.com/ultimate-research/libc-nnsdk#0b7e17c6)
[INFO] [stderr]    Compiling once_cell v1.17.1
[INFO] [stdout] error: aborting due to previous error
[INFO] [stdout] 
[INFO] [stdout] 
[INFO] [stdout] For more information about this error, try `rustc --explain E0554`.
[INFO] [stdout] 
[INFO] [stderr] error: could not compile `nnsdk` (lib) due to 2 previous errors
[INFO] [stderr] warning: build failed, waiting for other jobs to finish...
[INFO] [stdout] error: aborting due to 3 previous errors
[INFO] [stdout] 
[INFO] [stdout] 
[INFO] [stdout] For more information about this error, try `rustc --explain E0554`.
[INFO] [stdout] 
[INFO] [stderr] error: could not compile `nnsdk` (lib) due to 4 previous errors
[INFO] [stderr] error: could not compile `nnsdk` (lib) due to 4 previous errors
[INFO] [stdout] error: aborting due to 3 previous errors
[INFO] [stdout] 
[INFO] [stdout] 
[INFO] [stdout] For more information about this error, try `rustc --explain E0554`.
[INFO] [stdout] 
[INFO] running `Command { std: "docker" "inspect" "90316149c04f99c7fdea4cd93c9c43810bbf2d51a8666125ff79232532796283", kill_on_drop: false }`
[INFO] running `Command { std: "docker" "rm" "-f" "90316149c04f99c7fdea4cd93c9c43810bbf2d51a8666125ff79232532796283", kill_on_drop: false }`
[INFO] [stdout] 90316149c04f99c7fdea4cd93c9c43810bbf2d51a8666125ff79232532796283
[INFO] testing Coolsonickirby/fighter-table-expansion against beta-2023-12-22 for beta-1.76-1
[INFO] running `Command { std: "git" "clone" "/workspace/cache/git-repos/https%3A%2F%2Fgithub.com%2FCoolsonickirby%2Ffighter-table-expansion" "/workspace/builds/worker-0-tc2/source", kill_on_drop: false }`
[INFO] [stderr] Cloning into '/workspace/builds/worker-0-tc2/source'...
[INFO] [stderr] done.
[INFO] validating manifest of git repo https://github.com/Coolsonickirby/fighter-table-expansion on toolchain beta-2023-12-22
[INFO] running `Command { std: CARGO_HOME="/workspace/cargo-home" RUSTUP_HOME="/workspace/rustup-home" "/workspace/cargo-home/bin/cargo" "+beta-2023-12-22" "metadata" "--manifest-path" "Cargo.toml" "--no-deps", kill_on_drop: false }`
[INFO] started tweaking git repo https://github.com/Coolsonickirby/fighter-table-expansion
[INFO] finished tweaking git repo https://github.com/Coolsonickirby/fighter-table-expansion
[INFO] tweaked toml for git repo https://github.com/Coolsonickirby/fighter-table-expansion written to /workspace/builds/worker-0-tc2/source/Cargo.toml
[INFO] crate git repo https://github.com/Coolsonickirby/fighter-table-expansion already has a lockfile, it will not be regenerated
[INFO] running `Command { std: CARGO_HOME="/workspace/cargo-home" RUSTUP_HOME="/workspace/rustup-home" "/workspace/cargo-home/bin/cargo" "+beta-2023-12-22" "fetch" "--manifest-path" "Cargo.toml", kill_on_drop: false }`
[INFO] running `Command { std: "docker" "create" "-v" "/var/lib/crater-agent-workspace/builds/worker-0-tc2/target:/opt/rustwide/target:rw,Z" "-v" "/var/lib/crater-agent-workspace/builds/worker-0-tc2/source:/opt/rustwide/workdir:ro,Z" "-v" "/var/lib/crater-agent-workspace/cargo-home:/opt/rustwide/cargo-home:ro,Z" "-v" "/var/lib/crater-agent-workspace/rustup-home:/opt/rustwide/rustup-home:ro,Z" "-e" "SOURCE_DIR=/opt/rustwide/workdir" "-e" "CARGO_TARGET_DIR=/opt/rustwide/target" "-e" "CARGO_HOME=/opt/rustwide/cargo-home" "-e" "RUSTUP_HOME=/opt/rustwide/rustup-home" "-w" "/opt/rustwide/workdir" "-m" "1610612736" "--user" "0:0" "--network" "none" "ghcr.io/rust-lang/crates-build-env/linux@sha256:2788e3201cd34a07e3172128adcd8b3090168a8e3bcc40d7c032b9dda1df7d1c" "/opt/rustwide/cargo-home/bin/cargo" "+beta-2023-12-22" "metadata" "--no-deps" "--format-version=1", kill_on_drop: false }`
[INFO] [stdout] a2818d13ca5f3688e6da5bbad70404537aecd4a276c7c588a28d41602cfcc1c0
[INFO] running `Command { std: "docker" "start" "-a" "a2818d13ca5f3688e6da5bbad70404537aecd4a276c7c588a28d41602cfcc1c0", kill_on_drop: false }`
[INFO] running `Command { std: "docker" "inspect" "a2818d13ca5f3688e6da5bbad70404537aecd4a276c7c588a28d41602cfcc1c0", kill_on_drop: false }`
[INFO] running `Command { std: "docker" "rm" "-f" "a2818d13ca5f3688e6da5bbad70404537aecd4a276c7c588a28d41602cfcc1c0", kill_on_drop: false }`
[INFO] [stdout] a2818d13ca5f3688e6da5bbad70404537aecd4a276c7c588a28d41602cfcc1c0
[INFO] running `Command { std: "docker" "create" "-v" "/var/lib/crater-agent-workspace/builds/worker-0-tc2/target:/opt/rustwide/target:rw,Z" "-v" "/var/lib/crater-agent-workspace/builds/worker-0-tc2/source:/opt/rustwide/workdir:ro,Z" "-v" "/var/lib/crater-agent-workspace/cargo-home:/opt/rustwide/cargo-home:ro,Z" "-v" "/var/lib/crater-agent-workspace/rustup-home:/opt/rustwide/rustup-home:ro,Z" "-e" "SOURCE_DIR=/opt/rustwide/workdir" "-e" "CARGO_TARGET_DIR=/opt/rustwide/target" "-e" "CARGO_INCREMENTAL=0" "-e" "RUST_BACKTRACE=full" "-e" "RUSTFLAGS=--cap-lints=warn" "-e" "RUSTDOCFLAGS=--cap-lints=warn" "-e" "CARGO_HOME=/opt/rustwide/cargo-home" "-e" "RUSTUP_HOME=/opt/rustwide/rustup-home" "-w" "/opt/rustwide/workdir" "-m" "1610612736" "--user" "0:0" "--network" "none" "ghcr.io/rust-lang/crates-build-env/linux@sha256:2788e3201cd34a07e3172128adcd8b3090168a8e3bcc40d7c032b9dda1df7d1c" "/opt/rustwide/cargo-home/bin/cargo" "+beta-2023-12-22" "build" "--frozen" "--message-format=json", kill_on_drop: false }`
[INFO] [stdout] f54f7b60f79efc6a503c1c4ce300cc1abc10a81ef015058bff30cc16c602ecef
[INFO] running `Command { std: "docker" "start" "-a" "f54f7b60f79efc6a503c1c4ce300cc1abc10a81ef015058bff30cc16c602ecef", kill_on_drop: false }`
[INFO] [stderr]    Compiling proc-macro2 v1.0.52
[INFO] [stderr]    Compiling quote v1.0.25
[INFO] [stderr]    Compiling syn v1.0.109
[INFO] [stderr]    Compiling lazy_static v1.4.0
[INFO] [stderr]    Compiling libc-nnsdk v0.3.0
[INFO] [stderr]    Compiling skyline_macro v0.2.0 (https://github.com/ultimate-research/skyline-rs#9bc51b01)
[INFO] [stderr]    Compiling libc-nnsdk v0.2.0
[INFO] [stderr]    Compiling skyline_macro v0.2.0
[INFO] [stderr]    Compiling lua_bind_hash v1.0.1
[INFO] [stderr]    Compiling nnsdk v0.3.0
[INFO] [stderr]    Compiling nnsdk v0.3.0 (https://github.com/ultimate-research/nnsdk-rs#99cf632f)
[INFO] [stderr]    Compiling nnsdk v0.2.0
[INFO] [stdout] error[E0554]: `#![feature]` may not be used on the beta release channel
[INFO] [stdout]  --> /opt/rustwide/cargo-home/git/checkouts/nnsdk-rs-5cfca3135ef26195/99cf632/src/lib.rs:2:1
[INFO] [stdout]   |
[INFO] [stdout] 2 | #![feature(repr_simd)]
[INFO] [stdout]   | ^^^^^^^^^^^^^^^^^^^^^^
[INFO] [stdout] 
[INFO] [stdout] 
[INFO] [stdout] error[E0554]: `#![feature]` may not be used on the beta release channel
[INFO] [stdout]  --> /opt/rustwide/cargo-home/git/checkouts/nnsdk-rs-5cfca3135ef26195/99cf632/src/lib.rs:3:1
[INFO] [stdout]   |
[INFO] [stdout] 3 | #![feature(new_uninit)]
[INFO] [stdout]   | ^^^^^^^^^^^^^^^^^^^^^^^
[INFO] [stdout] 
[INFO] [stdout] 
[INFO] [stdout] error[E0554]: `#![feature]` may not be used on the beta release channel
[INFO] [stdout]  --> /opt/rustwide/cargo-home/registry/src/index.crates.io-6f17d22bba15001f/nnsdk-0.3.0/src/lib.rs:2:1
[INFO] [stdout]   |
[INFO] [stdout] 2 | #![feature(repr_simd)]
[INFO] [stdout]   | ^^^^^^^^^^^^^^^^^^^^^^
[INFO] [stdout] 
[INFO] [stdout] 
[INFO] [stdout] error[E0554]: `#![feature]` may not be used on the beta release channel
[INFO] [stdout]  --> /opt/rustwide/cargo-home/registry/src/index.crates.io-6f17d22bba15001f/nnsdk-0.3.0/src/lib.rs:3:1
[INFO] [stdout]   |
[INFO] [stdout] 3 | #![feature(new_uninit)]
[INFO] [stdout]   | ^^^^^^^^^^^^^^^^^^^^^^^
[INFO] [stdout] 
[INFO] [stdout] 
[INFO] [stdout] error[E0554]: `#![feature]` may not be used on the beta release channel
[INFO] [stdout]  --> /opt/rustwide/cargo-home/registry/src/index.crates.io-6f17d22bba15001f/nnsdk-0.2.0/src/lib.rs:2:1
[INFO] [stdout]   |
[INFO] [stdout] 2 | #![feature(repr_simd)]
[INFO] [stdout]   | ^^^^^^^^^^^^^^^^^^^^^^
[INFO] [stdout] 
[INFO] [stdout] 
[INFO] [stderr]    Compiling libc-nnsdk v0.3.0 (https://github.com/ultimate-research/libc-nnsdk#0b7e17c6)
[INFO] [stdout] error[E0554]: `#![feature]` may not be used on the beta release channel
[INFO] [stdout]  --> /opt/rustwide/cargo-home/registry/src/index.crates.io-6f17d22bba15001f/nnsdk-0.3.0/src/lib.rs:3:12
[INFO] [stdout]   |
[INFO] [stdout] 3 | #![feature(new_uninit)]
[INFO] [stdout]   |            ^^^^^^^^^^
[INFO] [stdout] 
[INFO] [stdout] 
[INFO] [stdout] error[E0554]: `#![feature]` may not be used on the beta release channel
[INFO] [stdout]  --> /opt/rustwide/cargo-home/git/checkouts/nnsdk-rs-5cfca3135ef26195/99cf632/src/lib.rs:3:12
[INFO] [stdout]   |
[INFO] [stdout] 3 | #![feature(new_uninit)]
[INFO] [stdout]   |            ^^^^^^^^^^
[INFO] [stdout] 
[INFO] [stdout] 
[INFO] [stderr]    Compiling once_cell v1.17.1
[INFO] [stdout] error: aborting due to 1 previous error
[INFO] [stdout] 
[INFO] [stdout] 
[INFO] [stdout] For more information about this error, try `rustc --explain E0554`.
[INFO] [stdout] 
[INFO] [stdout] error: aborting due to 3 previous errors
[INFO] [stdout] 
[INFO] [stdout] 
[INFO] [stdout] For more information about this error, try `rustc --explain E0554`.
[INFO] [stdout] 
[INFO] [stderr] error: could not compile `nnsdk` (lib) due to 2 previous errors
[INFO] [stderr] warning: build failed, waiting for other jobs to finish...
[INFO] [stdout] error: aborting due to 3 previous errors
[INFO] [stdout] 
[INFO] [stdout] 
[INFO] [stdout] For more information about this error, try `rustc --explain E0554`.
[INFO] [stdout] 
[INFO] [stderr] error: could not compile `nnsdk` (lib) due to 4 previous errors
[INFO] [stderr] error: could not compile `nnsdk` (lib) due to 4 previous errors
[INFO] running `Command { std: "docker" "inspect" "f54f7b60f79efc6a503c1c4ce300cc1abc10a81ef015058bff30cc16c602ecef", kill_on_drop: false }`
[INFO] running `Command { std: "docker" "rm" "-f" "f54f7b60f79efc6a503c1c4ce300cc1abc10a81ef015058bff30cc16c602ecef", kill_on_drop: false }`
[INFO] [stdout] f54f7b60f79efc6a503c1c4ce300cc1abc10a81ef015058bff30cc16c602ecef
