[INFO] cloning repository https://github.com/ConnorBP/Rusted-Teensy-Base
[INFO] running `Command { std: "git" "-c" "credential.helper=" "-c" "credential.helper=/workspace/cargo-home/bin/git-credential-null" "clone" "--bare" "https://github.com/ConnorBP/Rusted-Teensy-Base" "/workspace/cache/git-repos/https%3A%2F%2Fgithub.com%2FConnorBP%2FRusted-Teensy-Base", kill_on_drop: false }`
[INFO] [stderr] Cloning into bare repository '/workspace/cache/git-repos/https%3A%2F%2Fgithub.com%2FConnorBP%2FRusted-Teensy-Base'...
[INFO] running `Command { std: "git" "rev-parse" "HEAD", kill_on_drop: false }`
[INFO] [stdout] 645e8cc24e1e181c551ed1ea1cba365de749215a
[INFO] testing ConnorBP/Rusted-Teensy-Base against 1.75.0 for beta-1.76-1
[INFO] running `Command { std: "git" "clone" "/workspace/cache/git-repos/https%3A%2F%2Fgithub.com%2FConnorBP%2FRusted-Teensy-Base" "/workspace/builds/worker-6-tc1/source", kill_on_drop: false }`
[INFO] [stderr] Cloning into '/workspace/builds/worker-6-tc1/source'...
[INFO] [stderr] done.
[INFO] validating manifest of git repo https://github.com/ConnorBP/Rusted-Teensy-Base on toolchain 1.75.0
[INFO] running `Command { std: CARGO_HOME="/workspace/cargo-home" RUSTUP_HOME="/workspace/rustup-home" "/workspace/cargo-home/bin/cargo" "+1.75.0" "metadata" "--manifest-path" "Cargo.toml" "--no-deps", kill_on_drop: false }`
[INFO] removed /workspace/builds/worker-6-tc1/source/.cargo/config
[INFO] removed /workspace/builds/worker-6-tc1/source/rust-toolchain
[INFO] started tweaking git repo https://github.com/ConnorBP/Rusted-Teensy-Base
[INFO] finished tweaking git repo https://github.com/ConnorBP/Rusted-Teensy-Base
[INFO] tweaked toml for git repo https://github.com/ConnorBP/Rusted-Teensy-Base written to /workspace/builds/worker-6-tc1/source/Cargo.toml
[INFO] crate git repo https://github.com/ConnorBP/Rusted-Teensy-Base already has a lockfile, it will not be regenerated
[INFO] running `Command { std: CARGO_HOME="/workspace/cargo-home" RUSTUP_HOME="/workspace/rustup-home" "/workspace/cargo-home/bin/cargo" "+1.75.0" "fetch" "--manifest-path" "Cargo.toml", kill_on_drop: false }`
[INFO] [stderr]  Downloading crates ...
[INFO] [stderr]   Downloaded volatile v0.2.6
[INFO] running `Command { std: "docker" "create" "-v" "/var/lib/crater-agent-workspace/builds/worker-6-tc1/target:/opt/rustwide/target:rw,Z" "-v" "/var/lib/crater-agent-workspace/builds/worker-6-tc1/source:/opt/rustwide/workdir:ro,Z" "-v" "/var/lib/crater-agent-workspace/cargo-home:/opt/rustwide/cargo-home:ro,Z" "-v" "/var/lib/crater-agent-workspace/rustup-home:/opt/rustwide/rustup-home:ro,Z" "-e" "SOURCE_DIR=/opt/rustwide/workdir" "-e" "CARGO_TARGET_DIR=/opt/rustwide/target" "-e" "CARGO_HOME=/opt/rustwide/cargo-home" "-e" "RUSTUP_HOME=/opt/rustwide/rustup-home" "-w" "/opt/rustwide/workdir" "-m" "1610612736" "--user" "0:0" "--network" "none" "ghcr.io/rust-lang/crates-build-env/linux@sha256:2788e3201cd34a07e3172128adcd8b3090168a8e3bcc40d7c032b9dda1df7d1c" "/opt/rustwide/cargo-home/bin/cargo" "+1.75.0" "metadata" "--no-deps" "--format-version=1", kill_on_drop: false }`
[INFO] [stdout] 16da1356124aeac4f82397157b125e0075f5c2d9c0b7559f90a30d7d86a5d2a8
[INFO] running `Command { std: "docker" "start" "-a" "16da1356124aeac4f82397157b125e0075f5c2d9c0b7559f90a30d7d86a5d2a8", kill_on_drop: false }`
[INFO] running `Command { std: "docker" "inspect" "16da1356124aeac4f82397157b125e0075f5c2d9c0b7559f90a30d7d86a5d2a8", kill_on_drop: false }`
[INFO] running `Command { std: "docker" "rm" "-f" "16da1356124aeac4f82397157b125e0075f5c2d9c0b7559f90a30d7d86a5d2a8", kill_on_drop: false }`
[INFO] [stdout] 16da1356124aeac4f82397157b125e0075f5c2d9c0b7559f90a30d7d86a5d2a8
[INFO] running `Command { std: "docker" "create" "-v" "/var/lib/crater-agent-workspace/builds/worker-6-tc1/target:/opt/rustwide/target:rw,Z" "-v" "/var/lib/crater-agent-workspace/builds/worker-6-tc1/source:/opt/rustwide/workdir:ro,Z" "-v" "/var/lib/crater-agent-workspace/cargo-home:/opt/rustwide/cargo-home:ro,Z" "-v" "/var/lib/crater-agent-workspace/rustup-home:/opt/rustwide/rustup-home:ro,Z" "-e" "SOURCE_DIR=/opt/rustwide/workdir" "-e" "CARGO_TARGET_DIR=/opt/rustwide/target" "-e" "CARGO_INCREMENTAL=0" "-e" "RUST_BACKTRACE=full" "-e" "RUSTFLAGS=--cap-lints=warn" "-e" "RUSTDOCFLAGS=--cap-lints=warn" "-e" "CARGO_HOME=/opt/rustwide/cargo-home" "-e" "RUSTUP_HOME=/opt/rustwide/rustup-home" "-w" "/opt/rustwide/workdir" "-m" "1610612736" "--user" "0:0" "--network" "none" "ghcr.io/rust-lang/crates-build-env/linux@sha256:2788e3201cd34a07e3172128adcd8b3090168a8e3bcc40d7c032b9dda1df7d1c" "/opt/rustwide/cargo-home/bin/cargo" "+1.75.0" "build" "--frozen" "--message-format=json", kill_on_drop: false }`
[INFO] [stdout] 673c9898676d5c4c1a18d530acfa321b358d7ed74b569c10cc1d09b974a057d4
[INFO] running `Command { std: "docker" "start" "-a" "673c9898676d5c4c1a18d530acfa321b358d7ed74b569c10cc1d09b974a057d4", kill_on_drop: false }`
[INFO] [stderr]    Compiling bit_field v0.9.0
[INFO] [stderr]    Compiling volatile v0.2.6
[INFO] [stderr]    Compiling teensy v0.1.0 (/opt/rustwide/workdir)
[INFO] [stdout] error[E0432]: unresolved import `core::arch::arm`
[INFO] [stdout]  --> src/watchdog.rs:4:17
[INFO] [stdout]   |
[INFO] [stdout] 4 | use core::arch::arm::__nop;
[INFO] [stdout]   |                 ^^^ could not find `arm` in `arch`
[INFO] [stdout] 
[INFO] [stdout] 
[INFO] [stdout] error[E0554]: `#![feature]` may not be used on the stable release channel
[INFO] [stdout]  --> src/main.rs:3:12
[INFO] [stdout]   |
[INFO] [stdout] 3 | #![feature(stdsimd)]
[INFO] [stdout]   |            ^^^^^^^
[INFO] [stdout] 
[INFO] [stdout] 
[INFO] [stdout] error: language item required, but not found: `eh_personality`
[INFO] [stdout]   |
[INFO] [stdout]   = note: this can occur when a binary crate with `#![no_std]` is compiled for a target where `eh_personality` is defined in the standard library
[INFO] [stdout]   = help: you may be able to compile for a target that doesn't need `eh_personality`, specify a target with `--target` or in `.cargo/config`
[INFO] [stdout] 
[INFO] [stdout] 
[INFO] [stdout] error: aborting due to 3 previous errors
[INFO] [stdout] 
[INFO] [stdout] 
[INFO] [stdout] Some errors have detailed explanations: E0432, E0554.
[INFO] [stdout] 
[INFO] [stdout] For more information about an error, try `rustc --explain E0432`.
[INFO] [stdout] 
[INFO] [stderr] error: could not compile `teensy` (bin "teensy") due to 4 previous errors
[INFO] running `Command { std: "docker" "inspect" "673c9898676d5c4c1a18d530acfa321b358d7ed74b569c10cc1d09b974a057d4", kill_on_drop: false }`
[INFO] running `Command { std: "docker" "rm" "-f" "673c9898676d5c4c1a18d530acfa321b358d7ed74b569c10cc1d09b974a057d4", kill_on_drop: false }`
[INFO] [stdout] 673c9898676d5c4c1a18d530acfa321b358d7ed74b569c10cc1d09b974a057d4
[INFO] testing ConnorBP/Rusted-Teensy-Base against beta-2023-12-22 for beta-1.76-1
[INFO] running `Command { std: "git" "clone" "/workspace/cache/git-repos/https%3A%2F%2Fgithub.com%2FConnorBP%2FRusted-Teensy-Base" "/workspace/builds/worker-6-tc2/source", kill_on_drop: false }`
[INFO] [stderr] Cloning into '/workspace/builds/worker-6-tc2/source'...
[INFO] [stderr] done.
[INFO] validating manifest of git repo https://github.com/ConnorBP/Rusted-Teensy-Base on toolchain beta-2023-12-22
[INFO] running `Command { std: CARGO_HOME="/workspace/cargo-home" RUSTUP_HOME="/workspace/rustup-home" "/workspace/cargo-home/bin/cargo" "+beta-2023-12-22" "metadata" "--manifest-path" "Cargo.toml" "--no-deps", kill_on_drop: false }`
[INFO] removed /workspace/builds/worker-6-tc2/source/.cargo/config
[INFO] removed /workspace/builds/worker-6-tc2/source/rust-toolchain
[INFO] started tweaking git repo https://github.com/ConnorBP/Rusted-Teensy-Base
[INFO] finished tweaking git repo https://github.com/ConnorBP/Rusted-Teensy-Base
[INFO] tweaked toml for git repo https://github.com/ConnorBP/Rusted-Teensy-Base written to /workspace/builds/worker-6-tc2/source/Cargo.toml
[INFO] crate git repo https://github.com/ConnorBP/Rusted-Teensy-Base already has a lockfile, it will not be regenerated
[INFO] running `Command { std: CARGO_HOME="/workspace/cargo-home" RUSTUP_HOME="/workspace/rustup-home" "/workspace/cargo-home/bin/cargo" "+beta-2023-12-22" "fetch" "--manifest-path" "Cargo.toml", kill_on_drop: false }`
[INFO] running `Command { std: "docker" "create" "-v" "/var/lib/crater-agent-workspace/builds/worker-6-tc2/target:/opt/rustwide/target:rw,Z" "-v" "/var/lib/crater-agent-workspace/builds/worker-6-tc2/source:/opt/rustwide/workdir:ro,Z" "-v" "/var/lib/crater-agent-workspace/cargo-home:/opt/rustwide/cargo-home:ro,Z" "-v" "/var/lib/crater-agent-workspace/rustup-home:/opt/rustwide/rustup-home:ro,Z" "-e" "SOURCE_DIR=/opt/rustwide/workdir" "-e" "CARGO_TARGET_DIR=/opt/rustwide/target" "-e" "CARGO_HOME=/opt/rustwide/cargo-home" "-e" "RUSTUP_HOME=/opt/rustwide/rustup-home" "-w" "/opt/rustwide/workdir" "-m" "1610612736" "--user" "0:0" "--network" "none" "ghcr.io/rust-lang/crates-build-env/linux@sha256:2788e3201cd34a07e3172128adcd8b3090168a8e3bcc40d7c032b9dda1df7d1c" "/opt/rustwide/cargo-home/bin/cargo" "+beta-2023-12-22" "metadata" "--no-deps" "--format-version=1", kill_on_drop: false }`
[INFO] [stdout] fd650108e7bdb11391e15d55d4d067fd387d37eb806a4f489c245adf7841597d
[INFO] running `Command { std: "docker" "start" "-a" "fd650108e7bdb11391e15d55d4d067fd387d37eb806a4f489c245adf7841597d", kill_on_drop: false }`
[INFO] running `Command { std: "docker" "inspect" "fd650108e7bdb11391e15d55d4d067fd387d37eb806a4f489c245adf7841597d", kill_on_drop: false }`
[INFO] running `Command { std: "docker" "rm" "-f" "fd650108e7bdb11391e15d55d4d067fd387d37eb806a4f489c245adf7841597d", kill_on_drop: false }`
[INFO] [stdout] fd650108e7bdb11391e15d55d4d067fd387d37eb806a4f489c245adf7841597d
[INFO] running `Command { std: "docker" "create" "-v" "/var/lib/crater-agent-workspace/builds/worker-6-tc2/target:/opt/rustwide/target:rw,Z" "-v" "/var/lib/crater-agent-workspace/builds/worker-6-tc2/source:/opt/rustwide/workdir:ro,Z" "-v" "/var/lib/crater-agent-workspace/cargo-home:/opt/rustwide/cargo-home:ro,Z" "-v" "/var/lib/crater-agent-workspace/rustup-home:/opt/rustwide/rustup-home:ro,Z" "-e" "SOURCE_DIR=/opt/rustwide/workdir" "-e" "CARGO_TARGET_DIR=/opt/rustwide/target" "-e" "CARGO_INCREMENTAL=0" "-e" "RUST_BACKTRACE=full" "-e" "RUSTFLAGS=--cap-lints=warn" "-e" "RUSTDOCFLAGS=--cap-lints=warn" "-e" "CARGO_HOME=/opt/rustwide/cargo-home" "-e" "RUSTUP_HOME=/opt/rustwide/rustup-home" "-w" "/opt/rustwide/workdir" "-m" "1610612736" "--user" "0:0" "--network" "none" "ghcr.io/rust-lang/crates-build-env/linux@sha256:2788e3201cd34a07e3172128adcd8b3090168a8e3bcc40d7c032b9dda1df7d1c" "/opt/rustwide/cargo-home/bin/cargo" "+beta-2023-12-22" "build" "--frozen" "--message-format=json", kill_on_drop: false }`
[INFO] [stdout] 4363ed6c6e4c90878e56d70956b725323af279d1384c04534304cdd45edea741
[INFO] running `Command { std: "docker" "start" "-a" "4363ed6c6e4c90878e56d70956b725323af279d1384c04534304cdd45edea741", kill_on_drop: false }`
[INFO] [stderr]    Compiling volatile v0.2.6
[INFO] [stderr]    Compiling bit_field v0.9.0
[INFO] [stderr]    Compiling teensy v0.1.0 (/opt/rustwide/workdir)
[INFO] [stdout] error[E0432]: unresolved import `core::arch::arm`
[INFO] [stdout]  --> src/watchdog.rs:4:17
[INFO] [stdout]   |
[INFO] [stdout] 4 | use core::arch::arm::__nop;
[INFO] [stdout]   |                 ^^^ could not find `arm` in `arch`
[INFO] [stdout] 
[INFO] [stdout] 
[INFO] [stdout] error: language item required, but not found: `eh_personality`
[INFO] [stdout]   |
[INFO] [stdout]   = note: this can occur when a binary crate with `#![no_std]` is compiled for a target where `eh_personality` is defined in the standard library
[INFO] [stdout]   = help: you may be able to compile for a target that doesn't need `eh_personality`, specify a target with `--target` or in `.cargo/config`
[INFO] [stdout] 
[INFO] [stdout] 
[INFO] [stdout] error[E0554]: `#![feature]` may not be used on the beta release channel
[INFO] [stdout]  --> src/main.rs:3:12
[INFO] [stdout]   |
[INFO] [stdout] 3 | #![feature(stdsimd)]
[INFO] [stdout]   |            ^^^^^^^
[INFO] [stdout] 
[INFO] [stdout] 
[INFO] [stdout] error: aborting due to 3 previous errors
[INFO] [stdout] 
[INFO] [stdout] 
[INFO] [stdout] Some errors have detailed explanations: E0432, E0554.
[INFO] [stdout] 
[INFO] [stdout] For more information about an error, try `rustc --explain E0432`.
[INFO] [stdout] 
[INFO] [stderr] error: could not compile `teensy` (bin "teensy") due to 4 previous errors
[INFO] running `Command { std: "docker" "inspect" "4363ed6c6e4c90878e56d70956b725323af279d1384c04534304cdd45edea741", kill_on_drop: false }`
[INFO] running `Command { std: "docker" "rm" "-f" "4363ed6c6e4c90878e56d70956b725323af279d1384c04534304cdd45edea741", kill_on_drop: false }`
[INFO] [stdout] 4363ed6c6e4c90878e56d70956b725323af279d1384c04534304cdd45edea741
