[INFO] cloning repository https://github.com/Congyuwang/rust-simd-test
[INFO] running `Command { std: "git" "-c" "credential.helper=" "-c" "credential.helper=/workspace/cargo-home/bin/git-credential-null" "clone" "--bare" "https://github.com/Congyuwang/rust-simd-test" "/workspace/cache/git-repos/https%3A%2F%2Fgithub.com%2FCongyuwang%2Frust-simd-test", kill_on_drop: false }`
[INFO] [stderr] Cloning into bare repository '/workspace/cache/git-repos/https%3A%2F%2Fgithub.com%2FCongyuwang%2Frust-simd-test'...
[INFO] running `Command { std: "git" "rev-parse" "HEAD", kill_on_drop: false }`
[INFO] [stdout] 546c4c4d8c12f3b7b93bab0d712408d4ceb25c11
[INFO] testing Congyuwang/rust-simd-test against 1.75.0 for beta-1.76-1
[INFO] running `Command { std: "git" "clone" "/workspace/cache/git-repos/https%3A%2F%2Fgithub.com%2FCongyuwang%2Frust-simd-test" "/workspace/builds/worker-7-tc1/source", kill_on_drop: false }`
[INFO] [stderr] Cloning into '/workspace/builds/worker-7-tc1/source'...
[INFO] [stderr] done.
[INFO] validating manifest of git repo https://github.com/Congyuwang/rust-simd-test on toolchain 1.75.0
[INFO] running `Command { std: CARGO_HOME="/workspace/cargo-home" RUSTUP_HOME="/workspace/rustup-home" "/workspace/cargo-home/bin/cargo" "+1.75.0" "metadata" "--manifest-path" "Cargo.toml" "--no-deps", kill_on_drop: false }`
[INFO] started tweaking git repo https://github.com/Congyuwang/rust-simd-test
[INFO] finished tweaking git repo https://github.com/Congyuwang/rust-simd-test
[INFO] tweaked toml for git repo https://github.com/Congyuwang/rust-simd-test written to /workspace/builds/worker-7-tc1/source/Cargo.toml
[INFO] crate git repo https://github.com/Congyuwang/rust-simd-test already has a lockfile, it will not be regenerated
[INFO] running `Command { std: CARGO_HOME="/workspace/cargo-home" RUSTUP_HOME="/workspace/rustup-home" "/workspace/cargo-home/bin/cargo" "+1.75.0" "fetch" "--manifest-path" "Cargo.toml", kill_on_drop: false }`
[INFO] running `Command { std: "docker" "create" "-v" "/var/lib/crater-agent-workspace/builds/worker-7-tc1/target:/opt/rustwide/target:rw,Z" "-v" "/var/lib/crater-agent-workspace/builds/worker-7-tc1/source:/opt/rustwide/workdir:ro,Z" "-v" "/var/lib/crater-agent-workspace/cargo-home:/opt/rustwide/cargo-home:ro,Z" "-v" "/var/lib/crater-agent-workspace/rustup-home:/opt/rustwide/rustup-home:ro,Z" "-e" "SOURCE_DIR=/opt/rustwide/workdir" "-e" "CARGO_TARGET_DIR=/opt/rustwide/target" "-e" "CARGO_HOME=/opt/rustwide/cargo-home" "-e" "RUSTUP_HOME=/opt/rustwide/rustup-home" "-w" "/opt/rustwide/workdir" "-m" "1610612736" "--user" "0:0" "--network" "none" "ghcr.io/rust-lang/crates-build-env/linux@sha256:2788e3201cd34a07e3172128adcd8b3090168a8e3bcc40d7c032b9dda1df7d1c" "/opt/rustwide/cargo-home/bin/cargo" "+1.75.0" "metadata" "--no-deps" "--format-version=1", kill_on_drop: false }`
[INFO] [stdout] ad1fa2f34d3e272cf1544becb854b3e98201c686e02673d34f7690b3f17cd416
[INFO] running `Command { std: "docker" "start" "-a" "ad1fa2f34d3e272cf1544becb854b3e98201c686e02673d34f7690b3f17cd416", kill_on_drop: false }`
[INFO] running `Command { std: "docker" "inspect" "ad1fa2f34d3e272cf1544becb854b3e98201c686e02673d34f7690b3f17cd416", kill_on_drop: false }`
[INFO] running `Command { std: "docker" "rm" "-f" "ad1fa2f34d3e272cf1544becb854b3e98201c686e02673d34f7690b3f17cd416", kill_on_drop: false }`
[INFO] [stdout] ad1fa2f34d3e272cf1544becb854b3e98201c686e02673d34f7690b3f17cd416
[INFO] running `Command { std: "docker" "create" "-v" "/var/lib/crater-agent-workspace/builds/worker-7-tc1/target:/opt/rustwide/target:rw,Z" "-v" "/var/lib/crater-agent-workspace/builds/worker-7-tc1/source:/opt/rustwide/workdir:ro,Z" "-v" "/var/lib/crater-agent-workspace/cargo-home:/opt/rustwide/cargo-home:ro,Z" "-v" "/var/lib/crater-agent-workspace/rustup-home:/opt/rustwide/rustup-home:ro,Z" "-e" "SOURCE_DIR=/opt/rustwide/workdir" "-e" "CARGO_TARGET_DIR=/opt/rustwide/target" "-e" "CARGO_INCREMENTAL=0" "-e" "RUST_BACKTRACE=full" "-e" "RUSTFLAGS=--cap-lints=warn" "-e" "RUSTDOCFLAGS=--cap-lints=warn" "-e" "CARGO_HOME=/opt/rustwide/cargo-home" "-e" "RUSTUP_HOME=/opt/rustwide/rustup-home" "-w" "/opt/rustwide/workdir" "-m" "1610612736" "--user" "0:0" "--network" "none" "ghcr.io/rust-lang/crates-build-env/linux@sha256:2788e3201cd34a07e3172128adcd8b3090168a8e3bcc40d7c032b9dda1df7d1c" "/opt/rustwide/cargo-home/bin/cargo" "+1.75.0" "build" "--frozen" "--message-format=json", kill_on_drop: false }`
[INFO] [stdout] 99bd5f40cf5d22e1a43196d782ce605c5245c7ced83f3053a49d791108fb2d1d
[INFO] running `Command { std: "docker" "start" "-a" "99bd5f40cf5d22e1a43196d782ce605c5245c7ced83f3053a49d791108fb2d1d", kill_on_drop: false }`
[INFO] [stderr]    Compiling simd-test v0.1.0 (/opt/rustwide/workdir)
[INFO] [stdout] error[E0554]: `#![feature]` may not be used on the stable release channel
[INFO] [stdout]  --> src/main.rs:1:12
[INFO] [stdout]   |
[INFO] [stdout] 1 | #![feature(portable_simd)]
[INFO] [stdout]   |            ^^^^^^^^^^^^^
[INFO] [stdout] 
[INFO] [stdout] 
[INFO] [stdout] error[E0554]: `#![feature]` may not be used on the stable release channel
[INFO] [stdout]  --> src/main.rs:2:12
[INFO] [stdout]   |
[INFO] [stdout] 2 | #![feature(iter_array_chunks)]
[INFO] [stdout]   |            ^^^^^^^^^^^^^^^^^
[INFO] [stdout] 
[INFO] [stdout] 
[INFO] [stdout] error[E0554]: `#![feature]` may not be used on the stable release channel
[INFO] [stdout]  --> src/main.rs:3:12
[INFO] [stdout]   |
[INFO] [stdout] 3 | #![feature(array_chunks)]
[INFO] [stdout]   |            ^^^^^^^^^^^^
[INFO] [stdout] 
[INFO] [stdout] 
[INFO] [stdout] error: aborting due to 3 previous errors
[INFO] [stdout] 
[INFO] [stdout] 
[INFO] [stdout] For more information about this error, try `rustc --explain E0554`.
[INFO] [stdout] 
[INFO] [stderr] error: could not compile `simd-test` (bin "simd-test") due to 4 previous errors
[INFO] running `Command { std: "docker" "inspect" "99bd5f40cf5d22e1a43196d782ce605c5245c7ced83f3053a49d791108fb2d1d", kill_on_drop: false }`
[INFO] running `Command { std: "docker" "rm" "-f" "99bd5f40cf5d22e1a43196d782ce605c5245c7ced83f3053a49d791108fb2d1d", kill_on_drop: false }`
[INFO] [stdout] 99bd5f40cf5d22e1a43196d782ce605c5245c7ced83f3053a49d791108fb2d1d
[INFO] testing Congyuwang/rust-simd-test against beta-2023-12-22 for beta-1.76-1
[INFO] running `Command { std: "git" "clone" "/workspace/cache/git-repos/https%3A%2F%2Fgithub.com%2FCongyuwang%2Frust-simd-test" "/workspace/builds/worker-7-tc2/source", kill_on_drop: false }`
[INFO] [stderr] Cloning into '/workspace/builds/worker-7-tc2/source'...
[INFO] [stderr] done.
[INFO] validating manifest of git repo https://github.com/Congyuwang/rust-simd-test on toolchain beta-2023-12-22
[INFO] running `Command { std: CARGO_HOME="/workspace/cargo-home" RUSTUP_HOME="/workspace/rustup-home" "/workspace/cargo-home/bin/cargo" "+beta-2023-12-22" "metadata" "--manifest-path" "Cargo.toml" "--no-deps", kill_on_drop: false }`
[INFO] started tweaking git repo https://github.com/Congyuwang/rust-simd-test
[INFO] finished tweaking git repo https://github.com/Congyuwang/rust-simd-test
[INFO] tweaked toml for git repo https://github.com/Congyuwang/rust-simd-test written to /workspace/builds/worker-7-tc2/source/Cargo.toml
[INFO] crate git repo https://github.com/Congyuwang/rust-simd-test already has a lockfile, it will not be regenerated
[INFO] running `Command { std: CARGO_HOME="/workspace/cargo-home" RUSTUP_HOME="/workspace/rustup-home" "/workspace/cargo-home/bin/cargo" "+beta-2023-12-22" "fetch" "--manifest-path" "Cargo.toml", kill_on_drop: false }`
[INFO] running `Command { std: "docker" "create" "-v" "/var/lib/crater-agent-workspace/builds/worker-7-tc2/target:/opt/rustwide/target:rw,Z" "-v" "/var/lib/crater-agent-workspace/builds/worker-7-tc2/source:/opt/rustwide/workdir:ro,Z" "-v" "/var/lib/crater-agent-workspace/cargo-home:/opt/rustwide/cargo-home:ro,Z" "-v" "/var/lib/crater-agent-workspace/rustup-home:/opt/rustwide/rustup-home:ro,Z" "-e" "SOURCE_DIR=/opt/rustwide/workdir" "-e" "CARGO_TARGET_DIR=/opt/rustwide/target" "-e" "CARGO_HOME=/opt/rustwide/cargo-home" "-e" "RUSTUP_HOME=/opt/rustwide/rustup-home" "-w" "/opt/rustwide/workdir" "-m" "1610612736" "--user" "0:0" "--network" "none" "ghcr.io/rust-lang/crates-build-env/linux@sha256:2788e3201cd34a07e3172128adcd8b3090168a8e3bcc40d7c032b9dda1df7d1c" "/opt/rustwide/cargo-home/bin/cargo" "+beta-2023-12-22" "metadata" "--no-deps" "--format-version=1", kill_on_drop: false }`
[INFO] [stdout] bf2ada8c4087bc4def9e59b64f14ae9afbe048c4a999f758ebdf11190e285436
[INFO] running `Command { std: "docker" "start" "-a" "bf2ada8c4087bc4def9e59b64f14ae9afbe048c4a999f758ebdf11190e285436", kill_on_drop: false }`
[INFO] running `Command { std: "docker" "inspect" "bf2ada8c4087bc4def9e59b64f14ae9afbe048c4a999f758ebdf11190e285436", kill_on_drop: false }`
[INFO] running `Command { std: "docker" "rm" "-f" "bf2ada8c4087bc4def9e59b64f14ae9afbe048c4a999f758ebdf11190e285436", kill_on_drop: false }`
[INFO] [stdout] bf2ada8c4087bc4def9e59b64f14ae9afbe048c4a999f758ebdf11190e285436
[INFO] running `Command { std: "docker" "create" "-v" "/var/lib/crater-agent-workspace/builds/worker-7-tc2/target:/opt/rustwide/target:rw,Z" "-v" "/var/lib/crater-agent-workspace/builds/worker-7-tc2/source:/opt/rustwide/workdir:ro,Z" "-v" "/var/lib/crater-agent-workspace/cargo-home:/opt/rustwide/cargo-home:ro,Z" "-v" "/var/lib/crater-agent-workspace/rustup-home:/opt/rustwide/rustup-home:ro,Z" "-e" "SOURCE_DIR=/opt/rustwide/workdir" "-e" "CARGO_TARGET_DIR=/opt/rustwide/target" "-e" "CARGO_INCREMENTAL=0" "-e" "RUST_BACKTRACE=full" "-e" "RUSTFLAGS=--cap-lints=warn" "-e" "RUSTDOCFLAGS=--cap-lints=warn" "-e" "CARGO_HOME=/opt/rustwide/cargo-home" "-e" "RUSTUP_HOME=/opt/rustwide/rustup-home" "-w" "/opt/rustwide/workdir" "-m" "1610612736" "--user" "0:0" "--network" "none" "ghcr.io/rust-lang/crates-build-env/linux@sha256:2788e3201cd34a07e3172128adcd8b3090168a8e3bcc40d7c032b9dda1df7d1c" "/opt/rustwide/cargo-home/bin/cargo" "+beta-2023-12-22" "build" "--frozen" "--message-format=json", kill_on_drop: false }`
[INFO] [stdout] 6c380bfa9f2cc27f39821b22eef6d91ee81f71cb677655b45ef649c21122d96e
[INFO] running `Command { std: "docker" "start" "-a" "6c380bfa9f2cc27f39821b22eef6d91ee81f71cb677655b45ef649c21122d96e", kill_on_drop: false }`
[INFO] [stderr]    Compiling simd-test v0.1.0 (/opt/rustwide/workdir)
[INFO] [stdout] error[E0432]: unresolved import `std::simd::SimdFloat`
[INFO] [stdout]  --> src/main.rs:5:23
[INFO] [stdout]   |
[INFO] [stdout] 5 | use std::simd::{Simd, SimdFloat, StdFloat};
[INFO] [stdout]   |                       ^^^^^^^^^
[INFO] [stdout]   |                       |
[INFO] [stdout]   |                       no `SimdFloat` in `simd`
[INFO] [stdout]   |                       help: a similar name exists in the module: `StdFloat`
[INFO] [stdout]   |
[INFO] [stdout]   = help: consider importing one of these items instead:
[INFO] [stdout]           core::simd::prelude::SimdFloat
[INFO] [stdout]           std::simd::prelude::SimdFloat
[INFO] [stdout] 
[INFO] [stdout] 
[INFO] [stdout] error[E0554]: `#![feature]` may not be used on the beta release channel
[INFO] [stdout]  --> src/main.rs:1:12
[INFO] [stdout]   |
[INFO] [stdout] 1 | #![feature(portable_simd)]
[INFO] [stdout]   |            ^^^^^^^^^^^^^
[INFO] [stdout] 
[INFO] [stdout] 
[INFO] [stdout] error[E0554]: `#![feature]` may not be used on the beta release channel
[INFO] [stdout]  --> src/main.rs:2:12
[INFO] [stdout]   |
[INFO] [stdout] 2 | #![feature(iter_array_chunks)]
[INFO] [stdout]   |            ^^^^^^^^^^^^^^^^^
[INFO] [stdout] 
[INFO] [stdout] 
[INFO] [stdout] error[E0554]: `#![feature]` may not be used on the beta release channel
[INFO] [stdout]  --> src/main.rs:3:12
[INFO] [stdout]   |
[INFO] [stdout] 3 | #![feature(array_chunks)]
[INFO] [stdout]   |            ^^^^^^^^^^^^
[INFO] [stdout] 
[INFO] [stdout] 
[INFO] [stdout] error[E0599]: no method named `reduce_sum` found for struct `Simd` in the current scope
[INFO] [stdout]    --> src/main.rs:249:16
[INFO] [stdout]     |
[INFO] [stdout] 249 |     s += simd0.reduce_sum();
[INFO] [stdout]     |                ^^^^^^^^^^ method not found in `Simd<f32, 16>`
[INFO] [stdout]    --> /rustc/0e09125c6c3c2fd70d7de961bcf0e51575235fad/library/core/src/../../portable-simd/crates/core_simd/src/simd/num/float.rs:169:8
[INFO] [stdout]     |
[INFO] [stdout]     = note: the method is available for `Simd<f32, 16>` here
[INFO] [stdout]     |
[INFO] [stdout]     = help: items from traits can only be used if the trait is in scope
[INFO] [stdout] help: the following trait is implemented but not in scope; perhaps add a `use` for it:
[INFO] [stdout]     |
[INFO] [stdout] 5   + use std::simd::num::SimdFloat;
[INFO] [stdout]     |
[INFO] [stdout] 
[INFO] [stdout] 
[INFO] [stdout] error[E0599]: no method named `reduce_sum` found for struct `Simd` in the current scope
[INFO] [stdout]    --> src/main.rs:275:22
[INFO] [stdout]     |
[INFO] [stdout] 275 |     norm += norm_sim.reduce_sum();
[INFO] [stdout]     |                      ^^^^^^^^^^ method not found in `Simd<f32, 16>`
[INFO] [stdout]    --> /rustc/0e09125c6c3c2fd70d7de961bcf0e51575235fad/library/core/src/../../portable-simd/crates/core_simd/src/simd/num/float.rs:169:8
[INFO] [stdout]     |
[INFO] [stdout]     = note: the method is available for `Simd<f32, 16>` here
[INFO] [stdout]     |
[INFO] [stdout]     = help: items from traits can only be used if the trait is in scope
[INFO] [stdout] help: the following trait is implemented but not in scope; perhaps add a `use` for it:
[INFO] [stdout]     |
[INFO] [stdout] 5   + use std::simd::num::SimdFloat;
[INFO] [stdout]     |
[INFO] [stdout] 
[INFO] [stdout] 
[INFO] [stdout] error[E0599]: no method named `reduce_sum` found for struct `Simd` in the current scope
[INFO] [stdout]    --> src/main.rs:341:10
[INFO] [stdout]     |
[INFO] [stdout] 331 |       dot += a_sim
[INFO] [stdout]     |  ____________-
[INFO] [stdout] 332 | |         .iter()
[INFO] [stdout] 333 | |         .zip(
[INFO] [stdout] 334 | |             b[a0.len()..]
[INFO] [stdout] ...   |
[INFO] [stdout] 340 | |         })
[INFO] [stdout] 341 | |         .reduce_sum();
[INFO] [stdout]     | |         -^^^^^^^^^^ method not found in `Simd<f32, 16>`
[INFO] [stdout]     | |_________|
[INFO] [stdout]     | 
[INFO] [stdout]    --> /rustc/0e09125c6c3c2fd70d7de961bcf0e51575235fad/library/core/src/../../portable-simd/crates/core_simd/src/simd/num/float.rs:169:8
[INFO] [stdout]     |
[INFO] [stdout]     = note: the method is available for `Simd<f32, 16>` here
[INFO] [stdout]     |
[INFO] [stdout]     = help: items from traits can only be used if the trait is in scope
[INFO] [stdout] help: the following trait is implemented but not in scope; perhaps add a `use` for it:
[INFO] [stdout]     |
[INFO] [stdout] 5   + use std::simd::num::SimdFloat;
[INFO] [stdout]     |
[INFO] [stdout] 
[INFO] [stdout] 
[INFO] [stdout] error[E0599]: no method named `reduce_sum` found for struct `Simd` in the current scope
[INFO] [stdout]    --> src/main.rs:374:10
[INFO] [stdout]     |
[INFO] [stdout] 367 |       dot += a_sim
[INFO] [stdout]     |  ____________-
[INFO] [stdout] 368 | |         .iter()
[INFO] [stdout] 369 | |         .zip(b_sim)
[INFO] [stdout] 370 | |         .fold(Simd::<f32, LANE>::splat(0.0f32), |acc, (a, b)| {
[INFO] [stdout] ...   |
[INFO] [stdout] 373 | |         })
[INFO] [stdout] 374 | |         .reduce_sum();
[INFO] [stdout]     | |         -^^^^^^^^^^ method not found in `Simd<f32, 16>`
[INFO] [stdout]     | |_________|
[INFO] [stdout]     | 
[INFO] [stdout]    --> /rustc/0e09125c6c3c2fd70d7de961bcf0e51575235fad/library/core/src/../../portable-simd/crates/core_simd/src/simd/num/float.rs:169:8
[INFO] [stdout]     |
[INFO] [stdout]     = note: the method is available for `Simd<f32, 16>` here
[INFO] [stdout]     |
[INFO] [stdout]     = help: items from traits can only be used if the trait is in scope
[INFO] [stdout] help: the following trait is implemented but not in scope; perhaps add a `use` for it:
[INFO] [stdout]     |
[INFO] [stdout] 5   + use std::simd::num::SimdFloat;
[INFO] [stdout]     |
[INFO] [stdout] 
[INFO] [stdout] 
[INFO] [stdout] error: aborting due to 8 previous errors
[INFO] [stdout] 
[INFO] [stdout] 
[INFO] [stdout] Some errors have detailed explanations: E0432, E0554, E0599.
[INFO] [stdout] 
[INFO] [stdout] For more information about an error, try `rustc --explain E0432`.
[INFO] [stdout] 
[INFO] [stderr] error: could not compile `simd-test` (bin "simd-test") due to 9 previous errors
[INFO] running `Command { std: "docker" "inspect" "6c380bfa9f2cc27f39821b22eef6d91ee81f71cb677655b45ef649c21122d96e", kill_on_drop: false }`
[INFO] running `Command { std: "docker" "rm" "-f" "6c380bfa9f2cc27f39821b22eef6d91ee81f71cb677655b45ef649c21122d96e", kill_on_drop: false }`
[INFO] [stdout] 6c380bfa9f2cc27f39821b22eef6d91ee81f71cb677655b45ef649c21122d96e
