[INFO] cloning repository https://github.com/ConfusedOnCOFFEE/voters-verdict
[INFO] running `Command { std: "git" "-c" "credential.helper=" "-c" "credential.helper=/workspace/cargo-home/bin/git-credential-null" "clone" "--bare" "https://github.com/ConfusedOnCOFFEE/voters-verdict" "/workspace/cache/git-repos/https%3A%2F%2Fgithub.com%2FConfusedOnCOFFEE%2Fvoters-verdict", kill_on_drop: false }`
[INFO] [stderr] Cloning into bare repository '/workspace/cache/git-repos/https%3A%2F%2Fgithub.com%2FConfusedOnCOFFEE%2Fvoters-verdict'...
[INFO] running `Command { std: "git" "rev-parse" "HEAD", kill_on_drop: false }`
[INFO] [stdout] 250f30deeda572d764e77092a74e2b0a3e157d2a
[INFO] testing ConfusedOnCOFFEE/voters-verdict against 1.75.0 for beta-1.76-1
[INFO] running `Command { std: "git" "clone" "/workspace/cache/git-repos/https%3A%2F%2Fgithub.com%2FConfusedOnCOFFEE%2Fvoters-verdict" "/workspace/builds/worker-3-tc1/source", kill_on_drop: false }`
[INFO] [stderr] Cloning into '/workspace/builds/worker-3-tc1/source'...
[INFO] [stderr] done.
[INFO] validating manifest of git repo https://github.com/ConfusedOnCOFFEE/voters-verdict on toolchain 1.75.0
[INFO] running `Command { std: CARGO_HOME="/workspace/cargo-home" RUSTUP_HOME="/workspace/rustup-home" "/workspace/cargo-home/bin/cargo" "+1.75.0" "metadata" "--manifest-path" "Cargo.toml" "--no-deps", kill_on_drop: false }`
[INFO] removed /workspace/builds/worker-3-tc1/source/rust-toolchain.toml
[INFO] started tweaking git repo https://github.com/ConfusedOnCOFFEE/voters-verdict
[INFO] finished tweaking git repo https://github.com/ConfusedOnCOFFEE/voters-verdict
[INFO] tweaked toml for git repo https://github.com/ConfusedOnCOFFEE/voters-verdict written to /workspace/builds/worker-3-tc1/source/Cargo.toml
[INFO] crate git repo https://github.com/ConfusedOnCOFFEE/voters-verdict already has a lockfile, it will not be regenerated
[INFO] running `Command { std: CARGO_HOME="/workspace/cargo-home" RUSTUP_HOME="/workspace/rustup-home" "/workspace/cargo-home/bin/cargo" "+1.75.0" "fetch" "--manifest-path" "Cargo.toml", kill_on_drop: false }`
[INFO] [stderr]     Updating crates.io index
[INFO] [stderr]  Downloading crates ...
[INFO] [stderr]   Downloaded rocket_dyn_templates v0.1.0
[INFO] [stderr]   Downloaded rocket_sync_db_pools v0.1.0
[INFO] [stderr]   Downloaded figment v0.10.12
[INFO] [stderr]   Downloaded bigdecimal v0.4.2
[INFO] [stderr]   Downloaded crossbeam-utils v0.8.17
[INFO] [stderr]   Downloaded crossbeam-queue v0.3.9
[INFO] [stderr]   Downloaded rocket_db_pools_codegen v0.1.0
[INFO] [stderr]   Downloaded rocket_sync_db_pools_codegen v0.1.0
[INFO] [stderr]   Downloaded rocket_db_pools v0.1.0
[INFO] running `Command { std: "docker" "create" "-v" "/var/lib/crater-agent-workspace/builds/worker-3-tc1/target:/opt/rustwide/target:rw,Z" "-v" "/var/lib/crater-agent-workspace/builds/worker-3-tc1/source:/opt/rustwide/workdir:ro,Z" "-v" "/var/lib/crater-agent-workspace/cargo-home:/opt/rustwide/cargo-home:ro,Z" "-v" "/var/lib/crater-agent-workspace/rustup-home:/opt/rustwide/rustup-home:ro,Z" "-e" "SOURCE_DIR=/opt/rustwide/workdir" "-e" "CARGO_TARGET_DIR=/opt/rustwide/target" "-e" "CARGO_HOME=/opt/rustwide/cargo-home" "-e" "RUSTUP_HOME=/opt/rustwide/rustup-home" "-w" "/opt/rustwide/workdir" "-m" "1610612736" "--user" "0:0" "--network" "none" "ghcr.io/rust-lang/crates-build-env/linux@sha256:2788e3201cd34a07e3172128adcd8b3090168a8e3bcc40d7c032b9dda1df7d1c" "/opt/rustwide/cargo-home/bin/cargo" "+1.75.0" "metadata" "--no-deps" "--format-version=1", kill_on_drop: false }`
[INFO] [stdout] 7b0272b9a1b042a3c71e6dc38a2e2e77397aa71567cb9c7ac3f7b1b724c01637
[INFO] running `Command { std: "docker" "start" "-a" "7b0272b9a1b042a3c71e6dc38a2e2e77397aa71567cb9c7ac3f7b1b724c01637", kill_on_drop: false }`
[INFO] running `Command { std: "docker" "inspect" "7b0272b9a1b042a3c71e6dc38a2e2e77397aa71567cb9c7ac3f7b1b724c01637", kill_on_drop: false }`
[INFO] running `Command { std: "docker" "rm" "-f" "7b0272b9a1b042a3c71e6dc38a2e2e77397aa71567cb9c7ac3f7b1b724c01637", kill_on_drop: false }`
[INFO] [stdout] 7b0272b9a1b042a3c71e6dc38a2e2e77397aa71567cb9c7ac3f7b1b724c01637
[INFO] running `Command { std: "docker" "create" "-v" "/var/lib/crater-agent-workspace/builds/worker-3-tc1/target:/opt/rustwide/target:rw,Z" "-v" "/var/lib/crater-agent-workspace/builds/worker-3-tc1/source:/opt/rustwide/workdir:ro,Z" "-v" "/var/lib/crater-agent-workspace/cargo-home:/opt/rustwide/cargo-home:ro,Z" "-v" "/var/lib/crater-agent-workspace/rustup-home:/opt/rustwide/rustup-home:ro,Z" "-e" "SOURCE_DIR=/opt/rustwide/workdir" "-e" "CARGO_TARGET_DIR=/opt/rustwide/target" "-e" "CARGO_INCREMENTAL=0" "-e" "RUST_BACKTRACE=full" "-e" "RUSTFLAGS=--cap-lints=warn" "-e" "RUSTDOCFLAGS=--cap-lints=warn" "-e" "CARGO_HOME=/opt/rustwide/cargo-home" "-e" "RUSTUP_HOME=/opt/rustwide/rustup-home" "-w" "/opt/rustwide/workdir" "-m" "1610612736" "--user" "0:0" "--network" "none" "ghcr.io/rust-lang/crates-build-env/linux@sha256:2788e3201cd34a07e3172128adcd8b3090168a8e3bcc40d7c032b9dda1df7d1c" "/opt/rustwide/cargo-home/bin/cargo" "+1.75.0" "build" "--frozen" "--message-format=json", kill_on_drop: false }`
[INFO] [stdout] 4e1715cc6a775b72a297c68e1c638c56db570ae0f745ae2754b99ceb1f19269d
[INFO] running `Command { std: "docker" "start" "-a" "4e1715cc6a775b72a297c68e1c638c56db570ae0f745ae2754b99ceb1f19269d", kill_on_drop: false }`
[INFO] [stderr]    Compiling proc-macro2 v1.0.70
[INFO] [stderr]    Compiling unicode-ident v1.0.12
[INFO] [stderr]    Compiling libc v0.2.150
[INFO] [stderr]    Compiling pin-project-lite v0.2.13
[INFO] [stderr]    Compiling once_cell v1.18.0
[INFO] [stderr]    Compiling serde v1.0.193
[INFO] [stderr]    Compiling futures-channel v0.3.29
[INFO] [stderr]    Compiling memchr v2.6.4
[INFO] [stderr]    Compiling futures-core v0.3.29
[INFO] [stderr]    Compiling itoa v1.0.9
[INFO] [stderr]    Compiling bytes v1.5.0
[INFO] [stderr]    Compiling pin-utils v0.1.0
[INFO] [stderr]    Compiling bitflags v2.4.1
[INFO] [stderr]    Compiling proc-macro2-diagnostics v0.10.1
[INFO] [stderr]    Compiling equivalent v1.0.1
[INFO] [stderr]    Compiling hashbrown v0.14.3
[INFO] [stderr]    Compiling slab v0.4.9
[INFO] [stderr]    Compiling futures-task v0.3.29
[INFO] [stderr]    Compiling futures-sink v0.3.29
[INFO] [stderr]    Compiling fnv v1.0.7
[INFO] [stderr]    Compiling yansi v1.0.0-rc.1
[INFO] [stderr]    Compiling futures-util v0.3.29
[INFO] [stderr]    Compiling httparse v1.8.0
[INFO] [stderr]    Compiling tracing-core v0.1.32
[INFO] [stderr]    Compiling futures-io v0.3.29
[INFO] [stderr]    Compiling rustix v0.38.25
[INFO] [stderr]    Compiling vcpkg v0.2.15
[INFO] [stderr]    Compiling log v0.4.20
[INFO] [stderr]    Compiling pkg-config v0.3.27
[INFO] [stderr]    Compiling linux-raw-sys v0.4.11
[INFO] [stderr]    Compiling percent-encoding v2.3.1
[INFO] [stderr]    Compiling try-lock v0.2.4
[INFO] [stderr]    Compiling want v0.3.1
[INFO] [stderr]    Compiling tower-service v0.3.2
[INFO] [stderr]    Compiling http v0.2.11
[INFO] [stderr]    Compiling httpdate v1.0.3
[INFO] [stderr]    Compiling inlinable_string v0.1.15
[INFO] [stderr]    Compiling quote v1.0.33
[INFO] [stderr]    Compiling smallvec v1.11.2
[INFO] [stderr]    Compiling syn v2.0.39
[INFO] [stderr]    Compiling powerfmt v0.2.0
[INFO] [stderr]    Compiling time-core v0.1.2
[INFO] [stderr]    Compiling time-macros v0.2.15
[INFO] [stderr]    Compiling cookie v0.18.0
[INFO] [stderr]    Compiling foreign-types-shared v0.1.1
[INFO] [stderr]    Compiling deranged v0.3.9
[INFO] [stderr]    Compiling openssl v0.10.60
[INFO] [stderr]    Compiling ref-cast v1.0.20
[INFO] [stderr]    Compiling foreign-types v0.3.2
[INFO] [stderr]    Compiling uncased v0.9.9
[INFO] [stderr]    Compiling socket2 v0.5.5
[INFO] [stderr]    Compiling mio v0.8.9
[INFO] [stderr]    Compiling num_cpus v1.16.0
[INFO] [stderr]    Compiling signal-hook-registry v1.4.1
[INFO] [stderr]    Compiling cc v1.0.83
[INFO] [stderr]    Compiling socket2 v0.4.10
[INFO] [stderr]    Compiling tinyvec_macros v0.1.1
[INFO] [stderr]    Compiling native-tls v0.2.11
[INFO] [stderr]    Compiling tinyvec v1.6.0
[INFO] [stderr]    Compiling tracing v0.1.40
[INFO] [stderr]    Compiling tokio v1.34.0
[INFO] [stderr]    Compiling http-body v0.4.5
[INFO] [stderr]    Compiling getrandom v0.2.11
[INFO] [stderr]    Compiling stable-pattern v0.1.0
[INFO] [stderr]    Compiling lock_api v0.4.11
[INFO] [stderr]    Compiling serde_json v1.0.108
[INFO] [stderr]    Compiling openssl-probe v0.1.5
[INFO] [stderr]    Compiling ryu v1.0.15
[INFO] [stderr]    Compiling either v1.9.0
[INFO] [stderr]    Compiling state v0.6.0
[INFO] [stderr]    Compiling winnow v0.5.19
[INFO] [stderr]    Compiling parking_lot_core v0.9.9
[INFO] [stderr]    Compiling rand_core v0.6.4
[INFO] [stderr]    Compiling indexmap v2.1.0
[INFO] [stderr]    Compiling aho-corasick v1.1.2
[INFO] [stderr]    Compiling form_urlencoded v1.2.1
[INFO] [stderr]    Compiling unicode-normalization v0.1.22
[INFO] [stderr]    Compiling multer v2.1.0
[INFO] [stderr]    Compiling num-traits v0.2.17
[INFO] [stderr]    Compiling figment v0.10.12
[INFO] [stderr]    Compiling encoding_rs v0.8.33
[INFO] [stderr]    Compiling ppv-lite86 v0.2.17
[INFO] [stderr]    Compiling unicode-bidi v0.3.13
[INFO] [stderr]    Compiling mime v0.3.17
[INFO] [stderr]    Compiling scopeguard v1.2.0
[INFO] [stderr]    Compiling regex-syntax v0.8.2
[INFO] [stderr]    Compiling openssl-sys v0.9.96
[INFO] [stderr]    Compiling async-trait v0.1.74
[INFO] [stderr]    Compiling idna v0.5.0
[INFO] [stderr]    Compiling rand_chacha v0.3.1
[INFO] [stderr]    Compiling time v0.3.30
[INFO] [stderr]    Compiling rocket v0.5.0
[INFO] [stderr]    Compiling futures v0.3.29
[INFO] [stderr]    Compiling lazy_static v1.4.0
[INFO] [stderr]    Compiling is-terminal v0.4.9
[INFO] [stderr]    Compiling unicode-xid v0.2.4
[INFO] [stderr]    Compiling spin v0.9.8
[INFO] [stderr]    Compiling overload v0.1.1
[INFO] [stderr]    Compiling fastrand v2.0.1
[INFO] [stderr]    Compiling glob v0.3.1
[INFO] [stderr]    Compiling nu-ansi-term v0.46.0
[INFO] [stderr]    Compiling tempfile v3.8.1
[INFO] [stderr]    Compiling url v2.5.0
[INFO] [stderr]    Compiling sharded-slab v0.1.7
[INFO] [stderr]    Compiling parking_lot v0.12.1
[INFO] [stderr]    Compiling rand v0.8.5
[INFO] [stderr]    Compiling tracing-log v0.2.0
[INFO] [stderr]    Compiling thread_local v1.1.7
[INFO] [stderr]    Compiling ipnet v2.9.0
[INFO] [stderr]    Compiling hyper v0.14.27
[INFO] [stderr]    Compiling atomic v0.5.3
[INFO] [stderr]    Compiling binascii v0.1.4
[INFO] [stderr]    Compiling iana-time-zone v0.1.58
[INFO] [stderr]    Compiling humantime v2.1.0
[INFO] [stderr]    Compiling base64 v0.21.5
[INFO] [stderr]    Compiling regex-automata v0.4.3
[INFO] [stderr]    Compiling devise_core v0.4.1
[INFO] [stderr]    Compiling termcolor v1.4.0
[INFO] [stderr]    Compiling tracing-subscriber v0.3.18
[INFO] [stderr]    Compiling serde_derive v1.0.193
[INFO] [stderr]    Compiling tokio-macros v2.2.0
[INFO] [stderr]    Compiling futures-macro v0.3.29
[INFO] [stderr]    Compiling tracing-attributes v0.1.27
[INFO] [stderr]    Compiling pear_codegen v0.2.7
[INFO] [stderr]    Compiling openssl-macros v0.1.1
[INFO] [stderr]    Compiling ref-cast-impl v1.0.20
[INFO] [stderr]    Compiling devise_codegen v0.4.1
[INFO] [stderr]    Compiling async-stream-impl v0.3.5
[INFO] [stderr]    Compiling regex v1.10.2
[INFO] [stderr]    Compiling async-stream v0.3.5
[INFO] [stderr]    Compiling devise v0.4.1
[INFO] [stderr]    Compiling pear v0.2.7
[INFO] [stderr]    Compiling env_logger v0.10.1
[INFO] [stderr]    Compiling rocket_http v0.5.0
[INFO] [stderr]    Compiling futures-executor v0.3.29
[INFO] [stderr]    Compiling rocket_codegen v0.5.0
[INFO] [stderr]    Compiling tokio-util v0.7.10
[INFO] [stderr]    Compiling tokio-native-tls v0.3.1
[INFO] [stderr]    Compiling tokio-stream v0.1.14
[INFO] [stderr]    Compiling serde_spanned v0.6.4
[INFO] [stderr]    Compiling toml_datetime v0.6.5
[INFO] [stderr]    Compiling ubyte v0.10.4
[INFO] [stderr]    Compiling serde_urlencoded v0.7.1
[INFO] [stderr]    Compiling chrono v0.4.31
[INFO] [stderr]    Compiling h2 v0.3.22
[INFO] [stderr]    Compiling toml_edit v0.21.0
[INFO] [stderr]    Compiling toml v0.8.8
[INFO] [stderr]    Compiling hyper-tls v0.5.0
[INFO] [stderr]    Compiling reqwest v0.11.22
[INFO] [stderr]    Compiling voters-verdict v0.2.0 (/opt/rustwide/workdir)
[INFO] [stdout] error[E0432]: unresolved import `crate::persistence::ToPersistence`
[INFO] [stdout]    --> src/ballots.rs:9:5
[INFO] [stdout]     |
[INFO] [stdout] 9   |     persistence::ToPersistence,
[INFO] [stdout]     |     ^^^^^^^^^^^^^^^^^^^^^^^^^^ no `ToPersistence` in `persistence`
[INFO] [stdout]     |
[INFO] [stdout] note: found an item that was configured out
[INFO] [stdout]    --> src/persistence.rs:193:11
[INFO] [stdout]     |
[INFO] [stdout] 193 | pub trait ToPersistence: DirectoryIndex + Path + ToFile {
[INFO] [stdout]     |           ^^^^^^^^^^^^^
[INFO] [stdout]     = note: the item is gated behind the `local` feature
[INFO] [stdout] note: found an item that was configured out
[INFO] [stdout]    --> src/persistence.rs:206:11
[INFO] [stdout]     |
[INFO] [stdout] 206 | pub trait ToPersistence: RemoteIndex + Path + ToFile {
[INFO] [stdout]     |           ^^^^^^^^^^^^^
[INFO] [stdout]     = note: the item is gated behind the `remote` feature
[INFO] [stdout] note: found an item that was configured out
[INFO] [stdout]    --> src/persistence.rs:215:11
[INFO] [stdout]     |
[INFO] [stdout] 215 | pub trait ToPersistence: DirectoryIndex + RemoteIndex + Path + ToFile {
[INFO] [stdout]     |           ^^^^^^^^^^^^^
[INFO] [stdout]     = note: the item is gated behind the `file` feature
[INFO] [stdout] note: found an item that was configured out
[INFO] [stdout]    --> src/persistence.rs:227:11
[INFO] [stdout]     |
[INFO] [stdout] 227 | pub trait ToPersistence: Query + Selfaware + IdGenerator {
[INFO] [stdout]     |           ^^^^^^^^^^^^^
[INFO] [stdout]     = note: the item is gated behind the `db` feature
[INFO] [stdout] 
[INFO] [stdout] 
[INFO] [stdout] error[E0432]: unresolved imports `crate::persistence::ToPersistence`, `crate::serialize::FromStorage`
[INFO] [stdout]    --> src/common.rs:1:13
[INFO] [stdout]     |
[INFO] [stdout] 1   | use crate::{persistence::ToPersistence, serialize::FromStorage};
[INFO] [stdout]     |             ^^^^^^^^^^^^^^^^^^^^^^^^^^  ^^^^^^^^^^^^^^^^^^^^^^ no `FromStorage` in `serialize`
[INFO] [stdout]     |             |
[INFO] [stdout]     |             no `ToPersistence` in `persistence`
[INFO] [stdout]     |
[INFO] [stdout] note: found an item that was configured out
[INFO] [stdout]    --> src/persistence.rs:193:11
[INFO] [stdout]     |
[INFO] [stdout] 193 | pub trait ToPersistence: DirectoryIndex + Path + ToFile {
[INFO] [stdout]     |           ^^^^^^^^^^^^^
[INFO] [stdout]     = note: the item is gated behind the `local` feature
[INFO] [stdout] note: found an item that was configured out
[INFO] [stdout]    --> src/persistence.rs:206:11
[INFO] [stdout]     |
[INFO] [stdout] 206 | pub trait ToPersistence: RemoteIndex + Path + ToFile {
[INFO] [stdout]     |           ^^^^^^^^^^^^^
[INFO] [stdout]     = note: the item is gated behind the `remote` feature
[INFO] [stdout] note: found an item that was configured out
[INFO] [stdout]    --> src/persistence.rs:215:11
[INFO] [stdout]     |
[INFO] [stdout] 215 | pub trait ToPersistence: DirectoryIndex + RemoteIndex + Path + ToFile {
[INFO] [stdout]     |           ^^^^^^^^^^^^^
[INFO] [stdout]     = note: the item is gated behind the `file` feature
[INFO] [stdout] note: found an item that was configured out
[INFO] [stdout]    --> src/persistence.rs:227:11
[INFO] [stdout]     |
[INFO] [stdout] 227 | pub trait ToPersistence: Query + Selfaware + IdGenerator {
[INFO] [stdout]     |           ^^^^^^^^^^^^^
[INFO] [stdout]     = note: the item is gated behind the `db` feature
[INFO] [stdout] note: found an item that was configured out
[INFO] [stdout]    --> src/serialize.rs:19:11
[INFO] [stdout]     |
[INFO] [stdout] 19  | pub trait FromStorage: FromPersistence + Empty {
[INFO] [stdout]     |           ^^^^^^^^^^^
[INFO] [stdout]     = note: the item is gated behind the `file` feature
[INFO] [stdout] note: found an item that was configured out
[INFO] [stdout]    --> src/serialize.rs:44:11
[INFO] [stdout]     |
[INFO] [stdout] 44  | pub trait FromStorage:
[INFO] [stdout]     |           ^^^^^^^^^^^
[INFO] [stdout]     = note: the item is gated behind the `sqlx_sqlite` feature
[INFO] [stdout] 
[INFO] [stdout] 
[INFO] [stdout] error[E0432]: unresolved imports `crate::persistence::ToPersistence`, `crate::serialize::ToStorage`
[INFO] [stdout]    --> src/criteria.rs:9:5
[INFO] [stdout]     |
[INFO] [stdout] 9   |     persistence::ToPersistence,
[INFO] [stdout]     |     ^^^^^^^^^^^^^^^^^^^^^^^^^^ no `ToPersistence` in `persistence`
[INFO] [stdout] 10  |     serialize::ToStorage,
[INFO] [stdout]     |     ^^^^^^^^^^^^^^^^^^^^ no `ToStorage` in `serialize`
[INFO] [stdout]     |
[INFO] [stdout] note: found an item that was configured out
[INFO] [stdout]    --> src/persistence.rs:193:11
[INFO] [stdout]     |
[INFO] [stdout] 193 | pub trait ToPersistence: DirectoryIndex + Path + ToFile {
[INFO] [stdout]     |           ^^^^^^^^^^^^^
[INFO] [stdout]     = note: the item is gated behind the `local` feature
[INFO] [stdout] note: found an item that was configured out
[INFO] [stdout]    --> src/persistence.rs:206:11
[INFO] [stdout]     |
[INFO] [stdout] 206 | pub trait ToPersistence: RemoteIndex + Path + ToFile {
[INFO] [stdout]     |           ^^^^^^^^^^^^^
[INFO] [stdout]     = note: the item is gated behind the `remote` feature
[INFO] [stdout] note: found an item that was configured out
[INFO] [stdout]    --> src/persistence.rs:215:11
[INFO] [stdout]     |
[INFO] [stdout] 215 | pub trait ToPersistence: DirectoryIndex + RemoteIndex + Path + ToFile {
[INFO] [stdout]     |           ^^^^^^^^^^^^^
[INFO] [stdout]     = note: the item is gated behind the `file` feature
[INFO] [stdout] note: found an item that was configured out
[INFO] [stdout]    --> src/persistence.rs:227:11
[INFO] [stdout]     |
[INFO] [stdout] 227 | pub trait ToPersistence: Query + Selfaware + IdGenerator {
[INFO] [stdout]     |           ^^^^^^^^^^^^^
[INFO] [stdout]     = note: the item is gated behind the `db` feature
[INFO] [stdout] note: found an item that was configured out
[INFO] [stdout]    --> src/serialize.rs:80:11
[INFO] [stdout]     |
[INFO] [stdout] 80  | pub trait ToStorage: ToPersistence + Serialize + IdGenerator {
[INFO] [stdout]     |           ^^^^^^^^^
[INFO] [stdout]     = note: the item is gated behind the `file` feature
[INFO] [stdout] note: found an item that was configured out
[INFO] [stdout]    --> src/serialize.rs:108:11
[INFO] [stdout]     |
[INFO] [stdout] 108 | pub trait ToStorage: ToPersistence + Serialize {
[INFO] [stdout]     |           ^^^^^^^^^
[INFO] [stdout]     = note: the item is gated behind the `db` feature
[INFO] [stdout] 
[INFO] [stdout] 
[INFO] [stdout] error[E0432]: unresolved imports `crate::persistence::FromPersistence`, `crate::persistence::Path`, `crate::persistence::ToPersistence`
[INFO] [stdout]    --> src/serialize.rs:9:19
[INFO] [stdout]     |
[INFO] [stdout] 9   |     persistence::{FromPersistence, Path, ToPersistence},
[INFO] [stdout]     |                   ^^^^^^^^^^^^^^^  ^^^^  ^^^^^^^^^^^^^ no `ToPersistence` in `persistence`
[INFO] [stdout]     |                   |                |
[INFO] [stdout]     |                   |                no `Path` in `persistence`
[INFO] [stdout]     |                   no `FromPersistence` in `persistence`
[INFO] [stdout]     |
[INFO] [stdout] note: found an item that was configured out
[INFO] [stdout]    --> src/persistence.rs:238:11
[INFO] [stdout]     |
[INFO] [stdout] 238 | pub trait FromPersistence: Path + for<'de> Deserialize<'de> {
[INFO] [stdout]     |           ^^^^^^^^^^^^^^^
[INFO] [stdout]     = note: the item is gated behind the `file` feature
[INFO] [stdout] note: found an item that was configured out
[INFO] [stdout]    --> src/persistence.rs:270:11
[INFO] [stdout]     |
[INFO] [stdout] 270 | pub trait FromPersistence: Path + for<'de> Deserialize<'de> {
[INFO] [stdout]     |           ^^^^^^^^^^^^^^^
[INFO] [stdout]     = note: the item is gated behind the `db` feature
[INFO] [stdout]     = help: consider importing one of these items instead:
[INFO] [stdout]             rocket::http::uri::Path
[INFO] [stdout]             rocket::http::uri::fmt::Kind::Path
[INFO] [stdout]             rocket::http::uri::fmt::Path
[INFO] [stdout]             std::path::Path
[INFO] [stdout] note: found an item that was configured out
[INFO] [stdout]    --> src/persistence.rs:118:11
[INFO] [stdout]     |
[INFO] [stdout] 118 | pub trait Path: FileDir + IsUniqueFile {
[INFO] [stdout]     |           ^^^^
[INFO] [stdout]     = note: the item is gated behind the `local` feature
[INFO] [stdout] note: found an item that was configured out
[INFO] [stdout]    --> src/persistence.rs:145:11
[INFO] [stdout]     |
[INFO] [stdout] 145 | pub trait Path: FileDir {
[INFO] [stdout]     |           ^^^^
[INFO] [stdout]     = note: the item is gated behind the `remote` feature
[INFO] [stdout] note: found an item that was configured out
[INFO] [stdout]    --> src/persistence.rs:175:11
[INFO] [stdout]     |
[INFO] [stdout] 175 | pub trait Path: Query + Selfaware {
[INFO] [stdout]     |           ^^^^
[INFO] [stdout]     = note: the item is gated behind the `db` feature
[INFO] [stdout] note: found an item that was configured out
[INFO] [stdout]    --> src/persistence.rs:193:11
[INFO] [stdout]     |
[INFO] [stdout] 193 | pub trait ToPersistence: DirectoryIndex + Path + ToFile {
[INFO] [stdout]     |           ^^^^^^^^^^^^^
[INFO] [stdout]     = note: the item is gated behind the `local` feature
[INFO] [stdout] note: found an item that was configured out
[INFO] [stdout]    --> src/persistence.rs:206:11
[INFO] [stdout]     |
[INFO] [stdout] 206 | pub trait ToPersistence: RemoteIndex + Path + ToFile {
[INFO] [stdout]     |           ^^^^^^^^^^^^^
[INFO] [stdout]     = note: the item is gated behind the `remote` feature
[INFO] [stdout] note: found an item that was configured out
[INFO] [stdout]    --> src/persistence.rs:215:11
[INFO] [stdout]     |
[INFO] [stdout] 215 | pub trait ToPersistence: DirectoryIndex + RemoteIndex + Path + ToFile {
[INFO] [stdout]     |           ^^^^^^^^^^^^^
[INFO] [stdout]     = note: the item is gated behind the `file` feature
[INFO] [stdout] note: found an item that was configured out
[INFO] [stdout]    --> src/persistence.rs:227:11
[INFO] [stdout]     |
[INFO] [stdout] 227 | pub trait ToPersistence: Query + Selfaware + IdGenerator {
[INFO] [stdout]     |           ^^^^^^^^^^^^^
[INFO] [stdout]     = note: the item is gated behind the `db` feature
[INFO] [stdout] 
[INFO] [stdout] 
[INFO] [stdout] error[E0432]: unresolved imports `crate::persistence::Path`, `crate::serialize::ToStorage`
[INFO] [stdout]    --> src/users.rs:10:5
[INFO] [stdout]     |
[INFO] [stdout] 10  |     persistence::Path,
[INFO] [stdout]     |     ^^^^^^^^^^^^^^^^^ no `Path` in `persistence`
[INFO] [stdout] 11  |     serialize::ToStorage,
[INFO] [stdout]     |     ^^^^^^^^^^^^^^^^^^^^ no `ToStorage` in `serialize`
[INFO] [stdout]     |
[INFO] [stdout]     = help: consider importing one of these items instead:
[INFO] [stdout]             rocket::http::uri::Path
[INFO] [stdout]             rocket::http::uri::fmt::Kind::Path
[INFO] [stdout]             rocket::http::uri::fmt::Path
[INFO] [stdout]             std::path::Path
[INFO] [stdout] note: found an item that was configured out
[INFO] [stdout]    --> src/persistence.rs:118:11
[INFO] [stdout]     |
[INFO] [stdout] 118 | pub trait Path: FileDir + IsUniqueFile {
[INFO] [stdout]     |           ^^^^
[INFO] [stdout]     = note: the item is gated behind the `local` feature
[INFO] [stdout] note: found an item that was configured out
[INFO] [stdout]    --> src/persistence.rs:145:11
[INFO] [stdout]     |
[INFO] [stdout] 145 | pub trait Path: FileDir {
[INFO] [stdout]     |           ^^^^
[INFO] [stdout]     = note: the item is gated behind the `remote` feature
[INFO] [stdout] note: found an item that was configured out
[INFO] [stdout]    --> src/persistence.rs:175:11
[INFO] [stdout]     |
[INFO] [stdout] 175 | pub trait Path: Query + Selfaware {
[INFO] [stdout]     |           ^^^^
[INFO] [stdout]     = note: the item is gated behind the `db` feature
[INFO] [stdout] note: found an item that was configured out
[INFO] [stdout]    --> src/serialize.rs:80:11
[INFO] [stdout]     |
[INFO] [stdout] 80  | pub trait ToStorage: ToPersistence + Serialize + IdGenerator {
[INFO] [stdout]     |           ^^^^^^^^^
[INFO] [stdout]     = note: the item is gated behind the `file` feature
[INFO] [stdout] note: found an item that was configured out
[INFO] [stdout]    --> src/serialize.rs:108:11
[INFO] [stdout]     |
[INFO] [stdout] 108 | pub trait ToStorage: ToPersistence + Serialize {
[INFO] [stdout]     |           ^^^^^^^^^
[INFO] [stdout]     = note: the item is gated behind the `db` feature
[INFO] [stdout] 
[INFO] [stdout] 
[INFO] [stdout] error[E0432]: unresolved import `crate::persistence::ToPersistence`
[INFO] [stdout]    --> src/validator.rs:3:5
[INFO] [stdout]     |
[INFO] [stdout] 3   |     persistence::ToPersistence,
[INFO] [stdout]     |     ^^^^^^^^^^^^^^^^^^^^^^^^^^ no `ToPersistence` in `persistence`
[INFO] [stdout]     |
[INFO] [stdout] note: found an item that was configured out
[INFO] [stdout]    --> src/persistence.rs:193:11
[INFO] [stdout]     |
[INFO] [stdout] 193 | pub trait ToPersistence: DirectoryIndex + Path + ToFile {
[INFO] [stdout]     |           ^^^^^^^^^^^^^
[INFO] [stdout]     = note: the item is gated behind the `local` feature
[INFO] [stdout] note: found an item that was configured out
[INFO] [stdout]    --> src/persistence.rs:206:11
[INFO] [stdout]     |
[INFO] [stdout] 206 | pub trait ToPersistence: RemoteIndex + Path + ToFile {
[INFO] [stdout]     |           ^^^^^^^^^^^^^
[INFO] [stdout]     = note: the item is gated behind the `remote` feature
[INFO] [stdout] note: found an item that was configured out
[INFO] [stdout]    --> src/persistence.rs:215:11
[INFO] [stdout]     |
[INFO] [stdout] 215 | pub trait ToPersistence: DirectoryIndex + RemoteIndex + Path + ToFile {
[INFO] [stdout]     |           ^^^^^^^^^^^^^
[INFO] [stdout]     = note: the item is gated behind the `file` feature
[INFO] [stdout] note: found an item that was configured out
[INFO] [stdout]    --> src/persistence.rs:227:11
[INFO] [stdout]     |
[INFO] [stdout] 227 | pub trait ToPersistence: Query + Selfaware + IdGenerator {
[INFO] [stdout]     |           ^^^^^^^^^^^^^
[INFO] [stdout]     = note: the item is gated behind the `db` feature
[INFO] [stdout] 
[INFO] [stdout] 
[INFO] [stdout] error[E0432]: unresolved import `crate::serialize::ToStorage`
[INFO] [stdout]    --> src/votes.rs:14:5
[INFO] [stdout]     |
[INFO] [stdout] 14  |     serialize::ToStorage,
[INFO] [stdout]     |     ^^^^^^^^^^^^^^^^^^^^ no `ToStorage` in `serialize`
[INFO] [stdout]     |
[INFO] [stdout] note: found an item that was configured out
[INFO] [stdout]    --> src/serialize.rs:80:11
[INFO] [stdout]     |
[INFO] [stdout] 80  | pub trait ToStorage: ToPersistence + Serialize + IdGenerator {
[INFO] [stdout]     |           ^^^^^^^^^
[INFO] [stdout]     = note: the item is gated behind the `file` feature
[INFO] [stdout] note: found an item that was configured out
[INFO] [stdout]    --> src/serialize.rs:108:11
[INFO] [stdout]     |
[INFO] [stdout] 108 | pub trait ToStorage: ToPersistence + Serialize {
[INFO] [stdout]     |           ^^^^^^^^^
[INFO] [stdout]     = note: the item is gated behind the `db` feature
[INFO] [stdout] 
[INFO] [stdout] 
[INFO] [stdout] error[E0405]: cannot find trait `Query` in this scope
[INFO] [stdout]    --> src/ballots.rs:243:6
[INFO] [stdout]     |
[INFO] [stdout] 243 | impl Query for BallotsTable {}
[INFO] [stdout]     |      ^^^^^ not found in this scope
[INFO] [stdout] 
[INFO] [stdout] 
[INFO] [stdout] error[E0405]: cannot find trait `FromStorage` in module `crate::serialize`
[INFO] [stdout]    --> src/ballots.rs:322:24
[INFO] [stdout]     |
[INFO] [stdout] 322 | impl crate::serialize::FromStorage for BallotsTable {}
[INFO] [stdout]     |                        ^^^^^^^^^^^ not found in `crate::serialize`
[INFO] [stdout]     |
[INFO] [stdout] note: found an item that was configured out
[INFO] [stdout]    --> src/serialize.rs:19:11
[INFO] [stdout]     |
[INFO] [stdout] 19  | pub trait FromStorage: FromPersistence + Empty {
[INFO] [stdout]     |           ^^^^^^^^^^^
[INFO] [stdout]     = note: the item is gated behind the `file` feature
[INFO] [stdout] note: found an item that was configured out
[INFO] [stdout]    --> src/serialize.rs:44:11
[INFO] [stdout]     |
[INFO] [stdout] 44  | pub trait FromStorage:
[INFO] [stdout]     |           ^^^^^^^^^^^
[INFO] [stdout]     = note: the item is gated behind the `sqlx_sqlite` feature
[INFO] [stdout] 
[INFO] [stdout] 
[INFO] [stdout] error[E0405]: cannot find trait `FromPersistence` in module `crate::persistence`
[INFO] [stdout]    --> src/ballots.rs:323:26
[INFO] [stdout]     |
[INFO] [stdout] 323 | impl crate::persistence::FromPersistence for BallotsTable {}
[INFO] [stdout]     |                          ^^^^^^^^^^^^^^^ not found in `crate::persistence`
[INFO] [stdout]     |
[INFO] [stdout] note: found an item that was configured out
[INFO] [stdout]    --> src/persistence.rs:238:11
[INFO] [stdout]     |
[INFO] [stdout] 238 | pub trait FromPersistence: Path + for<'de> Deserialize<'de> {
[INFO] [stdout]     |           ^^^^^^^^^^^^^^^
[INFO] [stdout]     = note: the item is gated behind the `file` feature
[INFO] [stdout] note: found an item that was configured out
[INFO] [stdout]    --> src/persistence.rs:270:11
[INFO] [stdout]     |
[INFO] [stdout] 270 | pub trait FromPersistence: Path + for<'de> Deserialize<'de> {
[INFO] [stdout]     |           ^^^^^^^^^^^^^^^
[INFO] [stdout]     = note: the item is gated behind the `db` feature
[INFO] [stdout] 
[INFO] [stdout] 
[INFO] [stdout] error[E0405]: cannot find trait `Path` in module `crate::persistence`
[INFO] [stdout]    --> src/ballots.rs:324:26
[INFO] [stdout]     |
[INFO] [stdout] 324 | impl crate::persistence::Path for BallotsTable {}
[INFO] [stdout]     |                          ^^^^ not found in `crate::persistence`
[INFO] [stdout]     |
[INFO] [stdout] note: found an item that was configured out
[INFO] [stdout]    --> src/persistence.rs:118:11
[INFO] [stdout]     |
[INFO] [stdout] 118 | pub trait Path: FileDir + IsUniqueFile {
[INFO] [stdout]     |           ^^^^
[INFO] [stdout]     = note: the item is gated behind the `local` feature
[INFO] [stdout] note: found an item that was configured out
[INFO] [stdout]    --> src/persistence.rs:145:11
[INFO] [stdout]     |
[INFO] [stdout] 145 | pub trait Path: FileDir {
[INFO] [stdout]     |           ^^^^
[INFO] [stdout]     = note: the item is gated behind the `remote` feature
[INFO] [stdout] note: found an item that was configured out
[INFO] [stdout]    --> src/persistence.rs:175:11
[INFO] [stdout]     |
[INFO] [stdout] 175 | pub trait Path: Query + Selfaware {
[INFO] [stdout]     |           ^^^^
[INFO] [stdout]     = note: the item is gated behind the `db` feature
[INFO] [stdout] 
[INFO] [stdout] 
[INFO] [stdout] error[E0405]: cannot find trait `FromStorage` in this scope
[INFO] [stdout]    --> src/serialize.rs:124:6
[INFO] [stdout]     |
[INFO] [stdout] 124 | impl FromStorage for Votings {}
[INFO] [stdout]     |      ^^^^^^^^^^^ not found in this scope
[INFO] [stdout] 
[INFO] [stdout] 
[INFO] [stdout] error[E0405]: cannot find trait `FromStorage` in this scope
[INFO] [stdout]    --> src/serialize.rs:126:6
[INFO] [stdout]     |
[INFO] [stdout] 126 | impl FromStorage for Voting {}
[INFO] [stdout]     |      ^^^^^^^^^^^ not found in this scope
[INFO] [stdout] 
[INFO] [stdout] 
[INFO] [stdout] error[E0405]: cannot find trait `ToStorage` in this scope
[INFO] [stdout]    --> src/serialize.rs:127:6
[INFO] [stdout]     |
[INFO] [stdout] 127 | impl ToStorage for Voting {}
[INFO] [stdout]     |      ^^^^^^^^^ not found in this scope
[INFO] [stdout] 
[INFO] [stdout] 
[INFO] [stdout] error[E0405]: cannot find trait `FromStorage` in this scope
[INFO] [stdout]    --> src/serialize.rs:129:6
[INFO] [stdout]     |
[INFO] [stdout] 129 | impl FromStorage for CastBallots {}
[INFO] [stdout]     |      ^^^^^^^^^^^ not found in this scope
[INFO] [stdout] 
[INFO] [stdout] 
[INFO] [stdout] error[E0405]: cannot find trait `ToStorage` in this scope
[INFO] [stdout]    --> src/serialize.rs:130:6
[INFO] [stdout]     |
[INFO] [stdout] 130 | impl ToStorage for CastBallots {}
[INFO] [stdout]     |      ^^^^^^^^^ not found in this scope
[INFO] [stdout] 
[INFO] [stdout] 
[INFO] [stdout] error[E0405]: cannot find trait `ToStorage` in this scope
[INFO] [stdout]    --> src/serialize.rs:133:6
[INFO] [stdout]     |
[INFO] [stdout] 133 | impl ToStorage for Candidate {}
[INFO] [stdout]     |      ^^^^^^^^^ not found in this scope
[INFO] [stdout] 
[INFO] [stdout] 
[INFO] [stdout] error[E0405]: cannot find trait `FromStorage` in this scope
[INFO] [stdout]    --> src/serialize.rs:134:6
[INFO] [stdout]     |
[INFO] [stdout] 134 | impl FromStorage for Candidate {}
[INFO] [stdout]     |      ^^^^^^^^^^^ not found in this scope
[INFO] [stdout] 
[INFO] [stdout] 
[INFO] [stdout] error[E0405]: cannot find trait `FromStorage` in this scope
[INFO] [stdout]    --> src/serialize.rs:136:6
[INFO] [stdout]     |
[INFO] [stdout] 136 | impl FromStorage for Criteria {}
[INFO] [stdout]     |      ^^^^^^^^^^^ not found in this scope
[INFO] [stdout] 
[INFO] [stdout] 
[INFO] [stdout] error[E0405]: cannot find trait `ToStorage` in this scope
[INFO] [stdout]    --> src/serialize.rs:140:6
[INFO] [stdout]     |
[INFO] [stdout] 140 | impl ToStorage for EmojiCategories {}
[INFO] [stdout]     |      ^^^^^^^^^ not found in this scope
[INFO] [stdout] 
[INFO] [stdout] 
[INFO] [stdout] error[E0405]: cannot find trait `FromStorage` in this scope
[INFO] [stdout]    --> src/serialize.rs:141:6
[INFO] [stdout]     |
[INFO] [stdout] 141 | impl FromStorage for EmojiCategories {}
[INFO] [stdout]     |      ^^^^^^^^^^^ not found in this scope
[INFO] [stdout] 
[INFO] [stdout] 
[INFO] [stdout] error[E0405]: cannot find trait `ToStorage` in this scope
[INFO] [stdout]    --> src/serialize.rs:147:6
[INFO] [stdout]     |
[INFO] [stdout] 147 | impl ToStorage for Criterion {}
[INFO] [stdout]     |      ^^^^^^^^^ not found in this scope
[INFO] [stdout] 
[INFO] [stdout] 
[INFO] [stdout] error[E0405]: cannot find trait `FromStorage` in this scope
[INFO] [stdout]    --> src/serialize.rs:148:6
[INFO] [stdout]     |
[INFO] [stdout] 148 | impl FromStorage for Criterion {}
[INFO] [stdout]     |      ^^^^^^^^^^^ not found in this scope
[INFO] [stdout] 
[INFO] [stdout] 
[INFO] [stdout] error[E0405]: cannot find trait `Query` in this scope
[INFO] [stdout]    --> src/serialize.rs:174:6
[INFO] [stdout]     |
[INFO] [stdout] 174 | impl Query for Votings {}
[INFO] [stdout]     |      ^^^^^ not found in this scope
[INFO] [stdout] 
[INFO] [stdout] 
[INFO] [stdout] error[E0405]: cannot find trait `Query` in this scope
[INFO] [stdout]    --> src/serialize.rs:175:6
[INFO] [stdout]     |
[INFO] [stdout] 175 | impl Query for Voting {}
[INFO] [stdout]     |      ^^^^^ not found in this scope
[INFO] [stdout] 
[INFO] [stdout] 
[INFO] [stdout] error[E0405]: cannot find trait `Query` in this scope
[INFO] [stdout]    --> src/serialize.rs:176:6
[INFO] [stdout]     |
[INFO] [stdout] 176 | impl Query for CastBallots {}
[INFO] [stdout]     |      ^^^^^ not found in this scope
[INFO] [stdout] 
[INFO] [stdout] 
[INFO] [stdout] error[E0405]: cannot find trait `Query` in this scope
[INFO] [stdout]    --> src/serialize.rs:177:6
[INFO] [stdout]     |
[INFO] [stdout] 177 | impl Query for Candidate {}
[INFO] [stdout]     |      ^^^^^ not found in this scope
[INFO] [stdout] 
[INFO] [stdout] 
[INFO] [stdout] error[E0405]: cannot find trait `Query` in this scope
[INFO] [stdout]    --> src/serialize.rs:178:6
[INFO] [stdout]     |
[INFO] [stdout] 178 | impl Query for Criteria {}
[INFO] [stdout]     |      ^^^^^ not found in this scope
[INFO] [stdout] 
[INFO] [stdout] 
[INFO] [stdout] error[E0405]: cannot find trait `Query` in this scope
[INFO] [stdout]    --> src/serialize.rs:179:6
[INFO] [stdout]     |
[INFO] [stdout] 179 | impl Query for Criterion {}
[INFO] [stdout]     |      ^^^^^ not found in this scope
[INFO] [stdout] 
[INFO] [stdout] 
[INFO] [stdout] error[E0405]: cannot find trait `Query` in this scope
[INFO] [stdout]    --> src/serialize.rs:180:6
[INFO] [stdout]     |
[INFO] [stdout] 180 | impl Query for EmojiCategories {}
[INFO] [stdout]     |      ^^^^^ not found in this scope
[INFO] [stdout] 
[INFO] [stdout] 
[INFO] [stdout] warning: unused import: `Table as VVTable`
[INFO] [stdout]  --> src/ballots.rs:6:48
[INFO] [stdout]   |
[INFO] [stdout] 6 |         KnownBallots, QueryableExt, Selfaware, Table as VVTable, Vote, VoteKind, Voting,
[INFO] [stdout]   |                                                ^^^^^^^^^^^^^^^^
[INFO] [stdout]   |
[INFO] [stdout]   = note: `#[warn(unused_imports)]` on by default
[INFO] [stdout] 
[INFO] [stdout] 
[INFO] [stdout] warning: unused import: `error`
[INFO] [stdout]   --> src/ballots.rs:17:12
[INFO] [stdout]    |
[INFO] [stdout] 17 |     debug, error, get,
[INFO] [stdout]    |            ^^^^^
[INFO] [stdout] 
[INFO] [stdout] 
[INFO] [stdout] warning: unused imports: `IdGenerator`, `Selfaware`, `error::VoteErrorKind`
[INFO] [stdout]  --> src/persistence.rs:2:14
[INFO] [stdout]   |
[INFO] [stdout] 2 |     common::{IdGenerator, Selfaware},
[INFO] [stdout]   |              ^^^^^^^^^^^  ^^^^^^^^^
[INFO] [stdout] 3 |     config::STORAGE_MODE,
[INFO] [stdout] 4 |     error::VoteErrorKind,
[INFO] [stdout]   |     ^^^^^^^^^^^^^^^^^^^^
[INFO] [stdout] 
[INFO] [stdout] 
[INFO] [stdout] warning: unused imports: `debug`, `serde::Deserialize`
[INFO] [stdout]  --> src/persistence.rs:6:14
[INFO] [stdout]   |
[INFO] [stdout] 6 | use rocket::{debug, serde::Deserialize};
[INFO] [stdout]   |              ^^^^^  ^^^^^^^^^^^^^^^^^^
[INFO] [stdout] 
[INFO] [stdout] 
[INFO] [stdout] warning: unused imports: `Empty`, `error::VoteErrorKind`
[INFO] [stdout]  --> src/serialize.rs:5:71
[INFO] [stdout]   |
[INFO] [stdout] 5 |         Candidate, CastBallots, Criteria, Criterion, EmojiCategories, Empty, QueryableExt, Voting,
[INFO] [stdout]   |                                                                       ^^^^^
[INFO] [stdout] ...
[INFO] [stdout] 8 |     error::VoteErrorKind,
[INFO] [stdout]   |     ^^^^^^^^^^^^^^^^^^^^
[INFO] [stdout] 
[INFO] [stdout] 
[INFO] [stdout] warning: unused imports: `Deserialize`, `Serialize`, `error`, `info`, `json::Json`
[INFO] [stdout]   --> src/serialize.rs:12:5
[INFO] [stdout]    |
[INFO] [stdout] 12 |     error, info,
[INFO] [stdout]    |     ^^^^^  ^^^^
[INFO] [stdout] 13 |     serde::{json::Json, Deserialize, Serialize},
[INFO] [stdout]    |             ^^^^^^^^^^  ^^^^^^^^^^^  ^^^^^^^^^
[INFO] [stdout] 
[INFO] [stdout] 
[INFO] [stdout] warning: unused import: `std::collections::BTreeMap`
[INFO] [stdout]   --> src/serialize.rs:15:5
[INFO] [stdout]    |
[INFO] [stdout] 15 | use std::collections::BTreeMap;
[INFO] [stdout]    |     ^^^^^^^^^^^^^^^^^^^^^^^^^^
[INFO] [stdout] 
[INFO] [stdout] 
[INFO] [stdout] warning: unused import: `std::collections::BTreeMap`
[INFO] [stdout]  --> src/votes.rs:8:5
[INFO] [stdout]   |
[INFO] [stdout] 8 | use std::collections::BTreeMap;
[INFO] [stdout]   |     ^^^^^^^^^^^^^^^^^^^^^^^^^^
[INFO] [stdout] 
[INFO] [stdout] 
[INFO] [stdout] error: aborting due to 30 previous errors; 8 warnings emitted
[INFO] [stdout] 
[INFO] [stdout] 
[INFO] [stdout] Some errors have detailed explanations: E0405, E0432.
[INFO] [stdout] 
[INFO] [stdout] For more information about an error, try `rustc --explain E0405`.
[INFO] [stdout] 
[INFO] [stderr] error: could not compile `voters-verdict` (lib) due to 31 previous errors; 8 warnings emitted
[INFO] [stderr] warning: build failed, waiting for other jobs to finish...
[INFO] running `Command { std: "docker" "inspect" "4e1715cc6a775b72a297c68e1c638c56db570ae0f745ae2754b99ceb1f19269d", kill_on_drop: false }`
[INFO] running `Command { std: "docker" "rm" "-f" "4e1715cc6a775b72a297c68e1c638c56db570ae0f745ae2754b99ceb1f19269d", kill_on_drop: false }`
[INFO] [stdout] 4e1715cc6a775b72a297c68e1c638c56db570ae0f745ae2754b99ceb1f19269d
[INFO] testing ConfusedOnCOFFEE/voters-verdict against beta-2023-12-22 for beta-1.76-1
[INFO] running `Command { std: "git" "clone" "/workspace/cache/git-repos/https%3A%2F%2Fgithub.com%2FConfusedOnCOFFEE%2Fvoters-verdict" "/workspace/builds/worker-3-tc2/source", kill_on_drop: false }`
[INFO] [stderr] Cloning into '/workspace/builds/worker-3-tc2/source'...
[INFO] [stderr] done.
[INFO] validating manifest of git repo https://github.com/ConfusedOnCOFFEE/voters-verdict on toolchain beta-2023-12-22
[INFO] running `Command { std: CARGO_HOME="/workspace/cargo-home" RUSTUP_HOME="/workspace/rustup-home" "/workspace/cargo-home/bin/cargo" "+beta-2023-12-22" "metadata" "--manifest-path" "Cargo.toml" "--no-deps", kill_on_drop: false }`
[INFO] removed /workspace/builds/worker-3-tc2/source/rust-toolchain.toml
[INFO] started tweaking git repo https://github.com/ConfusedOnCOFFEE/voters-verdict
[INFO] finished tweaking git repo https://github.com/ConfusedOnCOFFEE/voters-verdict
[INFO] tweaked toml for git repo https://github.com/ConfusedOnCOFFEE/voters-verdict written to /workspace/builds/worker-3-tc2/source/Cargo.toml
[INFO] crate git repo https://github.com/ConfusedOnCOFFEE/voters-verdict already has a lockfile, it will not be regenerated
[INFO] running `Command { std: CARGO_HOME="/workspace/cargo-home" RUSTUP_HOME="/workspace/rustup-home" "/workspace/cargo-home/bin/cargo" "+beta-2023-12-22" "fetch" "--manifest-path" "Cargo.toml", kill_on_drop: false }`
[INFO] running `Command { std: "docker" "create" "-v" "/var/lib/crater-agent-workspace/builds/worker-3-tc2/target:/opt/rustwide/target:rw,Z" "-v" "/var/lib/crater-agent-workspace/builds/worker-3-tc2/source:/opt/rustwide/workdir:ro,Z" "-v" "/var/lib/crater-agent-workspace/cargo-home:/opt/rustwide/cargo-home:ro,Z" "-v" "/var/lib/crater-agent-workspace/rustup-home:/opt/rustwide/rustup-home:ro,Z" "-e" "SOURCE_DIR=/opt/rustwide/workdir" "-e" "CARGO_TARGET_DIR=/opt/rustwide/target" "-e" "CARGO_HOME=/opt/rustwide/cargo-home" "-e" "RUSTUP_HOME=/opt/rustwide/rustup-home" "-w" "/opt/rustwide/workdir" "-m" "1610612736" "--user" "0:0" "--network" "none" "ghcr.io/rust-lang/crates-build-env/linux@sha256:2788e3201cd34a07e3172128adcd8b3090168a8e3bcc40d7c032b9dda1df7d1c" "/opt/rustwide/cargo-home/bin/cargo" "+beta-2023-12-22" "metadata" "--no-deps" "--format-version=1", kill_on_drop: false }`
[INFO] [stdout] 83d49e260b681f538f43e82a2e78c2bb8979af86424d798838db0c4cf37f8c23
[INFO] running `Command { std: "docker" "start" "-a" "83d49e260b681f538f43e82a2e78c2bb8979af86424d798838db0c4cf37f8c23", kill_on_drop: false }`
[INFO] running `Command { std: "docker" "inspect" "83d49e260b681f538f43e82a2e78c2bb8979af86424d798838db0c4cf37f8c23", kill_on_drop: false }`
[INFO] running `Command { std: "docker" "rm" "-f" "83d49e260b681f538f43e82a2e78c2bb8979af86424d798838db0c4cf37f8c23", kill_on_drop: false }`
[INFO] [stdout] 83d49e260b681f538f43e82a2e78c2bb8979af86424d798838db0c4cf37f8c23
[INFO] running `Command { std: "docker" "create" "-v" "/var/lib/crater-agent-workspace/builds/worker-3-tc2/target:/opt/rustwide/target:rw,Z" "-v" "/var/lib/crater-agent-workspace/builds/worker-3-tc2/source:/opt/rustwide/workdir:ro,Z" "-v" "/var/lib/crater-agent-workspace/cargo-home:/opt/rustwide/cargo-home:ro,Z" "-v" "/var/lib/crater-agent-workspace/rustup-home:/opt/rustwide/rustup-home:ro,Z" "-e" "SOURCE_DIR=/opt/rustwide/workdir" "-e" "CARGO_TARGET_DIR=/opt/rustwide/target" "-e" "CARGO_INCREMENTAL=0" "-e" "RUST_BACKTRACE=full" "-e" "RUSTFLAGS=--cap-lints=warn" "-e" "RUSTDOCFLAGS=--cap-lints=warn" "-e" "CARGO_HOME=/opt/rustwide/cargo-home" "-e" "RUSTUP_HOME=/opt/rustwide/rustup-home" "-w" "/opt/rustwide/workdir" "-m" "1610612736" "--user" "0:0" "--network" "none" "ghcr.io/rust-lang/crates-build-env/linux@sha256:2788e3201cd34a07e3172128adcd8b3090168a8e3bcc40d7c032b9dda1df7d1c" "/opt/rustwide/cargo-home/bin/cargo" "+beta-2023-12-22" "build" "--frozen" "--message-format=json", kill_on_drop: false }`
[INFO] [stdout] 0d5b96eedaaa92f2c94ba2bc617956d26c812841f8998bb85a01debb7569a75d
[INFO] running `Command { std: "docker" "start" "-a" "0d5b96eedaaa92f2c94ba2bc617956d26c812841f8998bb85a01debb7569a75d", kill_on_drop: false }`
[INFO] [stderr]    Compiling proc-macro2 v1.0.70
[INFO] [stderr]    Compiling unicode-ident v1.0.12
[INFO] [stderr]    Compiling libc v0.2.150
[INFO] [stderr]    Compiling pin-project-lite v0.2.13
[INFO] [stderr]    Compiling once_cell v1.18.0
[INFO] [stderr]    Compiling serde v1.0.193
[INFO] [stderr]    Compiling memchr v2.6.4
[INFO] [stderr]    Compiling futures-channel v0.3.29
[INFO] [stderr]    Compiling futures-core v0.3.29
[INFO] [stderr]    Compiling bytes v1.5.0
[INFO] [stderr]    Compiling itoa v1.0.9
[INFO] [stderr]    Compiling pin-utils v0.1.0
[INFO] [stderr]    Compiling bitflags v2.4.1
[INFO] [stderr]    Compiling proc-macro2-diagnostics v0.10.1
[INFO] [stderr]    Compiling equivalent v1.0.1
[INFO] [stderr]    Compiling hashbrown v0.14.3
[INFO] [stderr]    Compiling slab v0.4.9
[INFO] [stderr]    Compiling yansi v1.0.0-rc.1
[INFO] [stderr]    Compiling futures-task v0.3.29
[INFO] [stderr]    Compiling fnv v1.0.7
[INFO] [stderr]    Compiling futures-sink v0.3.29
[INFO] [stderr]    Compiling tracing-core v0.1.32
[INFO] [stderr]    Compiling httparse v1.8.0
[INFO] [stderr]    Compiling futures-util v0.3.29
[INFO] [stderr]    Compiling futures-io v0.3.29
[INFO] [stderr]    Compiling vcpkg v0.2.15
[INFO] [stderr]    Compiling log v0.4.20
[INFO] [stderr]    Compiling pkg-config v0.3.27
[INFO] [stderr]    Compiling rustix v0.38.25
[INFO] [stderr]    Compiling percent-encoding v2.3.1
[INFO] [stderr]    Compiling try-lock v0.2.4
[INFO] [stderr]    Compiling linux-raw-sys v0.4.11
[INFO] [stderr]    Compiling want v0.3.1
[INFO] [stderr]    Compiling quote v1.0.33
[INFO] [stderr]    Compiling tower-service v0.3.2
[INFO] [stderr]    Compiling httpdate v1.0.3
[INFO] [stderr]    Compiling http v0.2.11
[INFO] [stderr]    Compiling time-core v0.1.2
[INFO] [stderr]    Compiling powerfmt v0.2.0
[INFO] [stderr]    Compiling inlinable_string v0.1.15
[INFO] [stderr]    Compiling smallvec v1.11.2
[INFO] [stderr]    Compiling mio v0.8.9
[INFO] [stderr]    Compiling syn v2.0.39
[INFO] [stderr]    Compiling socket2 v0.5.5
[INFO] [stderr]    Compiling signal-hook-registry v1.4.1
[INFO] [stderr]    Compiling num_cpus v1.16.0
[INFO] [stderr]    Compiling cc v1.0.83
[INFO] [stderr]    Compiling socket2 v0.4.10
[INFO] [stderr]    Compiling deranged v0.3.9
[INFO] [stderr]    Compiling time-macros v0.2.15
[INFO] [stderr]    Compiling cookie v0.18.0
[INFO] [stderr]    Compiling openssl v0.10.60
[INFO] [stderr]    Compiling ref-cast v1.0.20
[INFO] [stderr]    Compiling foreign-types-shared v0.1.1
[INFO] [stderr]    Compiling foreign-types v0.3.2
[INFO] [stderr]    Compiling uncased v0.9.9
[INFO] [stderr]    Compiling native-tls v0.2.11
[INFO] [stderr]    Compiling http-body v0.4.5
[INFO] [stderr]    Compiling tinyvec_macros v0.1.1
[INFO] [stderr]    Compiling tinyvec v1.6.0
[INFO] [stderr]    Compiling tracing v0.1.40
[INFO] [stderr]    Compiling tokio v1.34.0
[INFO] [stderr]    Compiling getrandom v0.2.11
[INFO] [stderr]    Compiling stable-pattern v0.1.0
[INFO] [stderr]    Compiling lock_api v0.4.11
[INFO] [stderr]    Compiling either v1.9.0
[INFO] [stderr]    Compiling parking_lot_core v0.9.9
[INFO] [stderr]    Compiling serde_json v1.0.108
[INFO] [stderr]    Compiling openssl-probe v0.1.5
[INFO] [stderr]    Compiling ryu v1.0.15
[INFO] [stderr]    Compiling state v0.6.0
[INFO] [stderr]    Compiling winnow v0.5.19
[INFO] [stderr]    Compiling rand_core v0.6.4
[INFO] [stderr]    Compiling indexmap v2.1.0
[INFO] [stderr]    Compiling form_urlencoded v1.2.1
[INFO] [stderr]    Compiling aho-corasick v1.1.2
[INFO] [stderr]    Compiling encoding_rs v0.8.33
[INFO] [stderr]    Compiling figment v0.10.12
[INFO] [stderr]    Compiling multer v2.1.0
[INFO] [stderr]    Compiling num-traits v0.2.17
[INFO] [stderr]    Compiling scopeguard v1.2.0
[INFO] [stderr]    Compiling unicode-bidi v0.3.13
[INFO] [stderr]    Compiling ppv-lite86 v0.2.17
[INFO] [stderr]    Compiling async-trait v0.1.74
[INFO] [stderr]    Compiling mime v0.3.17
[INFO] [stderr]    Compiling openssl-sys v0.9.96
[INFO] [stderr]    Compiling regex-syntax v0.8.2
[INFO] [stderr]    Compiling unicode-normalization v0.1.22
[INFO] [stderr]    Compiling rand_chacha v0.3.1
[INFO] [stderr]    Compiling futures v0.3.29
[INFO] [stderr]    Compiling time v0.3.30
[INFO] [stderr]    Compiling rocket v0.5.0
[INFO] [stderr]    Compiling is-terminal v0.4.9
[INFO] [stderr]    Compiling fastrand v2.0.1
[INFO] [stderr]    Compiling idna v0.5.0
[INFO] [stderr]    Compiling spin v0.9.8
[INFO] [stderr]    Compiling lazy_static v1.4.0
[INFO] [stderr]    Compiling glob v0.3.1
[INFO] [stderr]    Compiling unicode-xid v0.2.4
[INFO] [stderr]    Compiling overload v0.1.1
[INFO] [stderr]    Compiling sharded-slab v0.1.7
[INFO] [stderr]    Compiling nu-ansi-term v0.46.0
[INFO] [stderr]    Compiling parking_lot v0.12.1
[INFO] [stderr]    Compiling tempfile v3.8.1
[INFO] [stderr]    Compiling url v2.5.0
[INFO] [stderr]    Compiling rand v0.8.5
[INFO] [stderr]    Compiling tracing-log v0.2.0
[INFO] [stderr]    Compiling thread_local v1.1.7
[INFO] [stderr]    Compiling base64 v0.21.5
[INFO] [stderr]    Compiling atomic v0.5.3
[INFO] [stderr]    Compiling ipnet v2.9.0
[INFO] [stderr]    Compiling termcolor v1.4.0
[INFO] [stderr]    Compiling iana-time-zone v0.1.58
[INFO] [stderr]    Compiling humantime v2.1.0
[INFO] [stderr]    Compiling regex-automata v0.4.3
[INFO] [stderr]    Compiling binascii v0.1.4
[INFO] [stderr]    Compiling tracing-subscriber v0.3.18
[INFO] [stderr]    Compiling hyper v0.14.27
[INFO] [stderr]    Compiling devise_core v0.4.1
[INFO] [stderr]    Compiling serde_derive v1.0.193
[INFO] [stderr]    Compiling tokio-macros v2.2.0
[INFO] [stderr]    Compiling futures-macro v0.3.29
[INFO] [stderr]    Compiling tracing-attributes v0.1.27
[INFO] [stderr]    Compiling pear_codegen v0.2.7
[INFO] [stderr]    Compiling ref-cast-impl v1.0.20
[INFO] [stderr]    Compiling openssl-macros v0.1.1
[INFO] [stderr]    Compiling async-stream-impl v0.3.5
[INFO] [stderr]    Compiling regex v1.10.2
[INFO] [stderr]    Compiling devise_codegen v0.4.1
[INFO] [stderr]    Compiling env_logger v0.10.1
[INFO] [stderr]    Compiling async-stream v0.3.5
[INFO] [stderr]    Compiling pear v0.2.7
[INFO] [stderr]    Compiling devise v0.4.1
[INFO] [stderr]    Compiling rocket_http v0.5.0
[INFO] [stderr]    Compiling rocket_codegen v0.5.0
[INFO] [stderr]    Compiling futures-executor v0.3.29
[INFO] [stderr]    Compiling tokio-util v0.7.10
[INFO] [stderr]    Compiling tokio-native-tls v0.3.1
[INFO] [stderr]    Compiling tokio-stream v0.1.14
[INFO] [stderr]    Compiling toml_datetime v0.6.5
[INFO] [stderr]    Compiling serde_spanned v0.6.4
[INFO] [stderr]    Compiling ubyte v0.10.4
[INFO] [stderr]    Compiling serde_urlencoded v0.7.1
[INFO] [stderr]    Compiling chrono v0.4.31
[INFO] [stderr]    Compiling h2 v0.3.22
[INFO] [stderr]    Compiling toml_edit v0.21.0
[INFO] [stderr]    Compiling toml v0.8.8
[INFO] [stderr]    Compiling hyper-tls v0.5.0
[INFO] [stderr]    Compiling reqwest v0.11.22
[INFO] [stderr]    Compiling voters-verdict v0.2.0 (/opt/rustwide/workdir)
[INFO] [stdout] error[E0432]: unresolved import `crate::persistence::ToPersistence`
[INFO] [stdout]    --> src/ballots.rs:9:5
[INFO] [stdout]     |
[INFO] [stdout] 9   |     persistence::ToPersistence,
[INFO] [stdout]     |     ^^^^^^^^^^^^^^^^^^^^^^^^^^ no `ToPersistence` in `persistence`
[INFO] [stdout]     |
[INFO] [stdout] note: found an item that was configured out
[INFO] [stdout]    --> src/persistence.rs:193:11
[INFO] [stdout]     |
[INFO] [stdout] 193 | pub trait ToPersistence: DirectoryIndex + Path + ToFile {
[INFO] [stdout]     |           ^^^^^^^^^^^^^
[INFO] [stdout]     = note: the item is gated behind the `local` feature
[INFO] [stdout] note: found an item that was configured out
[INFO] [stdout]    --> src/persistence.rs:206:11
[INFO] [stdout]     |
[INFO] [stdout] 206 | pub trait ToPersistence: RemoteIndex + Path + ToFile {
[INFO] [stdout]     |           ^^^^^^^^^^^^^
[INFO] [stdout]     = note: the item is gated behind the `remote` feature
[INFO] [stdout] note: found an item that was configured out
[INFO] [stdout]    --> src/persistence.rs:215:11
[INFO] [stdout]     |
[INFO] [stdout] 215 | pub trait ToPersistence: DirectoryIndex + RemoteIndex + Path + ToFile {
[INFO] [stdout]     |           ^^^^^^^^^^^^^
[INFO] [stdout]     = note: the item is gated behind the `file` feature
[INFO] [stdout] note: found an item that was configured out
[INFO] [stdout]    --> src/persistence.rs:227:11
[INFO] [stdout]     |
[INFO] [stdout] 227 | pub trait ToPersistence: Query + Selfaware + IdGenerator {
[INFO] [stdout]     |           ^^^^^^^^^^^^^
[INFO] [stdout]     = note: the item is gated behind the `db` feature
[INFO] [stdout] 
[INFO] [stdout] 
[INFO] [stdout] error[E0432]: unresolved imports `crate::persistence::ToPersistence`, `crate::serialize::FromStorage`
[INFO] [stdout]    --> src/common.rs:1:13
[INFO] [stdout]     |
[INFO] [stdout] 1   | use crate::{persistence::ToPersistence, serialize::FromStorage};
[INFO] [stdout]     |             ^^^^^^^^^^^^^^^^^^^^^^^^^^  ^^^^^^^^^^^^^^^^^^^^^^ no `FromStorage` in `serialize`
[INFO] [stdout]     |             |
[INFO] [stdout]     |             no `ToPersistence` in `persistence`
[INFO] [stdout]     |
[INFO] [stdout] note: found an item that was configured out
[INFO] [stdout]    --> src/persistence.rs:193:11
[INFO] [stdout]     |
[INFO] [stdout] 193 | pub trait ToPersistence: DirectoryIndex + Path + ToFile {
[INFO] [stdout]     |           ^^^^^^^^^^^^^
[INFO] [stdout]     = note: the item is gated behind the `local` feature
[INFO] [stdout] note: found an item that was configured out
[INFO] [stdout]    --> src/persistence.rs:206:11
[INFO] [stdout]     |
[INFO] [stdout] 206 | pub trait ToPersistence: RemoteIndex + Path + ToFile {
[INFO] [stdout]     |           ^^^^^^^^^^^^^
[INFO] [stdout]     = note: the item is gated behind the `remote` feature
[INFO] [stdout] note: found an item that was configured out
[INFO] [stdout]    --> src/persistence.rs:215:11
[INFO] [stdout]     |
[INFO] [stdout] 215 | pub trait ToPersistence: DirectoryIndex + RemoteIndex + Path + ToFile {
[INFO] [stdout]     |           ^^^^^^^^^^^^^
[INFO] [stdout]     = note: the item is gated behind the `file` feature
[INFO] [stdout] note: found an item that was configured out
[INFO] [stdout]    --> src/persistence.rs:227:11
[INFO] [stdout]     |
[INFO] [stdout] 227 | pub trait ToPersistence: Query + Selfaware + IdGenerator {
[INFO] [stdout]     |           ^^^^^^^^^^^^^
[INFO] [stdout]     = note: the item is gated behind the `db` feature
[INFO] [stdout] note: found an item that was configured out
[INFO] [stdout]    --> src/serialize.rs:19:11
[INFO] [stdout]     |
[INFO] [stdout] 19  | pub trait FromStorage: FromPersistence + Empty {
[INFO] [stdout]     |           ^^^^^^^^^^^
[INFO] [stdout]     = note: the item is gated behind the `file` feature
[INFO] [stdout] note: found an item that was configured out
[INFO] [stdout]    --> src/serialize.rs:44:11
[INFO] [stdout]     |
[INFO] [stdout] 44  | pub trait FromStorage:
[INFO] [stdout]     |           ^^^^^^^^^^^
[INFO] [stdout]     = note: the item is gated behind the `sqlx_sqlite` feature
[INFO] [stdout] 
[INFO] [stdout] 
[INFO] [stdout] error[E0432]: unresolved imports `crate::persistence::ToPersistence`, `crate::serialize::ToStorage`
[INFO] [stdout]    --> src/criteria.rs:9:5
[INFO] [stdout]     |
[INFO] [stdout] 9   |     persistence::ToPersistence,
[INFO] [stdout]     |     ^^^^^^^^^^^^^^^^^^^^^^^^^^ no `ToPersistence` in `persistence`
[INFO] [stdout] 10  |     serialize::ToStorage,
[INFO] [stdout]     |     ^^^^^^^^^^^^^^^^^^^^ no `ToStorage` in `serialize`
[INFO] [stdout]     |
[INFO] [stdout] note: found an item that was configured out
[INFO] [stdout]    --> src/persistence.rs:193:11
[INFO] [stdout]     |
[INFO] [stdout] 193 | pub trait ToPersistence: DirectoryIndex + Path + ToFile {
[INFO] [stdout]     |           ^^^^^^^^^^^^^
[INFO] [stdout]     = note: the item is gated behind the `local` feature
[INFO] [stdout] note: found an item that was configured out
[INFO] [stdout]    --> src/persistence.rs:206:11
[INFO] [stdout]     |
[INFO] [stdout] 206 | pub trait ToPersistence: RemoteIndex + Path + ToFile {
[INFO] [stdout]     |           ^^^^^^^^^^^^^
[INFO] [stdout]     = note: the item is gated behind the `remote` feature
[INFO] [stdout] note: found an item that was configured out
[INFO] [stdout]    --> src/persistence.rs:215:11
[INFO] [stdout]     |
[INFO] [stdout] 215 | pub trait ToPersistence: DirectoryIndex + RemoteIndex + Path + ToFile {
[INFO] [stdout]     |           ^^^^^^^^^^^^^
[INFO] [stdout]     = note: the item is gated behind the `file` feature
[INFO] [stdout] note: found an item that was configured out
[INFO] [stdout]    --> src/persistence.rs:227:11
[INFO] [stdout]     |
[INFO] [stdout] 227 | pub trait ToPersistence: Query + Selfaware + IdGenerator {
[INFO] [stdout]     |           ^^^^^^^^^^^^^
[INFO] [stdout]     = note: the item is gated behind the `db` feature
[INFO] [stdout] note: found an item that was configured out
[INFO] [stdout]    --> src/serialize.rs:80:11
[INFO] [stdout]     |
[INFO] [stdout] 80  | pub trait ToStorage: ToPersistence + Serialize + IdGenerator {
[INFO] [stdout]     |           ^^^^^^^^^
[INFO] [stdout]     = note: the item is gated behind the `file` feature
[INFO] [stdout] note: found an item that was configured out
[INFO] [stdout]    --> src/serialize.rs:108:11
[INFO] [stdout]     |
[INFO] [stdout] 108 | pub trait ToStorage: ToPersistence + Serialize {
[INFO] [stdout]     |           ^^^^^^^^^
[INFO] [stdout]     = note: the item is gated behind the `db` feature
[INFO] [stdout] 
[INFO] [stdout] 
[INFO] [stdout] error[E0432]: unresolved imports `crate::persistence::FromPersistence`, `crate::persistence::Path`, `crate::persistence::ToPersistence`
[INFO] [stdout]    --> src/serialize.rs:9:19
[INFO] [stdout]     |
[INFO] [stdout] 9   |     persistence::{FromPersistence, Path, ToPersistence},
[INFO] [stdout]     |                   ^^^^^^^^^^^^^^^  ^^^^  ^^^^^^^^^^^^^ no `ToPersistence` in `persistence`
[INFO] [stdout]     |                   |                |
[INFO] [stdout]     |                   |                no `Path` in `persistence`
[INFO] [stdout]     |                   no `FromPersistence` in `persistence`
[INFO] [stdout]     |
[INFO] [stdout] note: found an item that was configured out
[INFO] [stdout]    --> src/persistence.rs:238:11
[INFO] [stdout]     |
[INFO] [stdout] 238 | pub trait FromPersistence: Path + for<'de> Deserialize<'de> {
[INFO] [stdout]     |           ^^^^^^^^^^^^^^^
[INFO] [stdout]     = note: the item is gated behind the `file` feature
[INFO] [stdout] note: found an item that was configured out
[INFO] [stdout]    --> src/persistence.rs:270:11
[INFO] [stdout]     |
[INFO] [stdout] 270 | pub trait FromPersistence: Path + for<'de> Deserialize<'de> {
[INFO] [stdout]     |           ^^^^^^^^^^^^^^^
[INFO] [stdout]     = note: the item is gated behind the `db` feature
[INFO] [stdout]     = help: consider importing one of these items instead:
[INFO] [stdout]             rocket::http::uri::Path
[INFO] [stdout]             rocket::http::uri::fmt::Kind::Path
[INFO] [stdout]             rocket::http::uri::fmt::Path
[INFO] [stdout]             std::path::Path
[INFO] [stdout] note: found an item that was configured out
[INFO] [stdout]    --> src/persistence.rs:118:11
[INFO] [stdout]     |
[INFO] [stdout] 118 | pub trait Path: FileDir + IsUniqueFile {
[INFO] [stdout]     |           ^^^^
[INFO] [stdout]     = note: the item is gated behind the `local` feature
[INFO] [stdout] note: found an item that was configured out
[INFO] [stdout]    --> src/persistence.rs:145:11
[INFO] [stdout]     |
[INFO] [stdout] 145 | pub trait Path: FileDir {
[INFO] [stdout]     |           ^^^^
[INFO] [stdout]     = note: the item is gated behind the `remote` feature
[INFO] [stdout] note: found an item that was configured out
[INFO] [stdout]    --> src/persistence.rs:175:11
[INFO] [stdout]     |
[INFO] [stdout] 175 | pub trait Path: Query + Selfaware {
[INFO] [stdout]     |           ^^^^
[INFO] [stdout]     = note: the item is gated behind the `db` feature
[INFO] [stdout] note: found an item that was configured out
[INFO] [stdout]    --> src/persistence.rs:193:11
[INFO] [stdout]     |
[INFO] [stdout] 193 | pub trait ToPersistence: DirectoryIndex + Path + ToFile {
[INFO] [stdout]     |           ^^^^^^^^^^^^^
[INFO] [stdout]     = note: the item is gated behind the `local` feature
[INFO] [stdout] note: found an item that was configured out
[INFO] [stdout]    --> src/persistence.rs:206:11
[INFO] [stdout]     |
[INFO] [stdout] 206 | pub trait ToPersistence: RemoteIndex + Path + ToFile {
[INFO] [stdout]     |           ^^^^^^^^^^^^^
[INFO] [stdout]     = note: the item is gated behind the `remote` feature
[INFO] [stdout] note: found an item that was configured out
[INFO] [stdout]    --> src/persistence.rs:215:11
[INFO] [stdout]     |
[INFO] [stdout] 215 | pub trait ToPersistence: DirectoryIndex + RemoteIndex + Path + ToFile {
[INFO] [stdout]     |           ^^^^^^^^^^^^^
[INFO] [stdout]     = note: the item is gated behind the `file` feature
[INFO] [stdout] note: found an item that was configured out
[INFO] [stdout]    --> src/persistence.rs:227:11
[INFO] [stdout]     |
[INFO] [stdout] 227 | pub trait ToPersistence: Query + Selfaware + IdGenerator {
[INFO] [stdout]     |           ^^^^^^^^^^^^^
[INFO] [stdout]     = note: the item is gated behind the `db` feature
[INFO] [stdout] 
[INFO] [stdout] 
[INFO] [stdout] error[E0432]: unresolved imports `crate::persistence::Path`, `crate::serialize::ToStorage`
[INFO] [stdout]    --> src/users.rs:10:5
[INFO] [stdout]     |
[INFO] [stdout] 10  |     persistence::Path,
[INFO] [stdout]     |     ^^^^^^^^^^^^^^^^^ no `Path` in `persistence`
[INFO] [stdout] 11  |     serialize::ToStorage,
[INFO] [stdout]     |     ^^^^^^^^^^^^^^^^^^^^ no `ToStorage` in `serialize`
[INFO] [stdout]     |
[INFO] [stdout]     = help: consider importing one of these items instead:
[INFO] [stdout]             rocket::http::uri::Path
[INFO] [stdout]             rocket::http::uri::fmt::Kind::Path
[INFO] [stdout]             rocket::http::uri::fmt::Path
[INFO] [stdout]             std::path::Path
[INFO] [stdout] note: found an item that was configured out
[INFO] [stdout]    --> src/persistence.rs:118:11
[INFO] [stdout]     |
[INFO] [stdout] 118 | pub trait Path: FileDir + IsUniqueFile {
[INFO] [stdout]     |           ^^^^
[INFO] [stdout]     = note: the item is gated behind the `local` feature
[INFO] [stdout] note: found an item that was configured out
[INFO] [stdout]    --> src/persistence.rs:145:11
[INFO] [stdout]     |
[INFO] [stdout] 145 | pub trait Path: FileDir {
[INFO] [stdout]     |           ^^^^
[INFO] [stdout]     = note: the item is gated behind the `remote` feature
[INFO] [stdout] note: found an item that was configured out
[INFO] [stdout]    --> src/persistence.rs:175:11
[INFO] [stdout]     |
[INFO] [stdout] 175 | pub trait Path: Query + Selfaware {
[INFO] [stdout]     |           ^^^^
[INFO] [stdout]     = note: the item is gated behind the `db` feature
[INFO] [stdout] note: found an item that was configured out
[INFO] [stdout]    --> src/serialize.rs:80:11
[INFO] [stdout]     |
[INFO] [stdout] 80  | pub trait ToStorage: ToPersistence + Serialize + IdGenerator {
[INFO] [stdout]     |           ^^^^^^^^^
[INFO] [stdout]     = note: the item is gated behind the `file` feature
[INFO] [stdout] note: found an item that was configured out
[INFO] [stdout]    --> src/serialize.rs:108:11
[INFO] [stdout]     |
[INFO] [stdout] 108 | pub trait ToStorage: ToPersistence + Serialize {
[INFO] [stdout]     |           ^^^^^^^^^
[INFO] [stdout]     = note: the item is gated behind the `db` feature
[INFO] [stdout] 
[INFO] [stdout] 
[INFO] [stdout] error[E0432]: unresolved import `crate::persistence::ToPersistence`
[INFO] [stdout]    --> src/validator.rs:3:5
[INFO] [stdout]     |
[INFO] [stdout] 3   |     persistence::ToPersistence,
[INFO] [stdout]     |     ^^^^^^^^^^^^^^^^^^^^^^^^^^ no `ToPersistence` in `persistence`
[INFO] [stdout]     |
[INFO] [stdout] note: found an item that was configured out
[INFO] [stdout]    --> src/persistence.rs:193:11
[INFO] [stdout]     |
[INFO] [stdout] 193 | pub trait ToPersistence: DirectoryIndex + Path + ToFile {
[INFO] [stdout]     |           ^^^^^^^^^^^^^
[INFO] [stdout]     = note: the item is gated behind the `local` feature
[INFO] [stdout] note: found an item that was configured out
[INFO] [stdout]    --> src/persistence.rs:206:11
[INFO] [stdout]     |
[INFO] [stdout] 206 | pub trait ToPersistence: RemoteIndex + Path + ToFile {
[INFO] [stdout]     |           ^^^^^^^^^^^^^
[INFO] [stdout]     = note: the item is gated behind the `remote` feature
[INFO] [stdout] note: found an item that was configured out
[INFO] [stdout]    --> src/persistence.rs:215:11
[INFO] [stdout]     |
[INFO] [stdout] 215 | pub trait ToPersistence: DirectoryIndex + RemoteIndex + Path + ToFile {
[INFO] [stdout]     |           ^^^^^^^^^^^^^
[INFO] [stdout]     = note: the item is gated behind the `file` feature
[INFO] [stdout] note: found an item that was configured out
[INFO] [stdout]    --> src/persistence.rs:227:11
[INFO] [stdout]     |
[INFO] [stdout] 227 | pub trait ToPersistence: Query + Selfaware + IdGenerator {
[INFO] [stdout]     |           ^^^^^^^^^^^^^
[INFO] [stdout]     = note: the item is gated behind the `db` feature
[INFO] [stdout] 
[INFO] [stdout] 
[INFO] [stdout] error[E0432]: unresolved import `crate::serialize::ToStorage`
[INFO] [stdout]    --> src/votes.rs:14:5
[INFO] [stdout]     |
[INFO] [stdout] 14  |     serialize::ToStorage,
[INFO] [stdout]     |     ^^^^^^^^^^^^^^^^^^^^ no `ToStorage` in `serialize`
[INFO] [stdout]     |
[INFO] [stdout] note: found an item that was configured out
[INFO] [stdout]    --> src/serialize.rs:80:11
[INFO] [stdout]     |
[INFO] [stdout] 80  | pub trait ToStorage: ToPersistence + Serialize + IdGenerator {
[INFO] [stdout]     |           ^^^^^^^^^
[INFO] [stdout]     = note: the item is gated behind the `file` feature
[INFO] [stdout] note: found an item that was configured out
[INFO] [stdout]    --> src/serialize.rs:108:11
[INFO] [stdout]     |
[INFO] [stdout] 108 | pub trait ToStorage: ToPersistence + Serialize {
[INFO] [stdout]     |           ^^^^^^^^^
[INFO] [stdout]     = note: the item is gated behind the `db` feature
[INFO] [stdout] 
[INFO] [stdout] 
[INFO] [stdout] error[E0405]: cannot find trait `Query` in this scope
[INFO] [stdout]    --> src/ballots.rs:243:6
[INFO] [stdout]     |
[INFO] [stdout] 243 | impl Query for BallotsTable {}
[INFO] [stdout]     |      ^^^^^ not found in this scope
[INFO] [stdout] 
[INFO] [stdout] 
[INFO] [stdout] error[E0405]: cannot find trait `FromStorage` in module `crate::serialize`
[INFO] [stdout]    --> src/ballots.rs:322:24
[INFO] [stdout]     |
[INFO] [stdout] 322 | impl crate::serialize::FromStorage for BallotsTable {}
[INFO] [stdout]     |                        ^^^^^^^^^^^ not found in `crate::serialize`
[INFO] [stdout]     |
[INFO] [stdout] note: found an item that was configured out
[INFO] [stdout]    --> src/serialize.rs:19:11
[INFO] [stdout]     |
[INFO] [stdout] 19  | pub trait FromStorage: FromPersistence + Empty {
[INFO] [stdout]     |           ^^^^^^^^^^^
[INFO] [stdout]     = note: the item is gated behind the `file` feature
[INFO] [stdout] note: found an item that was configured out
[INFO] [stdout]    --> src/serialize.rs:44:11
[INFO] [stdout]     |
[INFO] [stdout] 44  | pub trait FromStorage:
[INFO] [stdout]     |           ^^^^^^^^^^^
[INFO] [stdout]     = note: the item is gated behind the `sqlx_sqlite` feature
[INFO] [stdout] 
[INFO] [stdout] 
[INFO] [stdout] error[E0405]: cannot find trait `FromPersistence` in module `crate::persistence`
[INFO] [stdout]    --> src/ballots.rs:323:26
[INFO] [stdout]     |
[INFO] [stdout] 323 | impl crate::persistence::FromPersistence for BallotsTable {}
[INFO] [stdout]     |                          ^^^^^^^^^^^^^^^ not found in `crate::persistence`
[INFO] [stdout]     |
[INFO] [stdout] note: found an item that was configured out
[INFO] [stdout]    --> src/persistence.rs:238:11
[INFO] [stdout]     |
[INFO] [stdout] 238 | pub trait FromPersistence: Path + for<'de> Deserialize<'de> {
[INFO] [stdout]     |           ^^^^^^^^^^^^^^^
[INFO] [stdout]     = note: the item is gated behind the `file` feature
[INFO] [stdout] note: found an item that was configured out
[INFO] [stdout]    --> src/persistence.rs:270:11
[INFO] [stdout]     |
[INFO] [stdout] 270 | pub trait FromPersistence: Path + for<'de> Deserialize<'de> {
[INFO] [stdout]     |           ^^^^^^^^^^^^^^^
[INFO] [stdout]     = note: the item is gated behind the `db` feature
[INFO] [stdout] 
[INFO] [stdout] 
[INFO] [stdout] error[E0405]: cannot find trait `Path` in module `crate::persistence`
[INFO] [stdout]    --> src/ballots.rs:324:26
[INFO] [stdout]     |
[INFO] [stdout] 324 | impl crate::persistence::Path for BallotsTable {}
[INFO] [stdout]     |                          ^^^^ not found in `crate::persistence`
[INFO] [stdout]     |
[INFO] [stdout] note: found an item that was configured out
[INFO] [stdout]    --> src/persistence.rs:118:11
[INFO] [stdout]     |
[INFO] [stdout] 118 | pub trait Path: FileDir + IsUniqueFile {
[INFO] [stdout]     |           ^^^^
[INFO] [stdout]     = note: the item is gated behind the `local` feature
[INFO] [stdout] note: found an item that was configured out
[INFO] [stdout]    --> src/persistence.rs:145:11
[INFO] [stdout]     |
[INFO] [stdout] 145 | pub trait Path: FileDir {
[INFO] [stdout]     |           ^^^^
[INFO] [stdout]     = note: the item is gated behind the `remote` feature
[INFO] [stdout] note: found an item that was configured out
[INFO] [stdout]    --> src/persistence.rs:175:11
[INFO] [stdout]     |
[INFO] [stdout] 175 | pub trait Path: Query + Selfaware {
[INFO] [stdout]     |           ^^^^
[INFO] [stdout]     = note: the item is gated behind the `db` feature
[INFO] [stdout] 
[INFO] [stdout] 
[INFO] [stdout] error[E0405]: cannot find trait `FromStorage` in this scope
[INFO] [stdout]    --> src/serialize.rs:124:6
[INFO] [stdout]     |
[INFO] [stdout] 124 | impl FromStorage for Votings {}
[INFO] [stdout]     |      ^^^^^^^^^^^ not found in this scope
[INFO] [stdout] 
[INFO] [stdout] 
[INFO] [stdout] error[E0405]: cannot find trait `FromStorage` in this scope
[INFO] [stdout]    --> src/serialize.rs:126:6
[INFO] [stdout]     |
[INFO] [stdout] 126 | impl FromStorage for Voting {}
[INFO] [stdout]     |      ^^^^^^^^^^^ not found in this scope
[INFO] [stdout] 
[INFO] [stdout] 
[INFO] [stdout] error[E0405]: cannot find trait `ToStorage` in this scope
[INFO] [stdout]    --> src/serialize.rs:127:6
[INFO] [stdout]     |
[INFO] [stdout] 127 | impl ToStorage for Voting {}
[INFO] [stdout]     |      ^^^^^^^^^ not found in this scope
[INFO] [stdout] 
[INFO] [stdout] 
[INFO] [stdout] error[E0405]: cannot find trait `FromStorage` in this scope
[INFO] [stdout]    --> src/serialize.rs:129:6
[INFO] [stdout]     |
[INFO] [stdout] 129 | impl FromStorage for CastBallots {}
[INFO] [stdout]     |      ^^^^^^^^^^^ not found in this scope
[INFO] [stdout] 
[INFO] [stdout] 
[INFO] [stdout] error[E0405]: cannot find trait `ToStorage` in this scope
[INFO] [stdout]    --> src/serialize.rs:130:6
[INFO] [stdout]     |
[INFO] [stdout] 130 | impl ToStorage for CastBallots {}
[INFO] [stdout]     |      ^^^^^^^^^ not found in this scope
[INFO] [stdout] 
[INFO] [stdout] 
[INFO] [stdout] error[E0405]: cannot find trait `ToStorage` in this scope
[INFO] [stdout]    --> src/serialize.rs:133:6
[INFO] [stdout]     |
[INFO] [stdout] 133 | impl ToStorage for Candidate {}
[INFO] [stdout]     |      ^^^^^^^^^ not found in this scope
[INFO] [stdout] 
[INFO] [stdout] 
[INFO] [stdout] error[E0405]: cannot find trait `FromStorage` in this scope
[INFO] [stdout]    --> src/serialize.rs:134:6
[INFO] [stdout]     |
[INFO] [stdout] 134 | impl FromStorage for Candidate {}
[INFO] [stdout]     |      ^^^^^^^^^^^ not found in this scope
[INFO] [stdout] 
[INFO] [stdout] 
[INFO] [stdout] error[E0405]: cannot find trait `FromStorage` in this scope
[INFO] [stdout]    --> src/serialize.rs:136:6
[INFO] [stdout]     |
[INFO] [stdout] 136 | impl FromStorage for Criteria {}
[INFO] [stdout]     |      ^^^^^^^^^^^ not found in this scope
[INFO] [stdout] 
[INFO] [stdout] 
[INFO] [stdout] error[E0405]: cannot find trait `ToStorage` in this scope
[INFO] [stdout]    --> src/serialize.rs:140:6
[INFO] [stdout]     |
[INFO] [stdout] 140 | impl ToStorage for EmojiCategories {}
[INFO] [stdout]     |      ^^^^^^^^^ not found in this scope
[INFO] [stdout] 
[INFO] [stdout] 
[INFO] [stdout] error[E0405]: cannot find trait `FromStorage` in this scope
[INFO] [stdout]    --> src/serialize.rs:141:6
[INFO] [stdout]     |
[INFO] [stdout] 141 | impl FromStorage for EmojiCategories {}
[INFO] [stdout]     |      ^^^^^^^^^^^ not found in this scope
[INFO] [stdout] 
[INFO] [stdout] 
[INFO] [stdout] error[E0405]: cannot find trait `ToStorage` in this scope
[INFO] [stdout]    --> src/serialize.rs:147:6
[INFO] [stdout]     |
[INFO] [stdout] 147 | impl ToStorage for Criterion {}
[INFO] [stdout]     |      ^^^^^^^^^ not found in this scope
[INFO] [stdout] 
[INFO] [stdout] 
[INFO] [stdout] error[E0405]: cannot find trait `FromStorage` in this scope
[INFO] [stdout]    --> src/serialize.rs:148:6
[INFO] [stdout]     |
[INFO] [stdout] 148 | impl FromStorage for Criterion {}
[INFO] [stdout]     |      ^^^^^^^^^^^ not found in this scope
[INFO] [stdout] 
[INFO] [stdout] 
[INFO] [stdout] error[E0405]: cannot find trait `Query` in this scope
[INFO] [stdout]    --> src/serialize.rs:174:6
[INFO] [stdout]     |
[INFO] [stdout] 174 | impl Query for Votings {}
[INFO] [stdout]     |      ^^^^^ not found in this scope
[INFO] [stdout] 
[INFO] [stdout] 
[INFO] [stdout] error[E0405]: cannot find trait `Query` in this scope
[INFO] [stdout]    --> src/serialize.rs:175:6
[INFO] [stdout]     |
[INFO] [stdout] 175 | impl Query for Voting {}
[INFO] [stdout]     |      ^^^^^ not found in this scope
[INFO] [stdout] 
[INFO] [stdout] 
[INFO] [stdout] error[E0405]: cannot find trait `Query` in this scope
[INFO] [stdout]    --> src/serialize.rs:176:6
[INFO] [stdout]     |
[INFO] [stdout] 176 | impl Query for CastBallots {}
[INFO] [stdout]     |      ^^^^^ not found in this scope
[INFO] [stdout] 
[INFO] [stdout] 
[INFO] [stdout] error[E0405]: cannot find trait `Query` in this scope
[INFO] [stdout]    --> src/serialize.rs:177:6
[INFO] [stdout]     |
[INFO] [stdout] 177 | impl Query for Candidate {}
[INFO] [stdout]     |      ^^^^^ not found in this scope
[INFO] [stdout] 
[INFO] [stdout] 
[INFO] [stdout] error[E0405]: cannot find trait `Query` in this scope
[INFO] [stdout]    --> src/serialize.rs:178:6
[INFO] [stdout]     |
[INFO] [stdout] 178 | impl Query for Criteria {}
[INFO] [stdout]     |      ^^^^^ not found in this scope
[INFO] [stdout] 
[INFO] [stdout] 
[INFO] [stdout] error[E0405]: cannot find trait `Query` in this scope
[INFO] [stdout]    --> src/serialize.rs:179:6
[INFO] [stdout]     |
[INFO] [stdout] 179 | impl Query for Criterion {}
[INFO] [stdout]     |      ^^^^^ not found in this scope
[INFO] [stdout] 
[INFO] [stdout] 
[INFO] [stdout] error[E0405]: cannot find trait `Query` in this scope
[INFO] [stdout]    --> src/serialize.rs:180:6
[INFO] [stdout]     |
[INFO] [stdout] 180 | impl Query for EmojiCategories {}
[INFO] [stdout]     |      ^^^^^ not found in this scope
[INFO] [stdout] 
[INFO] [stdout] 
[INFO] [stdout] warning: unused import: `Table as VVTable`
[INFO] [stdout]  --> src/ballots.rs:6:48
[INFO] [stdout]   |
[INFO] [stdout] 6 |         KnownBallots, QueryableExt, Selfaware, Table as VVTable, Vote, VoteKind, Voting,
[INFO] [stdout]   |                                                ^^^^^^^^^^^^^^^^
[INFO] [stdout]   |
[INFO] [stdout]   = note: `#[warn(unused_imports)]` on by default
[INFO] [stdout] 
[INFO] [stdout] 
[INFO] [stdout] warning: unused import: `error`
[INFO] [stdout]   --> src/ballots.rs:17:12
[INFO] [stdout]    |
[INFO] [stdout] 17 |     debug, error, get,
[INFO] [stdout]    |            ^^^^^
[INFO] [stdout] 
[INFO] [stdout] 
[INFO] [stdout] warning: unused imports: `IdGenerator`, `Selfaware`, `error::VoteErrorKind`
[INFO] [stdout]  --> src/persistence.rs:2:14
[INFO] [stdout]   |
[INFO] [stdout] 2 |     common::{IdGenerator, Selfaware},
[INFO] [stdout]   |              ^^^^^^^^^^^  ^^^^^^^^^
[INFO] [stdout] 3 |     config::STORAGE_MODE,
[INFO] [stdout] 4 |     error::VoteErrorKind,
[INFO] [stdout]   |     ^^^^^^^^^^^^^^^^^^^^
[INFO] [stdout] 
[INFO] [stdout] 
[INFO] [stdout] warning: unused imports: `debug`, `serde::Deserialize`
[INFO] [stdout]  --> src/persistence.rs:6:14
[INFO] [stdout]   |
[INFO] [stdout] 6 | use rocket::{debug, serde::Deserialize};
[INFO] [stdout]   |              ^^^^^  ^^^^^^^^^^^^^^^^^^
[INFO] [stdout] 
[INFO] [stdout] 
[INFO] [stdout] warning: unused imports: `Empty`, `error::VoteErrorKind`
[INFO] [stdout]  --> src/serialize.rs:5:71
[INFO] [stdout]   |
[INFO] [stdout] 5 |         Candidate, CastBallots, Criteria, Criterion, EmojiCategories, Empty, QueryableExt, Voting,
[INFO] [stdout]   |                                                                       ^^^^^
[INFO] [stdout] ...
[INFO] [stdout] 8 |     error::VoteErrorKind,
[INFO] [stdout]   |     ^^^^^^^^^^^^^^^^^^^^
[INFO] [stdout] 
[INFO] [stdout] 
[INFO] [stdout] warning: unused imports: `Deserialize`, `Serialize`, `error`, `info`, `json::Json`
[INFO] [stdout]   --> src/serialize.rs:12:5
[INFO] [stdout]    |
[INFO] [stdout] 12 |     error, info,
[INFO] [stdout]    |     ^^^^^  ^^^^
[INFO] [stdout] 13 |     serde::{json::Json, Deserialize, Serialize},
[INFO] [stdout]    |             ^^^^^^^^^^  ^^^^^^^^^^^  ^^^^^^^^^
[INFO] [stdout] 
[INFO] [stdout] 
[INFO] [stdout] warning: unused import: `std::collections::BTreeMap`
[INFO] [stdout]   --> src/serialize.rs:15:5
[INFO] [stdout]    |
[INFO] [stdout] 15 | use std::collections::BTreeMap;
[INFO] [stdout]    |     ^^^^^^^^^^^^^^^^^^^^^^^^^^
[INFO] [stdout] 
[INFO] [stdout] 
[INFO] [stdout] warning: unused import: `std::collections::BTreeMap`
[INFO] [stdout]  --> src/votes.rs:8:5
[INFO] [stdout]   |
[INFO] [stdout] 8 | use std::collections::BTreeMap;
[INFO] [stdout]   |     ^^^^^^^^^^^^^^^^^^^^^^^^^^
[INFO] [stdout] 
[INFO] [stdout] 
[INFO] [stdout] error: aborting due to 30 previous errors; 8 warnings emitted
[INFO] [stdout] 
[INFO] [stdout] 
[INFO] [stdout] Some errors have detailed explanations: E0405, E0432.
[INFO] [stdout] 
[INFO] [stdout] For more information about an error, try `rustc --explain E0405`.
[INFO] [stdout] 
[INFO] [stderr] error: could not compile `voters-verdict` (lib) due to 31 previous errors; 8 warnings emitted
[INFO] [stderr] warning: build failed, waiting for other jobs to finish...
[INFO] running `Command { std: "docker" "inspect" "0d5b96eedaaa92f2c94ba2bc617956d26c812841f8998bb85a01debb7569a75d", kill_on_drop: false }`
[INFO] running `Command { std: "docker" "rm" "-f" "0d5b96eedaaa92f2c94ba2bc617956d26c812841f8998bb85a01debb7569a75d", kill_on_drop: false }`
[INFO] [stdout] 0d5b96eedaaa92f2c94ba2bc617956d26c812841f8998bb85a01debb7569a75d
