[INFO] cloning repository https://github.com/CollegeFootballRisk/Risk
[INFO] running `Command { std: "git" "-c" "credential.helper=" "-c" "credential.helper=/workspace/cargo-home/bin/git-credential-null" "clone" "--bare" "https://github.com/CollegeFootballRisk/Risk" "/workspace/cache/git-repos/https%3A%2F%2Fgithub.com%2FCollegeFootballRisk%2FRisk", kill_on_drop: false }`
[INFO] [stderr] Cloning into bare repository '/workspace/cache/git-repos/https%3A%2F%2Fgithub.com%2FCollegeFootballRisk%2FRisk'...
[INFO] running `Command { std: "git" "rev-parse" "HEAD", kill_on_drop: false }`
[INFO] [stdout] 58986b2449b5b20a8666337d9d56314e4eac86f4
[INFO] testing CollegeFootballRisk/Risk against 1.75.0 for beta-1.76-1
[INFO] running `Command { std: "git" "clone" "/workspace/cache/git-repos/https%3A%2F%2Fgithub.com%2FCollegeFootballRisk%2FRisk" "/workspace/builds/worker-1-tc1/source", kill_on_drop: false }`
[INFO] [stderr] Cloning into '/workspace/builds/worker-1-tc1/source'...
[INFO] [stderr] done.
[INFO] validating manifest of git repo https://github.com/CollegeFootballRisk/Risk on toolchain 1.75.0
[INFO] running `Command { std: CARGO_HOME="/workspace/cargo-home" RUSTUP_HOME="/workspace/rustup-home" "/workspace/cargo-home/bin/cargo" "+1.75.0" "metadata" "--manifest-path" "Cargo.toml" "--no-deps", kill_on_drop: false }`
[INFO] started tweaking git repo https://github.com/CollegeFootballRisk/Risk
[INFO] finished tweaking git repo https://github.com/CollegeFootballRisk/Risk
[INFO] tweaked toml for git repo https://github.com/CollegeFootballRisk/Risk written to /workspace/builds/worker-1-tc1/source/Cargo.toml
[INFO] crate git repo https://github.com/CollegeFootballRisk/Risk already has a lockfile, it will not be regenerated
[INFO] running `Command { std: CARGO_HOME="/workspace/cargo-home" RUSTUP_HOME="/workspace/rustup-home" "/workspace/cargo-home/bin/cargo" "+1.75.0" "fetch" "--manifest-path" "Cargo.toml", kill_on_drop: false }`
[INFO] [stderr]     Updating crates.io index
[INFO] [stderr]     Updating git repository `https://github.com/mautamu/rocket_oauth2`
[INFO] [stderr]     Blocking waiting for file lock on package cache
[INFO] [stderr]  Downloading crates ...
[INFO] [stderr]   Downloaded rocket_sync_db_pools_codegen v0.1.0-rc.3
[INFO] [stderr]   Downloaded pear_codegen v0.2.4
[INFO] [stderr]   Downloaded rocket_http v0.5.0-rc.3
[INFO] [stderr]   Downloaded rocket_sync_db_pools v0.1.0-rc.3
[INFO] [stderr]   Downloaded generator v0.7.4
[INFO] [stderr]   Downloaded rocket v0.5.0-rc.3
[INFO] [stderr]   Downloaded proc-macro2-diagnostics v0.10.0
[INFO] [stderr]   Downloaded pear v0.2.4
[INFO] [stderr]   Downloaded rocket_okapi_codegen v0.8.0-rc.3
[INFO] [stderr]   Downloaded figment v0.10.10
[INFO] [stderr]   Downloaded validators-options v0.24.0
[INFO] [stderr]   Downloaded rocket_okapi v0.8.0-rc.3
[INFO] [stderr]   Downloaded openssl v0.10.54
[INFO] [stderr]   Downloaded rocket_codegen v0.5.0-rc.3
[INFO] [stderr]   Downloaded validators-derive v0.24.1
[INFO] [stderr]   Downloaded enum-ordinalize v3.1.13
[INFO] [stderr]   Downloaded educe v0.4.22
[INFO] [stderr]   Downloaded lodepng v3.7.2
[INFO] [stderr]   Downloaded nsvg v0.5.1
[INFO] [stderr]   Downloaded captcha v0.0.9
[INFO] [stderr]   Downloaded validators v0.24.3
[INFO] [stderr]   Downloaded rocket-client-addr v0.5.2
[INFO] [stderr]   Downloaded rocket-recaptcha-v3 v0.3.2
[INFO] [stderr]   Downloaded fallible_collections v0.4.8
[INFO] [stderr]   Downloaded okapi v0.7.0-rc.1
[INFO] running `Command { std: "docker" "create" "-v" "/var/lib/crater-agent-workspace/builds/worker-1-tc1/target:/opt/rustwide/target:rw,Z" "-v" "/var/lib/crater-agent-workspace/builds/worker-1-tc1/source:/opt/rustwide/workdir:ro,Z" "-v" "/var/lib/crater-agent-workspace/cargo-home:/opt/rustwide/cargo-home:ro,Z" "-v" "/var/lib/crater-agent-workspace/rustup-home:/opt/rustwide/rustup-home:ro,Z" "-e" "SOURCE_DIR=/opt/rustwide/workdir" "-e" "CARGO_TARGET_DIR=/opt/rustwide/target" "-e" "CARGO_HOME=/opt/rustwide/cargo-home" "-e" "RUSTUP_HOME=/opt/rustwide/rustup-home" "-w" "/opt/rustwide/workdir" "-m" "1610612736" "--user" "0:0" "--network" "none" "ghcr.io/rust-lang/crates-build-env/linux@sha256:2788e3201cd34a07e3172128adcd8b3090168a8e3bcc40d7c032b9dda1df7d1c" "/opt/rustwide/cargo-home/bin/cargo" "+1.75.0" "metadata" "--no-deps" "--format-version=1", kill_on_drop: false }`
[INFO] [stdout] 595283c7df40ba27f3976a02c9891ff95eafa274901000b189b78269897dd0df
[INFO] running `Command { std: "docker" "start" "-a" "595283c7df40ba27f3976a02c9891ff95eafa274901000b189b78269897dd0df", kill_on_drop: false }`
[INFO] running `Command { std: "docker" "inspect" "595283c7df40ba27f3976a02c9891ff95eafa274901000b189b78269897dd0df", kill_on_drop: false }`
[INFO] running `Command { std: "docker" "rm" "-f" "595283c7df40ba27f3976a02c9891ff95eafa274901000b189b78269897dd0df", kill_on_drop: false }`
[INFO] [stdout] 595283c7df40ba27f3976a02c9891ff95eafa274901000b189b78269897dd0df
[INFO] running `Command { std: "docker" "create" "-v" "/var/lib/crater-agent-workspace/builds/worker-1-tc1/target:/opt/rustwide/target:rw,Z" "-v" "/var/lib/crater-agent-workspace/builds/worker-1-tc1/source:/opt/rustwide/workdir:ro,Z" "-v" "/var/lib/crater-agent-workspace/cargo-home:/opt/rustwide/cargo-home:ro,Z" "-v" "/var/lib/crater-agent-workspace/rustup-home:/opt/rustwide/rustup-home:ro,Z" "-e" "SOURCE_DIR=/opt/rustwide/workdir" "-e" "CARGO_TARGET_DIR=/opt/rustwide/target" "-e" "CARGO_INCREMENTAL=0" "-e" "RUST_BACKTRACE=full" "-e" "RUSTFLAGS=--cap-lints=warn" "-e" "RUSTDOCFLAGS=--cap-lints=warn" "-e" "CARGO_HOME=/opt/rustwide/cargo-home" "-e" "RUSTUP_HOME=/opt/rustwide/rustup-home" "-w" "/opt/rustwide/workdir" "-m" "1610612736" "--user" "0:0" "--network" "none" "ghcr.io/rust-lang/crates-build-env/linux@sha256:2788e3201cd34a07e3172128adcd8b3090168a8e3bcc40d7c032b9dda1df7d1c" "/opt/rustwide/cargo-home/bin/cargo" "+1.75.0" "build" "--frozen" "--message-format=json", kill_on_drop: false }`
[INFO] [stdout] b40e806117a96de3d877da1a22684a8b480b4d467ddb2c0e6c32b1c49eb7a876
[INFO] running `Command { std: "docker" "start" "-a" "b40e806117a96de3d877da1a22684a8b480b4d467ddb2c0e6c32b1c49eb7a876", kill_on_drop: false }`
[INFO] [stderr]    Compiling proc-macro2 v1.0.60
[INFO] [stderr]    Compiling unicode-ident v1.0.9
[INFO] [stderr]    Compiling quote v1.0.28
[INFO] [stderr]    Compiling libc v0.2.146
[INFO] [stderr]    Compiling serde v1.0.164
[INFO] [stderr]    Compiling itoa v1.0.6
[INFO] [stderr]    Compiling typenum v1.16.0
[INFO] [stderr]    Compiling futures-channel v0.3.28
[INFO] [stderr]    Compiling generic-array v0.14.7
[INFO] [stderr]    Compiling indexmap v1.9.3
[INFO] [stderr]    Compiling tokio v1.28.2
[INFO] [stderr]    Compiling proc-macro2-diagnostics v0.10.0
[INFO] [stderr]    Compiling tracing v0.1.37
[INFO] [stderr]    Compiling yansi v0.5.1
[INFO] [stderr]    Compiling log v0.4.19
[INFO] [stderr]    Compiling slab v0.4.8
[INFO] [stderr]    Compiling syn v1.0.109
[INFO] [stderr]    Compiling http v0.2.9
[INFO] [stderr]    Compiling futures-task v0.3.28
[INFO] [stderr]    Compiling subtle v2.5.0
[INFO] [stderr]    Compiling futures-util v0.3.28
[INFO] [stderr]    Compiling time-core v0.1.1
[INFO] [stderr]    Compiling futures-core v0.3.28
[INFO] [stderr]    Compiling futures-io v0.3.28
[INFO] [stderr]    Compiling time-macros v0.2.9
[INFO] [stderr]    Compiling num-bigint v0.4.3
[INFO] [stderr]    Compiling ring v0.16.20
[INFO] [stderr]    Compiling ryu v1.0.13
[INFO] [stderr]    Compiling serde_json v1.0.97
[INFO] [stderr]    Compiling cpufeatures v0.2.8
[INFO] [stderr]    Compiling futures-sink v0.3.28
[INFO] [stderr]    Compiling base64 v0.21.2
[INFO] [stderr]    Compiling ref-cast v1.0.16
[INFO] [stderr]    Compiling bitflags v2.3.2
[INFO] [stderr]    Compiling inlinable_string v0.1.15
[INFO] [stderr]    Compiling syn v2.0.18
[INFO] [stderr]    Compiling http-body v0.4.5
[INFO] [stderr]    Compiling cookie v0.17.0
[INFO] [stderr]    Compiling uncased v0.9.9
[INFO] [stderr]    Compiling untrusted v0.7.1
[INFO] [stderr]    Compiling io-lifetimes v1.0.11
[INFO] [stderr]    Compiling opaque-debug v0.3.0
[INFO] [stderr]    Compiling spin v0.5.2
[INFO] [stderr]    Compiling lock_api v0.4.10
[INFO] [stderr]    Compiling stable-pattern v0.1.0
[INFO] [stderr]    Compiling either v1.8.1
[INFO] [stderr]    Compiling rustix v0.37.20
[INFO] [stderr]    Compiling state v0.5.3
[INFO] [stderr]    Compiling mio v0.8.8
[INFO] [stderr]    Compiling socket2 v0.4.9
[INFO] [stderr]    Compiling openssl-sys v0.9.88
[INFO] [stderr]    Compiling linux-raw-sys v0.3.8
[INFO] [stderr]    Compiling getrandom v0.2.10
[INFO] [stderr]    Compiling signal-hook-registry v1.4.1
[INFO] [stderr]    Compiling rand_core v0.6.4
[INFO] [stderr]    Compiling num_cpus v1.15.0
[INFO] [stderr]    Compiling crypto-common v0.1.6
[INFO] [stderr]    Compiling block-buffer v0.10.4
[INFO] [stderr]    Compiling inout v0.1.3
[INFO] [stderr]    Compiling universal-hash v0.5.1
[INFO] [stderr]    Compiling digest v0.10.7
[INFO] [stderr]    Compiling parking_lot_core v0.9.8
[INFO] [stderr]    Compiling time v0.3.22
[INFO] [stderr]    Compiling cipher v0.4.4
[INFO] [stderr]    Compiling polyval v0.6.1
[INFO] [stderr]    Compiling aead v0.5.2
[INFO] [stderr]    Compiling hmac v0.12.1
[INFO] [stderr]    Compiling ghash v0.5.0
[INFO] [stderr]    Compiling ctr v0.9.2
[INFO] [stderr]    Compiling aes v0.8.3
[INFO] [stderr]    Compiling parking_lot v0.12.1
[INFO] [stderr]    Compiling rand_chacha v0.3.1
[INFO] [stderr]    Compiling winnow v0.4.7
[INFO] [stderr]    Compiling futures v0.3.28
[INFO] [stderr]    Compiling hkdf v0.12.3
[INFO] [stderr]    Compiling sha2 v0.10.7
[INFO] [stderr]    Compiling figment v0.10.10
[INFO] [stderr]    Compiling tempfile v3.6.0
[INFO] [stderr]    Compiling multer v2.1.0
[INFO] [stderr]    Compiling rand v0.8.5
[INFO] [stderr]    Compiling async-trait v0.1.68
[INFO] [stderr]    Compiling aes-gcm v0.10.2
[INFO] [stderr]    Compiling num-integer v0.1.45
[INFO] [stderr]    Compiling rocket v0.5.0-rc.3
[INFO] [stderr]    Compiling spin v0.9.8
[INFO] [stderr]    Compiling fastrand v1.9.0
[INFO] [stderr]    Compiling glob v0.3.1
[INFO] [stderr]    Compiling unicode-xid v0.2.4
[INFO] [stderr]    Compiling time v0.1.45
[INFO] [stderr]    Compiling iana-time-zone v0.1.57
[INFO] [stderr]    Compiling binascii v0.1.4
[INFO] [stderr]    Compiling rustls v0.21.2
[INFO] [stderr]    Compiling openssl v0.10.54
[INFO] [stderr]    Compiling atomic v0.5.3
[INFO] [stderr]    Compiling native-tls v0.2.11
[INFO] [stderr]    Compiling rustls-pemfile v1.0.2
[INFO] [stderr]    Compiling strsim v0.10.0
[INFO] [stderr]    Compiling ident_case v1.0.1
[INFO] [stderr]    Compiling rustls-native-certs v0.6.3
[INFO] [stderr]    Compiling aho-corasick v1.0.2
[INFO] [stderr]    Compiling thiserror v1.0.40
[INFO] [stderr]    Compiling regex-syntax v0.7.2
[INFO] [stderr]    Compiling schemars v0.8.12
[INFO] [stderr]    Compiling pq-sys v0.4.8
[INFO] [stderr]    Compiling darling_core v0.13.4
[INFO] [stderr]    Compiling serde_derive_internals v0.26.0
[INFO] [stderr]    Compiling proc-macro-hack v0.5.20+deprecated
[INFO] [stderr]    Compiling rustls-webpki v0.100.2
[INFO] [stderr]    Compiling hyper v0.14.26
[INFO] [stderr]    Compiling is-terminal v0.4.7
[INFO] [stderr]    Compiling sct v0.7.0
[INFO] [stderr]    Compiling devise_core v0.4.1
[INFO] [stderr]    Compiling diesel_table_macro_syntax v0.1.0
[INFO] [stderr]    Compiling webpki v0.22.0
[INFO] [stderr]    Compiling url v2.4.0
[INFO] [stderr]    Compiling scheduled-thread-pool v0.2.7
[INFO] [stderr]    Compiling dyn-clone v1.0.11
[INFO] [stderr]    Compiling webpki-roots v0.22.6
[INFO] [stderr]    Compiling r2d2 v0.8.10
[INFO] [stderr]    Compiling bigdecimal v0.3.1
[INFO] [stderr]    Compiling rocket_sync_db_pools v0.1.0-rc.3
[INFO] [stderr]    Compiling ipnet v2.7.2
[INFO] [stderr]    Compiling uuid v1.3.4
[INFO] [stderr]    Compiling pem v1.1.1
[INFO] [stderr]    Compiling regex v1.8.4
[INFO] [stderr]    Compiling urlencoding v2.1.2
[INFO] [stderr]    Compiling schemars_derive v0.8.12
[INFO] [stderr]    Compiling darling_macro v0.13.4
[INFO] [stderr]    Compiling git-version-macro v0.3.5
[INFO] [stderr]    Compiling serde_derive v1.0.164
[INFO] [stderr]    Compiling tokio-macros v2.1.0
[INFO] [stderr]    Compiling pear_codegen v0.2.4
[INFO] [stderr]    Compiling ref-cast-impl v1.0.16
[INFO] [stderr]    Compiling devise_codegen v0.4.1
[INFO] [stderr]    Compiling async-stream-impl v0.3.5
[INFO] [stderr]    Compiling openssl-macros v0.1.1
[INFO] [stderr]    Compiling enum-ordinalize v3.1.13
[INFO] [stderr]    Compiling thiserror-impl v1.0.40
[INFO] [stderr]    Compiling diesel_derives v2.1.0
[INFO] [stderr]    Compiling git-version v0.3.5
[INFO] [stderr]    Compiling darling v0.13.4
[INFO] [stderr]    Compiling async-stream v0.3.5
[INFO] [stderr]    Compiling devise v0.4.1
[INFO] [stderr]    Compiling rocket_sync_db_pools_codegen v0.1.0-rc.3
[INFO] [stderr]    Compiling educe v0.4.22
[INFO] [stderr]    Compiling pear v0.2.4
[INFO] [stderr]    Compiling simple_asn1 v0.6.2
[INFO] [stderr]    Compiling rocket_http v0.5.0-rc.3
[INFO] [stderr]    Compiling validators-options v0.24.0
[INFO] [stderr]    Compiling validators-derive v0.24.1
[INFO] [stderr]    Compiling rocket_codegen v0.5.0-rc.3
[INFO] [stderr]    Compiling rocket_okapi_codegen v0.8.0-rc.3
[INFO] [stderr]    Compiling tokio-util v0.7.8
[INFO] [stderr]    Compiling tokio-stream v0.1.14
[INFO] [stderr]    Compiling tokio-rustls v0.24.1
[INFO] [stderr]    Compiling tokio-native-tls v0.3.1
[INFO] [stderr]    Compiling serde_spanned v0.6.2
[INFO] [stderr]    Compiling toml_datetime v0.6.2
[INFO] [stderr]    Compiling ubyte v0.10.3
[INFO] [stderr]    Compiling chrono v0.4.26
[INFO] [stderr]    Compiling serde_urlencoded v0.7.1
[INFO] [stderr]    Compiling toml v0.5.11
[INFO] [stderr]    Compiling h2 v0.3.19
[INFO] [stderr]    Compiling toml_edit v0.19.10
[INFO] [stderr]    Compiling jsonwebtoken v8.3.0
[INFO] [stderr]    Compiling diesel v2.1.0
[INFO] [stderr]    Compiling okapi v0.7.0-rc.1
[INFO] [stderr]    Compiling toml v0.7.4
[INFO] [stderr]    Compiling hyper-rustls v0.24.0
[INFO] [stderr]    Compiling hyper-tls v0.5.0
[INFO] [stderr]    Compiling reqwest v0.11.18
[INFO] [stderr]    Compiling rocket-client-addr v0.5.2
[INFO] [stderr]    Compiling validators v0.24.3
[INFO] [stderr]    Compiling rocket_okapi v0.8.0-rc.3
[INFO] [stderr]    Compiling rocket_oauth2 v0.5.0-rc.2 (https://github.com/mautamu/rocket_oauth2?branch=next#47171081)
[INFO] [stderr]    Compiling rocket-recaptcha-v3 v0.3.2
[INFO] [stderr]    Compiling rust-risk v0.3.0 (/opt/rustwide/workdir)
[INFO] [stdout] error[E0554]: `#![feature]` may not be used on the stable release channel
[INFO] [stdout]  --> src/ringmaster.rs:5:12
[INFO] [stdout]   |
[INFO] [stdout] 5 | #![feature(drain_filter)]
[INFO] [stdout]   |            ^^^^^^^^^^^^
[INFO] [stdout] 
[INFO] [stdout] 
[INFO] [stdout] error[E0635]: unknown feature `drain_filter`
[INFO] [stdout]  --> src/ringmaster.rs:5:12
[INFO] [stdout]   |
[INFO] [stdout] 5 | #![feature(drain_filter)]
[INFO] [stdout]   |            ^^^^^^^^^^^^
[INFO] [stdout] 
[INFO] [stdout] 
[INFO] [stdout] error[E0554]: `#![feature]` may not be used on the stable release channel
[INFO] [stdout]  --> src/server.rs:5:1
[INFO] [stdout]   |
[INFO] [stdout] 5 | #![feature(proc_macro_hygiene, decl_macro)]
[INFO] [stdout]   | ^^^^^^^^^^^^^^^^^^^^^^^^^^^^^^^^^^^^^^^^^^^
[INFO] [stdout] 
[INFO] [stdout] 
[INFO] [stdout] warning: unused import: `robots`
[INFO] [stdout]  --> src/hardcode.rs:8:21
[INFO] [stdout]   |
[INFO] [stdout] 8 | pub(crate) async fn robots() -> String {
[INFO] [stdout]   |                     ^^^^^^
[INFO] [stdout]   |
[INFO] [stdout]   = note: `#[warn(unused_imports)]` on by default
[INFO] [stdout] 
[INFO] [stdout] 
[INFO] [stdout] warning: unused import: `favicon`
[INFO] [stdout]   --> src/hardcode.rs:17:21
[INFO] [stdout]    |
[INFO] [stdout] 17 | pub(crate) async fn favicon() -> NamedFile {
[INFO] [stdout]    |                     ^^^^^^^
[INFO] [stdout] 
[INFO] [stdout] 
[INFO] [stdout] warning: unused import: `global_css`
[INFO] [stdout]   --> src/hardcode.rs:23:21
[INFO] [stdout]    |
[INFO] [stdout] 23 | pub(crate) async fn global_css() -> NamedFile {
[INFO] [stdout]    |                     ^^^^^^^^^^
[INFO] [stdout] 
[INFO] [stdout] 
[INFO] [stdout] warning: unused import: `js_api_leaderboard`
[INFO] [stdout]   --> src/hardcode.rs:29:21
[INFO] [stdout]    |
[INFO] [stdout] 29 | pub(crate) async fn js_api_leaderboard(_data: Option<String>) -> NamedFile {
[INFO] [stdout]    |                     ^^^^^^^^^^^^^^^^^^
[INFO] [stdout] 
[INFO] [stdout] 
[INFO] [stdout] warning: unused import: `js_api_territory`
[INFO] [stdout]   --> src/hardcode.rs:35:21
[INFO] [stdout]    |
[INFO] [stdout] 35 | pub(crate) async fn js_api_territory(_data: Option<String>) -> NamedFile {
[INFO] [stdout]    |                     ^^^^^^^^^^^^^^^^
[INFO] [stdout] 
[INFO] [stdout] 
[INFO] [stdout] warning: unused import: `js_api_team`
[INFO] [stdout]   --> src/hardcode.rs:41:21
[INFO] [stdout]    |
[INFO] [stdout] 41 | pub(crate) async fn js_api_team(_data: Option<String>) -> NamedFile {
[INFO] [stdout]    |                     ^^^^^^^^^^^
[INFO] [stdout] 
[INFO] [stdout] 
[INFO] [stdout] warning: unused import: `js_api_team_players`
[INFO] [stdout]   --> src/hardcode.rs:47:21
[INFO] [stdout]    |
[INFO] [stdout] 47 | pub(crate) async fn js_api_team_players(_data: Option<String>) -> NamedFile {
[INFO] [stdout]    |                     ^^^^^^^^^^^^^^^^^^^
[INFO] [stdout] 
[INFO] [stdout] 
[INFO] [stdout] warning: unused import: `js_api_player`
[INFO] [stdout]   --> src/hardcode.rs:53:21
[INFO] [stdout]    |
[INFO] [stdout] 53 | pub(crate) async fn js_api_player(_data: Option<String>) -> NamedFile {
[INFO] [stdout]    |                     ^^^^^^^^^^^^^
[INFO] [stdout] 
[INFO] [stdout] 
[INFO] [stdout] warning: unused import: `error_ret`
[INFO] [stdout]   --> src/hardcode.rs:59:21
[INFO] [stdout]    |
[INFO] [stdout] 59 | pub(crate) async fn error_ret(_data: Option<String>) -> NamedFile {
[INFO] [stdout]    |                     ^^^^^^^^^
[INFO] [stdout] 
[INFO] [stdout] 
[INFO] [stdout] warning: unused import: `js_api_map`
[INFO] [stdout]   --> src/hardcode.rs:64:21
[INFO] [stdout]    |
[INFO] [stdout] 64 | pub(crate) async fn js_api_map(_data: Option<String>, _data2: Option<String>) -> NamedFile {
[INFO] [stdout]    |                     ^^^^^^^^^^
[INFO] [stdout] 
[INFO] [stdout] 
[INFO] [stdout] warning: unused import: `js_api_visited`
[INFO] [stdout]   --> src/hardcode.rs:70:21
[INFO] [stdout]    |
[INFO] [stdout] 70 | pub(crate) async fn js_api_visited(_data: Option<String>, _data2: Option<String>) -> NamedFile {
[INFO] [stdout]    |                     ^^^^^^^^^^^^^^
[INFO] [stdout] 
[INFO] [stdout] 
[INFO] [stdout] warning: unused import: `js_api_odds`
[INFO] [stdout]   --> src/hardcode.rs:76:21
[INFO] [stdout]    |
[INFO] [stdout] 76 | pub(crate) async fn js_api_odds(
[INFO] [stdout]    |                     ^^^^^^^^^^^
[INFO] [stdout] 
[INFO] [stdout] 
[INFO] [stdout] warning: unused import: `js_api_odds_2`
[INFO] [stdout]   --> src/hardcode.rs:86:21
[INFO] [stdout]    |
[INFO] [stdout] 86 | pub(crate) async fn js_api_odds_2(_data: Option<String>, _data2: Option<String>) -> NamedFile {
[INFO] [stdout]    |                     ^^^^^^^^^^^^^
[INFO] [stdout] 
[INFO] [stdout] 
[INFO] [stdout] warning: unused import: `js_api_odds_1`
[INFO] [stdout]   --> src/hardcode.rs:92:21
[INFO] [stdout]    |
[INFO] [stdout] 92 | pub(crate) async fn js_api_odds_1(_data: Option<String>) -> NamedFile {
[INFO] [stdout]    |                     ^^^^^^^^^^^^^
[INFO] [stdout] 
[INFO] [stdout] 
[INFO] [stdout] warning: unused import: `js_api_territories`
[INFO] [stdout]   --> src/hardcode.rs:98:21
[INFO] [stdout]    |
[INFO] [stdout] 98 | pub(crate) async fn js_api_territories(
[INFO] [stdout]    |                     ^^^^^^^^^^^^^^^^^^
[INFO] [stdout] 
[INFO] [stdout] 
[INFO] [stdout] warning: unused import: `me`
[INFO] [stdout]   --> src/model/auth/route.rs:44:21
[INFO] [stdout]    |
[INFO] [stdout] 44 | pub(crate) async fn me(
[INFO] [stdout]    |                     ^^
[INFO] [stdout] 
[INFO] [stdout] 
[INFO] [stdout] warning: unused import: `join_team`
[INFO] [stdout]   --> src/model/auth/route.rs:75:21
[INFO] [stdout]    |
[INFO] [stdout] 75 | pub(crate) async fn join_team(
[INFO] [stdout]    |                     ^^^^^^^^^
[INFO] [stdout] 
[INFO] [stdout] 
[INFO] [stdout] warning: unused import: `my_move`
[INFO] [stdout]    --> src/model/auth/route.rs:140:21
[INFO] [stdout]     |
[INFO] [stdout] 140 | pub(crate) async fn my_move(
[INFO] [stdout]     |                     ^^^^^^^
[INFO] [stdout] 
[INFO] [stdout] 
[INFO] [stdout] warning: unused import: `make_move`
[INFO] [stdout]    --> src/model/auth/route.rs:178:21
[INFO] [stdout]     |
[INFO] [stdout] 178 | pub(crate) async fn make_move<'v>(
[INFO] [stdout]     |                     ^^^^^^^^^
[INFO] [stdout] 
[INFO] [stdout] 
[INFO] [stdout] warning: unused import: `get_polls`
[INFO] [stdout]    --> src/model/auth/route.rs:386:21
[INFO] [stdout]     |
[INFO] [stdout] 386 | pub(crate) async fn get_polls(conn: DbConn) -> Result<Json<Vec<Poll>>, crate::Error> {
[INFO] [stdout]     |                     ^^^^^^^^^
[INFO] [stdout] 
[INFO] [stdout] 
[INFO] [stdout] warning: unused import: `submit_poll`
[INFO] [stdout]    --> src/model/auth/route.rs:403:21
[INFO] [stdout]     |
[INFO] [stdout] 403 | pub(crate) async fn submit_poll(
[INFO] [stdout]     |                     ^^^^^^^^^^^
[INFO] [stdout] 
[INFO] [stdout] 
[INFO] [stdout] warning: unused import: `view_response`
[INFO] [stdout]    --> src/model/auth/route.rs:448:21
[INFO] [stdout]     |
[INFO] [stdout] 448 | pub(crate) async fn view_response(
[INFO] [stdout]     |                     ^^^^^^^^^^^^^
[INFO] [stdout] 
[INFO] [stdout] 
[INFO] [stdout] warning: unused import: `players`
[INFO] [stdout]   --> src/model/player/route.rs:14:21
[INFO] [stdout]    |
[INFO] [stdout] 14 | pub(crate) async fn players(
[INFO] [stdout]    |                     ^^^^^^^
[INFO] [stdout] 
[INFO] [stdout] 
[INFO] [stdout] warning: unused import: `mercs`
[INFO] [stdout]   --> src/model/player/route.rs:42:21
[INFO] [stdout]    |
[INFO] [stdout] 42 | pub(crate) async fn mercs(team: String, conn: DbConn) -> Result<Json<Vec<TeamMerc>>, crate::Error> {
[INFO] [stdout]    |                     ^^^^^
[INFO] [stdout] 
[INFO] [stdout] 
[INFO] [stdout] warning: unused import: `player_full`
[INFO] [stdout]   --> src/model/player/route.rs:57:21
[INFO] [stdout]    |
[INFO] [stdout] 57 | pub(crate) async fn player_full(conn: DbConn) -> Result<Json<Vec<PlayerSummary>>, Error> {
[INFO] [stdout]    |                     ^^^^^^^^^^^
[INFO] [stdout] 
[INFO] [stdout] 
[INFO] [stdout] warning: unused import: `player_multifetch`
[INFO] [stdout]   --> src/model/player/route.rs:67:21
[INFO] [stdout]    |
[INFO] [stdout] 67 | pub(crate) async fn player_multifetch(
[INFO] [stdout]    |                     ^^^^^^^^^^^^^^^^^
[INFO] [stdout] 
[INFO] [stdout] 
[INFO] [stdout] warning: unused import: `search`
[INFO] [stdout]   --> src/model/player/route.rs:93:21
[INFO] [stdout]    |
[INFO] [stdout] 93 | pub(crate) async fn search(
[INFO] [stdout]    |                     ^^^^^^
[INFO] [stdout] 
[INFO] [stdout] 
[INFO] [stdout] warning: unused import: `player`
[INFO] [stdout]    --> src/model/player/route.rs:120:21
[INFO] [stdout]     |
[INFO] [stdout] 120 | pub(crate) async fn player(
[INFO] [stdout]     |                     ^^^^^^
[INFO] [stdout] 
[INFO] [stdout] 
[INFO] [stdout] warning: unused import: `login`
[INFO] [stdout]   --> src/model/reddit/route.rs:24:15
[INFO] [stdout]    |
[INFO] [stdout] 24 | pub(crate) fn login(oauth2: OAuth2<RedditUserInfo>, cookies: &CookieJar<'_>) -> Redirect {
[INFO] [stdout]    |               ^^^^^
[INFO] [stdout] 
[INFO] [stdout] 
[INFO] [stdout] warning: unused import: `logout`
[INFO] [stdout]   --> src/model/reddit/route.rs:31:21
[INFO] [stdout]    |
[INFO] [stdout] 31 | pub(crate) async fn logout(cookies: &CookieJar<'_>) -> Flash<Redirect> {
[INFO] [stdout]    |                     ^^^^^^
[INFO] [stdout] 
[INFO] [stdout] 
[INFO] [stdout] warning: unused import: `callback`
[INFO] [stdout]   --> src/model/reddit/route.rs:39:21
[INFO] [stdout]    |
[INFO] [stdout] 39 | pub(crate) async fn callback(
[INFO] [stdout]    |                     ^^^^^^^^
[INFO] [stdout] 
[INFO] [stdout] 
[INFO] [stdout] warning: unused import: `regions`
[INFO] [stdout]   --> src/model/region/route.rs:14:21
[INFO] [stdout]    |
[INFO] [stdout] 14 | pub(crate) async fn regions(conn: DbConn) -> Result<Json<Vec<Region>>, Error> {
[INFO] [stdout]    |                     ^^^^^^^
[INFO] [stdout] 
[INFO] [stdout] 
[INFO] [stdout] warning: unused import: `currentstrength`
[INFO] [stdout]   --> src/model/stats/route.rs:13:21
[INFO] [stdout]    |
[INFO] [stdout] 13 | pub(crate) async fn currentstrength(
[INFO] [stdout]    |                     ^^^^^^^^^^^^^^^
[INFO] [stdout] 
[INFO] [stdout] 
[INFO] [stdout] warning: unused import: `leaderboard`
[INFO] [stdout]   --> src/model/stats/route.rs:28:21
[INFO] [stdout]    |
[INFO] [stdout] 28 | pub(crate) async fn leaderboard(
[INFO] [stdout]    |                     ^^^^^^^^^^^
[INFO] [stdout] 
[INFO] [stdout] 
[INFO] [stdout] warning: unused import: `heat`
[INFO] [stdout]   --> src/model/stats/route.rs:66:21
[INFO] [stdout]    |
[INFO] [stdout] 66 | pub(crate) async fn heat(
[INFO] [stdout]    |                     ^^^^
[INFO] [stdout] 
[INFO] [stdout] 
[INFO] [stdout] warning: unused import: `stathistory`
[INFO] [stdout]   --> src/model/stats/route.rs:96:21
[INFO] [stdout]    |
[INFO] [stdout] 96 | pub(crate) async fn stathistory(
[INFO] [stdout]    |                     ^^^^^^^^^^^
[INFO] [stdout] 
[INFO] [stdout] 
[INFO] [stdout] warning: unused import: `odds`
[INFO] [stdout]    --> src/model/stats/route.rs:112:21
[INFO] [stdout]     |
[INFO] [stdout] 112 | pub(crate) async fn odds(
[INFO] [stdout]     |                     ^^^^
[INFO] [stdout] 
[INFO] [stdout] 
[INFO] [stdout] warning: unused import: `sysinfo`
[INFO] [stdout]   --> src/model/sys/route.rs:11:21
[INFO] [stdout]    |
[INFO] [stdout] 11 | pub(crate) async fn sysinfo() -> Result<Json<SystemInformation>, Status> {
[INFO] [stdout]    |                     ^^^^^^^
[INFO] [stdout] 
[INFO] [stdout] 
[INFO] [stdout] warning: unused import: `teams`
[INFO] [stdout]   --> src/model/team/route.rs:14:21
[INFO] [stdout]    |
[INFO] [stdout] 14 | pub(crate) async fn teams(conn: DbConn) -> Result<Json<Vec<TeamInfo>>, Status> {
[INFO] [stdout]    |                     ^^^^^
[INFO] [stdout] 
[INFO] [stdout] 
[INFO] [stdout] warning: unused import: `teamplayersbymoves`
[INFO] [stdout]   --> src/model/team/route.rs:27:21
[INFO] [stdout]    |
[INFO] [stdout] 27 | pub(crate) async fn teamplayersbymoves(
[INFO] [stdout]    |                     ^^^^^^^^^^^^^^^^^^
[INFO] [stdout] 
[INFO] [stdout] 
[INFO] [stdout] warning: unused import: `team_territories_visited_by_season`
[INFO] [stdout]   --> src/model/team/route.rs:47:21
[INFO] [stdout]    |
[INFO] [stdout] 47 | pub(crate) async fn team_territories_visited_by_season(
[INFO] [stdout]    |                     ^^^^^^^^^^^^^^^^^^^^^^^^^^^^^^^^^^
[INFO] [stdout] 
[INFO] [stdout] 
[INFO] [stdout] warning: unused import: `territories`
[INFO] [stdout]   --> src/model/territory/route.rs:14:21
[INFO] [stdout]    |
[INFO] [stdout] 14 | pub(crate) async fn territories(
[INFO] [stdout]    |                     ^^^^^^^^^^^
[INFO] [stdout] 
[INFO] [stdout] 
[INFO] [stdout] warning: unused import: `territoryhistory`
[INFO] [stdout]   --> src/model/territory/route.rs:47:21
[INFO] [stdout]    |
[INFO] [stdout] 47 | pub(crate) async fn territoryhistory(
[INFO] [stdout]    |                     ^^^^^^^^^^^^^^^^
[INFO] [stdout] 
[INFO] [stdout] 
[INFO] [stdout] warning: unused import: `territory_turn`
[INFO] [stdout]   --> src/model/territory/route.rs:66:21
[INFO] [stdout]    |
[INFO] [stdout] 66 | pub(crate) async fn territory_turn(
[INFO] [stdout]    |                     ^^^^^^^^^^^^^^
[INFO] [stdout] 
[INFO] [stdout] 
[INFO] [stdout] warning: unused import: `turns`
[INFO] [stdout]   --> src/model/turn/route.rs:13:21
[INFO] [stdout]    |
[INFO] [stdout] 13 | pub(crate) async fn turns(conn: DbConn) -> Result<Json<Vec<TurnInfo>>, Status> {
[INFO] [stdout]    |                     ^^^^^
[INFO] [stdout] 
[INFO] [stdout] 
[INFO] [stdout] warning: unused import: `all_turns`
[INFO] [stdout]   --> src/model/turn/route.rs:26:21
[INFO] [stdout]    |
[INFO] [stdout] 26 | pub(crate) async fn all_turns(conn: DbConn) -> Result<Json<Vec<TurnInfo>>, Status> {
[INFO] [stdout]    |                     ^^^^^^^^^
[INFO] [stdout] 
[INFO] [stdout] 
[INFO] [stdout] warning: unused import: `rolllog`
[INFO] [stdout]   --> src/model/turn/route.rs:40:21
[INFO] [stdout]    |
[INFO] [stdout] 40 | pub(crate) async fn rolllog(season: i32, day: i32, conn: DbConn) -> Result<Json<Roll>, Status> {
[INFO] [stdout]    |                     ^^^^^^^
[INFO] [stdout] 
[INFO] [stdout] 
[INFO] [stdout] error[E0599]: no method named `drain_filter` found for struct `Vec<PlayerMoves>` in the current scope
[INFO] [stdout]    --> src/ringmaster.rs:140:14
[INFO] [stdout]     |
[INFO] [stdout] 139 |           let territory_players = players
[INFO] [stdout]     |  _________________________________-
[INFO] [stdout] 140 | |             .drain_filter(|player| {
[INFO] [stdout]     | |             -^^^^^^^^^^^^ method not found in `Vec<PlayerMoves>`
[INFO] [stdout]     | |_____________|
[INFO] [stdout]     | 
[INFO] [stdout] 
[INFO] [stdout] 
[INFO] [stdout] error: aborting due to 3 previous errors
[INFO] [stdout] 
[INFO] [stdout] 
[INFO] [stdout] Some errors have detailed explanations: E0554, E0599, E0635.
[INFO] [stdout] 
[INFO] [stdout] For more information about an error, try `rustc --explain E0554`.
[INFO] [stdout] 
[INFO] [stderr] error: could not compile `rust-risk` (bin "rrringmaster") due to 4 previous errors
[INFO] [stderr] warning: build failed, waiting for other jobs to finish...
[INFO] [stdout] error: aborting due to previous error; 47 warnings emitted
[INFO] [stdout] 
[INFO] [stdout] 
[INFO] [stdout] For more information about this error, try `rustc --explain E0554`.
[INFO] [stdout] 
[INFO] [stderr] error: could not compile `rust-risk` (bin "rrserver") due to 2 previous errors; 47 warnings emitted
[INFO] running `Command { std: "docker" "inspect" "b40e806117a96de3d877da1a22684a8b480b4d467ddb2c0e6c32b1c49eb7a876", kill_on_drop: false }`
[INFO] running `Command { std: "docker" "rm" "-f" "b40e806117a96de3d877da1a22684a8b480b4d467ddb2c0e6c32b1c49eb7a876", kill_on_drop: false }`
[INFO] [stdout] b40e806117a96de3d877da1a22684a8b480b4d467ddb2c0e6c32b1c49eb7a876
[INFO] testing CollegeFootballRisk/Risk against beta-2023-12-22 for beta-1.76-1
[INFO] running `Command { std: "git" "clone" "/workspace/cache/git-repos/https%3A%2F%2Fgithub.com%2FCollegeFootballRisk%2FRisk" "/workspace/builds/worker-1-tc2/source", kill_on_drop: false }`
[INFO] [stderr] Cloning into '/workspace/builds/worker-1-tc2/source'...
[INFO] [stderr] done.
[INFO] validating manifest of git repo https://github.com/CollegeFootballRisk/Risk on toolchain beta-2023-12-22
[INFO] running `Command { std: CARGO_HOME="/workspace/cargo-home" RUSTUP_HOME="/workspace/rustup-home" "/workspace/cargo-home/bin/cargo" "+beta-2023-12-22" "metadata" "--manifest-path" "Cargo.toml" "--no-deps", kill_on_drop: false }`
[INFO] started tweaking git repo https://github.com/CollegeFootballRisk/Risk
[INFO] finished tweaking git repo https://github.com/CollegeFootballRisk/Risk
[INFO] tweaked toml for git repo https://github.com/CollegeFootballRisk/Risk written to /workspace/builds/worker-1-tc2/source/Cargo.toml
[INFO] crate git repo https://github.com/CollegeFootballRisk/Risk already has a lockfile, it will not be regenerated
[INFO] running `Command { std: CARGO_HOME="/workspace/cargo-home" RUSTUP_HOME="/workspace/rustup-home" "/workspace/cargo-home/bin/cargo" "+beta-2023-12-22" "fetch" "--manifest-path" "Cargo.toml", kill_on_drop: false }`
[INFO] running `Command { std: "docker" "create" "-v" "/var/lib/crater-agent-workspace/builds/worker-1-tc2/target:/opt/rustwide/target:rw,Z" "-v" "/var/lib/crater-agent-workspace/builds/worker-1-tc2/source:/opt/rustwide/workdir:ro,Z" "-v" "/var/lib/crater-agent-workspace/cargo-home:/opt/rustwide/cargo-home:ro,Z" "-v" "/var/lib/crater-agent-workspace/rustup-home:/opt/rustwide/rustup-home:ro,Z" "-e" "SOURCE_DIR=/opt/rustwide/workdir" "-e" "CARGO_TARGET_DIR=/opt/rustwide/target" "-e" "CARGO_HOME=/opt/rustwide/cargo-home" "-e" "RUSTUP_HOME=/opt/rustwide/rustup-home" "-w" "/opt/rustwide/workdir" "-m" "1610612736" "--user" "0:0" "--network" "none" "ghcr.io/rust-lang/crates-build-env/linux@sha256:2788e3201cd34a07e3172128adcd8b3090168a8e3bcc40d7c032b9dda1df7d1c" "/opt/rustwide/cargo-home/bin/cargo" "+beta-2023-12-22" "metadata" "--no-deps" "--format-version=1", kill_on_drop: false }`
[INFO] [stdout] 5bf4784d6c3611f67f26e9cf1ca6f35d3dd0e47913ed37e77d82de0255aa9000
[INFO] running `Command { std: "docker" "start" "-a" "5bf4784d6c3611f67f26e9cf1ca6f35d3dd0e47913ed37e77d82de0255aa9000", kill_on_drop: false }`
[INFO] running `Command { std: "docker" "inspect" "5bf4784d6c3611f67f26e9cf1ca6f35d3dd0e47913ed37e77d82de0255aa9000", kill_on_drop: false }`
[INFO] running `Command { std: "docker" "rm" "-f" "5bf4784d6c3611f67f26e9cf1ca6f35d3dd0e47913ed37e77d82de0255aa9000", kill_on_drop: false }`
[INFO] [stdout] 5bf4784d6c3611f67f26e9cf1ca6f35d3dd0e47913ed37e77d82de0255aa9000
[INFO] running `Command { std: "docker" "create" "-v" "/var/lib/crater-agent-workspace/builds/worker-1-tc2/target:/opt/rustwide/target:rw,Z" "-v" "/var/lib/crater-agent-workspace/builds/worker-1-tc2/source:/opt/rustwide/workdir:ro,Z" "-v" "/var/lib/crater-agent-workspace/cargo-home:/opt/rustwide/cargo-home:ro,Z" "-v" "/var/lib/crater-agent-workspace/rustup-home:/opt/rustwide/rustup-home:ro,Z" "-e" "SOURCE_DIR=/opt/rustwide/workdir" "-e" "CARGO_TARGET_DIR=/opt/rustwide/target" "-e" "CARGO_INCREMENTAL=0" "-e" "RUST_BACKTRACE=full" "-e" "RUSTFLAGS=--cap-lints=warn" "-e" "RUSTDOCFLAGS=--cap-lints=warn" "-e" "CARGO_HOME=/opt/rustwide/cargo-home" "-e" "RUSTUP_HOME=/opt/rustwide/rustup-home" "-w" "/opt/rustwide/workdir" "-m" "1610612736" "--user" "0:0" "--network" "none" "ghcr.io/rust-lang/crates-build-env/linux@sha256:2788e3201cd34a07e3172128adcd8b3090168a8e3bcc40d7c032b9dda1df7d1c" "/opt/rustwide/cargo-home/bin/cargo" "+beta-2023-12-22" "build" "--frozen" "--message-format=json", kill_on_drop: false }`
[INFO] [stdout] 1112a6a393ee33e15f3140a5b13730be274d3ab4e7e970c05469a3fc41f5a7e0
[INFO] running `Command { std: "docker" "start" "-a" "1112a6a393ee33e15f3140a5b13730be274d3ab4e7e970c05469a3fc41f5a7e0", kill_on_drop: false }`
[INFO] [stderr]    Compiling proc-macro2 v1.0.60
[INFO] [stderr]    Compiling quote v1.0.28
[INFO] [stderr]    Compiling unicode-ident v1.0.9
[INFO] [stderr]    Compiling libc v0.2.146
[INFO] [stderr]    Compiling serde v1.0.164
[INFO] [stderr]    Compiling itoa v1.0.6
[INFO] [stderr]    Compiling typenum v1.16.0
[INFO] [stderr]    Compiling futures-channel v0.3.28
[INFO] [stderr]    Compiling generic-array v0.14.7
[INFO] [stderr]    Compiling tokio v1.28.2
[INFO] [stderr]    Compiling indexmap v1.9.3
[INFO] [stderr]    Compiling proc-macro2-diagnostics v0.10.0
[INFO] [stderr]    Compiling tracing v0.1.37
[INFO] [stderr]    Compiling yansi v0.5.1
[INFO] [stderr]    Compiling log v0.4.19
[INFO] [stderr]    Compiling slab v0.4.8
[INFO] [stderr]    Compiling syn v1.0.109
[INFO] [stderr]    Compiling http v0.2.9
[INFO] [stderr]    Compiling futures-task v0.3.28
[INFO] [stderr]    Compiling time-core v0.1.1
[INFO] [stderr]    Compiling subtle v2.5.0
[INFO] [stderr]    Compiling futures-util v0.3.28
[INFO] [stderr]    Compiling futures-core v0.3.28
[INFO] [stderr]    Compiling futures-io v0.3.28
[INFO] [stderr]    Compiling time-macros v0.2.9
[INFO] [stderr]    Compiling ring v0.16.20
[INFO] [stderr]    Compiling num-bigint v0.4.3
[INFO] [stderr]    Compiling serde_json v1.0.97
[INFO] [stderr]    Compiling ryu v1.0.13
[INFO] [stderr]    Compiling base64 v0.21.2
[INFO] [stderr]    Compiling futures-sink v0.3.28
[INFO] [stderr]    Compiling cpufeatures v0.2.8
[INFO] [stderr]    Compiling ref-cast v1.0.16
[INFO] [stderr]    Compiling inlinable_string v0.1.15
[INFO] [stderr]    Compiling bitflags v2.3.2
[INFO] [stderr]    Compiling uncased v0.9.9
[INFO] [stderr]    Compiling cookie v0.17.0
[INFO] [stderr]    Compiling http-body v0.4.5
[INFO] [stderr]    Compiling syn v2.0.18
[INFO] [stderr]    Compiling spin v0.5.2
[INFO] [stderr]    Compiling io-lifetimes v1.0.11
[INFO] [stderr]    Compiling opaque-debug v0.3.0
[INFO] [stderr]    Compiling untrusted v0.7.1
[INFO] [stderr]    Compiling lock_api v0.4.10
[INFO] [stderr]    Compiling stable-pattern v0.1.0
[INFO] [stderr]    Compiling state v0.5.3
[INFO] [stderr]    Compiling either v1.8.1
[INFO] [stderr]    Compiling mio v0.8.8
[INFO] [stderr]    Compiling socket2 v0.4.9
[INFO] [stderr]    Compiling rustix v0.37.20
[INFO] [stderr]    Compiling openssl-sys v0.9.88
[INFO] [stderr]    Compiling winnow v0.4.7
[INFO] [stderr]    Compiling getrandom v0.2.10
[INFO] [stderr]    Compiling num_cpus v1.15.0
[INFO] [stderr]    Compiling signal-hook-registry v1.4.1
[INFO] [stderr]    Compiling rand_core v0.6.4
[INFO] [stderr]    Compiling inout v0.1.3
[INFO] [stderr]    Compiling block-buffer v0.10.4
[INFO] [stderr]    Compiling crypto-common v0.1.6
[INFO] [stderr]    Compiling parking_lot_core v0.9.8
[INFO] [stderr]    Compiling rand_chacha v0.3.1
[INFO] [stderr]    Compiling time v0.3.22
[INFO] [stderr]    Compiling cipher v0.4.4
[INFO] [stderr]    Compiling digest v0.10.7
[INFO] [stderr]    Compiling universal-hash v0.5.1
[INFO] [stderr]    Compiling parking_lot v0.12.1
[INFO] [stderr]    Compiling polyval v0.6.1
[INFO] [stderr]    Compiling aes v0.8.3
[INFO] [stderr]    Compiling ctr v0.9.2
[INFO] [stderr]    Compiling hmac v0.12.1
[INFO] [stderr]    Compiling futures v0.3.28
[INFO] [stderr]    Compiling aead v0.5.2
[INFO] [stderr]    Compiling linux-raw-sys v0.3.8
[INFO] [stderr]    Compiling ghash v0.5.0
[INFO] [stderr]    Compiling hkdf v0.12.3
[INFO] [stderr]    Compiling sha2 v0.10.7
[INFO] [stderr]    Compiling rand v0.8.5
[INFO] [stderr]    Compiling figment v0.10.10
[INFO] [stderr]    Compiling tempfile v3.6.0
[INFO] [stderr]    Compiling multer v2.1.0
[INFO] [stderr]    Compiling async-trait v0.1.68
[INFO] [stderr]    Compiling num-integer v0.1.45
[INFO] [stderr]    Compiling aes-gcm v0.10.2
[INFO] [stderr]    Compiling rocket v0.5.0-rc.3
[INFO] [stderr]    Compiling glob v0.3.1
[INFO] [stderr]    Compiling spin v0.9.8
[INFO] [stderr]    Compiling unicode-xid v0.2.4
[INFO] [stderr]    Compiling fastrand v1.9.0
[INFO] [stderr]    Compiling time v0.1.45
[INFO] [stderr]    Compiling binascii v0.1.4
[INFO] [stderr]    Compiling rustls v0.21.2
[INFO] [stderr]    Compiling openssl v0.10.54
[INFO] [stderr]    Compiling atomic v0.5.3
[INFO] [stderr]    Compiling iana-time-zone v0.1.57
[INFO] [stderr]    Compiling native-tls v0.2.11
[INFO] [stderr]    Compiling rustls-pemfile v1.0.2
[INFO] [stderr]    Compiling strsim v0.10.0
[INFO] [stderr]    Compiling ident_case v1.0.1
[INFO] [stderr]    Compiling rustls-native-certs v0.6.3
[INFO] [stderr]    Compiling aho-corasick v1.0.2
[INFO] [stderr]    Compiling regex-syntax v0.7.2
[INFO] [stderr]    Compiling schemars v0.8.12
[INFO] [stderr]    Compiling thiserror v1.0.40
[INFO] [stderr]    Compiling proc-macro-hack v0.5.20+deprecated
[INFO] [stderr]    Compiling pq-sys v0.4.8
[INFO] [stderr]    Compiling url v2.4.0
[INFO] [stderr]    Compiling scheduled-thread-pool v0.2.7
[INFO] [stderr]    Compiling dyn-clone v1.0.11
[INFO] [stderr]    Compiling r2d2 v0.8.10
[INFO] [stderr]    Compiling rustls-webpki v0.100.2
[INFO] [stderr]    Compiling sct v0.7.0
[INFO] [stderr]    Compiling serde_derive_internals v0.26.0
[INFO] [stderr]    Compiling hyper v0.14.26
[INFO] [stderr]    Compiling darling_core v0.13.4
[INFO] [stderr]    Compiling webpki v0.22.0
[INFO] [stderr] error: could not compile `syn` (lib)
[INFO] [stderr] 
[INFO] [stderr] Caused by:
[INFO] [stderr]   process didn't exit successfully: `/opt/rustwide/rustup-home/toolchains/beta-2023-12-22-x86_64-unknown-linux-gnu/bin/rustc --crate-name syn --edition=2021 /opt/rustwide/cargo-home/registry/src/index.crates.io-6f17d22bba15001f/syn-2.0.18/src/lib.rs --error-format=json --json=diagnostic-rendered-ansi,artifacts,future-incompat --crate-type lib --emit=dep-info,metadata,link -C embed-bitcode=no --cfg 'feature="clone-impls"' --cfg 'feature="default"' --cfg 'feature="derive"' --cfg 'feature="extra-traits"' --cfg 'feature="fold"' --cfg 'feature="full"' --cfg 'feature="parsing"' --cfg 'feature="printing"' --cfg 'feature="proc-macro"' --cfg 'feature="quote"' --cfg 'feature="visit"' --cfg 'feature="visit-mut"' -C metadata=e050ac168606f7a0 -C extra-filename=-e050ac168606f7a0 --out-dir /opt/rustwide/target/debug/deps -L dependency=/opt/rustwide/target/debug/deps --extern proc_macro2=/opt/rustwide/target/debug/deps/libproc_macro2-137d5ca2dc07ec78.rmeta --extern quote=/opt/rustwide/target/debug/deps/libquote-2835fb03166c8e18.rmeta --extern unicode_ident=/opt/rustwide/target/debug/deps/libunicode_ident-85c883894bf05c5e.rmeta --cap-lints allow --cap-lints=warn` (signal: 9, SIGKILL: kill)
[INFO] [stderr] warning: build failed, waiting for other jobs to finish...
[INFO] running `Command { std: "docker" "inspect" "1112a6a393ee33e15f3140a5b13730be274d3ab4e7e970c05469a3fc41f5a7e0", kill_on_drop: false }`
[INFO] running `Command { std: "docker" "rm" "-f" "1112a6a393ee33e15f3140a5b13730be274d3ab4e7e970c05469a3fc41f5a7e0", kill_on_drop: false }`
[INFO] [stdout] 1112a6a393ee33e15f3140a5b13730be274d3ab4e7e970c05469a3fc41f5a7e0
