[INFO] cloning repository https://github.com/CodexEmmzy/rocket-app
[INFO] running `Command { std: "git" "-c" "credential.helper=" "-c" "credential.helper=/workspace/cargo-home/bin/git-credential-null" "clone" "--bare" "https://github.com/CodexEmmzy/rocket-app" "/workspace/cache/git-repos/https%3A%2F%2Fgithub.com%2FCodexEmmzy%2Frocket-app", kill_on_drop: false }`
[INFO] [stderr] Cloning into bare repository '/workspace/cache/git-repos/https%3A%2F%2Fgithub.com%2FCodexEmmzy%2Frocket-app'...
[INFO] running `Command { std: "git" "rev-parse" "HEAD", kill_on_drop: false }`
[INFO] [stdout] ec86ae9c0704469faa95c919ec2d37ab39636258
[INFO] testing CodexEmmzy/rocket-app against 1.75.0 for beta-1.76-1
[INFO] running `Command { std: "git" "clone" "/workspace/cache/git-repos/https%3A%2F%2Fgithub.com%2FCodexEmmzy%2Frocket-app" "/workspace/builds/worker-4-tc1/source", kill_on_drop: false }`
[INFO] [stderr] Cloning into '/workspace/builds/worker-4-tc1/source'...
[INFO] [stderr] done.
[INFO] validating manifest of git repo https://github.com/CodexEmmzy/rocket-app on toolchain 1.75.0
[INFO] running `Command { std: CARGO_HOME="/workspace/cargo-home" RUSTUP_HOME="/workspace/rustup-home" "/workspace/cargo-home/bin/cargo" "+1.75.0" "metadata" "--manifest-path" "Cargo.toml" "--no-deps", kill_on_drop: false }`
[INFO] started tweaking git repo https://github.com/CodexEmmzy/rocket-app
[INFO] finished tweaking git repo https://github.com/CodexEmmzy/rocket-app
[INFO] tweaked toml for git repo https://github.com/CodexEmmzy/rocket-app written to /workspace/builds/worker-4-tc1/source/Cargo.toml
[INFO] crate git repo https://github.com/CodexEmmzy/rocket-app already has a lockfile, it will not be regenerated
[INFO] running `Command { std: CARGO_HOME="/workspace/cargo-home" RUSTUP_HOME="/workspace/rustup-home" "/workspace/cargo-home/bin/cargo" "+1.75.0" "fetch" "--manifest-path" "Cargo.toml", kill_on_drop: false }`
[INFO] [stderr]     Updating crates.io index
[INFO] [stderr]  Downloading crates ...
[INFO] [stderr]   Downloaded rocket_sync_db_pools v0.1.0-rc.3
[INFO] [stderr]   Downloaded ubyte v0.10.3
[INFO] [stderr]   Downloaded yansi v1.0.0-rc
[INFO] [stderr]   Downloaded figment v0.10.10
[INFO] [stderr]   Downloaded ref-cast v1.0.19
[INFO] [stderr]   Downloaded rocket_sync_db_pools_codegen v0.1.0-rc.3
[INFO] [stderr]   Downloaded ref-cast-impl v1.0.19
[INFO] running `Command { std: "docker" "create" "-v" "/var/lib/crater-agent-workspace/builds/worker-4-tc1/target:/opt/rustwide/target:rw,Z" "-v" "/var/lib/crater-agent-workspace/builds/worker-4-tc1/source:/opt/rustwide/workdir:ro,Z" "-v" "/var/lib/crater-agent-workspace/cargo-home:/opt/rustwide/cargo-home:ro,Z" "-v" "/var/lib/crater-agent-workspace/rustup-home:/opt/rustwide/rustup-home:ro,Z" "-e" "SOURCE_DIR=/opt/rustwide/workdir" "-e" "CARGO_TARGET_DIR=/opt/rustwide/target" "-e" "CARGO_HOME=/opt/rustwide/cargo-home" "-e" "RUSTUP_HOME=/opt/rustwide/rustup-home" "-w" "/opt/rustwide/workdir" "-m" "1610612736" "--user" "0:0" "--network" "none" "ghcr.io/rust-lang/crates-build-env/linux@sha256:2788e3201cd34a07e3172128adcd8b3090168a8e3bcc40d7c032b9dda1df7d1c" "/opt/rustwide/cargo-home/bin/cargo" "+1.75.0" "metadata" "--no-deps" "--format-version=1", kill_on_drop: false }`
[INFO] [stdout] bbf0c817eb4a5f3bb6500427aa14059227059b0ce8182679f083c27a34735018
[INFO] running `Command { std: "docker" "start" "-a" "bbf0c817eb4a5f3bb6500427aa14059227059b0ce8182679f083c27a34735018", kill_on_drop: false }`
[INFO] running `Command { std: "docker" "inspect" "bbf0c817eb4a5f3bb6500427aa14059227059b0ce8182679f083c27a34735018", kill_on_drop: false }`
[INFO] running `Command { std: "docker" "rm" "-f" "bbf0c817eb4a5f3bb6500427aa14059227059b0ce8182679f083c27a34735018", kill_on_drop: false }`
[INFO] [stdout] bbf0c817eb4a5f3bb6500427aa14059227059b0ce8182679f083c27a34735018
[INFO] running `Command { std: "docker" "create" "-v" "/var/lib/crater-agent-workspace/builds/worker-4-tc1/target:/opt/rustwide/target:rw,Z" "-v" "/var/lib/crater-agent-workspace/builds/worker-4-tc1/source:/opt/rustwide/workdir:ro,Z" "-v" "/var/lib/crater-agent-workspace/cargo-home:/opt/rustwide/cargo-home:ro,Z" "-v" "/var/lib/crater-agent-workspace/rustup-home:/opt/rustwide/rustup-home:ro,Z" "-e" "SOURCE_DIR=/opt/rustwide/workdir" "-e" "CARGO_TARGET_DIR=/opt/rustwide/target" "-e" "CARGO_INCREMENTAL=0" "-e" "RUST_BACKTRACE=full" "-e" "RUSTFLAGS=--cap-lints=warn" "-e" "RUSTDOCFLAGS=--cap-lints=warn" "-e" "CARGO_HOME=/opt/rustwide/cargo-home" "-e" "RUSTUP_HOME=/opt/rustwide/rustup-home" "-w" "/opt/rustwide/workdir" "-m" "1610612736" "--user" "0:0" "--network" "none" "ghcr.io/rust-lang/crates-build-env/linux@sha256:2788e3201cd34a07e3172128adcd8b3090168a8e3bcc40d7c032b9dda1df7d1c" "/opt/rustwide/cargo-home/bin/cargo" "+1.75.0" "build" "--frozen" "--message-format=json", kill_on_drop: false }`
[INFO] [stdout] aedd1e0908721c952108aad23b1408d313be832d84e30239b0eea0fce03ea0cc
[INFO] running `Command { std: "docker" "start" "-a" "aedd1e0908721c952108aad23b1408d313be832d84e30239b0eea0fce03ea0cc", kill_on_drop: false }`
[INFO] [stderr]    Compiling proc-macro2 v1.0.66
[INFO] [stderr]    Compiling unicode-ident v1.0.11
[INFO] [stderr]    Compiling libc v0.2.147
[INFO] [stderr]    Compiling pin-project-lite v0.2.11
[INFO] [stderr]    Compiling serde v1.0.183
[INFO] [stderr]    Compiling futures-channel v0.3.28
[INFO] [stderr]    Compiling serde_derive v1.0.183
[INFO] [stderr]    Compiling bytes v1.4.0
[INFO] [stderr]    Compiling futures-core v0.3.28
[INFO] [stderr]    Compiling yansi v1.0.0-rc
[INFO] [stderr]    Compiling memchr v2.5.0
[INFO] [stderr]    Compiling tracing-core v0.1.31
[INFO] [stderr]    Compiling http v0.2.9
[INFO] [stderr]    Compiling slab v0.4.8
[INFO] [stderr]    Compiling tokio v1.29.1
[INFO] [stderr]    Compiling tracing v0.1.37
[INFO] [stderr]    Compiling quote v1.0.32
[INFO] [stderr]    Compiling futures-task v0.3.28
[INFO] [stderr]    Compiling syn v2.0.28
[INFO] [stderr]    Compiling mio v0.8.8
[INFO] [stderr]    Compiling socket2 v0.4.9
[INFO] [stderr]    Compiling futures-sink v0.3.28
[INFO] [stderr]    Compiling smallvec v1.11.0
[INFO] [stderr]    Compiling signal-hook-registry v1.4.1
[INFO] [stderr]    Compiling num_cpus v1.16.0
[INFO] [stderr]    Compiling futures-util v0.3.28
[INFO] [stderr]    Compiling lock_api v0.4.10
[INFO] [stderr]    Compiling parking_lot_core v0.9.8
[INFO] [stderr]    Compiling time-core v0.1.1
[INFO] [stderr]    Compiling futures-io v0.3.28
[INFO] [stderr]    Compiling time-macros v0.2.11
[INFO] [stderr]    Compiling http-body v0.4.5
[INFO] [stderr]    Compiling indexmap v1.9.3
[INFO] [stderr]    Compiling cookie v0.17.0
[INFO] [stderr]    Compiling ref-cast v1.0.19
[INFO] [stderr]    Compiling syn v1.0.109
[INFO] [stderr]    Compiling deranged v0.3.7
[INFO] [stderr]    Compiling bitflags v2.3.3
[INFO] [stderr]    Compiling httpdate v1.0.2
[INFO] [stderr]    Compiling rustix v0.38.7
[INFO] [stderr]    Compiling log v0.4.19
[INFO] [stderr]    Compiling hashbrown v0.14.0
[INFO] [stderr]    Compiling toml_datetime v0.6.3
[INFO] [stderr]    Compiling serde_spanned v0.6.3
[INFO] [stderr]    Compiling indexmap v2.0.0
[INFO] [stderr]    Compiling parking_lot v0.12.1
[INFO] [stderr]    Compiling time v0.3.25
[INFO] [stderr]    Compiling getrandom v0.2.10
[INFO] [stderr]    Compiling stable-pattern v0.1.0
[INFO] [stderr]    Compiling winnow v0.5.4
[INFO] [stderr]    Compiling proc-macro2-diagnostics v0.10.1
[INFO] [stderr]    Compiling devise_core v0.4.1
[INFO] [stderr]    Compiling vcpkg v0.2.15
[INFO] [stderr]    Compiling linux-raw-sys v0.4.5
[INFO] [stderr]    Compiling state v0.5.3
[INFO] [stderr]    Compiling libsqlite3-sys v0.26.0
[INFO] [stderr]    Compiling toml_edit v0.19.14
[INFO] [stderr]    Compiling futures v0.3.28
[INFO] [stderr]    Compiling hyper v0.14.27
[INFO] [stderr]    Compiling rand_core v0.6.4
[INFO] [stderr]    Compiling uncased v0.9.9
[INFO] [stderr]    Compiling tokio-macros v2.1.0
[INFO] [stderr]    Compiling pear_codegen v0.2.7
[INFO] [stderr]    Compiling ref-cast-impl v1.0.19
[INFO] [stderr]    Compiling devise_codegen v0.4.1
[INFO] [stderr]    Compiling figment v0.10.10
[INFO] [stderr]    Compiling byteorder v1.4.3
[INFO] [stderr]    Compiling pear v0.2.7
[INFO] [stderr]    Compiling devise v0.4.1
[INFO] [stderr]    Compiling serde_json v1.0.104
[INFO] [stderr]    Compiling async-trait v0.1.72
[INFO] [stderr]    Compiling rand_chacha v0.3.1
[INFO] [stderr]    Compiling toml v0.7.6
[INFO] [stderr]    Compiling async-stream-impl v0.3.5
[INFO] [stderr]    Compiling rocket_http v0.5.0-rc.3
[INFO] [stderr]    Compiling diesel_table_macro_syntax v0.1.0
[INFO] [stderr]    Compiling scheduled-thread-pool v0.2.7
[INFO] [stderr]    Compiling rocket v0.5.0-rc.3
[INFO] [stderr]    Compiling encoding_rs v0.8.32
[INFO] [stderr]    Compiling ryu v1.0.15
[INFO] [stderr]    Compiling fastrand v2.0.0
[INFO] [stderr]    Compiling async-stream v0.3.5
[INFO] [stderr]    Compiling tempfile v3.7.1
[INFO] [stderr]    Compiling diesel_derives v1.4.1
[INFO] [stderr]    Compiling diesel_derives v2.1.0
[INFO] [stderr]    Compiling r2d2 v0.8.10
[INFO] [stderr]    Compiling rand v0.8.5
[INFO] [stderr]    Compiling tokio-util v0.7.8
[INFO] [stderr]    Compiling rocket_codegen v0.5.0-rc.3
[INFO] [stderr]    Compiling tokio-stream v0.1.14
[INFO] [stderr]    Compiling h2 v0.3.20
[INFO] [stderr]    Compiling multer v2.1.0
[INFO] [stderr]    Compiling is-terminal v0.4.9
[INFO] [stderr]    Compiling ubyte v0.10.3
[INFO] [stderr]    Compiling rocket_sync_db_pools v0.1.0-rc.3
[INFO] [stderr]    Compiling yansi v0.5.1
[INFO] [stderr]    Compiling rocket_sync_db_pools_codegen v0.1.0-rc.3
[INFO] [stderr]    Compiling base64 v0.20.0
[INFO] [stderr]    Compiling diesel v1.4.8
[INFO] [stderr]    Compiling diesel v2.1.0
[INFO] [stderr]    Compiling migrations_internals v1.4.1
[INFO] [stderr]    Compiling migrations_macros v1.4.2
[INFO] [stderr]    Compiling diesel_migrations v1.4.0
[INFO] [stderr]    Compiling rocket-app v0.1.0 (/opt/rustwide/workdir)
[INFO] [stderr] warning: #[table_name] attribute form is deprecated
[INFO] [stderr]   = help: use `#[diesel(table_name = rustaceans)]` instead
[INFO] [stderr] 
[INFO] [stdout] error[E0277]: the trait bound `DBConn: diesel::connection::Connection` is not satisfied
[INFO] [stdout]    --> src/main.rs:101:36
[INFO] [stdout]     |
[INFO] [stdout] 101 |     match embedded_migrations::run(&conn) {
[INFO] [stdout]     |           ------------------------ ^^^^^ the trait `diesel::connection::Connection` is not implemented for `DBConn`
[INFO] [stdout]     |           |
[INFO] [stdout]     |           required by a bound introduced by this call
[INFO] [stdout]     |
[INFO] [stdout]     = note: required for `DBConn` to implement `diesel_migrations::MigrationConnection`
[INFO] [stdout] note: required by a bound in `embedded_migrations::run`
[INFO] [stdout]    --> src/main.rs:33:1
[INFO] [stdout]     |
[INFO] [stdout] 33  | embed_migrations!();
[INFO] [stdout]     | ^^^^^^^^^^^^^^^^^^^ required by this bound in `run`
[INFO] [stdout]     = note: this error originates in the derive macro `EmbedMigrations` which comes from the expansion of the macro `embed_migrations` (in Nightly builds, run with -Z macro-backtrace for more info)
[INFO] [stdout] 
[INFO] [stdout] 
[INFO] [stdout] error[E0053]: method `run` has an incompatible type for trait
[INFO] [stdout]   --> src/main.rs:33:1
[INFO] [stdout]    |
[INFO] [stdout] 33 | embed_migrations!();
[INFO] [stdout]    | ^^^^^^^^^^^^^^^^^^^ expected trait `diesel::connection::SimpleConnection`, found trait `SimpleConnection`
[INFO] [stdout]    |
[INFO] [stdout]    = note: expected signature `fn(&EmbeddedMigration, &dyn diesel::connection::SimpleConnection) -> Result<_, _>`
[INFO] [stdout]               found signature `fn(&EmbeddedMigration, &dyn SimpleConnection) -> Result<_, _>`
[INFO] [stdout]    = note: perhaps two different versions of crate `diesel` are being used?
[INFO] [stdout]    = note: this error originates in the derive macro `EmbedMigrations` which comes from the expansion of the macro `embed_migrations` (in Nightly builds, run with -Z macro-backtrace for more info)
[INFO] [stdout] 
[INFO] [stdout] 
[INFO] [stdout] error[E0053]: method `revert` has an incompatible type for trait
[INFO] [stdout]   --> src/main.rs:33:1
[INFO] [stdout]    |
[INFO] [stdout] 33 | embed_migrations!();
[INFO] [stdout]    | ^^^^^^^^^^^^^^^^^^^ expected trait `diesel::connection::SimpleConnection`, found trait `SimpleConnection`
[INFO] [stdout]    |
[INFO] [stdout]    = note: expected signature `fn(&EmbeddedMigration, &dyn diesel::connection::SimpleConnection) -> Result<_, _>`
[INFO] [stdout]               found signature `fn(&EmbeddedMigration, &dyn SimpleConnection) -> Result<_, _>`
[INFO] [stdout]    = note: perhaps two different versions of crate `diesel` are being used?
[INFO] [stdout]    = note: this error originates in the derive macro `EmbedMigrations` which comes from the expansion of the macro `embed_migrations` (in Nightly builds, run with -Z macro-backtrace for more info)
[INFO] [stdout] 
[INFO] [stdout] 
[INFO] [stdout] error[E0277]: the trait bound `diesel_migrations::RunMigrationsError: From<diesel::result::Error>` is not satisfied
[INFO] [stdout]   --> src/main.rs:33:1
[INFO] [stdout]    |
[INFO] [stdout] 33 | embed_migrations!();
[INFO] [stdout]    | ^^^^^^^^^^^^^^^^^^^ the trait `From<diesel::result::Error>` is not implemented for `diesel_migrations::RunMigrationsError`
[INFO] [stdout]    |
[INFO] [stdout]    = help: the following other types implement trait `From<T>`:
[INFO] [stdout]              <diesel_migrations::RunMigrationsError as From<std::io::Error>>
[INFO] [stdout]              <diesel_migrations::RunMigrationsError as From<diesel::result::Error>>
[INFO] [stdout]              <diesel_migrations::RunMigrationsError as From<diesel_migrations::MigrationError>>
[INFO] [stdout]    = note: required for `diesel::result::Error` to implement `Into<diesel_migrations::RunMigrationsError>`
[INFO] [stdout]    = note: this error originates in the derive macro `EmbedMigrations` which comes from the expansion of the macro `embed_migrations` (in Nightly builds, run with -Z macro-backtrace for more info)
[INFO] [stdout] 
[INFO] [stdout] 
[INFO] [stdout] error: aborting due to 4 previous errors
[INFO] [stdout] 
[INFO] [stdout] 
[INFO] [stdout] Some errors have detailed explanations: E0053, E0277.
[INFO] [stdout] 
[INFO] [stdout] For more information about an error, try `rustc --explain E0053`.
[INFO] [stdout] 
[INFO] [stderr] error: could not compile `rocket-app` (bin "rocket-app") due to 5 previous errors
[INFO] running `Command { std: "docker" "inspect" "aedd1e0908721c952108aad23b1408d313be832d84e30239b0eea0fce03ea0cc", kill_on_drop: false }`
[INFO] running `Command { std: "docker" "rm" "-f" "aedd1e0908721c952108aad23b1408d313be832d84e30239b0eea0fce03ea0cc", kill_on_drop: false }`
[INFO] [stdout] aedd1e0908721c952108aad23b1408d313be832d84e30239b0eea0fce03ea0cc
[INFO] testing CodexEmmzy/rocket-app against beta-2023-12-22 for beta-1.76-1
[INFO] running `Command { std: "git" "clone" "/workspace/cache/git-repos/https%3A%2F%2Fgithub.com%2FCodexEmmzy%2Frocket-app" "/workspace/builds/worker-4-tc2/source", kill_on_drop: false }`
[INFO] [stderr] Cloning into '/workspace/builds/worker-4-tc2/source'...
[INFO] [stderr] done.
[INFO] validating manifest of git repo https://github.com/CodexEmmzy/rocket-app on toolchain beta-2023-12-22
[INFO] running `Command { std: CARGO_HOME="/workspace/cargo-home" RUSTUP_HOME="/workspace/rustup-home" "/workspace/cargo-home/bin/cargo" "+beta-2023-12-22" "metadata" "--manifest-path" "Cargo.toml" "--no-deps", kill_on_drop: false }`
[INFO] started tweaking git repo https://github.com/CodexEmmzy/rocket-app
[INFO] finished tweaking git repo https://github.com/CodexEmmzy/rocket-app
[INFO] tweaked toml for git repo https://github.com/CodexEmmzy/rocket-app written to /workspace/builds/worker-4-tc2/source/Cargo.toml
[INFO] crate git repo https://github.com/CodexEmmzy/rocket-app already has a lockfile, it will not be regenerated
[INFO] running `Command { std: CARGO_HOME="/workspace/cargo-home" RUSTUP_HOME="/workspace/rustup-home" "/workspace/cargo-home/bin/cargo" "+beta-2023-12-22" "fetch" "--manifest-path" "Cargo.toml", kill_on_drop: false }`
[INFO] running `Command { std: "docker" "create" "-v" "/var/lib/crater-agent-workspace/builds/worker-4-tc2/target:/opt/rustwide/target:rw,Z" "-v" "/var/lib/crater-agent-workspace/builds/worker-4-tc2/source:/opt/rustwide/workdir:ro,Z" "-v" "/var/lib/crater-agent-workspace/cargo-home:/opt/rustwide/cargo-home:ro,Z" "-v" "/var/lib/crater-agent-workspace/rustup-home:/opt/rustwide/rustup-home:ro,Z" "-e" "SOURCE_DIR=/opt/rustwide/workdir" "-e" "CARGO_TARGET_DIR=/opt/rustwide/target" "-e" "CARGO_HOME=/opt/rustwide/cargo-home" "-e" "RUSTUP_HOME=/opt/rustwide/rustup-home" "-w" "/opt/rustwide/workdir" "-m" "1610612736" "--user" "0:0" "--network" "none" "ghcr.io/rust-lang/crates-build-env/linux@sha256:2788e3201cd34a07e3172128adcd8b3090168a8e3bcc40d7c032b9dda1df7d1c" "/opt/rustwide/cargo-home/bin/cargo" "+beta-2023-12-22" "metadata" "--no-deps" "--format-version=1", kill_on_drop: false }`
[INFO] [stdout] 5d1aee0001ec34c3d05f599e3c9322f2f9030e3ac27183304a4dc0b289ffe8e4
[INFO] running `Command { std: "docker" "start" "-a" "5d1aee0001ec34c3d05f599e3c9322f2f9030e3ac27183304a4dc0b289ffe8e4", kill_on_drop: false }`
[INFO] running `Command { std: "docker" "inspect" "5d1aee0001ec34c3d05f599e3c9322f2f9030e3ac27183304a4dc0b289ffe8e4", kill_on_drop: false }`
[INFO] running `Command { std: "docker" "rm" "-f" "5d1aee0001ec34c3d05f599e3c9322f2f9030e3ac27183304a4dc0b289ffe8e4", kill_on_drop: false }`
[INFO] [stdout] 5d1aee0001ec34c3d05f599e3c9322f2f9030e3ac27183304a4dc0b289ffe8e4
[INFO] running `Command { std: "docker" "create" "-v" "/var/lib/crater-agent-workspace/builds/worker-4-tc2/target:/opt/rustwide/target:rw,Z" "-v" "/var/lib/crater-agent-workspace/builds/worker-4-tc2/source:/opt/rustwide/workdir:ro,Z" "-v" "/var/lib/crater-agent-workspace/cargo-home:/opt/rustwide/cargo-home:ro,Z" "-v" "/var/lib/crater-agent-workspace/rustup-home:/opt/rustwide/rustup-home:ro,Z" "-e" "SOURCE_DIR=/opt/rustwide/workdir" "-e" "CARGO_TARGET_DIR=/opt/rustwide/target" "-e" "CARGO_INCREMENTAL=0" "-e" "RUST_BACKTRACE=full" "-e" "RUSTFLAGS=--cap-lints=warn" "-e" "RUSTDOCFLAGS=--cap-lints=warn" "-e" "CARGO_HOME=/opt/rustwide/cargo-home" "-e" "RUSTUP_HOME=/opt/rustwide/rustup-home" "-w" "/opt/rustwide/workdir" "-m" "1610612736" "--user" "0:0" "--network" "none" "ghcr.io/rust-lang/crates-build-env/linux@sha256:2788e3201cd34a07e3172128adcd8b3090168a8e3bcc40d7c032b9dda1df7d1c" "/opt/rustwide/cargo-home/bin/cargo" "+beta-2023-12-22" "build" "--frozen" "--message-format=json", kill_on_drop: false }`
[INFO] [stdout] acb44182398f2b840d3cd72836f1d5918f78168d7dd2569e7baab03d73213dd9
[INFO] running `Command { std: "docker" "start" "-a" "acb44182398f2b840d3cd72836f1d5918f78168d7dd2569e7baab03d73213dd9", kill_on_drop: false }`
[INFO] [stderr]    Compiling proc-macro2 v1.0.66
[INFO] [stderr]    Compiling unicode-ident v1.0.11
[INFO] [stderr]    Compiling libc v0.2.147
[INFO] [stderr]    Compiling pin-project-lite v0.2.11
[INFO] [stderr]    Compiling serde v1.0.183
[INFO] [stderr]    Compiling serde_derive v1.0.183
[INFO] [stderr]    Compiling futures-channel v0.3.28
[INFO] [stderr]    Compiling bytes v1.4.0
[INFO] [stderr]    Compiling futures-core v0.3.28
[INFO] [stderr]    Compiling yansi v1.0.0-rc
[INFO] [stderr]    Compiling memchr v2.5.0
[INFO] [stderr]    Compiling tracing-core v0.1.31
[INFO] [stderr]    Compiling http v0.2.9
[INFO] [stderr]    Compiling slab v0.4.8
[INFO] [stderr]    Compiling tokio v1.29.1
[INFO] [stderr]    Compiling tracing v0.1.37
[INFO] [stderr]    Compiling quote v1.0.32
[INFO] [stderr]    Compiling futures-task v0.3.28
[INFO] [stderr]    Compiling futures-sink v0.3.28
[INFO] [stderr]    Compiling syn v2.0.28
[INFO] [stderr]    Compiling socket2 v0.4.9
[INFO] [stderr]    Compiling mio v0.8.8
[INFO] [stderr]    Compiling smallvec v1.11.0
[INFO] [stderr]    Compiling signal-hook-registry v1.4.1
[INFO] [stderr]    Compiling num_cpus v1.16.0
[INFO] [stderr]    Compiling futures-util v0.3.28
[INFO] [stderr]    Compiling lock_api v0.4.10
[INFO] [stderr]    Compiling futures-io v0.3.28
[INFO] [stderr]    Compiling parking_lot_core v0.9.8
[INFO] [stderr]    Compiling time-core v0.1.1
[INFO] [stderr]    Compiling time-macros v0.2.11
[INFO] [stderr]    Compiling http-body v0.4.5
[INFO] [stderr]    Compiling indexmap v1.9.3
[INFO] [stderr]    Compiling cookie v0.17.0
[INFO] [stderr]    Compiling deranged v0.3.7
[INFO] [stderr]    Compiling bitflags v2.3.3
[INFO] [stderr]    Compiling httpdate v1.0.2
[INFO] [stderr]    Compiling ref-cast v1.0.19
[INFO] [stderr]    Compiling syn v1.0.109
[INFO] [stderr]    Compiling log v0.4.19
[INFO] [stderr]    Compiling rustix v0.38.7
[INFO] [stderr]    Compiling hashbrown v0.14.0
[INFO] [stderr]    Compiling parking_lot v0.12.1
[INFO] [stderr]    Compiling indexmap v2.0.0
[INFO] [stderr]    Compiling serde_spanned v0.6.3
[INFO] [stderr]    Compiling toml_datetime v0.6.3
[INFO] [stderr]    Compiling time v0.3.25
[INFO] [stderr]    Compiling getrandom v0.2.10
[INFO] [stderr]    Compiling stable-pattern v0.1.0
[INFO] [stderr]    Compiling winnow v0.5.4
[INFO] [stderr]    Compiling state v0.5.3
[INFO] [stderr]    Compiling proc-macro2-diagnostics v0.10.1
[INFO] [stderr]    Compiling linux-raw-sys v0.4.5
[INFO] [stderr]    Compiling devise_core v0.4.1
[INFO] [stderr]    Compiling vcpkg v0.2.15
[INFO] [stderr]    Compiling futures v0.3.28
[INFO] [stderr]    Compiling toml_edit v0.19.14
[INFO] [stderr]    Compiling hyper v0.14.27
[INFO] [stderr]    Compiling libsqlite3-sys v0.26.0
[INFO] [stderr]    Compiling rand_core v0.6.4
[INFO] [stderr]    Compiling uncased v0.9.9
[INFO] [stderr]    Compiling figment v0.10.10
[INFO] [stderr]    Compiling tokio-macros v2.1.0
[INFO] [stderr]    Compiling pear_codegen v0.2.7
[INFO] [stderr]    Compiling ref-cast-impl v1.0.19
[INFO] [stderr]    Compiling devise_codegen v0.4.1
[INFO] [stderr]    Compiling byteorder v1.4.3
[INFO] [stderr]    Compiling serde_json v1.0.104
[INFO] [stderr]    Compiling async-trait v0.1.72
[INFO] [stderr]    Compiling pear v0.2.7
[INFO] [stderr]    Compiling rand_chacha v0.3.1
[INFO] [stderr]    Compiling toml v0.7.6
[INFO] [stderr]    Compiling async-stream-impl v0.3.5
[INFO] [stderr]    Compiling devise v0.4.1
[INFO] [stderr]    Compiling diesel_table_macro_syntax v0.1.0
[INFO] [stderr]    Compiling rocket_http v0.5.0-rc.3
[INFO] [stderr]    Compiling scheduled-thread-pool v0.2.7
[INFO] [stderr]    Compiling encoding_rs v0.8.32
[INFO] [stderr]    Compiling rocket v0.5.0-rc.3
[INFO] [stderr]    Compiling ryu v1.0.15
[INFO] [stderr]    Compiling fastrand v2.0.0
[INFO] [stderr]    Compiling tempfile v3.7.1
[INFO] [stderr]    Compiling async-stream v0.3.5
[INFO] [stderr]    Compiling r2d2 v0.8.10
[INFO] [stderr]    Compiling diesel_derives v1.4.1
[INFO] [stderr]    Compiling diesel_derives v2.1.0
[INFO] [stderr]    Compiling rand v0.8.5
[INFO] [stderr]    Compiling rocket_codegen v0.5.0-rc.3
[INFO] [stderr]    Compiling is-terminal v0.4.9
[INFO] [stderr]    Compiling tokio-util v0.7.8
[INFO] [stderr]    Compiling tokio-stream v0.1.14
[INFO] [stderr]    Compiling h2 v0.3.20
[INFO] [stderr]    Compiling multer v2.1.0
[INFO] [stderr]    Compiling ubyte v0.10.3
[INFO] [stderr]    Compiling rocket_sync_db_pools v0.1.0-rc.3
[INFO] [stderr]    Compiling yansi v0.5.1
[INFO] [stderr]    Compiling rocket_sync_db_pools_codegen v0.1.0-rc.3
[INFO] [stderr]    Compiling base64 v0.20.0
[INFO] [stderr]    Compiling diesel v1.4.8
[INFO] [stderr]    Compiling diesel v2.1.0
[INFO] [stderr]    Compiling migrations_internals v1.4.1
[INFO] [stderr]    Compiling migrations_macros v1.4.2
[INFO] [stderr]    Compiling diesel_migrations v1.4.0
[INFO] [stderr]    Compiling rocket-app v0.1.0 (/opt/rustwide/workdir)
[INFO] [stderr] warning: #[table_name] attribute form is deprecated
[INFO] [stderr]   = help: use `#[diesel(table_name = rustaceans)]` instead
[INFO] [stderr] 
[INFO] [stdout] error[E0277]: the trait bound `DBConn: diesel::connection::Connection` is not satisfied
[INFO] [stdout]    --> src/main.rs:101:36
[INFO] [stdout]     |
[INFO] [stdout] 101 |     match embedded_migrations::run(&conn) {
[INFO] [stdout]     |           ------------------------ ^^^^^ the trait `diesel::connection::Connection` is not implemented for `DBConn`
[INFO] [stdout]     |           |
[INFO] [stdout]     |           required by a bound introduced by this call
[INFO] [stdout]     |
[INFO] [stdout]     = note: required for `DBConn` to implement `diesel_migrations::MigrationConnection`
[INFO] [stdout] note: required by a bound in `embedded_migrations::run`
[INFO] [stdout]    --> src/main.rs:33:1
[INFO] [stdout]     |
[INFO] [stdout] 33  | embed_migrations!();
[INFO] [stdout]     | ^^^^^^^^^^^^^^^^^^^ required by this bound in `run`
[INFO] [stdout]     = note: this error originates in the derive macro `EmbedMigrations` which comes from the expansion of the macro `embed_migrations` (in Nightly builds, run with -Z macro-backtrace for more info)
[INFO] [stdout] 
[INFO] [stdout] 
[INFO] [stdout] error[E0053]: method `run` has an incompatible type for trait
[INFO] [stdout]   --> src/main.rs:33:1
[INFO] [stdout]    |
[INFO] [stdout] 33 | embed_migrations!();
[INFO] [stdout]    | ^^^^^^^^^^^^^^^^^^^ expected trait `diesel::connection::SimpleConnection`, found trait `SimpleConnection`
[INFO] [stdout]    |
[INFO] [stdout]    = note: expected signature `fn(&EmbeddedMigration, &dyn diesel::connection::SimpleConnection) -> Result<_, _>`
[INFO] [stdout]               found signature `fn(&EmbeddedMigration, &dyn SimpleConnection) -> Result<_, _>`
[INFO] [stdout]    = note: perhaps two different versions of crate `diesel` are being used?
[INFO] [stdout]    = note: this error originates in the derive macro `EmbedMigrations` which comes from the expansion of the macro `embed_migrations` (in Nightly builds, run with -Z macro-backtrace for more info)
[INFO] [stdout] 
[INFO] [stdout] 
[INFO] [stdout] error[E0053]: method `revert` has an incompatible type for trait
[INFO] [stdout]   --> src/main.rs:33:1
[INFO] [stdout]    |
[INFO] [stdout] 33 | embed_migrations!();
[INFO] [stdout]    | ^^^^^^^^^^^^^^^^^^^ expected trait `diesel::connection::SimpleConnection`, found trait `SimpleConnection`
[INFO] [stdout]    |
[INFO] [stdout]    = note: expected signature `fn(&EmbeddedMigration, &dyn diesel::connection::SimpleConnection) -> Result<_, _>`
[INFO] [stdout]               found signature `fn(&EmbeddedMigration, &dyn SimpleConnection) -> Result<_, _>`
[INFO] [stdout]    = note: perhaps two different versions of crate `diesel` are being used?
[INFO] [stdout]    = note: this error originates in the derive macro `EmbedMigrations` which comes from the expansion of the macro `embed_migrations` (in Nightly builds, run with -Z macro-backtrace for more info)
[INFO] [stdout] 
[INFO] [stdout] 
[INFO] [stdout] error[E0277]: the trait bound `diesel_migrations::RunMigrationsError: From<diesel::result::Error>` is not satisfied
[INFO] [stdout]   --> src/main.rs:33:1
[INFO] [stdout]    |
[INFO] [stdout] 33 | embed_migrations!();
[INFO] [stdout]    | ^^^^^^^^^^^^^^^^^^^ the trait `From<diesel::result::Error>` is not implemented for `diesel_migrations::RunMigrationsError`
[INFO] [stdout]    |
[INFO] [stdout]    = help: the following other types implement trait `From<T>`:
[INFO] [stdout]              <diesel_migrations::RunMigrationsError as From<std::io::Error>>
[INFO] [stdout]              <diesel_migrations::RunMigrationsError as From<diesel::result::Error>>
[INFO] [stdout]              <diesel_migrations::RunMigrationsError as From<diesel_migrations::MigrationError>>
[INFO] [stdout]    = note: required for `diesel::result::Error` to implement `Into<diesel_migrations::RunMigrationsError>`
[INFO] [stdout]    = note: this error originates in the derive macro `EmbedMigrations` which comes from the expansion of the macro `embed_migrations` (in Nightly builds, run with -Z macro-backtrace for more info)
[INFO] [stdout] 
[INFO] [stdout] 
[INFO] [stdout] error: aborting due to 4 previous errors
[INFO] [stdout] 
[INFO] [stdout] 
[INFO] [stdout] Some errors have detailed explanations: E0053, E0277.
[INFO] [stdout] 
[INFO] [stdout] For more information about an error, try `rustc --explain E0053`.
[INFO] [stdout] 
[INFO] [stderr] error: could not compile `rocket-app` (bin "rocket-app") due to 5 previous errors
[INFO] running `Command { std: "docker" "inspect" "acb44182398f2b840d3cd72836f1d5918f78168d7dd2569e7baab03d73213dd9", kill_on_drop: false }`
[INFO] running `Command { std: "docker" "rm" "-f" "acb44182398f2b840d3cd72836f1d5918f78168d7dd2569e7baab03d73213dd9", kill_on_drop: false }`
[INFO] [stdout] acb44182398f2b840d3cd72836f1d5918f78168d7dd2569e7baab03d73213dd9
