[INFO] cloning repository https://github.com/CodeChain-io/foundry
[INFO] running `Command { std: "git" "-c" "credential.helper=" "-c" "credential.helper=/workspace/cargo-home/bin/git-credential-null" "clone" "--bare" "https://github.com/CodeChain-io/foundry" "/workspace/cache/git-repos/https%3A%2F%2Fgithub.com%2FCodeChain-io%2Ffoundry", kill_on_drop: false }`
[INFO] [stderr] Cloning into bare repository '/workspace/cache/git-repos/https%3A%2F%2Fgithub.com%2FCodeChain-io%2Ffoundry'...
[INFO] running `Command { std: "git" "rev-parse" "HEAD", kill_on_drop: false }`
[INFO] [stdout] 58cd0832f9db09ace91035344db7168063ecfa7a
[INFO] testing CodeChain-io/foundry against 1.75.0 for beta-1.76-1
[INFO] running `Command { std: "git" "clone" "/workspace/cache/git-repos/https%3A%2F%2Fgithub.com%2FCodeChain-io%2Ffoundry" "/workspace/builds/worker-0-tc1/source", kill_on_drop: false }`
[INFO] [stderr] Cloning into '/workspace/builds/worker-0-tc1/source'...
[INFO] [stderr] done.
[INFO] validating manifest of git repo https://github.com/CodeChain-io/foundry on toolchain 1.75.0
[INFO] running `Command { std: CARGO_HOME="/workspace/cargo-home" RUSTUP_HOME="/workspace/rustup-home" "/workspace/cargo-home/bin/cargo" "+1.75.0" "metadata" "--manifest-path" "Cargo.toml" "--no-deps", kill_on_drop: false }`
[INFO] removed /workspace/builds/worker-0-tc1/source/rust-toolchain
[INFO] started tweaking git repo https://github.com/CodeChain-io/foundry
[INFO] finished tweaking git repo https://github.com/CodeChain-io/foundry
[INFO] tweaked toml for git repo https://github.com/CodeChain-io/foundry written to /workspace/builds/worker-0-tc1/source/Cargo.toml
[INFO] crate git repo https://github.com/CodeChain-io/foundry already has a lockfile, it will not be regenerated
[INFO] running `Command { std: CARGO_HOME="/workspace/cargo-home" RUSTUP_HOME="/workspace/rustup-home" "/workspace/cargo-home/bin/cargo" "+1.75.0" "fetch" "--manifest-path" "Cargo.toml", kill_on_drop: false }`
[INFO] [stderr]     Updating git repository `https://github.com/CodeChain-io/rust-codechain-crypto.git`
[INFO] [stderr]     Updating git repository `https://github.com/CodeChain-io/rust-codechain-db.git`
[INFO] [stderr]     Updating git repository `https://github.com/CodeChain-io/rust-merkle-trie.git`
[INFO] [stderr]     Updating git repository `https://github.com/CodeChain-io/rust-codechain-primitives.git`
[INFO] [stderr]     Updating git repository `https://github.com/CodeChain-io/rlp.git`
[INFO] [stderr]     Updating crates.io index
[INFO] [stderr]     Updating git repository `https://github.com/CodeChain-io/module-rt.git`
[INFO] [stderr]     Updating git repository `https://github.com/CodeChain-io/foundry-sandbox.git`
[INFO] [stderr]     Updating git repository `https://github.com/paritytech/jsonrpc.git`
[INFO] [stderr]     Updating git repository `https://github.com/paritytech/rust-ctrlc.git`
[INFO] [stderr]  Downloading crates ...
[INFO] [stderr]   Downloaded limited-table v0.1.0
[INFO] [stderr]   Downloaded interleaved-ordered v0.1.1
[INFO] [stderr]   Downloaded local-encoding v0.2.0
[INFO] [stderr]   Downloaded crossbeam v0.5.0
[INFO] [stderr]   Downloaded primitive-types v0.7.2
[INFO] [stderr]   Downloaded serde_yaml v0.8.13
[INFO] [stderr]   Downloaded base-x v0.2.6
[INFO] [stderr]   Downloaded rust-ini v0.15.3
[INFO] [stderr]   Downloaded fs-swap v0.2.4
[INFO] [stderr]   Downloaded ordered-multimap v0.2.4
[INFO] [stderr]   Downloaded async-trait v0.1.41
[INFO] [stderr]   Downloaded crossbeam-channel v0.4.3
[INFO] [stderr]   Downloaded chrono-tz v0.5.2
[INFO] [stderr]   Downloaded libz-sys v1.1.0
[INFO] [stderr]   Downloaded curl-sys v0.4.36+curl-7.71.1
[INFO] [stderr]   Downloaded kvdb-memorydb v0.1.2
[INFO] [stderr]   Downloaded async-graphql-parser v2.0.5
[INFO] [stderr]   Downloaded async-graphql-derive v2.0.5
[INFO] [stderr]   Downloaded intertrait v0.2.0
[INFO] [stderr]   Downloaded finally-block v0.1.1
[INFO] [stderr]   Downloaded parity-tokio-ipc v0.2.0
[INFO] [stderr]   Downloaded async-graphql-value v2.0.5
[INFO] [stderr]   Downloaded linkme-impl v0.2.2
[INFO] [stderr]   Downloaded async-graphql v2.0.5
[INFO] [stderr]   Downloaded spin v0.6.0
[INFO] [stderr]   Downloaded structconf v0.4.0
[INFO] [stderr]   Downloaded parity-rocksdb-sys v0.5.6
[INFO] [stderr]   Downloaded parity-snappy-sys v0.1.2
[INFO] [stderr]   Downloaded sendgrid v0.8.1
[INFO] [stderr]   Downloaded cidr v0.0.4
[INFO] [stderr]   Downloaded linkme v0.2.2
[INFO] [stderr]   Downloaded remote-trait-object v0.4.3
[INFO] [stderr]   Downloaded libsodium-sys v0.2.6
[INFO] [stderr]   Downloaded handlebars v3.4.0
[INFO] [stderr]   Downloaded structconf_derive v0.4.0
[INFO] [stderr]   Downloaded sodiumoxide v0.2.6
[INFO] [stderr]   Downloaded time v0.2.19
[INFO] [stderr]   Downloaded curl v0.4.33
[INFO] [stderr]   Downloaded flate2 v1.0.17
[INFO] [stderr]   Downloaded rayon v1.4.1
[INFO] [stderr]   Downloaded trust-dns-proto v0.19.5
[INFO] [stderr]   Downloaded aes v0.3.2
[INFO] [stderr]   Downloaded trust-dns-resolver v0.19.5
[INFO] [stderr]   Downloaded actix-web v3.0.2
[INFO] [stderr]   Downloaded chrono v0.4.15
[INFO] [stderr]   Downloaded actix-http v2.0.0
[INFO] [stderr]   Downloaded twoway v0.2.1
[INFO] [stderr]   Downloaded bson v1.1.0
[INFO] [stderr]   Downloaded actix-router v0.2.4
[INFO] [stderr]   Downloaded cookie v0.14.2
[INFO] [stderr]   Downloaded skeptic v0.4.0
[INFO] [stderr]   Downloaded data-encoding v2.3.0
[INFO] [stderr]   Downloaded unindent v0.1.6
[INFO] [stderr]   Downloaded oorandom v11.1.2
[INFO] [stderr]   Downloaded cmake v0.1.44
[INFO] [stderr]   Downloaded app_dirs v1.2.1
[INFO] [stderr]   Downloaded tokio-named-pipes v0.1.0
[INFO] [stderr]   Downloaded intertrait-macros v0.2.0
[INFO] [stderr]   Downloaded erased-serde v0.3.12
[INFO] [stderr]   Downloaded bitstring v0.1.1
[INFO] [stderr]   Downloaded actix-web-codegen v0.3.0
[INFO] [stderr]   Downloaded actix-server v1.0.3
[INFO] [stderr]   Downloaded kvdb v0.1.1
[INFO] [stderr]   Downloaded remote-trait-object-macro v0.4.1
[INFO] [stderr]   Downloaded parity-rocksdb v0.5.1
[INFO] [stderr]   Downloaded tokio-service v0.1.0
[INFO] [stderr]   Downloaded dlv-list v0.2.2
[INFO] [stderr]   Downloaded rlp v0.4.5
[INFO] [stderr]   Downloaded sha-1 v0.9.1
[INFO] [stderr]   Downloaded widestring v0.4.2
[INFO] [stderr]   Downloaded actix-macros v0.1.2
[INFO] [stderr]   Downloaded vergen v3.1.0
[INFO] [stderr]   Downloaded standback v0.2.10
[INFO] [stderr]   Downloaded awc v2.0.0
[INFO] [stderr]   Downloaded crossbeam-deque v0.6.3
[INFO] [stderr]   Downloaded derive_more v0.99.10
[INFO] [stderr]   Downloaded multer v1.2.2
[INFO] [stderr]   Downloaded lru v0.6.0
[INFO] [stderr]   Downloaded my_internet_ip v0.1.1
[INFO] [stderr]   Downloaded plain_hasher v0.2.3
[INFO] [stderr]   Downloaded token-generator v0.1.0
[INFO] [stderr]   Downloaded globset v0.4.5
[INFO] [stderr]   Downloaded rayon-core v1.8.1
[INFO] [stderr]   Downloaded never-type v0.1.1
[INFO] [stderr]   Downloaded shell32-sys v0.1.2
[INFO] [stderr]   Downloaded fdlimit v0.1.4
[INFO] [stderr]   Downloaded kvdb-rocksdb v0.1.6
[INFO] [stderr]   Downloaded time-macros v0.1.0
[INFO] [stderr]   Downloaded unchecked-index v0.2.2
[INFO] [stderr]   Downloaded block-modes v0.3.3
[INFO] [stderr]   Downloaded smallvec v0.4.5
[INFO] [stderr]   Downloaded parity-bytes v0.1.2
[INFO] [stderr]   Downloaded pulldown-cmark v0.0.3
[INFO] [stderr]   Downloaded impl-serde v0.3.1
[INFO] [stderr]   Downloaded syn v1.0.45
[INFO] [stderr]   Downloaded parity-scale-codec v1.3.4
[INFO] running `Command { std: "docker" "create" "-v" "/var/lib/crater-agent-workspace/builds/worker-0-tc1/target:/opt/rustwide/target:rw,Z" "-v" "/var/lib/crater-agent-workspace/builds/worker-0-tc1/source:/opt/rustwide/workdir:ro,Z" "-v" "/var/lib/crater-agent-workspace/cargo-home:/opt/rustwide/cargo-home:ro,Z" "-v" "/var/lib/crater-agent-workspace/rustup-home:/opt/rustwide/rustup-home:ro,Z" "-e" "SOURCE_DIR=/opt/rustwide/workdir" "-e" "CARGO_TARGET_DIR=/opt/rustwide/target" "-e" "CARGO_HOME=/opt/rustwide/cargo-home" "-e" "RUSTUP_HOME=/opt/rustwide/rustup-home" "-w" "/opt/rustwide/workdir" "-m" "1610612736" "--user" "0:0" "--network" "none" "ghcr.io/rust-lang/crates-build-env/linux@sha256:2788e3201cd34a07e3172128adcd8b3090168a8e3bcc40d7c032b9dda1df7d1c" "/opt/rustwide/cargo-home/bin/cargo" "+1.75.0" "metadata" "--no-deps" "--format-version=1", kill_on_drop: false }`
[INFO] [stdout] 1c1f199610a5af0ffdf731521274d51ef86ffdaf2b62db8b580c9818b27b98c0
[INFO] running `Command { std: "docker" "start" "-a" "1c1f199610a5af0ffdf731521274d51ef86ffdaf2b62db8b580c9818b27b98c0", kill_on_drop: false }`
[INFO] running `Command { std: "docker" "inspect" "1c1f199610a5af0ffdf731521274d51ef86ffdaf2b62db8b580c9818b27b98c0", kill_on_drop: false }`
[INFO] running `Command { std: "docker" "rm" "-f" "1c1f199610a5af0ffdf731521274d51ef86ffdaf2b62db8b580c9818b27b98c0", kill_on_drop: false }`
[INFO] [stdout] 1c1f199610a5af0ffdf731521274d51ef86ffdaf2b62db8b580c9818b27b98c0
[INFO] running `Command { std: "docker" "create" "-v" "/var/lib/crater-agent-workspace/builds/worker-0-tc1/target:/opt/rustwide/target:rw,Z" "-v" "/var/lib/crater-agent-workspace/builds/worker-0-tc1/source:/opt/rustwide/workdir:ro,Z" "-v" "/var/lib/crater-agent-workspace/cargo-home:/opt/rustwide/cargo-home:ro,Z" "-v" "/var/lib/crater-agent-workspace/rustup-home:/opt/rustwide/rustup-home:ro,Z" "-e" "SOURCE_DIR=/opt/rustwide/workdir" "-e" "CARGO_TARGET_DIR=/opt/rustwide/target" "-e" "CARGO_INCREMENTAL=0" "-e" "RUST_BACKTRACE=full" "-e" "RUSTFLAGS=--cap-lints=warn" "-e" "RUSTDOCFLAGS=--cap-lints=warn" "-e" "CARGO_HOME=/opt/rustwide/cargo-home" "-e" "RUSTUP_HOME=/opt/rustwide/rustup-home" "-w" "/opt/rustwide/workdir" "-m" "1610612736" "--user" "0:0" "--network" "none" "ghcr.io/rust-lang/crates-build-env/linux@sha256:2788e3201cd34a07e3172128adcd8b3090168a8e3bcc40d7c032b9dda1df7d1c" "/opt/rustwide/cargo-home/bin/cargo" "+1.75.0" "build" "--frozen" "--message-format=json", kill_on_drop: false }`
[INFO] [stdout] 34acd8921acbaf8179a27e729e9b011e6563e9d1fa7c83a01e4fa8c163bc29b7
[INFO] running `Command { std: "docker" "start" "-a" "34acd8921acbaf8179a27e729e9b011e6563e9d1fa7c83a01e4fa8c163bc29b7", kill_on_drop: false }`
[INFO] [stderr]    Compiling libc v0.2.76
[INFO] [stderr]    Compiling cfg-if v0.1.10
[INFO] [stderr]    Compiling proc-macro2 v1.0.24
[INFO] [stderr]    Compiling unicode-xid v0.2.1
[INFO] [stderr]    Compiling syn v1.0.45
[INFO] [stderr]    Compiling autocfg v1.0.1
[INFO] [stderr]    Compiling lazy_static v1.4.0
[INFO] [stderr]    Compiling log v0.4.11
[INFO] [stderr]    Compiling byteorder v1.3.4
[INFO] [stderr]    Compiling serde_derive v1.0.117
[INFO] [stderr]    Compiling serde v1.0.117
[INFO] [stderr]    Compiling memchr v2.3.3
[INFO] [stderr]    Compiling either v1.6.0
[INFO] [stderr]    Compiling fnv v1.0.7
[INFO] [stderr]    Compiling slab v0.4.2
[INFO] [stderr]    Compiling cc v1.0.59
[INFO] [stderr]    Compiling version_check v0.9.2
[INFO] [stderr]    Compiling itoa v0.4.6
[INFO] [stderr]    Compiling maybe-uninit v2.0.0
[INFO] [stderr]    Compiling getrandom v0.1.14
[INFO] [stderr]    Compiling typenum v1.12.0
[INFO] [stderr]    Compiling quote v1.0.7
[INFO] [stderr]    Compiling crossbeam-utils v0.7.2
[INFO] [stderr]    Compiling iovec v0.1.4
[INFO] [stderr]    Compiling num_cpus v1.13.0
[INFO] [stderr]    Compiling net2 v0.2.34
[INFO] [stderr]    Compiling semver-parser v0.7.0
[INFO] [stderr]    Compiling ppv-lite86 v0.2.9
[INFO] [stderr]    Compiling rand_core v0.5.1
[INFO] [stderr]    Compiling mio v0.6.22
[INFO] [stderr]    Compiling semver v0.9.0
[INFO] [stderr]    Compiling indexmap v1.6.0
[INFO] [stderr]    Compiling futures v0.1.29
[INFO] [stderr]    Compiling rand_chacha v0.2.2
[INFO] [stderr]    Compiling rand v0.7.3
[INFO] [stderr]    Compiling rustc_version v0.2.3
[INFO] [stderr]    Compiling mio-uds v0.6.8
[INFO] [stderr]    Compiling hashbrown v0.9.1
[INFO] [stderr]    Compiling pkg-config v0.3.18
[INFO] [stderr]    Compiling memoffset v0.5.5
[INFO] [stderr]    Compiling ryu v1.0.5
[INFO] [stderr]    Compiling aho-corasick v0.7.13
[INFO] [stderr]    Compiling thread_local v1.0.1
[INFO] [stderr]    Compiling regex-syntax v0.6.20
[INFO] [stderr]    Compiling serde_json v1.0.57
[INFO] [stderr]    Compiling bytes v0.4.12
[INFO] [stderr]    Compiling smallvec v0.6.13
[INFO] [stderr]    Compiling smallvec v1.4.2
[INFO] [stderr]    Compiling futures-core v0.3.6
[INFO] [stderr]    Compiling generic-array v0.12.3
[INFO] [stderr]    Compiling crossbeam-epoch v0.8.2
[INFO] [stderr]    Compiling bitflags v1.2.1
[INFO] [stderr]    Compiling parking_lot_core v0.6.2
[INFO] [stderr]    Compiling instant v0.1.6
[INFO] [stderr]    Compiling matches v0.1.8
[INFO] [stderr]    Compiling tinyvec v0.3.4
[INFO] [stderr]    Compiling rand_core v0.4.2
[INFO] [stderr]    Compiling unicode-bidi v0.3.4
[INFO] [stderr]    Compiling parking_lot_core v0.8.0
[INFO] [stderr]    Compiling parking_lot v0.9.0
[INFO] [stderr]    Compiling unicode-normalization v0.1.13
[INFO] [stderr]    Compiling lock_api v0.4.1
[INFO] [stderr]    Compiling once_cell v1.4.1
[INFO] [stderr]    Compiling crossbeam-deque v0.7.3
[INFO] [stderr]    Compiling parking_lot v0.11.0
[INFO] [stderr]    Compiling tokio-executor v0.1.10
[INFO] [stderr]    Compiling crossbeam-queue v0.2.3
[INFO] [stderr]    Compiling lock_api v0.3.4
[INFO] [stderr]    Compiling tokio-io v0.1.13
[INFO] [stderr]    Compiling time v0.1.43
[INFO] [stderr]    Compiling futures-sink v0.3.6
[INFO] [stderr]    Compiling rand_core v0.3.1
[INFO] [stderr]    Compiling proc-macro-hack v0.5.18
[INFO] [stderr]    Compiling autocfg v0.1.7
[INFO] [stderr]    Compiling bytes v0.5.6
[INFO] [stderr]    Compiling regex v1.4.1
[INFO] [stderr]    Compiling pin-project-internal v0.4.23
[INFO] [stderr]    Compiling quick-error v1.2.3
[INFO] [stderr]    Compiling percent-encoding v2.1.0
[INFO] [stderr]    Compiling idna v0.2.0
[INFO] [stderr]    Compiling tokio-sync v0.1.8
[INFO] [stderr]    Compiling httparse v1.3.4
[INFO] [stderr]    Compiling crunchy v0.2.2
[INFO] [stderr]    Compiling pin-project-lite v0.1.10
[INFO] [stderr]    Compiling url v2.1.1
[INFO] [stderr]    Compiling tokio-reactor v0.1.12
[INFO] [stderr]    Compiling futures-io v0.3.6
[INFO] [stderr]    Compiling rustc-hex v2.1.0
[INFO] [stderr]    Compiling proc-macro-nested v0.1.6
[INFO] [stderr]    Compiling byte-tools v0.3.1
[INFO] [stderr]    Compiling tokio-codec v0.1.2
[INFO] [stderr]    Compiling futures-channel v0.3.6
[INFO] [stderr]    Compiling openssl-sys v0.9.58
[INFO] [stderr]    Compiling static_assertions v1.1.0
[INFO] [stderr]    Compiling opaque-debug v0.2.3
[INFO] [stderr]    Compiling block-padding v0.1.5
[INFO] [stderr]    Compiling tokio-threadpool v0.1.18
[INFO] [stderr]    Compiling futures-task v0.3.6
[INFO] [stderr]    Compiling digest v0.8.1
[INFO] [stderr]    Compiling radium v0.3.0
[INFO] [stderr]    Compiling adler v0.2.3
[INFO] [stderr]    Compiling bitvec v0.17.4
[INFO] [stderr]    Compiling miniz_oxide v0.4.1
[INFO] [stderr]    Compiling tokio-fs v0.1.7
[INFO] [stderr] The following warnings were emitted during compilation:
[INFO] [stderr] 
[INFO] [stderr] warning: openssl-sys@0.9.58: build/expando.c:4:24: error: pasting "RUST_VERSION_OPENSSL_" and "(" does not give a valid preprocessing token
[INFO] [stderr] warning: openssl-sys@0.9.58:     4 | #define VERSION2(n, v) RUST_VERSION_##n##_##v
[INFO] [stderr] warning: openssl-sys@0.9.58:       |                        ^~~~~~~~~~~~~
[INFO] [stderr] warning: openssl-sys@0.9.58: build/expando.c:5:23: note: in expansion of macro 'VERSION2'
[INFO] [stderr] warning: openssl-sys@0.9.58:     5 | #define VERSION(n, v) VERSION2(n, v)
[INFO] [stderr] warning: openssl-sys@0.9.58:       |                       ^~~~~~~~
[INFO] [stderr] warning: openssl-sys@0.9.58: build/expando.c:10:1: note: in expansion of macro 'VERSION'
[INFO] [stderr] warning: openssl-sys@0.9.58:    10 | VERSION(OPENSSL, OPENSSL_VERSION_NUMBER)
[INFO] [stderr] warning: openssl-sys@0.9.58:       | ^~~~~~~
[INFO] [stderr] 
[INFO] [stderr] error: failed to run custom build command for `openssl-sys v0.9.58`
[INFO] [stderr] note: To improve backtraces for build dependencies, set the CARGO_PROFILE_DEV_BUILD_OVERRIDE_DEBUG=true environment variable to enable debug information generation.
[INFO] [stderr] 
[INFO] [stderr] Caused by:
[INFO] [stderr]   process didn't exit successfully: `/opt/rustwide/target/debug/build/openssl-sys-44206a5e98073926/build-script-main` (exit status: 101)
[INFO] [stderr]   --- stdout
[INFO] [stderr]   cargo:rustc-cfg=const_fn
[INFO] [stderr]   cargo:rerun-if-env-changed=X86_64_UNKNOWN_LINUX_GNU_OPENSSL_LIB_DIR
[INFO] [stderr]   X86_64_UNKNOWN_LINUX_GNU_OPENSSL_LIB_DIR unset
[INFO] [stderr]   cargo:rerun-if-env-changed=OPENSSL_LIB_DIR
[INFO] [stderr]   OPENSSL_LIB_DIR unset
[INFO] [stderr]   cargo:rerun-if-env-changed=X86_64_UNKNOWN_LINUX_GNU_OPENSSL_INCLUDE_DIR
[INFO] [stderr]   X86_64_UNKNOWN_LINUX_GNU_OPENSSL_INCLUDE_DIR unset
[INFO] [stderr]   cargo:rerun-if-env-changed=OPENSSL_INCLUDE_DIR
[INFO] [stderr]   OPENSSL_INCLUDE_DIR unset
[INFO] [stderr]   cargo:rerun-if-env-changed=X86_64_UNKNOWN_LINUX_GNU_OPENSSL_DIR
[INFO] [stderr]   X86_64_UNKNOWN_LINUX_GNU_OPENSSL_DIR unset
[INFO] [stderr]   cargo:rerun-if-env-changed=OPENSSL_DIR
[INFO] [stderr]   OPENSSL_DIR unset
[INFO] [stderr]   cargo:rerun-if-env-changed=OPENSSL_NO_PKG_CONFIG
[INFO] [stderr]   cargo:rerun-if-env-changed=PKG_CONFIG
[INFO] [stderr]   cargo:rerun-if-env-changed=OPENSSL_STATIC
[INFO] [stderr]   cargo:rerun-if-env-changed=OPENSSL_DYNAMIC
[INFO] [stderr]   cargo:rerun-if-env-changed=PKG_CONFIG_ALL_STATIC
[INFO] [stderr]   cargo:rerun-if-env-changed=PKG_CONFIG_ALL_DYNAMIC
[INFO] [stderr]   cargo:rerun-if-env-changed=PKG_CONFIG_PATH_x86_64-unknown-linux-gnu
[INFO] [stderr]   cargo:rerun-if-env-changed=PKG_CONFIG_PATH_x86_64_unknown_linux_gnu
[INFO] [stderr]   cargo:rerun-if-env-changed=HOST_PKG_CONFIG_PATH
[INFO] [stderr]   cargo:rerun-if-env-changed=PKG_CONFIG_PATH
[INFO] [stderr]   cargo:rerun-if-env-changed=PKG_CONFIG_LIBDIR_x86_64-unknown-linux-gnu
[INFO] [stderr]   cargo:rerun-if-env-changed=PKG_CONFIG_LIBDIR_x86_64_unknown_linux_gnu
[INFO] [stderr]   cargo:rerun-if-env-changed=HOST_PKG_CONFIG_LIBDIR
[INFO] [stderr]   cargo:rerun-if-env-changed=PKG_CONFIG_LIBDIR
[INFO] [stderr]   cargo:rerun-if-env-changed=PKG_CONFIG_SYSROOT_DIR_x86_64-unknown-linux-gnu
[INFO] [stderr]   cargo:rerun-if-env-changed=PKG_CONFIG_SYSROOT_DIR_x86_64_unknown_linux_gnu
[INFO] [stderr]   cargo:rerun-if-env-changed=HOST_PKG_CONFIG_SYSROOT_DIR
[INFO] [stderr]   cargo:rerun-if-env-changed=PKG_CONFIG_SYSROOT_DIR
[INFO] [stderr]   cargo:rerun-if-env-changed=OPENSSL_STATIC
[INFO] [stderr]   cargo:rerun-if-env-changed=OPENSSL_DYNAMIC
[INFO] [stderr]   cargo:rerun-if-env-changed=PKG_CONFIG_ALL_STATIC
[INFO] [stderr]   cargo:rerun-if-env-changed=PKG_CONFIG_ALL_DYNAMIC
[INFO] [stderr]   cargo:rustc-link-lib=ssl
[INFO] [stderr]   cargo:rustc-link-lib=crypto
[INFO] [stderr]   cargo:rerun-if-env-changed=PKG_CONFIG
[INFO] [stderr]   cargo:rerun-if-env-changed=OPENSSL_STATIC
[INFO] [stderr]   cargo:rerun-if-env-changed=OPENSSL_DYNAMIC
[INFO] [stderr]   cargo:rerun-if-env-changed=PKG_CONFIG_ALL_STATIC
[INFO] [stderr]   cargo:rerun-if-env-changed=PKG_CONFIG_ALL_DYNAMIC
[INFO] [stderr]   cargo:rerun-if-env-changed=PKG_CONFIG_PATH_x86_64-unknown-linux-gnu
[INFO] [stderr]   cargo:rerun-if-env-changed=PKG_CONFIG_PATH_x86_64_unknown_linux_gnu
[INFO] [stderr]   cargo:rerun-if-env-changed=HOST_PKG_CONFIG_PATH
[INFO] [stderr]   cargo:rerun-if-env-changed=PKG_CONFIG_PATH
[INFO] [stderr]   cargo:rerun-if-env-changed=PKG_CONFIG_LIBDIR_x86_64-unknown-linux-gnu
[INFO] [stderr]   cargo:rerun-if-env-changed=PKG_CONFIG_LIBDIR_x86_64_unknown_linux_gnu
[INFO] [stderr]   cargo:rerun-if-env-changed=HOST_PKG_CONFIG_LIBDIR
[INFO] [stderr]   cargo:rerun-if-env-changed=PKG_CONFIG_LIBDIR
[INFO] [stderr]   cargo:rerun-if-env-changed=PKG_CONFIG_SYSROOT_DIR_x86_64-unknown-linux-gnu
[INFO] [stderr]   cargo:rerun-if-env-changed=PKG_CONFIG_SYSROOT_DIR_x86_64_unknown_linux_gnu
[INFO] [stderr]   cargo:rerun-if-env-changed=HOST_PKG_CONFIG_SYSROOT_DIR
[INFO] [stderr]   cargo:rerun-if-env-changed=PKG_CONFIG_SYSROOT_DIR
[INFO] [stderr]   OPT_LEVEL = Some("0")
[INFO] [stderr]   TARGET = Some("x86_64-unknown-linux-gnu")
[INFO] [stderr]   HOST = Some("x86_64-unknown-linux-gnu")
[INFO] [stderr]   CC_x86_64-unknown-linux-gnu = None
[INFO] [stderr]   CC_x86_64_unknown_linux_gnu = None
[INFO] [stderr]   HOST_CC = None
[INFO] [stderr]   CC = None
[INFO] [stderr]   CFLAGS_x86_64-unknown-linux-gnu = None
[INFO] [stderr]   CFLAGS_x86_64_unknown_linux_gnu = None
[INFO] [stderr]   HOST_CFLAGS = None
[INFO] [stderr]   CFLAGS = None
[INFO] [stderr]   CRATE_CC_NO_DEFAULTS = None
[INFO] [stderr]   DEBUG = Some("true")
[INFO] [stderr]   CARGO_CFG_TARGET_FEATURE = Some("fxsr,sse,sse2")
[INFO] [stderr]   running: "cc" "-O0" "-ffunction-sections" "-fdata-sections" "-fPIC" "-g" "-fno-omit-frame-pointer" "-m64" "-I" "/usr/include" "-Wall" "-Wextra" "-E" "build/expando.c"
[INFO] [stderr]   cargo:warning=build/expando.c:4:24: error: pasting "RUST_VERSION_OPENSSL_" and "(" does not give a valid preprocessing token
[INFO] [stderr]   cargo:warning=    4 | #define VERSION2(n, v) RUST_VERSION_##n##_##v
[INFO] [stderr]   cargo:warning=      |                        ^~~~~~~~~~~~~
[INFO] [stderr]   cargo:warning=build/expando.c:5:23: note: in expansion of macro 'VERSION2'
[INFO] [stderr]   cargo:warning=    5 | #define VERSION(n, v) VERSION2(n, v)
[INFO] [stderr]   cargo:warning=      |                       ^~~~~~~~
[INFO] [stderr]   cargo:warning=build/expando.c:10:1: note: in expansion of macro 'VERSION'
[INFO] [stderr]   cargo:warning=   10 | VERSION(OPENSSL, OPENSSL_VERSION_NUMBER)
[INFO] [stderr]   cargo:warning=      | ^~~~~~~
[INFO] [stderr]   exit status: 1
[INFO] [stderr] 
[INFO] [stderr]   --- stderr
[INFO] [stderr]   thread 'main' panicked at /opt/rustwide/cargo-home/registry/src/index.crates.io-6f17d22bba15001f/openssl-sys-0.9.58/build/main.rs:140:13:
[INFO] [stderr] 
[INFO] [stderr]   Header expansion error:
[INFO] [stderr]   Error { kind: ToolExecError, message: "Command \"cc\" \"-O0\" \"-ffunction-sections\" \"-fdata-sections\" \"-fPIC\" \"-g\" \"-fno-omit-frame-pointer\" \"-m64\" \"-I\" \"/usr/include\" \"-Wall\" \"-Wextra\" \"-E\" \"build/expando.c\" with args \"cc\" did not execute successfully (status code exit status: 1)." }
[INFO] [stderr] 
[INFO] [stderr]   Failed to find OpenSSL development headers.
[INFO] [stderr] 
[INFO] [stderr]   You can try fixing this setting the `OPENSSL_DIR` environment variable
[INFO] [stderr]   pointing to your OpenSSL installation or installing OpenSSL headers package
[INFO] [stderr]   specific to your distribution:
[INFO] [stderr] 
[INFO] [stderr]       # On Ubuntu
[INFO] [stderr]       sudo apt-get install libssl-dev
[INFO] [stderr]       # On Arch Linux
[INFO] [stderr]       sudo pacman -S openssl
[INFO] [stderr]       # On Fedora
[INFO] [stderr]       sudo dnf install openssl-devel
[INFO] [stderr] 
[INFO] [stderr]   See rust-openssl README for more information:
[INFO] [stderr] 
[INFO] [stderr]       https://github.com/sfackler/rust-openssl#linux
[INFO] [stderr] 
[INFO] [stderr]   stack backtrace:
[INFO] [stderr]      0:     0x5648731fdf5c - std::backtrace_rs::backtrace::libunwind::trace::ha637c64ce894333a
[INFO] [stderr]                                  at /rustc/82e1608dfa6e0b5569232559e3d385fea5a93112/library/std/src/../../backtrace/src/backtrace/libunwind.rs:104:5
[INFO] [stderr]      1:     0x5648731fdf5c - std::backtrace_rs::backtrace::trace_unsynchronized::h47f62dea28e0c88d
[INFO] [stderr]                                  at /rustc/82e1608dfa6e0b5569232559e3d385fea5a93112/library/std/src/../../backtrace/src/backtrace/mod.rs:66:5
[INFO] [stderr]      2:     0x5648731fdf5c - std::sys_common::backtrace::_print_fmt::h9eef0abe20ede486
[INFO] [stderr]                                  at /rustc/82e1608dfa6e0b5569232559e3d385fea5a93112/library/std/src/sys_common/backtrace.rs:67:5
[INFO] [stderr]      3:     0x5648731fdf5c - <std::sys_common::backtrace::_print::DisplayBacktrace as core::fmt::Display>::fmt::hed7f999df88cc644
[INFO] [stderr]                                  at /rustc/82e1608dfa6e0b5569232559e3d385fea5a93112/library/std/src/sys_common/backtrace.rs:44:22
[INFO] [stderr]      4:     0x5648732240c0 - core::fmt::rt::Argument::fmt::h1539a9308b8d058d
[INFO] [stderr]                                  at /rustc/82e1608dfa6e0b5569232559e3d385fea5a93112/library/core/src/fmt/rt.rs:142:9
[INFO] [stderr]      5:     0x5648732240c0 - core::fmt::write::h3a39390d8560d9c9
[INFO] [stderr]                                  at /rustc/82e1608dfa6e0b5569232559e3d385fea5a93112/library/core/src/fmt/mod.rs:1120:17
[INFO] [stderr]      6:     0x5648731fb89f - std::io::Write::write_fmt::h5fc9997dfe05f882
[INFO] [stderr]                                  at /rustc/82e1608dfa6e0b5569232559e3d385fea5a93112/library/std/src/io/mod.rs:1762:15
[INFO] [stderr]      7:     0x5648731fdd44 - std::sys_common::backtrace::_print::h894006fb5c6f3d45
[INFO] [stderr]                                  at /rustc/82e1608dfa6e0b5569232559e3d385fea5a93112/library/std/src/sys_common/backtrace.rs:47:5
[INFO] [stderr]      8:     0x5648731fdd44 - std::sys_common::backtrace::print::h23a2d212c6fff936
[INFO] [stderr]                                  at /rustc/82e1608dfa6e0b5569232559e3d385fea5a93112/library/std/src/sys_common/backtrace.rs:34:9
[INFO] [stderr]      9:     0x5648731ff557 - std::panicking::default_hook::{{closure}}::h8a1d2ee00185001a
[INFO] [stderr]     10:     0x5648731ff2bf - std::panicking::default_hook::h6038f2eba384e475
[INFO] [stderr]                                  at /rustc/82e1608dfa6e0b5569232559e3d385fea5a93112/library/std/src/panicking.rs:292:9
[INFO] [stderr]     11:     0x5648731ff9d8 - std::panicking::rust_panic_with_hook::h2b5517d590cab22e
[INFO] [stderr]                                  at /rustc/82e1608dfa6e0b5569232559e3d385fea5a93112/library/std/src/panicking.rs:779:13
[INFO] [stderr]     12:     0x5648731ff8be - std::panicking::begin_panic_handler::{{closure}}::h233112c06e0ef43e
[INFO] [stderr]                                  at /rustc/82e1608dfa6e0b5569232559e3d385fea5a93112/library/std/src/panicking.rs:657:13
[INFO] [stderr]     13:     0x5648731fe426 - std::sys_common::backtrace::__rust_end_short_backtrace::h6e893f24d7ebbff8
[INFO] [stderr]                                  at /rustc/82e1608dfa6e0b5569232559e3d385fea5a93112/library/std/src/sys_common/backtrace.rs:170:18
[INFO] [stderr]     14:     0x5648731ff622 - rust_begin_unwind
[INFO] [stderr]                                  at /rustc/82e1608dfa6e0b5569232559e3d385fea5a93112/library/std/src/panicking.rs:645:5
[INFO] [stderr]     15:     0x564873168685 - core::panicking::panic_fmt::hbf0e066aabfa482c
[INFO] [stderr]                                  at /rustc/82e1608dfa6e0b5569232559e3d385fea5a93112/library/core/src/panicking.rs:72:14
[INFO] [stderr]     16:     0x5648731705ba - build_script_main::validate_headers::ha5c228f3f7a73af0
[INFO] [stderr]     17:     0x56487316d1d2 - build_script_main::find_normal::try_pkg_config::haa36a4f562bb935f
[INFO] [stderr]     18:     0x56487316c2e4 - build_script_main::find_normal::find_openssl_dir::h76473c97f1e123c4
[INFO] [stderr]     19:     0x56487316c182 - build_script_main::find_normal::get_openssl::{{closure}}::hc4e3f80d238076e7
[INFO] [stderr]     20:     0x5648731698d9 - core::option::Option<T>::unwrap_or_else::h64b8076e6e069a6e
[INFO] [stderr]     21:     0x56487316bf3e - build_script_main::find_normal::get_openssl::h26f9f84dcc16b110
[INFO] [stderr]     22:     0x56487316dead - build_script_main::find_openssl::h91b348cbef5cee67
[INFO] [stderr]     23:     0x56487316df8d - build_script_main::main::h6198551aae9733a1
[INFO] [stderr]     24:     0x5648731741e3 - core::ops::function::FnOnce::call_once::h51e8a81c871b3f67
[INFO] [stderr]     25:     0x564873173d56 - std::sys_common::backtrace::__rust_begin_short_backtrace::h22234800858c005d
[INFO] [stderr]     26:     0x5648731692c9 - std::rt::lang_start::{{closure}}::hd1ff0cbab869c9e7
[INFO] [stderr]     27:     0x5648731f7b77 - core::ops::function::impls::<impl core::ops::function::FnOnce<A> for &F>::call_once::hd95060ecd5e1ca24
[INFO] [stderr]                                  at /rustc/82e1608dfa6e0b5569232559e3d385fea5a93112/library/core/src/ops/function.rs:284:13
[INFO] [stderr]     28:     0x5648731f7b77 - std::panicking::try::do_call::h6e8cf51db32a6e4b
[INFO] [stderr]                                  at /rustc/82e1608dfa6e0b5569232559e3d385fea5a93112/library/std/src/panicking.rs:552:40
[INFO] [stderr]     29:     0x5648731f7b77 - std::panicking::try::h3a52eefe24fe3c29
[INFO] [stderr]                                  at /rustc/82e1608dfa6e0b5569232559e3d385fea5a93112/library/std/src/panicking.rs:516:19
[INFO] [stderr]     30:     0x5648731f7b77 - std::panic::catch_unwind::h24c28c23c02c3841
[INFO] [stderr]                                  at /rustc/82e1608dfa6e0b5569232559e3d385fea5a93112/library/std/src/panic.rs:142:14
[INFO] [stderr]     31:     0x5648731f7b77 - std::rt::lang_start_internal::{{closure}}::h705d3c9cbc06ef47
[INFO] [stderr]                                  at /rustc/82e1608dfa6e0b5569232559e3d385fea5a93112/library/std/src/rt.rs:148:48
[INFO] [stderr]     32:     0x5648731f7b77 - std::panicking::try::do_call::ha21f52ba13158470
[INFO] [stderr]                                  at /rustc/82e1608dfa6e0b5569232559e3d385fea5a93112/library/std/src/panicking.rs:552:40
[INFO] [stderr]     33:     0x5648731f7b77 - std::panicking::try::h5581346bf6aeb1f8
[INFO] [stderr]                                  at /rustc/82e1608dfa6e0b5569232559e3d385fea5a93112/library/std/src/panicking.rs:516:19
[INFO] [stderr]     34:     0x5648731f7b77 - std::panic::catch_unwind::h7919645a6b72e25b
[INFO] [stderr]                                  at /rustc/82e1608dfa6e0b5569232559e3d385fea5a93112/library/std/src/panic.rs:142:14
[INFO] [stderr]     35:     0x5648731f7b77 - std::rt::lang_start_internal::h12de51168669836e
[INFO] [stderr]                                  at /rustc/82e1608dfa6e0b5569232559e3d385fea5a93112/library/std/src/rt.rs:148:20
[INFO] [stderr]     36:     0x5648731692a7 - std::rt::lang_start::h658b12ad5550485d
[INFO] [stderr]     37:     0x564873171305 - main
[INFO] [stderr]     38:     0x7fe57ecb2d90 - <unknown>
[INFO] [stderr]     39:     0x7fe57ecb2e40 - __libc_start_main
[INFO] [stderr]     40:     0x564873168e95 - _start
[INFO] [stderr]     41:                0x0 - <unknown>
[INFO] [stderr] warning: build failed, waiting for other jobs to finish...
[INFO] running `Command { std: "docker" "inspect" "34acd8921acbaf8179a27e729e9b011e6563e9d1fa7c83a01e4fa8c163bc29b7", kill_on_drop: false }`
[INFO] running `Command { std: "docker" "rm" "-f" "34acd8921acbaf8179a27e729e9b011e6563e9d1fa7c83a01e4fa8c163bc29b7", kill_on_drop: false }`
[INFO] [stdout] 34acd8921acbaf8179a27e729e9b011e6563e9d1fa7c83a01e4fa8c163bc29b7
[INFO] testing CodeChain-io/foundry against beta-2023-12-22 for beta-1.76-1
[INFO] running `Command { std: "git" "clone" "/workspace/cache/git-repos/https%3A%2F%2Fgithub.com%2FCodeChain-io%2Ffoundry" "/workspace/builds/worker-0-tc2/source", kill_on_drop: false }`
[INFO] [stderr] Cloning into '/workspace/builds/worker-0-tc2/source'...
[INFO] [stderr] done.
[INFO] validating manifest of git repo https://github.com/CodeChain-io/foundry on toolchain beta-2023-12-22
[INFO] running `Command { std: CARGO_HOME="/workspace/cargo-home" RUSTUP_HOME="/workspace/rustup-home" "/workspace/cargo-home/bin/cargo" "+beta-2023-12-22" "metadata" "--manifest-path" "Cargo.toml" "--no-deps", kill_on_drop: false }`
[INFO] removed /workspace/builds/worker-0-tc2/source/rust-toolchain
[INFO] started tweaking git repo https://github.com/CodeChain-io/foundry
[INFO] finished tweaking git repo https://github.com/CodeChain-io/foundry
[INFO] tweaked toml for git repo https://github.com/CodeChain-io/foundry written to /workspace/builds/worker-0-tc2/source/Cargo.toml
[INFO] crate git repo https://github.com/CodeChain-io/foundry already has a lockfile, it will not be regenerated
[INFO] running `Command { std: CARGO_HOME="/workspace/cargo-home" RUSTUP_HOME="/workspace/rustup-home" "/workspace/cargo-home/bin/cargo" "+beta-2023-12-22" "fetch" "--manifest-path" "Cargo.toml", kill_on_drop: false }`
[INFO] running `Command { std: "docker" "create" "-v" "/var/lib/crater-agent-workspace/builds/worker-0-tc2/target:/opt/rustwide/target:rw,Z" "-v" "/var/lib/crater-agent-workspace/builds/worker-0-tc2/source:/opt/rustwide/workdir:ro,Z" "-v" "/var/lib/crater-agent-workspace/cargo-home:/opt/rustwide/cargo-home:ro,Z" "-v" "/var/lib/crater-agent-workspace/rustup-home:/opt/rustwide/rustup-home:ro,Z" "-e" "SOURCE_DIR=/opt/rustwide/workdir" "-e" "CARGO_TARGET_DIR=/opt/rustwide/target" "-e" "CARGO_HOME=/opt/rustwide/cargo-home" "-e" "RUSTUP_HOME=/opt/rustwide/rustup-home" "-w" "/opt/rustwide/workdir" "-m" "1610612736" "--user" "0:0" "--network" "none" "ghcr.io/rust-lang/crates-build-env/linux@sha256:2788e3201cd34a07e3172128adcd8b3090168a8e3bcc40d7c032b9dda1df7d1c" "/opt/rustwide/cargo-home/bin/cargo" "+beta-2023-12-22" "metadata" "--no-deps" "--format-version=1", kill_on_drop: false }`
[INFO] [stdout] cbbe0516eec20f3af75cfee6e83be8be5d923ee06c3db88afebf4dd35d26c437
[INFO] running `Command { std: "docker" "start" "-a" "cbbe0516eec20f3af75cfee6e83be8be5d923ee06c3db88afebf4dd35d26c437", kill_on_drop: false }`
[INFO] running `Command { std: "docker" "inspect" "cbbe0516eec20f3af75cfee6e83be8be5d923ee06c3db88afebf4dd35d26c437", kill_on_drop: false }`
[INFO] running `Command { std: "docker" "rm" "-f" "cbbe0516eec20f3af75cfee6e83be8be5d923ee06c3db88afebf4dd35d26c437", kill_on_drop: false }`
[INFO] [stdout] cbbe0516eec20f3af75cfee6e83be8be5d923ee06c3db88afebf4dd35d26c437
[INFO] running `Command { std: "docker" "create" "-v" "/var/lib/crater-agent-workspace/builds/worker-0-tc2/target:/opt/rustwide/target:rw,Z" "-v" "/var/lib/crater-agent-workspace/builds/worker-0-tc2/source:/opt/rustwide/workdir:ro,Z" "-v" "/var/lib/crater-agent-workspace/cargo-home:/opt/rustwide/cargo-home:ro,Z" "-v" "/var/lib/crater-agent-workspace/rustup-home:/opt/rustwide/rustup-home:ro,Z" "-e" "SOURCE_DIR=/opt/rustwide/workdir" "-e" "CARGO_TARGET_DIR=/opt/rustwide/target" "-e" "CARGO_INCREMENTAL=0" "-e" "RUST_BACKTRACE=full" "-e" "RUSTFLAGS=--cap-lints=warn" "-e" "RUSTDOCFLAGS=--cap-lints=warn" "-e" "CARGO_HOME=/opt/rustwide/cargo-home" "-e" "RUSTUP_HOME=/opt/rustwide/rustup-home" "-w" "/opt/rustwide/workdir" "-m" "1610612736" "--user" "0:0" "--network" "none" "ghcr.io/rust-lang/crates-build-env/linux@sha256:2788e3201cd34a07e3172128adcd8b3090168a8e3bcc40d7c032b9dda1df7d1c" "/opt/rustwide/cargo-home/bin/cargo" "+beta-2023-12-22" "build" "--frozen" "--message-format=json", kill_on_drop: false }`
[INFO] [stdout] 37af5300ddc6bb338c5f425a5d17abaff074804babc1f970f29c002e2dd65500
[INFO] running `Command { std: "docker" "start" "-a" "37af5300ddc6bb338c5f425a5d17abaff074804babc1f970f29c002e2dd65500", kill_on_drop: false }`
[INFO] [stderr]    Compiling libc v0.2.76
[INFO] [stderr]    Compiling cfg-if v0.1.10
[INFO] [stderr]    Compiling proc-macro2 v1.0.24
[INFO] [stderr]    Compiling unicode-xid v0.2.1
[INFO] [stderr]    Compiling syn v1.0.45
[INFO] [stderr]    Compiling autocfg v1.0.1
[INFO] [stderr]    Compiling lazy_static v1.4.0
[INFO] [stderr]    Compiling log v0.4.11
[INFO] [stderr]    Compiling byteorder v1.3.4
[INFO] [stderr]    Compiling serde_derive v1.0.117
[INFO] [stderr]    Compiling serde v1.0.117
[INFO] [stderr]    Compiling memchr v2.3.3
[INFO] [stderr]    Compiling either v1.6.0
[INFO] [stderr]    Compiling fnv v1.0.7
[INFO] [stderr]    Compiling slab v0.4.2
[INFO] [stderr]    Compiling cc v1.0.59
[INFO] [stderr]    Compiling version_check v0.9.2
[INFO] [stderr]    Compiling itoa v0.4.6
[INFO] [stderr]    Compiling maybe-uninit v2.0.0
[INFO] [stderr]    Compiling typenum v1.12.0
[INFO] [stderr]    Compiling getrandom v0.1.14
[INFO] [stderr]    Compiling crossbeam-utils v0.7.2
[INFO] [stderr]    Compiling quote v1.0.7
[INFO] [stderr]    Compiling iovec v0.1.4
[INFO] [stderr]    Compiling num_cpus v1.13.0
[INFO] [stderr]    Compiling net2 v0.2.34
[INFO] [stderr]    Compiling ppv-lite86 v0.2.9
[INFO] [stderr]    Compiling semver-parser v0.7.0
[INFO] [stderr]    Compiling rand_core v0.5.1
[INFO] [stderr]    Compiling mio v0.6.22
[INFO] [stderr]    Compiling rand_chacha v0.2.2
[INFO] [stderr]    Compiling semver v0.9.0
[INFO] [stderr]    Compiling indexmap v1.6.0
[INFO] [stderr]    Compiling rustc_version v0.2.3
[INFO] [stderr]    Compiling rand v0.7.3
[INFO] [stderr]    Compiling futures v0.1.29
[INFO] [stderr]    Compiling mio-uds v0.6.8
[INFO] [stderr]    Compiling hashbrown v0.9.1
[INFO] [stderr]    Compiling pkg-config v0.3.18
[INFO] [stderr]    Compiling memoffset v0.5.5
[INFO] [stderr]    Compiling ryu v1.0.5
[INFO] [stderr]    Compiling aho-corasick v0.7.13
[INFO] [stderr]    Compiling thread_local v1.0.1
[INFO] [stderr]    Compiling regex-syntax v0.6.20
[INFO] [stderr]    Compiling serde_json v1.0.57
[INFO] [stderr]    Compiling bytes v0.4.12
[INFO] [stderr]    Compiling smallvec v0.6.13
[INFO] [stderr]    Compiling smallvec v1.4.2
[INFO] [stderr]    Compiling futures-core v0.3.6
[INFO] [stderr]    Compiling generic-array v0.12.3
[INFO] [stderr]    Compiling crossbeam-epoch v0.8.2
[INFO] [stderr]    Compiling bitflags v1.2.1
[INFO] [stderr]    Compiling parking_lot_core v0.6.2
[INFO] [stderr]    Compiling instant v0.1.6
[INFO] [stderr]    Compiling tinyvec v0.3.4
[INFO] [stderr]    Compiling matches v0.1.8
[INFO] [stderr]    Compiling rand_core v0.4.2
[INFO] [stderr]    Compiling unicode-bidi v0.3.4
[INFO] [stderr]    Compiling parking_lot_core v0.8.0
[INFO] [stderr]    Compiling parking_lot v0.9.0
[INFO] [stderr]    Compiling lock_api v0.4.1
[INFO] [stderr]    Compiling unicode-normalization v0.1.13
[INFO] [stderr]    Compiling once_cell v1.4.1
[INFO] [stderr]    Compiling crossbeam-deque v0.7.3
[INFO] [stderr]    Compiling parking_lot v0.11.0
[INFO] [stderr]    Compiling tokio-executor v0.1.10
[INFO] [stderr]    Compiling crossbeam-queue v0.2.3
[INFO] [stderr]    Compiling lock_api v0.3.4
[INFO] [stderr]    Compiling tokio-io v0.1.13
[INFO] [stderr]    Compiling regex v1.4.1
[INFO] [stderr]    Compiling time v0.1.43
[INFO] [stderr]    Compiling futures-sink v0.3.6
[INFO] [stderr]    Compiling rand_core v0.3.1
[INFO] [stderr]    Compiling bytes v0.5.6
[INFO] [stderr]    Compiling proc-macro-hack v0.5.18
[INFO] [stderr]    Compiling autocfg v0.1.7
[INFO] [stderr]    Compiling percent-encoding v2.1.0
[INFO] [stderr]    Compiling pin-project-internal v0.4.23
[INFO] [stderr]    Compiling quick-error v1.2.3
[INFO] [stderr]    Compiling idna v0.2.0
[INFO] [stderr]    Compiling tokio-sync v0.1.8
[INFO] [stderr]    Compiling httparse v1.3.4
[INFO] [stderr]    Compiling pin-project-lite v0.1.10
[INFO] [stderr]    Compiling crunchy v0.2.2
[INFO] [stderr]    Compiling tokio-reactor v0.1.12
[INFO] [stderr]    Compiling url v2.1.1
[INFO] [stderr]    Compiling proc-macro-nested v0.1.6
[INFO] [stderr]    Compiling futures-io v0.3.6
[INFO] [stderr]    Compiling byte-tools v0.3.1
[INFO] [stderr]    Compiling rustc-hex v2.1.0
[INFO] [stderr]    Compiling futures-channel v0.3.6
[INFO] [stderr]    Compiling tokio-codec v0.1.2
[INFO] [stderr]    Compiling openssl-sys v0.9.58
[INFO] [stderr]    Compiling opaque-debug v0.2.3
[INFO] [stderr]    Compiling static_assertions v1.1.0
[INFO] [stderr]    Compiling block-padding v0.1.5
[INFO] [stderr]    Compiling tokio-threadpool v0.1.18
[INFO] [stderr]    Compiling futures-task v0.3.6
[INFO] [stderr]    Compiling digest v0.8.1
[INFO] [stderr]    Compiling adler v0.2.3
[INFO] [stderr]    Compiling radium v0.3.0
[INFO] [stderr]    Compiling miniz_oxide v0.4.1
[INFO] [stderr]    Compiling tokio-udp v0.1.6
[INFO] [stderr]    Compiling bitvec v0.17.4
[INFO] [stderr]    Compiling tokio-uds v0.2.7
[INFO] [stderr] The following warnings were emitted during compilation:
[INFO] [stderr] 
[INFO] [stderr] warning: openssl-sys@0.9.58: build/expando.c:4:24: error: pasting "RUST_VERSION_OPENSSL_" and "(" does not give a valid preprocessing token
[INFO] [stderr] warning: openssl-sys@0.9.58:     4 | #define VERSION2(n, v) RUST_VERSION_##n##_##v
[INFO] [stderr] warning: openssl-sys@0.9.58:       |                        ^~~~~~~~~~~~~
[INFO] [stderr] warning: openssl-sys@0.9.58: build/expando.c:5:23: note: in expansion of macro 'VERSION2'
[INFO] [stderr] warning: openssl-sys@0.9.58:     5 | #define VERSION(n, v) VERSION2(n, v)
[INFO] [stderr] warning: openssl-sys@0.9.58:       |                       ^~~~~~~~
[INFO] [stderr] warning: openssl-sys@0.9.58: build/expando.c:10:1: note: in expansion of macro 'VERSION'
[INFO] [stderr] warning: openssl-sys@0.9.58:    10 | VERSION(OPENSSL, OPENSSL_VERSION_NUMBER)
[INFO] [stderr] warning: openssl-sys@0.9.58:       | ^~~~~~~
[INFO] [stderr] 
[INFO] [stderr] error: failed to run custom build command for `openssl-sys v0.9.58`
[INFO] [stderr] note: To improve backtraces for build dependencies, set the CARGO_PROFILE_DEV_BUILD_OVERRIDE_DEBUG=true environment variable to enable debug information generation.
[INFO] [stderr] 
[INFO] [stderr] Caused by:
[INFO] [stderr]   process didn't exit successfully: `/opt/rustwide/target/debug/build/openssl-sys-bf7973ae0e0788bf/build-script-main` (exit status: 101)
[INFO] [stderr]   --- stdout
[INFO] [stderr]   cargo:rustc-cfg=const_fn
[INFO] [stderr]   cargo:rerun-if-env-changed=X86_64_UNKNOWN_LINUX_GNU_OPENSSL_LIB_DIR
[INFO] [stderr]   X86_64_UNKNOWN_LINUX_GNU_OPENSSL_LIB_DIR unset
[INFO] [stderr]   cargo:rerun-if-env-changed=OPENSSL_LIB_DIR
[INFO] [stderr]   OPENSSL_LIB_DIR unset
[INFO] [stderr]   cargo:rerun-if-env-changed=X86_64_UNKNOWN_LINUX_GNU_OPENSSL_INCLUDE_DIR
[INFO] [stderr]   X86_64_UNKNOWN_LINUX_GNU_OPENSSL_INCLUDE_DIR unset
[INFO] [stderr]   cargo:rerun-if-env-changed=OPENSSL_INCLUDE_DIR
[INFO] [stderr]   OPENSSL_INCLUDE_DIR unset
[INFO] [stderr]   cargo:rerun-if-env-changed=X86_64_UNKNOWN_LINUX_GNU_OPENSSL_DIR
[INFO] [stderr]   X86_64_UNKNOWN_LINUX_GNU_OPENSSL_DIR unset
[INFO] [stderr]   cargo:rerun-if-env-changed=OPENSSL_DIR
[INFO] [stderr]   OPENSSL_DIR unset
[INFO] [stderr]   cargo:rerun-if-env-changed=OPENSSL_NO_PKG_CONFIG
[INFO] [stderr]   cargo:rerun-if-env-changed=PKG_CONFIG
[INFO] [stderr]   cargo:rerun-if-env-changed=OPENSSL_STATIC
[INFO] [stderr]   cargo:rerun-if-env-changed=OPENSSL_DYNAMIC
[INFO] [stderr]   cargo:rerun-if-env-changed=PKG_CONFIG_ALL_STATIC
[INFO] [stderr]   cargo:rerun-if-env-changed=PKG_CONFIG_ALL_DYNAMIC
[INFO] [stderr]   cargo:rerun-if-env-changed=PKG_CONFIG_PATH_x86_64-unknown-linux-gnu
[INFO] [stderr]   cargo:rerun-if-env-changed=PKG_CONFIG_PATH_x86_64_unknown_linux_gnu
[INFO] [stderr]   cargo:rerun-if-env-changed=HOST_PKG_CONFIG_PATH
[INFO] [stderr]   cargo:rerun-if-env-changed=PKG_CONFIG_PATH
[INFO] [stderr]   cargo:rerun-if-env-changed=PKG_CONFIG_LIBDIR_x86_64-unknown-linux-gnu
[INFO] [stderr]   cargo:rerun-if-env-changed=PKG_CONFIG_LIBDIR_x86_64_unknown_linux_gnu
[INFO] [stderr]   cargo:rerun-if-env-changed=HOST_PKG_CONFIG_LIBDIR
[INFO] [stderr]   cargo:rerun-if-env-changed=PKG_CONFIG_LIBDIR
[INFO] [stderr]   cargo:rerun-if-env-changed=PKG_CONFIG_SYSROOT_DIR_x86_64-unknown-linux-gnu
[INFO] [stderr]   cargo:rerun-if-env-changed=PKG_CONFIG_SYSROOT_DIR_x86_64_unknown_linux_gnu
[INFO] [stderr]   cargo:rerun-if-env-changed=HOST_PKG_CONFIG_SYSROOT_DIR
[INFO] [stderr]   cargo:rerun-if-env-changed=PKG_CONFIG_SYSROOT_DIR
[INFO] [stderr]   cargo:rerun-if-env-changed=OPENSSL_STATIC
[INFO] [stderr]   cargo:rerun-if-env-changed=OPENSSL_DYNAMIC
[INFO] [stderr]   cargo:rerun-if-env-changed=PKG_CONFIG_ALL_STATIC
[INFO] [stderr]   cargo:rerun-if-env-changed=PKG_CONFIG_ALL_DYNAMIC
[INFO] [stderr]   cargo:rustc-link-lib=ssl
[INFO] [stderr]   cargo:rustc-link-lib=crypto
[INFO] [stderr]   cargo:rerun-if-env-changed=PKG_CONFIG
[INFO] [stderr]   cargo:rerun-if-env-changed=OPENSSL_STATIC
[INFO] [stderr]   cargo:rerun-if-env-changed=OPENSSL_DYNAMIC
[INFO] [stderr]   cargo:rerun-if-env-changed=PKG_CONFIG_ALL_STATIC
[INFO] [stderr]   cargo:rerun-if-env-changed=PKG_CONFIG_ALL_DYNAMIC
[INFO] [stderr]   cargo:rerun-if-env-changed=PKG_CONFIG_PATH_x86_64-unknown-linux-gnu
[INFO] [stderr]   cargo:rerun-if-env-changed=PKG_CONFIG_PATH_x86_64_unknown_linux_gnu
[INFO] [stderr]   cargo:rerun-if-env-changed=HOST_PKG_CONFIG_PATH
[INFO] [stderr]   cargo:rerun-if-env-changed=PKG_CONFIG_PATH
[INFO] [stderr]   cargo:rerun-if-env-changed=PKG_CONFIG_LIBDIR_x86_64-unknown-linux-gnu
[INFO] [stderr]   cargo:rerun-if-env-changed=PKG_CONFIG_LIBDIR_x86_64_unknown_linux_gnu
[INFO] [stderr]   cargo:rerun-if-env-changed=HOST_PKG_CONFIG_LIBDIR
[INFO] [stderr]   cargo:rerun-if-env-changed=PKG_CONFIG_LIBDIR
[INFO] [stderr]   cargo:rerun-if-env-changed=PKG_CONFIG_SYSROOT_DIR_x86_64-unknown-linux-gnu
[INFO] [stderr]   cargo:rerun-if-env-changed=PKG_CONFIG_SYSROOT_DIR_x86_64_unknown_linux_gnu
[INFO] [stderr]   cargo:rerun-if-env-changed=HOST_PKG_CONFIG_SYSROOT_DIR
[INFO] [stderr]   cargo:rerun-if-env-changed=PKG_CONFIG_SYSROOT_DIR
[INFO] [stderr]   OPT_LEVEL = Some("0")
[INFO] [stderr]   TARGET = Some("x86_64-unknown-linux-gnu")
[INFO] [stderr]   HOST = Some("x86_64-unknown-linux-gnu")
[INFO] [stderr]   CC_x86_64-unknown-linux-gnu = None
[INFO] [stderr]   CC_x86_64_unknown_linux_gnu = None
[INFO] [stderr]   HOST_CC = None
[INFO] [stderr]   CC = None
[INFO] [stderr]   CFLAGS_x86_64-unknown-linux-gnu = None
[INFO] [stderr]   CFLAGS_x86_64_unknown_linux_gnu = None
[INFO] [stderr]   HOST_CFLAGS = None
[INFO] [stderr]   CFLAGS = None
[INFO] [stderr]   CRATE_CC_NO_DEFAULTS = None
[INFO] [stderr]   DEBUG = Some("true")
[INFO] [stderr]   CARGO_CFG_TARGET_FEATURE = Some("fxsr,sse,sse2")
[INFO] [stderr]   running: "cc" "-O0" "-ffunction-sections" "-fdata-sections" "-fPIC" "-g" "-fno-omit-frame-pointer" "-m64" "-I" "/usr/include" "-Wall" "-Wextra" "-E" "build/expando.c"
[INFO] [stderr]   cargo:warning=build/expando.c:4:24: error: pasting "RUST_VERSION_OPENSSL_" and "(" does not give a valid preprocessing token
[INFO] [stderr]   cargo:warning=    4 | #define VERSION2(n, v) RUST_VERSION_##n##_##v
[INFO] [stderr]   cargo:warning=      |                        ^~~~~~~~~~~~~
[INFO] [stderr]   cargo:warning=build/expando.c:5:23: note: in expansion of macro 'VERSION2'
[INFO] [stderr]   cargo:warning=    5 | #define VERSION(n, v) VERSION2(n, v)
[INFO] [stderr]   cargo:warning=      |                       ^~~~~~~~
[INFO] [stderr]   cargo:warning=build/expando.c:10:1: note: in expansion of macro 'VERSION'
[INFO] [stderr]   cargo:warning=   10 | VERSION(OPENSSL, OPENSSL_VERSION_NUMBER)
[INFO] [stderr]   cargo:warning=      | ^~~~~~~
[INFO] [stderr]   exit status: 1
[INFO] [stderr] 
[INFO] [stderr]   --- stderr
[INFO] [stderr]   thread 'main' panicked at /opt/rustwide/cargo-home/registry/src/index.crates.io-6f17d22bba15001f/openssl-sys-0.9.58/build/main.rs:140:13:
[INFO] [stderr] 
[INFO] [stderr]   Header expansion error:
[INFO] [stderr]   Error { kind: ToolExecError, message: "Command \"cc\" \"-O0\" \"-ffunction-sections\" \"-fdata-sections\" \"-fPIC\" \"-g\" \"-fno-omit-frame-pointer\" \"-m64\" \"-I\" \"/usr/include\" \"-Wall\" \"-Wextra\" \"-E\" \"build/expando.c\" with args \"cc\" did not execute successfully (status code exit status: 1)." }
[INFO] [stderr] 
[INFO] [stderr]   Failed to find OpenSSL development headers.
[INFO] [stderr] 
[INFO] [stderr]   You can try fixing this setting the `OPENSSL_DIR` environment variable
[INFO] [stderr]   pointing to your OpenSSL installation or installing OpenSSL headers package
[INFO] [stderr]   specific to your distribution:
[INFO] [stderr] 
[INFO] [stderr]       # On Ubuntu
[INFO] [stderr]       sudo apt-get install libssl-dev
[INFO] [stderr]       # On Arch Linux
[INFO] [stderr]       sudo pacman -S openssl
[INFO] [stderr]       # On Fedora
[INFO] [stderr]       sudo dnf install openssl-devel
[INFO] [stderr] 
[INFO] [stderr]   See rust-openssl README for more information:
[INFO] [stderr] 
[INFO] [stderr]       https://github.com/sfackler/rust-openssl#linux
[INFO] [stderr] 
[INFO] [stderr]   stack backtrace:
[INFO] [stderr]      0:     0x564aed14c036 - std::backtrace_rs::backtrace::libunwind::trace::h261606ad26a499c1
[INFO] [stderr]                                  at /rustc/0e09125c6c3c2fd70d7de961bcf0e51575235fad/library/std/src/../../backtrace/src/backtrace/libunwind.rs:104:5
[INFO] [stderr]      1:     0x564aed14c036 - std::backtrace_rs::backtrace::trace_unsynchronized::hd183f0625477fb28
[INFO] [stderr]                                  at /rustc/0e09125c6c3c2fd70d7de961bcf0e51575235fad/library/std/src/../../backtrace/src/backtrace/mod.rs:66:5
[INFO] [stderr]      2:     0x564aed14c036 - std::sys_common::backtrace::_print_fmt::hd7f8fef21b4eda67
[INFO] [stderr]                                  at /rustc/0e09125c6c3c2fd70d7de961bcf0e51575235fad/library/std/src/sys_common/backtrace.rs:68:5
[INFO] [stderr]      3:     0x564aed14c036 - <std::sys_common::backtrace::_print::DisplayBacktrace as core::fmt::Display>::fmt::h623d9b51f2f453f1
[INFO] [stderr]                                  at /rustc/0e09125c6c3c2fd70d7de961bcf0e51575235fad/library/std/src/sys_common/backtrace.rs:44:22
[INFO] [stderr]      4:     0x564aed171580 - core::fmt::rt::Argument::fmt::h9f417ac76a86f368
[INFO] [stderr]                                  at /rustc/0e09125c6c3c2fd70d7de961bcf0e51575235fad/library/core/src/fmt/rt.rs:142:9
[INFO] [stderr]      5:     0x564aed171580 - core::fmt::write::hc9b6faf4ac2aeff7
[INFO] [stderr]                                  at /rustc/0e09125c6c3c2fd70d7de961bcf0e51575235fad/library/core/src/fmt/mod.rs:1120:17
[INFO] [stderr]      6:     0x564aed149a9f - std::io::Write::write_fmt::hfead1eee52c2e65e
[INFO] [stderr]                                  at /rustc/0e09125c6c3c2fd70d7de961bcf0e51575235fad/library/std/src/io/mod.rs:1810:15
[INFO] [stderr]      7:     0x564aed14be14 - std::sys_common::backtrace::_print::hd5d66399c7df88a2
[INFO] [stderr]                                  at /rustc/0e09125c6c3c2fd70d7de961bcf0e51575235fad/library/std/src/sys_common/backtrace.rs:47:5
[INFO] [stderr]      8:     0x564aed14be14 - std::sys_common::backtrace::print::he81ed2da642d37e5
[INFO] [stderr]                                  at /rustc/0e09125c6c3c2fd70d7de961bcf0e51575235fad/library/std/src/sys_common/backtrace.rs:34:9
[INFO] [stderr]      9:     0x564aed14d6f7 - std::panicking::default_hook::{{closure}}::h85773f4fa117163d
[INFO] [stderr]     10:     0x564aed14d459 - std::panicking::default_hook::h6a1694a91d09b278
[INFO] [stderr]                                  at /rustc/0e09125c6c3c2fd70d7de961bcf0e51575235fad/library/std/src/panicking.rs:292:9
[INFO] [stderr]     11:     0x564aed14db88 - std::panicking::rust_panic_with_hook::h0a7ad96e90f7145b
[INFO] [stderr]                                  at /rustc/0e09125c6c3c2fd70d7de961bcf0e51575235fad/library/std/src/panicking.rs:779:13
[INFO] [stderr]     12:     0x564aed14da62 - std::panicking::begin_panic_handler::{{closure}}::h7919090525c6485e
[INFO] [stderr]                                  at /rustc/0e09125c6c3c2fd70d7de961bcf0e51575235fad/library/std/src/panicking.rs:657:13
[INFO] [stderr]     13:     0x564aed14c536 - std::sys_common::backtrace::__rust_end_short_backtrace::hf3289479464f7dfe
[INFO] [stderr]                                  at /rustc/0e09125c6c3c2fd70d7de961bcf0e51575235fad/library/std/src/sys_common/backtrace.rs:171:18
[INFO] [stderr]     14:     0x564aed14d7c0 - rust_begin_unwind
[INFO] [stderr]                                  at /rustc/0e09125c6c3c2fd70d7de961bcf0e51575235fad/library/std/src/panicking.rs:645:5
[INFO] [stderr]     15:     0x564aed0b4685 - core::panicking::panic_fmt::hcc9f77c5c132af55
[INFO] [stderr]                                  at /rustc/0e09125c6c3c2fd70d7de961bcf0e51575235fad/library/core/src/panicking.rs:72:14
[INFO] [stderr]     16:     0x564aed0bc19a - build_script_main::validate_headers::hb2639b78a80bbd3f
[INFO] [stderr]     17:     0x564aed0b8d98 - build_script_main::find_normal::try_pkg_config::haf2562e425300ac5
[INFO] [stderr]     18:     0x564aed0b7e94 - build_script_main::find_normal::find_openssl_dir::h2b7a9fad00a7088c
[INFO] [stderr]     19:     0x564aed0b7d32 - build_script_main::find_normal::get_openssl::{{closure}}::ha9cbf37167fb1682
[INFO] [stderr]     20:     0x564aed0b580f - core::option::Option<T>::unwrap_or_else::h6130c0bf1d267d91
[INFO] [stderr]     21:     0x564aed0b7afa - build_script_main::find_normal::get_openssl::h6bdba7ad1fa4a311
[INFO] [stderr]     22:     0x564aed0b9a9d - build_script_main::find_openssl::h6921cde46fff78e9
[INFO] [stderr]     23:     0x564aed0b9b7d - build_script_main::main::h53bd6f4629e07868
[INFO] [stderr]     24:     0x564aed0bfd53 - core::ops::function::FnOnce::call_once::h87ed66e1532f1938
[INFO] [stderr]     25:     0x564aed0bf856 - std::sys_common::backtrace::__rust_begin_short_backtrace::h39048caa31a451a6
[INFO] [stderr]     26:     0x564aed0b5309 - std::rt::lang_start::{{closure}}::hdc94a4babf483982
[INFO] [stderr]     27:     0x564aed145b21 - core::ops::function::impls::<impl core::ops::function::FnOnce<A> for &F>::call_once::h4eb4c5e1620f29b0
[INFO] [stderr]                                  at /rustc/0e09125c6c3c2fd70d7de961bcf0e51575235fad/library/core/src/ops/function.rs:284:13
[INFO] [stderr]     28:     0x564aed145b21 - std::panicking::try::do_call::h73fd26535faffcdf
[INFO] [stderr]                                  at /rustc/0e09125c6c3c2fd70d7de961bcf0e51575235fad/library/std/src/panicking.rs:552:40
[INFO] [stderr]     29:     0x564aed145b21 - std::panicking::try::h77ff1d98f0fb9f39
[INFO] [stderr]                                  at /rustc/0e09125c6c3c2fd70d7de961bcf0e51575235fad/library/std/src/panicking.rs:516:19
[INFO] [stderr]     30:     0x564aed145b21 - std::panic::catch_unwind::hab3caf2448b95e37
[INFO] [stderr]                                  at /rustc/0e09125c6c3c2fd70d7de961bcf0e51575235fad/library/std/src/panic.rs:142:14
[INFO] [stderr]     31:     0x564aed145b21 - std::rt::lang_start_internal::{{closure}}::h8086711f9c783f78
[INFO] [stderr]                                  at /rustc/0e09125c6c3c2fd70d7de961bcf0e51575235fad/library/std/src/rt.rs:148:48
[INFO] [stderr]     32:     0x564aed145b21 - std::panicking::try::do_call::hf920d4dc291cd6ca
[INFO] [stderr]                                  at /rustc/0e09125c6c3c2fd70d7de961bcf0e51575235fad/library/std/src/panicking.rs:552:40
[INFO] [stderr]     33:     0x564aed145b21 - std::panicking::try::h2b806ccc0a85db74
[INFO] [stderr]                                  at /rustc/0e09125c6c3c2fd70d7de961bcf0e51575235fad/library/std/src/panicking.rs:516:19
[INFO] [stderr]     34:     0x564aed145b21 - std::panic::catch_unwind::h038489539c507df2
[INFO] [stderr]                                  at /rustc/0e09125c6c3c2fd70d7de961bcf0e51575235fad/library/std/src/panic.rs:142:14
[INFO] [stderr]     35:     0x564aed145b21 - std::rt::lang_start_internal::h28503b88912e8a5c
[INFO] [stderr]                                  at /rustc/0e09125c6c3c2fd70d7de961bcf0e51575235fad/library/std/src/rt.rs:148:20
[INFO] [stderr]     36:     0x564aed0b52e7 - std::rt::lang_start::hce96946122a872dd
[INFO] [stderr]     37:     0x564aed0bcee5 - main
[INFO] [stderr]     38:     0x7fe58ae69d90 - <unknown>
[INFO] [stderr]     39:     0x7fe58ae69e40 - __libc_start_main
[INFO] [stderr]     40:     0x564aed0b4ea5 - _start
[INFO] [stderr]     41:                0x0 - <unknown>
[INFO] [stderr] warning: build failed, waiting for other jobs to finish...
[INFO] running `Command { std: "docker" "inspect" "37af5300ddc6bb338c5f425a5d17abaff074804babc1f970f29c002e2dd65500", kill_on_drop: false }`
[INFO] running `Command { std: "docker" "rm" "-f" "37af5300ddc6bb338c5f425a5d17abaff074804babc1f970f29c002e2dd65500", kill_on_drop: false }`
[INFO] [stdout] 37af5300ddc6bb338c5f425a5d17abaff074804babc1f970f29c002e2dd65500
