[INFO] cloning repository https://github.com/Clo91eaf/hemu
[INFO] running `Command { std: "git" "-c" "credential.helper=" "-c" "credential.helper=/workspace/cargo-home/bin/git-credential-null" "clone" "--bare" "https://github.com/Clo91eaf/hemu" "/workspace/cache/git-repos/https%3A%2F%2Fgithub.com%2FClo91eaf%2Fhemu", kill_on_drop: false }`
[INFO] [stderr] Cloning into bare repository '/workspace/cache/git-repos/https%3A%2F%2Fgithub.com%2FClo91eaf%2Fhemu'...
[INFO] running `Command { std: "git" "rev-parse" "HEAD", kill_on_drop: false }`
[INFO] [stdout] 65cb69836bf9cf7c9627f8e27aedd71d1589de78
[INFO] testing Clo91eaf/hemu against 1.75.0 for beta-1.76-1
[INFO] running `Command { std: "git" "clone" "/workspace/cache/git-repos/https%3A%2F%2Fgithub.com%2FClo91eaf%2Fhemu" "/workspace/builds/worker-0-tc1/source", kill_on_drop: false }`
[INFO] [stderr] Cloning into '/workspace/builds/worker-0-tc1/source'...
[INFO] [stderr] done.
[INFO] validating manifest of git repo https://github.com/Clo91eaf/hemu on toolchain 1.75.0
[INFO] running `Command { std: CARGO_HOME="/workspace/cargo-home" RUSTUP_HOME="/workspace/rustup-home" "/workspace/cargo-home/bin/cargo" "+1.75.0" "metadata" "--manifest-path" "Cargo.toml" "--no-deps", kill_on_drop: false }`
[INFO] started tweaking git repo https://github.com/Clo91eaf/hemu
[INFO] finished tweaking git repo https://github.com/Clo91eaf/hemu
[INFO] tweaked toml for git repo https://github.com/Clo91eaf/hemu written to /workspace/builds/worker-0-tc1/source/Cargo.toml
[INFO] crate git repo https://github.com/Clo91eaf/hemu already has a lockfile, it will not be regenerated
[INFO] running `Command { std: CARGO_HOME="/workspace/cargo-home" RUSTUP_HOME="/workspace/rustup-home" "/workspace/cargo-home/bin/cargo" "+1.75.0" "fetch" "--manifest-path" "Cargo.toml", kill_on_drop: false }`
[INFO] [stderr] warning: unused manifest key: build
[INFO] [stderr]     Updating crates.io index
[INFO] [stderr]  Downloading crates ...
[INFO] [stderr]   Downloaded rustyline v7.1.0
[INFO] [stderr]   Downloaded eval v0.4.3
[INFO] running `Command { std: "docker" "create" "-v" "/var/lib/crater-agent-workspace/builds/worker-0-tc1/target:/opt/rustwide/target:rw,Z" "-v" "/var/lib/crater-agent-workspace/builds/worker-0-tc1/source:/opt/rustwide/workdir:ro,Z" "-v" "/var/lib/crater-agent-workspace/cargo-home:/opt/rustwide/cargo-home:ro,Z" "-v" "/var/lib/crater-agent-workspace/rustup-home:/opt/rustwide/rustup-home:ro,Z" "-e" "SOURCE_DIR=/opt/rustwide/workdir" "-e" "CARGO_TARGET_DIR=/opt/rustwide/target" "-e" "CARGO_HOME=/opt/rustwide/cargo-home" "-e" "RUSTUP_HOME=/opt/rustwide/rustup-home" "-w" "/opt/rustwide/workdir" "-m" "1610612736" "--user" "0:0" "--network" "none" "ghcr.io/rust-lang/crates-build-env/linux@sha256:2788e3201cd34a07e3172128adcd8b3090168a8e3bcc40d7c032b9dda1df7d1c" "/opt/rustwide/cargo-home/bin/cargo" "+1.75.0" "metadata" "--no-deps" "--format-version=1", kill_on_drop: false }`
[INFO] [stdout] 0a237e44a0dcb44a877b1627754cc1b336ce0cb5f08786c42632e6324af4dacb
[INFO] running `Command { std: "docker" "start" "-a" "0a237e44a0dcb44a877b1627754cc1b336ce0cb5f08786c42632e6324af4dacb", kill_on_drop: false }`
[INFO] running `Command { std: "docker" "inspect" "0a237e44a0dcb44a877b1627754cc1b336ce0cb5f08786c42632e6324af4dacb", kill_on_drop: false }`
[INFO] running `Command { std: "docker" "rm" "-f" "0a237e44a0dcb44a877b1627754cc1b336ce0cb5f08786c42632e6324af4dacb", kill_on_drop: false }`
[INFO] [stdout] 0a237e44a0dcb44a877b1627754cc1b336ce0cb5f08786c42632e6324af4dacb
[INFO] running `Command { std: "docker" "create" "-v" "/var/lib/crater-agent-workspace/builds/worker-0-tc1/target:/opt/rustwide/target:rw,Z" "-v" "/var/lib/crater-agent-workspace/builds/worker-0-tc1/source:/opt/rustwide/workdir:ro,Z" "-v" "/var/lib/crater-agent-workspace/cargo-home:/opt/rustwide/cargo-home:ro,Z" "-v" "/var/lib/crater-agent-workspace/rustup-home:/opt/rustwide/rustup-home:ro,Z" "-e" "SOURCE_DIR=/opt/rustwide/workdir" "-e" "CARGO_TARGET_DIR=/opt/rustwide/target" "-e" "CARGO_INCREMENTAL=0" "-e" "RUST_BACKTRACE=full" "-e" "RUSTFLAGS=--cap-lints=warn" "-e" "RUSTDOCFLAGS=--cap-lints=warn" "-e" "CARGO_HOME=/opt/rustwide/cargo-home" "-e" "RUSTUP_HOME=/opt/rustwide/rustup-home" "-w" "/opt/rustwide/workdir" "-m" "1610612736" "--user" "0:0" "--network" "none" "ghcr.io/rust-lang/crates-build-env/linux@sha256:2788e3201cd34a07e3172128adcd8b3090168a8e3bcc40d7c032b9dda1df7d1c" "/opt/rustwide/cargo-home/bin/cargo" "+1.75.0" "build" "--frozen" "--message-format=json", kill_on_drop: false }`
[INFO] [stdout] bd21599d3abada2e9d8c2d7d080700d710a207ccbca282e555caf8a33c9bc703
[INFO] running `Command { std: "docker" "start" "-a" "bd21599d3abada2e9d8c2d7d080700d710a207ccbca282e555caf8a33c9bc703", kill_on_drop: false }`
[INFO] [stderr] warning: unused manifest key: build
[INFO] [stderr]    Compiling libc v0.2.144
[INFO] [stderr]    Compiling io-lifetimes v1.0.10
[INFO] [stderr]    Compiling memchr v2.5.0
[INFO] [stderr]    Compiling rustix v0.37.19
[INFO] [stderr]    Compiling proc-macro2 v1.0.56
[INFO] [stderr]    Compiling linux-raw-sys v0.3.7
[INFO] [stderr]    Compiling utf8parse v0.2.1
[INFO] [stderr]    Compiling unicode-ident v1.0.8
[INFO] [stderr]    Compiling quote v1.0.27
[INFO] [stderr]    Compiling serde v1.0.171
[INFO] [stderr]    Compiling log v0.4.17
[INFO] [stderr]    Compiling colorchoice v1.0.0
[INFO] [stderr]    Compiling regex-syntax v0.7.3
[INFO] [stderr]    Compiling anstyle-query v1.0.0
[INFO] [stderr]    Compiling num-traits v0.2.15
[INFO] [stderr]    Compiling anstyle v1.0.1
[INFO] [stderr]    Compiling anstyle-parse v0.2.1
[INFO] [stderr]    Compiling serde_json v1.0.102
[INFO] [stderr]    Compiling clap_lex v0.5.0
[INFO] [stderr]    Compiling ryu v1.0.14
[INFO] [stderr]    Compiling strsim v0.10.0
[INFO] [stderr]    Compiling heck v0.4.1
[INFO] [stderr]    Compiling itoa v1.0.8
[INFO] [stderr]    Compiling once_cell v1.18.0
[INFO] [stderr]    Compiling unicode-segmentation v1.10.1
[INFO] [stderr]    Compiling unicode-width v0.1.10
[INFO] [stderr]    Compiling termcolor v1.2.0
[INFO] [stderr]    Compiling aho-corasick v1.0.1
[INFO] [stderr]    Compiling syn v2.0.15
[INFO] [stderr]    Compiling atoi v2.0.0
[INFO] [stderr]    Compiling dirs-sys-next v0.1.2
[INFO] [stderr]    Compiling fs2 v0.4.3
[INFO] [stderr]    Compiling nix v0.19.1
[INFO] [stderr]    Compiling dirs-next v2.0.0
[INFO] [stderr]    Compiling regex-automata v0.3.0
[INFO] [stderr]    Compiling is-terminal v0.4.7
[INFO] [stderr]    Compiling anstream v0.3.2
[INFO] [stderr]    Compiling clap_builder v4.3.11
[INFO] [stderr]    Compiling regex v1.9.0
[INFO] [stderr]    Compiling clap_derive v4.3.2
[INFO] [stderr]    Compiling eval v0.4.3
[INFO] [stderr]    Compiling env_logger v0.10.0
[INFO] [stderr]    Compiling rustyline v7.1.0
[INFO] [stderr]    Compiling clap v4.3.11
[INFO] [stderr]    Compiling hemu v0.1.0 (/opt/rustwide/workdir)
[INFO] [stderr]     Finished dev [unoptimized + debuginfo] target(s) in 6.51s
[INFO] running `Command { std: "docker" "inspect" "bd21599d3abada2e9d8c2d7d080700d710a207ccbca282e555caf8a33c9bc703", kill_on_drop: false }`
[INFO] running `Command { std: "docker" "rm" "-f" "bd21599d3abada2e9d8c2d7d080700d710a207ccbca282e555caf8a33c9bc703", kill_on_drop: false }`
[INFO] [stdout] bd21599d3abada2e9d8c2d7d080700d710a207ccbca282e555caf8a33c9bc703
[INFO] running `Command { std: "docker" "create" "-v" "/var/lib/crater-agent-workspace/builds/worker-0-tc1/target:/opt/rustwide/target:rw,Z" "-v" "/var/lib/crater-agent-workspace/builds/worker-0-tc1/source:/opt/rustwide/workdir:ro,Z" "-v" "/var/lib/crater-agent-workspace/cargo-home:/opt/rustwide/cargo-home:ro,Z" "-v" "/var/lib/crater-agent-workspace/rustup-home:/opt/rustwide/rustup-home:ro,Z" "-e" "SOURCE_DIR=/opt/rustwide/workdir" "-e" "CARGO_TARGET_DIR=/opt/rustwide/target" "-e" "CARGO_INCREMENTAL=0" "-e" "RUST_BACKTRACE=full" "-e" "RUSTFLAGS=--cap-lints=warn" "-e" "RUSTDOCFLAGS=--cap-lints=warn" "-e" "CARGO_HOME=/opt/rustwide/cargo-home" "-e" "RUSTUP_HOME=/opt/rustwide/rustup-home" "-w" "/opt/rustwide/workdir" "-m" "1610612736" "--user" "0:0" "--network" "none" "ghcr.io/rust-lang/crates-build-env/linux@sha256:2788e3201cd34a07e3172128adcd8b3090168a8e3bcc40d7c032b9dda1df7d1c" "/opt/rustwide/cargo-home/bin/cargo" "+1.75.0" "test" "--frozen" "--no-run" "--message-format=json", kill_on_drop: false }`
[INFO] [stdout] 7ee7453cc229d26ccd3521e36652de7499a3c6ce9803a5db154292fdac980e9a
[INFO] running `Command { std: "docker" "start" "-a" "7ee7453cc229d26ccd3521e36652de7499a3c6ce9803a5db154292fdac980e9a", kill_on_drop: false }`
[INFO] [stderr] warning: unused manifest key: build
[INFO] [stderr]    Compiling hemu v0.1.0 (/opt/rustwide/workdir)
[INFO] [stdout] error[E0425]: cannot find value `cpu` in this scope
[INFO] [stdout]   --> src/monitor/expr.rs:72:42
[INFO] [stdout]    |
[INFO] [stdout] 72 |     assert_eq!(expr("1 + 2".to_string(), cpu), 3);
[INFO] [stdout]    |                                          ^^^ not found in this scope
[INFO] [stdout] 
[INFO] [stdout] 
[INFO] [stdout] error[E0425]: cannot find value `cpu` in this scope
[INFO] [stdout]   --> src/monitor/expr.rs:73:46
[INFO] [stdout]    |
[INFO] [stdout] 73 |     assert_eq!(expr("1 + 2 + 3".to_string(), cpu), 6);
[INFO] [stdout]    |                                              ^^^ not found in this scope
[INFO] [stdout] 
[INFO] [stdout] 
[INFO] [stdout] error[E0425]: cannot find value `cpu` in this scope
[INFO] [stdout]   --> src/monitor/expr.rs:74:46
[INFO] [stdout]    |
[INFO] [stdout] 74 |     assert_eq!(expr("1 + 2 * 3".to_string(), cpu), 7);
[INFO] [stdout]    |                                              ^^^ not found in this scope
[INFO] [stdout] 
[INFO] [stdout] 
[INFO] [stdout] error[E0425]: cannot find value `cpu` in this scope
[INFO] [stdout]   --> src/monitor/expr.rs:75:46
[INFO] [stdout]    |
[INFO] [stdout] 75 |     assert_eq!(expr("1 / 2 * 3".to_string(), cpu), 1);
[INFO] [stdout]    |                                              ^^^ not found in this scope
[INFO] [stdout] 
[INFO] [stdout] 
[INFO] [stdout] error[E0425]: cannot find value `cpu` in this scope
[INFO] [stdout]   --> src/monitor/expr.rs:76:48
[INFO] [stdout]    |
[INFO] [stdout] 76 |     assert_eq!(expr("1 / (2 * 3)".to_string(), cpu), 0);
[INFO] [stdout]    |                                                ^^^ not found in this scope
[INFO] [stdout] 
[INFO] [stdout] 
[INFO] [stdout] error[E0425]: cannot find value `cpu` in this scope
[INFO] [stdout]   --> src/monitor/expr.rs:77:38
[INFO] [stdout]    |
[INFO] [stdout] 77 |     assert_eq!(expr("0".to_string(), cpu), 0);
[INFO] [stdout]    |                                      ^^^ not found in this scope
[INFO] [stdout] 
[INFO] [stdout] 
[INFO] [stdout] error[E0425]: cannot find value `cpu` in this scope
[INFO] [stdout]   --> src/monitor/expr.rs:79:42
[INFO] [stdout]    |
[INFO] [stdout] 79 |     assert_eq!(expr("1 / 0".to_string(), cpu), 114514);
[INFO] [stdout]    |                                          ^^^ not found in this scope
[INFO] [stdout] 
[INFO] [stdout] 
[INFO] [stdout] error[E0425]: cannot find value `cpu` in this scope
[INFO] [stdout]   --> src/monitor/expr.rs:84:40
[INFO] [stdout]    |
[INFO] [stdout] 84 |     assert_eq!(expr("0x1".to_string(), cpu), 1);
[INFO] [stdout]    |                                        ^^^ not found in this scope
[INFO] [stdout] 
[INFO] [stdout] 
[INFO] [stdout] error[E0425]: cannot find value `cpu` in this scope
[INFO] [stdout]   --> src/monitor/expr.rs:85:41
[INFO] [stdout]    |
[INFO] [stdout] 85 |     assert_eq!(expr("0x10".to_string(), cpu), 16);
[INFO] [stdout]    |                                         ^^^ not found in this scope
[INFO] [stdout] 
[INFO] [stdout] 
[INFO] [stdout] error[E0425]: cannot find value `cpu` in this scope
[INFO] [stdout]   --> src/monitor/expr.rs:90:40
[INFO] [stdout]    |
[INFO] [stdout] 90 |     assert_eq!(expr("$pc".to_string(), cpu), cpu.pc);
[INFO] [stdout]    |                                        ^^^ not found in this scope
[INFO] [stdout] 
[INFO] [stdout] 
[INFO] [stdout] error[E0425]: cannot find value `cpu` in this scope
[INFO] [stdout]   --> src/monitor/expr.rs:90:46
[INFO] [stdout]    |
[INFO] [stdout] 90 |     assert_eq!(expr("$pc".to_string(), cpu), cpu.pc);
[INFO] [stdout]    |                                              ^^^ not found in this scope
[INFO] [stdout] 
[INFO] [stdout] 
[INFO] [stdout] error[E0425]: cannot find value `cpu` in this scope
[INFO] [stdout]   --> src/monitor/expr.rs:91:40
[INFO] [stdout]    |
[INFO] [stdout] 91 |     assert_eq!(expr("$x1".to_string(), cpu), cpu.gpr[1]);
[INFO] [stdout]    |                                        ^^^ not found in this scope
[INFO] [stdout] 
[INFO] [stdout] 
[INFO] [stdout] error[E0425]: cannot find value `cpu` in this scope
[INFO] [stdout]   --> src/monitor/expr.rs:91:46
[INFO] [stdout]    |
[INFO] [stdout] 91 |     assert_eq!(expr("$x1".to_string(), cpu), cpu.gpr[1]);
[INFO] [stdout]    |                                              ^^^ not found in this scope
[INFO] [stdout] 
[INFO] [stdout] 
[INFO] [stdout] error: aborting due to 13 previous errors
[INFO] [stdout] 
[INFO] [stdout] 
[INFO] [stdout] For more information about this error, try `rustc --explain E0425`.
[INFO] [stdout] 
[INFO] [stderr] error: could not compile `hemu` (bin "hemu" test) due to 14 previous errors
[INFO] running `Command { std: "docker" "inspect" "7ee7453cc229d26ccd3521e36652de7499a3c6ce9803a5db154292fdac980e9a", kill_on_drop: false }`
[INFO] running `Command { std: "docker" "rm" "-f" "7ee7453cc229d26ccd3521e36652de7499a3c6ce9803a5db154292fdac980e9a", kill_on_drop: false }`
[INFO] [stdout] 7ee7453cc229d26ccd3521e36652de7499a3c6ce9803a5db154292fdac980e9a
[INFO] testing Clo91eaf/hemu against beta-2023-12-22 for beta-1.76-1
[INFO] running `Command { std: "git" "clone" "/workspace/cache/git-repos/https%3A%2F%2Fgithub.com%2FClo91eaf%2Fhemu" "/workspace/builds/worker-0-tc2/source", kill_on_drop: false }`
[INFO] [stderr] Cloning into '/workspace/builds/worker-0-tc2/source'...
[INFO] [stderr] done.
[INFO] validating manifest of git repo https://github.com/Clo91eaf/hemu on toolchain beta-2023-12-22
[INFO] running `Command { std: CARGO_HOME="/workspace/cargo-home" RUSTUP_HOME="/workspace/rustup-home" "/workspace/cargo-home/bin/cargo" "+beta-2023-12-22" "metadata" "--manifest-path" "Cargo.toml" "--no-deps", kill_on_drop: false }`
[INFO] started tweaking git repo https://github.com/Clo91eaf/hemu
[INFO] finished tweaking git repo https://github.com/Clo91eaf/hemu
[INFO] tweaked toml for git repo https://github.com/Clo91eaf/hemu written to /workspace/builds/worker-0-tc2/source/Cargo.toml
[INFO] crate git repo https://github.com/Clo91eaf/hemu already has a lockfile, it will not be regenerated
[INFO] running `Command { std: CARGO_HOME="/workspace/cargo-home" RUSTUP_HOME="/workspace/rustup-home" "/workspace/cargo-home/bin/cargo" "+beta-2023-12-22" "fetch" "--manifest-path" "Cargo.toml", kill_on_drop: false }`
[INFO] [stderr] warning: unused manifest key: build
[INFO] running `Command { std: "docker" "create" "-v" "/var/lib/crater-agent-workspace/builds/worker-0-tc2/target:/opt/rustwide/target:rw,Z" "-v" "/var/lib/crater-agent-workspace/builds/worker-0-tc2/source:/opt/rustwide/workdir:ro,Z" "-v" "/var/lib/crater-agent-workspace/cargo-home:/opt/rustwide/cargo-home:ro,Z" "-v" "/var/lib/crater-agent-workspace/rustup-home:/opt/rustwide/rustup-home:ro,Z" "-e" "SOURCE_DIR=/opt/rustwide/workdir" "-e" "CARGO_TARGET_DIR=/opt/rustwide/target" "-e" "CARGO_HOME=/opt/rustwide/cargo-home" "-e" "RUSTUP_HOME=/opt/rustwide/rustup-home" "-w" "/opt/rustwide/workdir" "-m" "1610612736" "--user" "0:0" "--network" "none" "ghcr.io/rust-lang/crates-build-env/linux@sha256:2788e3201cd34a07e3172128adcd8b3090168a8e3bcc40d7c032b9dda1df7d1c" "/opt/rustwide/cargo-home/bin/cargo" "+beta-2023-12-22" "metadata" "--no-deps" "--format-version=1", kill_on_drop: false }`
[INFO] [stdout] 715fd97b6906d72c03b5039d51ff27ccbf243189441d0360a94cf4f01ab129f4
[INFO] running `Command { std: "docker" "start" "-a" "715fd97b6906d72c03b5039d51ff27ccbf243189441d0360a94cf4f01ab129f4", kill_on_drop: false }`
[INFO] running `Command { std: "docker" "inspect" "715fd97b6906d72c03b5039d51ff27ccbf243189441d0360a94cf4f01ab129f4", kill_on_drop: false }`
[INFO] running `Command { std: "docker" "rm" "-f" "715fd97b6906d72c03b5039d51ff27ccbf243189441d0360a94cf4f01ab129f4", kill_on_drop: false }`
[INFO] [stdout] 715fd97b6906d72c03b5039d51ff27ccbf243189441d0360a94cf4f01ab129f4
[INFO] running `Command { std: "docker" "create" "-v" "/var/lib/crater-agent-workspace/builds/worker-0-tc2/target:/opt/rustwide/target:rw,Z" "-v" "/var/lib/crater-agent-workspace/builds/worker-0-tc2/source:/opt/rustwide/workdir:ro,Z" "-v" "/var/lib/crater-agent-workspace/cargo-home:/opt/rustwide/cargo-home:ro,Z" "-v" "/var/lib/crater-agent-workspace/rustup-home:/opt/rustwide/rustup-home:ro,Z" "-e" "SOURCE_DIR=/opt/rustwide/workdir" "-e" "CARGO_TARGET_DIR=/opt/rustwide/target" "-e" "CARGO_INCREMENTAL=0" "-e" "RUST_BACKTRACE=full" "-e" "RUSTFLAGS=--cap-lints=warn" "-e" "RUSTDOCFLAGS=--cap-lints=warn" "-e" "CARGO_HOME=/opt/rustwide/cargo-home" "-e" "RUSTUP_HOME=/opt/rustwide/rustup-home" "-w" "/opt/rustwide/workdir" "-m" "1610612736" "--user" "0:0" "--network" "none" "ghcr.io/rust-lang/crates-build-env/linux@sha256:2788e3201cd34a07e3172128adcd8b3090168a8e3bcc40d7c032b9dda1df7d1c" "/opt/rustwide/cargo-home/bin/cargo" "+beta-2023-12-22" "build" "--frozen" "--message-format=json", kill_on_drop: false }`
[INFO] [stdout] d409d883203d67a89532bf85545a9170391dfdec969b75963c8a3c04a231a35e
[INFO] running `Command { std: "docker" "start" "-a" "d409d883203d67a89532bf85545a9170391dfdec969b75963c8a3c04a231a35e", kill_on_drop: false }`
[INFO] [stderr] warning: unused manifest key: build
[INFO] [stderr]    Compiling libc v0.2.144
[INFO] [stderr]    Compiling io-lifetimes v1.0.10
[INFO] [stderr]    Compiling memchr v2.5.0
[INFO] [stderr]    Compiling rustix v0.37.19
[INFO] [stderr]    Compiling linux-raw-sys v0.3.7
[INFO] [stderr]    Compiling proc-macro2 v1.0.56
[INFO] [stderr]    Compiling quote v1.0.27
[INFO] [stderr]    Compiling unicode-ident v1.0.8
[INFO] [stderr]    Compiling utf8parse v0.2.1
[INFO] [stderr]    Compiling serde v1.0.171
[INFO] [stderr]    Compiling log v0.4.17
[INFO] [stderr]    Compiling serde_json v1.0.102
[INFO] [stderr]    Compiling regex-syntax v0.7.3
[INFO] [stderr]    Compiling anstyle-query v1.0.0
[INFO] [stderr]    Compiling num-traits v0.2.15
[INFO] [stderr]    Compiling anstyle v1.0.1
[INFO] [stderr]    Compiling anstyle-parse v0.2.1
[INFO] [stderr]    Compiling colorchoice v1.0.0
[INFO] [stderr]    Compiling clap_lex v0.5.0
[INFO] [stderr]    Compiling heck v0.4.1
[INFO] [stderr]    Compiling itoa v1.0.8
[INFO] [stderr]    Compiling strsim v0.10.0
[INFO] [stderr]    Compiling ryu v1.0.14
[INFO] [stderr]    Compiling once_cell v1.18.0
[INFO] [stderr]    Compiling unicode-segmentation v1.10.1
[INFO] [stderr]    Compiling termcolor v1.2.0
[INFO] [stderr]    Compiling unicode-width v0.1.10
[INFO] [stderr]    Compiling aho-corasick v1.0.1
[INFO] [stderr]    Compiling syn v2.0.15
[INFO] [stderr]    Compiling atoi v2.0.0
[INFO] [stderr]    Compiling dirs-sys-next v0.1.2
[INFO] [stderr]    Compiling fs2 v0.4.3
[INFO] [stderr]    Compiling nix v0.19.1
[INFO] [stderr]    Compiling dirs-next v2.0.0
[INFO] [stderr]    Compiling regex-automata v0.3.0
[INFO] [stderr]    Compiling is-terminal v0.4.7
[INFO] [stderr]    Compiling anstream v0.3.2
[INFO] [stderr]    Compiling clap_builder v4.3.11
[INFO] [stderr]    Compiling clap_derive v4.3.2
[INFO] [stderr]    Compiling eval v0.4.3
[INFO] [stderr]    Compiling regex v1.9.0
[INFO] [stderr]    Compiling rustyline v7.1.0
[INFO] [stderr]    Compiling env_logger v0.10.0
[INFO] [stderr]    Compiling clap v4.3.11
[INFO] [stderr]    Compiling hemu v0.1.0 (/opt/rustwide/workdir)
[INFO] [stderr]     Finished dev [unoptimized + debuginfo] target(s) in 6.46s
[INFO] running `Command { std: "docker" "inspect" "d409d883203d67a89532bf85545a9170391dfdec969b75963c8a3c04a231a35e", kill_on_drop: false }`
[INFO] running `Command { std: "docker" "rm" "-f" "d409d883203d67a89532bf85545a9170391dfdec969b75963c8a3c04a231a35e", kill_on_drop: false }`
[INFO] [stdout] d409d883203d67a89532bf85545a9170391dfdec969b75963c8a3c04a231a35e
[INFO] running `Command { std: "docker" "create" "-v" "/var/lib/crater-agent-workspace/builds/worker-0-tc2/target:/opt/rustwide/target:rw,Z" "-v" "/var/lib/crater-agent-workspace/builds/worker-0-tc2/source:/opt/rustwide/workdir:ro,Z" "-v" "/var/lib/crater-agent-workspace/cargo-home:/opt/rustwide/cargo-home:ro,Z" "-v" "/var/lib/crater-agent-workspace/rustup-home:/opt/rustwide/rustup-home:ro,Z" "-e" "SOURCE_DIR=/opt/rustwide/workdir" "-e" "CARGO_TARGET_DIR=/opt/rustwide/target" "-e" "CARGO_INCREMENTAL=0" "-e" "RUST_BACKTRACE=full" "-e" "RUSTFLAGS=--cap-lints=warn" "-e" "RUSTDOCFLAGS=--cap-lints=warn" "-e" "CARGO_HOME=/opt/rustwide/cargo-home" "-e" "RUSTUP_HOME=/opt/rustwide/rustup-home" "-w" "/opt/rustwide/workdir" "-m" "1610612736" "--user" "0:0" "--network" "none" "ghcr.io/rust-lang/crates-build-env/linux@sha256:2788e3201cd34a07e3172128adcd8b3090168a8e3bcc40d7c032b9dda1df7d1c" "/opt/rustwide/cargo-home/bin/cargo" "+beta-2023-12-22" "test" "--frozen" "--no-run" "--message-format=json", kill_on_drop: false }`
[INFO] [stdout] 80c92564c6980369a76b552c912be0ca4fadaaad5fbbc2603cef62146ec1ea5d
[INFO] running `Command { std: "docker" "start" "-a" "80c92564c6980369a76b552c912be0ca4fadaaad5fbbc2603cef62146ec1ea5d", kill_on_drop: false }`
[INFO] [stderr] warning: unused manifest key: build
[INFO] [stderr]    Compiling hemu v0.1.0 (/opt/rustwide/workdir)
[INFO] [stdout] error[E0425]: cannot find value `cpu` in this scope
[INFO] [stdout]   --> src/monitor/expr.rs:72:42
[INFO] [stdout]    |
[INFO] [stdout] 72 |     assert_eq!(expr("1 + 2".to_string(), cpu), 3);
[INFO] [stdout]    |                                          ^^^ not found in this scope
[INFO] [stdout] 
[INFO] [stdout] 
[INFO] [stdout] error[E0425]: cannot find value `cpu` in this scope
[INFO] [stdout]   --> src/monitor/expr.rs:73:46
[INFO] [stdout]    |
[INFO] [stdout] 73 |     assert_eq!(expr("1 + 2 + 3".to_string(), cpu), 6);
[INFO] [stdout]    |                                              ^^^ not found in this scope
[INFO] [stdout] 
[INFO] [stdout] 
[INFO] [stdout] error[E0425]: cannot find value `cpu` in this scope
[INFO] [stdout]   --> src/monitor/expr.rs:74:46
[INFO] [stdout]    |
[INFO] [stdout] 74 |     assert_eq!(expr("1 + 2 * 3".to_string(), cpu), 7);
[INFO] [stdout]    |                                              ^^^ not found in this scope
[INFO] [stdout] 
[INFO] [stdout] 
[INFO] [stdout] error[E0425]: cannot find value `cpu` in this scope
[INFO] [stdout]   --> src/monitor/expr.rs:75:46
[INFO] [stdout]    |
[INFO] [stdout] 75 |     assert_eq!(expr("1 / 2 * 3".to_string(), cpu), 1);
[INFO] [stdout]    |                                              ^^^ not found in this scope
[INFO] [stdout] 
[INFO] [stdout] 
[INFO] [stdout] error[E0425]: cannot find value `cpu` in this scope
[INFO] [stdout]   --> src/monitor/expr.rs:76:48
[INFO] [stdout]    |
[INFO] [stdout] 76 |     assert_eq!(expr("1 / (2 * 3)".to_string(), cpu), 0);
[INFO] [stdout]    |                                                ^^^ not found in this scope
[INFO] [stdout] 
[INFO] [stdout] 
[INFO] [stdout] error[E0425]: cannot find value `cpu` in this scope
[INFO] [stdout]   --> src/monitor/expr.rs:77:38
[INFO] [stdout]    |
[INFO] [stdout] 77 |     assert_eq!(expr("0".to_string(), cpu), 0);
[INFO] [stdout]    |                                      ^^^ not found in this scope
[INFO] [stdout] 
[INFO] [stdout] 
[INFO] [stdout] error[E0425]: cannot find value `cpu` in this scope
[INFO] [stdout]   --> src/monitor/expr.rs:79:42
[INFO] [stdout]    |
[INFO] [stdout] 79 |     assert_eq!(expr("1 / 0".to_string(), cpu), 114514);
[INFO] [stdout]    |                                          ^^^ not found in this scope
[INFO] [stdout] 
[INFO] [stdout] 
[INFO] [stdout] error[E0425]: cannot find value `cpu` in this scope
[INFO] [stdout]   --> src/monitor/expr.rs:84:40
[INFO] [stdout]    |
[INFO] [stdout] 84 |     assert_eq!(expr("0x1".to_string(), cpu), 1);
[INFO] [stdout]    |                                        ^^^ not found in this scope
[INFO] [stdout] 
[INFO] [stdout] 
[INFO] [stdout] error[E0425]: cannot find value `cpu` in this scope
[INFO] [stdout]   --> src/monitor/expr.rs:85:41
[INFO] [stdout]    |
[INFO] [stdout] 85 |     assert_eq!(expr("0x10".to_string(), cpu), 16);
[INFO] [stdout]    |                                         ^^^ not found in this scope
[INFO] [stdout] 
[INFO] [stdout] 
[INFO] [stdout] error[E0425]: cannot find value `cpu` in this scope
[INFO] [stdout]   --> src/monitor/expr.rs:90:40
[INFO] [stdout]    |
[INFO] [stdout] 90 |     assert_eq!(expr("$pc".to_string(), cpu), cpu.pc);
[INFO] [stdout]    |                                        ^^^ not found in this scope
[INFO] [stdout] 
[INFO] [stdout] 
[INFO] [stdout] error[E0425]: cannot find value `cpu` in this scope
[INFO] [stdout]   --> src/monitor/expr.rs:90:46
[INFO] [stdout]    |
[INFO] [stdout] 90 |     assert_eq!(expr("$pc".to_string(), cpu), cpu.pc);
[INFO] [stdout]    |                                              ^^^ not found in this scope
[INFO] [stdout] 
[INFO] [stdout] 
[INFO] [stdout] error[E0425]: cannot find value `cpu` in this scope
[INFO] [stdout]   --> src/monitor/expr.rs:91:40
[INFO] [stdout]    |
[INFO] [stdout] 91 |     assert_eq!(expr("$x1".to_string(), cpu), cpu.gpr[1]);
[INFO] [stdout]    |                                        ^^^ not found in this scope
[INFO] [stdout] 
[INFO] [stdout] 
[INFO] [stdout] error[E0425]: cannot find value `cpu` in this scope
[INFO] [stdout]   --> src/monitor/expr.rs:91:46
[INFO] [stdout]    |
[INFO] [stdout] 91 |     assert_eq!(expr("$x1".to_string(), cpu), cpu.gpr[1]);
[INFO] [stdout]    |                                              ^^^ not found in this scope
[INFO] [stdout] 
[INFO] [stdout] 
[INFO] [stdout] error: aborting due to 13 previous errors
[INFO] [stdout] 
[INFO] [stdout] 
[INFO] [stdout] For more information about this error, try `rustc --explain E0425`.
[INFO] [stdout] 
[INFO] [stderr] error: could not compile `hemu` (bin "hemu" test) due to 14 previous errors
[INFO] running `Command { std: "docker" "inspect" "80c92564c6980369a76b552c912be0ca4fadaaad5fbbc2603cef62146ec1ea5d", kill_on_drop: false }`
[INFO] running `Command { std: "docker" "rm" "-f" "80c92564c6980369a76b552c912be0ca4fadaaad5fbbc2603cef62146ec1ea5d", kill_on_drop: false }`
[INFO] [stdout] 80c92564c6980369a76b552c912be0ca4fadaaad5fbbc2603cef62146ec1ea5d
