[INFO] cloning repository https://github.com/Climber-Hub/climberhub-core
[INFO] running `Command { std: "git" "-c" "credential.helper=" "-c" "credential.helper=/workspace/cargo-home/bin/git-credential-null" "clone" "--bare" "https://github.com/Climber-Hub/climberhub-core" "/workspace/cache/git-repos/https%3A%2F%2Fgithub.com%2FClimber-Hub%2Fclimberhub-core", kill_on_drop: false }`
[INFO] [stderr] Cloning into bare repository '/workspace/cache/git-repos/https%3A%2F%2Fgithub.com%2FClimber-Hub%2Fclimberhub-core'...
[INFO] running `Command { std: "git" "rev-parse" "HEAD", kill_on_drop: false }`
[INFO] [stdout] 6b3285729cd7ec09294d08e4c625e80d25ef4853
[INFO] testing Climber-Hub/climberhub-core against 1.75.0 for beta-1.76-1
[INFO] running `Command { std: "git" "clone" "/workspace/cache/git-repos/https%3A%2F%2Fgithub.com%2FClimber-Hub%2Fclimberhub-core" "/workspace/builds/worker-6-tc1/source", kill_on_drop: false }`
[INFO] [stderr] Cloning into '/workspace/builds/worker-6-tc1/source'...
[INFO] [stderr] done.
[INFO] validating manifest of git repo https://github.com/Climber-Hub/climberhub-core on toolchain 1.75.0
[INFO] running `Command { std: CARGO_HOME="/workspace/cargo-home" RUSTUP_HOME="/workspace/rustup-home" "/workspace/cargo-home/bin/cargo" "+1.75.0" "metadata" "--manifest-path" "Cargo.toml" "--no-deps", kill_on_drop: false }`
[INFO] started tweaking git repo https://github.com/Climber-Hub/climberhub-core
[INFO] finished tweaking git repo https://github.com/Climber-Hub/climberhub-core
[INFO] tweaked toml for git repo https://github.com/Climber-Hub/climberhub-core written to /workspace/builds/worker-6-tc1/source/Cargo.toml
[INFO] crate git repo https://github.com/Climber-Hub/climberhub-core already has a lockfile, it will not be regenerated
[INFO] running `Command { std: CARGO_HOME="/workspace/cargo-home" RUSTUP_HOME="/workspace/rustup-home" "/workspace/cargo-home/bin/cargo" "+1.75.0" "fetch" "--manifest-path" "Cargo.toml", kill_on_drop: false }`
[INFO] [stderr]     Updating crates.io index
[INFO] [stderr]  Downloading crates ...
[INFO] [stderr]   Downloaded generator v0.7.4
[INFO] [stderr]   Downloaded pear v0.2.4
[INFO] [stderr]   Downloaded proc-macro2-diagnostics v0.10.0
[INFO] [stderr]   Downloaded okapi v0.7.0-rc.1
[INFO] [stderr]   Downloaded pear_codegen v0.2.4
[INFO] [stderr]   Downloaded rocket_okapi_codegen v0.8.0-rc.2
[INFO] [stderr]   Downloaded mockito v1.0.2
[INFO] [stderr]   Downloaded rocket_okapi v0.8.0-rc.2
[INFO] running `Command { std: "docker" "create" "-v" "/var/lib/crater-agent-workspace/builds/worker-6-tc1/target:/opt/rustwide/target:rw,Z" "-v" "/var/lib/crater-agent-workspace/builds/worker-6-tc1/source:/opt/rustwide/workdir:ro,Z" "-v" "/var/lib/crater-agent-workspace/cargo-home:/opt/rustwide/cargo-home:ro,Z" "-v" "/var/lib/crater-agent-workspace/rustup-home:/opt/rustwide/rustup-home:ro,Z" "-e" "SOURCE_DIR=/opt/rustwide/workdir" "-e" "CARGO_TARGET_DIR=/opt/rustwide/target" "-e" "CARGO_HOME=/opt/rustwide/cargo-home" "-e" "RUSTUP_HOME=/opt/rustwide/rustup-home" "-w" "/opt/rustwide/workdir" "-m" "1610612736" "--user" "0:0" "--network" "none" "ghcr.io/rust-lang/crates-build-env/linux@sha256:2788e3201cd34a07e3172128adcd8b3090168a8e3bcc40d7c032b9dda1df7d1c" "/opt/rustwide/cargo-home/bin/cargo" "+1.75.0" "metadata" "--no-deps" "--format-version=1", kill_on_drop: false }`
[INFO] [stdout] fa07f7e83259c5053eb9bee1c6a0d11831134809188c9433aadfd61f886f270f
[INFO] running `Command { std: "docker" "start" "-a" "fa07f7e83259c5053eb9bee1c6a0d11831134809188c9433aadfd61f886f270f", kill_on_drop: false }`
[INFO] running `Command { std: "docker" "inspect" "fa07f7e83259c5053eb9bee1c6a0d11831134809188c9433aadfd61f886f270f", kill_on_drop: false }`
[INFO] running `Command { std: "docker" "rm" "-f" "fa07f7e83259c5053eb9bee1c6a0d11831134809188c9433aadfd61f886f270f", kill_on_drop: false }`
[INFO] [stdout] fa07f7e83259c5053eb9bee1c6a0d11831134809188c9433aadfd61f886f270f
[INFO] running `Command { std: "docker" "create" "-v" "/var/lib/crater-agent-workspace/builds/worker-6-tc1/target:/opt/rustwide/target:rw,Z" "-v" "/var/lib/crater-agent-workspace/builds/worker-6-tc1/source:/opt/rustwide/workdir:ro,Z" "-v" "/var/lib/crater-agent-workspace/cargo-home:/opt/rustwide/cargo-home:ro,Z" "-v" "/var/lib/crater-agent-workspace/rustup-home:/opt/rustwide/rustup-home:ro,Z" "-e" "SOURCE_DIR=/opt/rustwide/workdir" "-e" "CARGO_TARGET_DIR=/opt/rustwide/target" "-e" "CARGO_INCREMENTAL=0" "-e" "RUST_BACKTRACE=full" "-e" "RUSTFLAGS=--cap-lints=warn" "-e" "RUSTDOCFLAGS=--cap-lints=warn" "-e" "CARGO_HOME=/opt/rustwide/cargo-home" "-e" "RUSTUP_HOME=/opt/rustwide/rustup-home" "-w" "/opt/rustwide/workdir" "-m" "1610612736" "--user" "0:0" "--network" "none" "ghcr.io/rust-lang/crates-build-env/linux@sha256:2788e3201cd34a07e3172128adcd8b3090168a8e3bcc40d7c032b9dda1df7d1c" "/opt/rustwide/cargo-home/bin/cargo" "+1.75.0" "build" "--frozen" "--message-format=json", kill_on_drop: false }`
[INFO] [stdout] d159ebd7a3334806289ca8bc0ccd09961e3f5846326cab686f7726cb4662eab6
[INFO] running `Command { std: "docker" "start" "-a" "d159ebd7a3334806289ca8bc0ccd09961e3f5846326cab686f7726cb4662eab6", kill_on_drop: false }`
[INFO] [stderr]    Compiling proc-macro2 v1.0.56
[INFO] [stderr]    Compiling unicode-ident v1.0.8
[INFO] [stderr]    Compiling quote v1.0.26
[INFO] [stderr]    Compiling libc v0.2.142
[INFO] [stderr]    Compiling typenum v1.16.0
[INFO] [stderr]    Compiling serde_derive v1.0.160
[INFO] [stderr]    Compiling subtle v2.4.1
[INFO] [stderr]    Compiling serde v1.0.160
[INFO] [stderr]    Compiling itoa v1.0.6
[INFO] [stderr]    Compiling futures-channel v0.3.28
[INFO] [stderr]    Compiling cpufeatures v0.2.7
[INFO] [stderr]    Compiling generic-array v0.14.7
[INFO] [stderr]    Compiling bytes v1.4.0
[INFO] [stderr]    Compiling futures-core v0.3.28
[INFO] [stderr]    Compiling syn v1.0.109
[INFO] [stderr]    Compiling memchr v2.5.0
[INFO] [stderr]    Compiling tracing-core v0.1.30
[INFO] [stderr]    Compiling yansi v0.5.1
[INFO] [stderr]    Compiling tokio v1.28.0
[INFO] [stderr]    Compiling indexmap v1.9.3
[INFO] [stderr]    Compiling slab v0.4.8
[INFO] [stderr]    Compiling futures-task v0.3.28
[INFO] [stderr]    Compiling httparse v1.8.0
[INFO] [stderr]    Compiling futures-sink v0.3.28
[INFO] [stderr]    Compiling futures-util v0.3.28
[INFO] [stderr]    Compiling ppv-lite86 v0.2.17
[INFO] [stderr]    Compiling percent-encoding v2.2.0
[INFO] [stderr]    Compiling try-lock v0.2.4
[INFO] [stderr]    Compiling tracing v0.1.37
[INFO] [stderr]    Compiling http v0.2.9
[INFO] [stderr]    Compiling proc-macro2-diagnostics v0.10.0
[INFO] [stderr]    Compiling futures-io v0.3.28
[INFO] [stderr]    Compiling log v0.4.17
[INFO] [stderr]    Compiling time-core v0.1.0
[INFO] [stderr]    Compiling cc v1.0.79
[INFO] [stderr]    Compiling pkg-config v0.3.27
[INFO] [stderr]    Compiling time-macros v0.2.8
[INFO] [stderr]    Compiling cookie v0.16.2
[INFO] [stderr]    Compiling syn v2.0.15
[INFO] [stderr]    Compiling getrandom v0.2.9
[INFO] [stderr]    Compiling proc-macro2-diagnostics v0.9.1
[INFO] [stderr]    Compiling inlinable_string v0.1.15
[INFO] [stderr]    Compiling rand_core v0.6.4
[INFO] [stderr]    Compiling smallvec v1.10.0
[INFO] [stderr]    Compiling ref-cast v1.0.16
[INFO] [stderr]    Compiling base64 v0.20.0
[INFO] [stderr]    Compiling http-body v0.4.5
[INFO] [stderr]    Compiling rand_chacha v0.3.1
[INFO] [stderr]    Compiling mio v0.8.6
[INFO] [stderr]    Compiling socket2 v0.4.9
[INFO] [stderr]    Compiling uncased v0.9.7
[INFO] [stderr]    Compiling serde_json v1.0.96
[INFO] [stderr]    Compiling ryu v1.0.13
[INFO] [stderr]    Compiling rand v0.8.5
[INFO] [stderr]    Compiling want v0.3.0
[INFO] [stderr]    Compiling num_cpus v1.15.0
[INFO] [stderr]    Compiling signal-hook-registry v1.4.1
[INFO] [stderr]    Compiling stable-pattern v0.1.0
[INFO] [stderr]    Compiling openssl-sys v0.9.87
[INFO] [stderr]    Compiling state v0.5.3
[INFO] [stderr]    Compiling io-lifetimes v1.0.10
[INFO] [stderr]    Compiling openssl v0.10.52
[INFO] [stderr]    Compiling foreign-types-shared v0.1.1
[INFO] [stderr]    Compiling crypto-common v0.1.6
[INFO] [stderr]    Compiling block-buffer v0.10.4
[INFO] [stderr]    Compiling inout v0.1.3
[INFO] [stderr]    Compiling universal-hash v0.5.0
[INFO] [stderr]    Compiling aead v0.5.2
[INFO] [stderr]    Compiling digest v0.10.6
[INFO] [stderr]    Compiling cipher v0.4.4
[INFO] [stderr]    Compiling polyval v0.6.0
[INFO] [stderr]    Compiling either v1.8.1
[INFO] [stderr]    Compiling aes v0.8.2
[INFO] [stderr]    Compiling ctr v0.9.2
[INFO] [stderr]    Compiling hmac v0.12.1
[INFO] [stderr]    Compiling ghash v0.5.0
[INFO] [stderr]    Compiling sha2 v0.10.6
[INFO] [stderr]    Compiling hkdf v0.12.3
[INFO] [stderr]    Compiling futures v0.3.28
[INFO] [stderr]    Compiling time v0.3.20
[INFO] [stderr]    Compiling foreign-types v0.3.2
[INFO] [stderr]    Compiling lock_api v0.4.9
[INFO] [stderr]    Compiling rustix v0.37.19
[INFO] [stderr]    Compiling strsim v0.10.0
[INFO] [stderr]    Compiling ident_case v1.0.1
[INFO] [stderr]    Compiling aes-gcm v0.10.1
[INFO] [stderr]    Compiling tinyvec_macros v0.1.1
[INFO] [stderr]    Compiling parking_lot_core v0.9.7
[INFO] [stderr]    Compiling native-tls v0.2.11
[INFO] [stderr]    Compiling tinyvec v1.6.0
[INFO] [stderr]    Compiling num-traits v0.2.15
[INFO] [stderr]    Compiling atomic v0.5.1
[INFO] [stderr]    Compiling figment v0.10.8
[INFO] [stderr]    Compiling multer v2.1.0
[INFO] [stderr]    Compiling encoding_rs v0.8.32
[INFO] [stderr]    Compiling mime v0.3.17
[INFO] [stderr]    Compiling schemars v0.8.12
[INFO] [stderr]    Compiling linux-raw-sys v0.3.7
[INFO] [stderr]    Compiling async-trait v0.1.68
[INFO] [stderr]    Compiling form_urlencoded v1.1.0
[INFO] [stderr]    Compiling num-integer v0.1.45
[INFO] [stderr]    Compiling rocket v0.5.0-rc.2
[INFO] [stderr]    Compiling fastrand v1.9.0
[INFO] [stderr]    Compiling dyn-clone v1.0.11
[INFO] [stderr]    Compiling unicode-xid v0.2.4
[INFO] [stderr]    Compiling spin v0.9.8
[INFO] [stderr]    Compiling unicode-bidi v0.3.13
[INFO] [stderr]    Compiling atty v0.2.14
[INFO] [stderr]    Compiling parking_lot v0.12.1
[INFO] [stderr]    Compiling unicode-normalization v0.1.22
[INFO] [stderr]    Compiling binascii v0.1.4
[INFO] [stderr]    Compiling winnow v0.4.6
[INFO] [stderr]    Compiling time v0.1.45
[INFO] [stderr]    Compiling base64 v0.21.0
[INFO] [stderr]    Compiling hyper v0.14.26
[INFO] [stderr]    Compiling serde_derive_internals v0.26.0
[INFO] [stderr]    Compiling darling_core v0.13.4
[INFO] [stderr]    Compiling devise_core v0.3.1
[INFO] [stderr]    Compiling idna v0.3.0
[INFO] [stderr]    Compiling iana-time-zone v0.1.56
[INFO] [stderr]    Compiling ipnet v2.7.2
[INFO] [stderr]    Compiling url v2.3.1
[INFO] [stderr]    Compiling tokio-macros v2.1.0
[INFO] [stderr]    Compiling futures-macro v0.3.28
[INFO] [stderr]    Compiling pear_codegen v0.2.4
[INFO] [stderr]    Compiling ref-cast-impl v1.0.16
[INFO] [stderr]    Compiling openssl-macros v0.1.1
[INFO] [stderr]    Compiling async-stream-impl v0.3.5
[INFO] [stderr]    Compiling devise_codegen v0.3.1
[INFO] [stderr]    Compiling darling_macro v0.13.4
[INFO] [stderr]    Compiling schemars_derive v0.8.12
[INFO] [stderr]    Compiling tempfile v3.5.0
[INFO] [stderr]    Compiling darling v0.13.4
[INFO] [stderr]    Compiling async-stream v0.3.5
[INFO] [stderr]    Compiling devise v0.3.1
[INFO] [stderr]    Compiling pear v0.2.4
[INFO] [stderr]    Compiling rocket_http v0.5.0-rc.2
[INFO] [stderr]    Compiling rocket_codegen v0.5.0-rc.2
[INFO] [stderr]    Compiling rocket_okapi_codegen v0.8.0-rc.2
[INFO] [stderr]    Compiling futures-executor v0.3.28
[INFO] [stderr]    Compiling tokio-util v0.7.8
[INFO] [stderr]    Compiling tokio-stream v0.1.14
[INFO] [stderr]    Compiling tokio-native-tls v0.3.1
[INFO] [stderr]    Compiling toml v0.5.11
[INFO] [stderr]    Compiling toml_datetime v0.6.1
[INFO] [stderr]    Compiling serde_spanned v0.6.1
[INFO] [stderr]    Compiling ubyte v0.10.3
[INFO] [stderr]    Compiling serde_urlencoded v0.7.1
[INFO] [stderr]    Compiling chrono v0.4.24
[INFO] [stderr]    Compiling h2 v0.3.18
[INFO] [stderr]    Compiling toml_edit v0.19.8
[INFO] [stderr]    Compiling okapi v0.7.0-rc.1
[INFO] [stderr]    Compiling toml v0.7.3
[INFO] [stderr]    Compiling hyper-tls v0.5.0
[INFO] [stderr]    Compiling reqwest v0.11.17
[INFO] [stderr]    Compiling rocket_okapi v0.8.0-rc.2
[INFO] [stderr]    Compiling climberhub-core v0.1.0 (/opt/rustwide/workdir)
[INFO] [stdout] warning: unused import: `impl_identifiable_for`
[INFO] [stdout]  --> src/repositories/places/repository.rs:3:14
[INFO] [stdout]   |
[INFO] [stdout] 3 |     common::{impl_identifiable_for, Identifiable, Manager},
[INFO] [stdout]   |              ^^^^^^^^^^^^^^^^^^^^^
[INFO] [stdout]   |
[INFO] [stdout]   = note: `#[warn(unused_imports)]` on by default
[INFO] [stdout] 
[INFO] [stdout] 
[INFO] [stdout] warning: unused import: `rocket::http::Status`
[INFO] [stdout]  --> src/repositories/routes/repository.rs:4:5
[INFO] [stdout]   |
[INFO] [stdout] 4 | use rocket::http::Status;
[INFO] [stdout]   |     ^^^^^^^^^^^^^^^^^^^^
[INFO] [stdout] 
[INFO] [stdout] 
[INFO] [stdout] warning: unused import: `FetchError`
[INFO] [stdout]  --> src/repositories/routes/repository.rs:7:90
[INFO] [stdout]   |
[INFO] [stdout] 7 |     common::{self, impl_identifiable_for, Identifiable, Manager, FilterList, RelativeId, FetchError},
[INFO] [stdout]   |                                                                                          ^^^^^^^^^^
[INFO] [stdout] 
[INFO] [stdout] 
[INFO] [stdout] warning: lint `private_in_public` has been removed: replaced with another group of lints, see RFC <https://rust-lang.github.io/rfcs/2145-type-privacy.html> for more information
[INFO] [stdout]   --> src/contexts/places/router.rs:48:5
[INFO] [stdout]    |
[INFO] [stdout] 48 |     pub struct Filters
[INFO] [stdout]    |     ^^^
[INFO] [stdout]    |
[INFO] [stdout]    = note: `#[warn(renamed_and_removed_lints)]` on by default
[INFO] [stdout] 
[INFO] [stdout] 
[INFO] [stdout] warning: lint `private_in_public` has been removed: replaced with another group of lints, see RFC <https://rust-lang.github.io/rfcs/2145-type-privacy.html> for more information
[INFO] [stdout]    --> src/contexts/places/router.rs:143:1
[INFO] [stdout]     |
[INFO] [stdout] 143 | pub struct Filters
[INFO] [stdout]     | ^^^
[INFO] [stdout] 
[INFO] [stdout] 
[INFO] [stdout] warning: lint `private_in_public` has been removed: replaced with another group of lints, see RFC <https://rust-lang.github.io/rfcs/2145-type-privacy.html> for more information
[INFO] [stdout]   --> src/contexts/routes/router.rs:54:5
[INFO] [stdout]    |
[INFO] [stdout] 54 |     pub struct Filters
[INFO] [stdout]    |     ^^^
[INFO] [stdout] 
[INFO] [stdout] 
[INFO] [stdout] warning: lint `private_in_public` has been removed: replaced with another group of lints, see RFC <https://rust-lang.github.io/rfcs/2145-type-privacy.html> for more information
[INFO] [stdout]    --> src/contexts/routes/router.rs:150:1
[INFO] [stdout]     |
[INFO] [stdout] 150 | #[serde(rename_all = "camelCase")]
[INFO] [stdout]     | ^
[INFO] [stdout] 
[INFO] [stdout] 
[INFO] [stdout] warning: lint `private_in_public` has been removed: replaced with another group of lints, see RFC <https://rust-lang.github.io/rfcs/2145-type-privacy.html> for more information
[INFO] [stdout]    --> src/contexts/routes/router.rs:170:1
[INFO] [stdout]     |
[INFO] [stdout] 170 | #[serde(rename_all = "camelCase")]
[INFO] [stdout]     | ^
[INFO] [stdout] 
[INFO] [stdout] 
[INFO] [stdout] warning: lint `private_in_public` has been removed: replaced with another group of lints, see RFC <https://rust-lang.github.io/rfcs/2145-type-privacy.html> for more information
[INFO] [stdout]    --> src/contexts/routes/router.rs:187:1
[INFO] [stdout]     |
[INFO] [stdout] 187 | #[serde(rename_all = "camelCase")]
[INFO] [stdout]     | ^
[INFO] [stdout] 
[INFO] [stdout] 
[INFO] [stdout] warning: unused variable: `id`
[INFO] [stdout]    --> src/repositories/places/repository.rs:110:25
[INFO] [stdout]     |
[INFO] [stdout] 110 |     async fn get(&self, id: domain::PlaceId) -> Result<domain::Place, crate::errors::GetError> {
[INFO] [stdout]     |                         ^^ help: if this is intentional, prefix it with an underscore: `_id`
[INFO] [stdout]     |
[INFO] [stdout]     = note: `#[warn(unused_variables)]` on by default
[INFO] [stdout] 
[INFO] [stdout] 
[INFO] [stdout] warning: unused variable: `filters`
[INFO] [stdout]    --> src/repositories/places/repository.rs:114:29
[INFO] [stdout]     |
[INFO] [stdout] 114 |     async fn get_all(&self, filters: domain::get::Filters) -> Result<Vec<domain::Place>, crate::errors::GetAllError> {
[INFO] [stdout]     |                             ^^^^^^^ help: if this is intentional, prefix it with an underscore: `_filters`
[INFO] [stdout] 
[INFO] [stdout] 
[INFO] [stdout] warning: unused variable: `data`
[INFO] [stdout]    --> src/repositories/routes/repository.rs:189:28
[INFO] [stdout]     |
[INFO] [stdout] 189 |     async fn create(&self, data: domain::RouteData) -> Result<domain::Route, CreateError>
[INFO] [stdout]     |                            ^^^^ help: if this is intentional, prefix it with an underscore: `_data`
[INFO] [stdout] 
[INFO] [stdout] 
[INFO] [stdout] warning: methods `to_relative` and `post` are never used
[INFO] [stdout]    --> src/repositories/common.rs:110:8
[INFO] [stdout]     |
[INFO] [stdout] 94  | impl<T: Identifiable + serde::de::DeserializeOwned + serde::Serialize> Manager<T> {
[INFO] [stdout]     | --------------------------------------------------------------------------------- methods in this implementation
[INFO] [stdout] ...
[INFO] [stdout] 110 |     fn to_relative(&self, object: &mut T) {
[INFO] [stdout]     |        ^^^^^^^^^^^
[INFO] [stdout] ...
[INFO] [stdout] 133 |     pub async fn post(&self, source_id: u16, path: &str, object: &mut T, ) -> Result<T, FetchError> {
[INFO] [stdout]     |                  ^^^^
[INFO] [stdout]     |
[INFO] [stdout]     = note: `#[warn(dead_code)]` on by default
[INFO] [stdout] 
[INFO] [stdout] 
[INFO] [stdout] warning: function `filters` is never used
[INFO] [stdout]   --> src/repositories/places/repository.rs:48:12
[INFO] [stdout]    |
[INFO] [stdout] 48 |     pub fn filters(f: Vec<(String, String)>) -> domain::get::Filters {
[INFO] [stdout]    |            ^^^^^^^
[INFO] [stdout] 
[INFO] [stdout] 
[INFO] [stdout] warning: function `place` is never used
[INFO] [stdout]   --> src/repositories/places/repository.rs:69:12
[INFO] [stdout]    |
[INFO] [stdout] 69 |     pub fn place(p: domain::Place) -> Place {
[INFO] [stdout]    |            ^^^^^
[INFO] [stdout] 
[INFO] [stdout] 
[INFO] [stdout] warning: function `filters` is never used
[INFO] [stdout]   --> src/repositories/places/repository.rs:82:12
[INFO] [stdout]    |
[INFO] [stdout] 82 |     pub fn filters(f: domain::get::Filters) -> Vec<(String, String)> {
[INFO] [stdout]    |            ^^^^^^^
[INFO] [stdout] 
[INFO] [stdout] 
[INFO] [stdout] warning: function `route` is never used
[INFO] [stdout]   --> src/repositories/routes/repository.rs:40:12
[INFO] [stdout]    |
[INFO] [stdout] 40 |     pub fn route(r: domain::Route) -> Route {
[INFO] [stdout]    |            ^^^^^
[INFO] [stdout] 
[INFO] [stdout] 
[INFO] [stdout] warning: function `date` is never used
[INFO] [stdout]   --> src/repositories/routes/repository.rs:57:8
[INFO] [stdout]    |
[INFO] [stdout] 57 |     fn date(d: domain::Date) -> Date { Date(d) }
[INFO] [stdout]    |        ^^^^
[INFO] [stdout] 
[INFO] [stdout] 
[INFO] [stdout] warning: function `rules` is never used
[INFO] [stdout]   --> src/repositories/routes/repository.rs:58:8
[INFO] [stdout]    |
[INFO] [stdout] 58 |     fn rules(r: domain::Rules) -> Rules
[INFO] [stdout]    |        ^^^^^
[INFO] [stdout] 
[INFO] [stdout] 
[INFO] [stdout] warning: function `get_filters` is never used
[INFO] [stdout]    --> src/repositories/routes/repository.rs:122:12
[INFO] [stdout]     |
[INFO] [stdout] 122 |     pub fn get_filters(f: FilterList) -> domain::get::Filters {
[INFO] [stdout]     |            ^^^^^^^^^^^
[INFO] [stdout] 
[INFO] [stdout] 
[INFO] [stdout] warning: 20 warnings emitted
[INFO] [stdout] 
[INFO] [stdout] 
[INFO] [stderr]     Finished dev [unoptimized + debuginfo] target(s) in 34.75s
[INFO] running `Command { std: "docker" "inspect" "d159ebd7a3334806289ca8bc0ccd09961e3f5846326cab686f7726cb4662eab6", kill_on_drop: false }`
[INFO] running `Command { std: "docker" "rm" "-f" "d159ebd7a3334806289ca8bc0ccd09961e3f5846326cab686f7726cb4662eab6", kill_on_drop: false }`
[INFO] [stdout] d159ebd7a3334806289ca8bc0ccd09961e3f5846326cab686f7726cb4662eab6
[INFO] running `Command { std: "docker" "create" "-v" "/var/lib/crater-agent-workspace/builds/worker-6-tc1/target:/opt/rustwide/target:rw,Z" "-v" "/var/lib/crater-agent-workspace/builds/worker-6-tc1/source:/opt/rustwide/workdir:ro,Z" "-v" "/var/lib/crater-agent-workspace/cargo-home:/opt/rustwide/cargo-home:ro,Z" "-v" "/var/lib/crater-agent-workspace/rustup-home:/opt/rustwide/rustup-home:ro,Z" "-e" "SOURCE_DIR=/opt/rustwide/workdir" "-e" "CARGO_TARGET_DIR=/opt/rustwide/target" "-e" "CARGO_INCREMENTAL=0" "-e" "RUST_BACKTRACE=full" "-e" "RUSTFLAGS=--cap-lints=warn" "-e" "RUSTDOCFLAGS=--cap-lints=warn" "-e" "CARGO_HOME=/opt/rustwide/cargo-home" "-e" "RUSTUP_HOME=/opt/rustwide/rustup-home" "-w" "/opt/rustwide/workdir" "-m" "1610612736" "--user" "0:0" "--network" "none" "ghcr.io/rust-lang/crates-build-env/linux@sha256:2788e3201cd34a07e3172128adcd8b3090168a8e3bcc40d7c032b9dda1df7d1c" "/opt/rustwide/cargo-home/bin/cargo" "+1.75.0" "test" "--frozen" "--no-run" "--message-format=json", kill_on_drop: false }`
[INFO] [stdout] 989c2137a1d0133c0d2fedabd7d36e204d56f6f4bb502e15665d30c14572ae6b
[INFO] running `Command { std: "docker" "start" "-a" "989c2137a1d0133c0d2fedabd7d36e204d56f6f4bb502e15665d30c14572ae6b", kill_on_drop: false }`
[INFO] [stderr]    Compiling tokio v1.28.0
[INFO] [stderr]    Compiling aho-corasick v1.0.1
[INFO] [stderr]    Compiling regex-syntax v0.7.1
[INFO] [stderr]    Compiling assert-json-diff v2.0.2
[INFO] [stderr]    Compiling similar v2.2.1
[INFO] [stderr]    Compiling colored v2.0.0
[INFO] [stderr]    Compiling regex v1.8.1
[INFO] [stderr]    Compiling tokio-util v0.7.8
[INFO] [stderr]    Compiling tokio-native-tls v0.3.1
[INFO] [stderr]    Compiling tokio-stream v0.1.14
[INFO] [stderr]    Compiling h2 v0.3.18
[INFO] [stderr]    Compiling multer v2.1.0
[INFO] [stderr]    Compiling hyper v0.14.26
[INFO] [stderr]    Compiling rocket_http v0.5.0-rc.2
[INFO] [stderr]    Compiling hyper-tls v0.5.0
[INFO] [stderr]    Compiling mockito v1.0.2
[INFO] [stderr]    Compiling reqwest v0.11.17
[INFO] [stderr]    Compiling rocket v0.5.0-rc.2
[INFO] [stderr]    Compiling rocket_okapi v0.8.0-rc.2
[INFO] [stderr]    Compiling climberhub-core v0.1.0 (/opt/rustwide/workdir)
[INFO] [stdout] warning: unused import: `impl_identifiable_for`
[INFO] [stdout]  --> src/repositories/places/repository.rs:3:14
[INFO] [stdout]   |
[INFO] [stdout] 3 |     common::{impl_identifiable_for, Identifiable, Manager},
[INFO] [stdout]   |              ^^^^^^^^^^^^^^^^^^^^^
[INFO] [stdout]   |
[INFO] [stdout]   = note: `#[warn(unused_imports)]` on by default
[INFO] [stdout] 
[INFO] [stdout] 
[INFO] [stdout] warning: unused import: `rocket::http::Status`
[INFO] [stdout]  --> src/repositories/routes/repository.rs:4:5
[INFO] [stdout]   |
[INFO] [stdout] 4 | use rocket::http::Status;
[INFO] [stdout]   |     ^^^^^^^^^^^^^^^^^^^^
[INFO] [stdout] 
[INFO] [stdout] 
[INFO] [stdout] warning: unused import: `FetchError`
[INFO] [stdout]  --> src/repositories/routes/repository.rs:7:90
[INFO] [stdout]   |
[INFO] [stdout] 7 |     common::{self, impl_identifiable_for, Identifiable, Manager, FilterList, RelativeId, FetchError},
[INFO] [stdout]   |                                                                                          ^^^^^^^^^^
[INFO] [stdout] 
[INFO] [stdout] 
[INFO] [stdout] warning: lint `private_in_public` has been removed: replaced with another group of lints, see RFC <https://rust-lang.github.io/rfcs/2145-type-privacy.html> for more information
[INFO] [stdout]   --> src/contexts/places/router.rs:48:5
[INFO] [stdout]    |
[INFO] [stdout] 48 |     pub struct Filters
[INFO] [stdout]    |     ^^^
[INFO] [stdout]    |
[INFO] [stdout]    = note: `#[warn(renamed_and_removed_lints)]` on by default
[INFO] [stdout] 
[INFO] [stdout] 
[INFO] [stdout] warning: lint `private_in_public` has been removed: replaced with another group of lints, see RFC <https://rust-lang.github.io/rfcs/2145-type-privacy.html> for more information
[INFO] [stdout]    --> src/contexts/places/router.rs:143:1
[INFO] [stdout]     |
[INFO] [stdout] 143 | pub struct Filters
[INFO] [stdout]     | ^^^
[INFO] [stdout] 
[INFO] [stdout] 
[INFO] [stdout] warning: lint `private_in_public` has been removed: replaced with another group of lints, see RFC <https://rust-lang.github.io/rfcs/2145-type-privacy.html> for more information
[INFO] [stdout]   --> src/contexts/routes/router.rs:54:5
[INFO] [stdout]    |
[INFO] [stdout] 54 |     pub struct Filters
[INFO] [stdout]    |     ^^^
[INFO] [stdout] 
[INFO] [stdout] 
[INFO] [stdout] warning: lint `private_in_public` has been removed: replaced with another group of lints, see RFC <https://rust-lang.github.io/rfcs/2145-type-privacy.html> for more information
[INFO] [stdout]    --> src/contexts/routes/router.rs:150:1
[INFO] [stdout]     |
[INFO] [stdout] 150 | #[serde(rename_all = "camelCase")]
[INFO] [stdout]     | ^
[INFO] [stdout] 
[INFO] [stdout] 
[INFO] [stdout] warning: lint `private_in_public` has been removed: replaced with another group of lints, see RFC <https://rust-lang.github.io/rfcs/2145-type-privacy.html> for more information
[INFO] [stdout]    --> src/contexts/routes/router.rs:170:1
[INFO] [stdout]     |
[INFO] [stdout] 170 | #[serde(rename_all = "camelCase")]
[INFO] [stdout]     | ^
[INFO] [stdout] 
[INFO] [stdout] 
[INFO] [stdout] warning: lint `private_in_public` has been removed: replaced with another group of lints, see RFC <https://rust-lang.github.io/rfcs/2145-type-privacy.html> for more information
[INFO] [stdout]    --> src/contexts/routes/router.rs:187:1
[INFO] [stdout]     |
[INFO] [stdout] 187 | #[serde(rename_all = "camelCase")]
[INFO] [stdout]     | ^
[INFO] [stdout] 
[INFO] [stdout] 
[INFO] [stdout] error[E0631]: type mismatch in function arguments
[INFO] [stdout]    --> src/repositories/places/repository.rs:143:22
[INFO] [stdout]     |
[INFO] [stdout] 69  |     pub fn place(p: domain::Place) -> Place {
[INFO] [stdout]     |     --------------------------------------- found signature defined here
[INFO] [stdout] ...
[INFO] [stdout] 143 |                 .map(domain_to_repository::place)
[INFO] [stdout]     |                  --- ^^^^^^^^^^^^^^^^^^^^^^^^^^^ expected due to this
[INFO] [stdout]     |                  |
[INFO] [stdout]     |                  required by a bound introduced by this call
[INFO] [stdout]     |
[INFO] [stdout]     = note: expected function signature `fn(std::vec::Vec<contexts::places::domain::Place>) -> _`
[INFO] [stdout]                found function signature `fn(contexts::places::domain::Place) -> _`
[INFO] [stdout] note: required by a bound in `std::iter::Iterator::map`
[INFO] [stdout]    --> /rustc/82e1608dfa6e0b5569232559e3d385fea5a93112/library/core/src/iter/traits/iterator.rs:802:5
[INFO] [stdout] 
[INFO] [stdout] 
[INFO] [stdout] error[E0599]: the method `collect` exists for struct `Map<IntoIter<Vec<Place>>, fn(Place) -> Place {place}>`, but its trait bounds were not satisfied
[INFO] [stdout]    --> src/repositories/places/repository.rs:144:18
[INFO] [stdout]     |
[INFO] [stdout] 140 |               return self
[INFO] [stdout]     |  ____________________-
[INFO] [stdout] 141 | |                 .get_all(domain::get::Filters { country: None, city: None }).await
[INFO] [stdout] 142 | |                 .into_iter()
[INFO] [stdout] 143 | |                 .map(domain_to_repository::place)
[INFO] [stdout] 144 | |                 .collect()
[INFO] [stdout]     | |                 -^^^^^^^ method cannot be called due to unsatisfied trait bounds
[INFO] [stdout]     | |_________________|
[INFO] [stdout]     | 
[INFO] [stdout]    --> /rustc/82e1608dfa6e0b5569232559e3d385fea5a93112/library/core/src/iter/adapters/map.rs:61:1
[INFO] [stdout]     |
[INFO] [stdout]     = note: doesn't satisfy `_: Iterator`
[INFO] [stdout]     |
[INFO] [stdout]     = note: the full type name has been written to '/opt/rustwide/target/debug/deps/climberhub_core-31207039356ed28f.long-type-5739716343096760827.txt'
[INFO] [stdout]     = note: the following trait bounds were not satisfied:
[INFO] [stdout]             `<fn(contexts::places::domain::Place) -> repositories::places::repository::Place {repositories::places::repository::domain_to_repository::place} as FnOnce<(std::vec::Vec<contexts::places::domain::Place>,)>>::Output = _`
[INFO] [stdout]             which is required by `std::iter::Map<std::result::IntoIter<std::vec::Vec<contexts::places::domain::Place>>, fn(contexts::places::domain::Place) -> repositories::places::repository::Place {repositories::places::repository::domain_to_repository::place}>: Iterator`
[INFO] [stdout]             `fn(contexts::places::domain::Place) -> repositories::places::repository::Place {repositories::places::repository::domain_to_repository::place}: FnMut<(std::vec::Vec<contexts::places::domain::Place>,)>`
[INFO] [stdout]             which is required by `std::iter::Map<std::result::IntoIter<std::vec::Vec<contexts::places::domain::Place>>, fn(contexts::places::domain::Place) -> repositories::places::repository::Place {repositories::places::repository::domain_to_repository::place}>: Iterator`
[INFO] [stdout]             `std::iter::Map<std::result::IntoIter<std::vec::Vec<contexts::places::domain::Place>>, fn(contexts::places::domain::Place) -> repositories::places::repository::Place {repositories::places::repository::domain_to_repository::place}>: Iterator`
[INFO] [stdout]             which is required by `&mut std::iter::Map<std::result::IntoIter<std::vec::Vec<contexts::places::domain::Place>>, fn(contexts::places::domain::Place) -> repositories::places::repository::Place {repositories::places::repository::domain_to_repository::place}>: Iterator`
[INFO] [stdout] 
[INFO] [stdout] 
[INFO] [stdout] error[E0308]: mismatched types
[INFO] [stdout]    --> src/repositories/places/repository.rs:220:21
[INFO] [stdout]     |
[INFO] [stdout] 220 |                 id: format!("000{}-0000000{}", source_id + 1, resource_id + 1),
[INFO] [stdout]     |                     ^^^^^^^^^^^^^^^^^^^^^^^^^^^^^^^^^^^^^^^^^^^^^^^^^^^^^^^^^^ expected `u32`, found `String`
[INFO] [stdout]     |
[INFO] [stdout]     = note: this error originates in the macro `format` (in Nightly builds, run with -Z macro-backtrace for more info)
[INFO] [stdout] 
[INFO] [stdout] 
[INFO] [stdout] error[E0063]: missing field `_id` in initializer of `repositories::places::repository::Place`
[INFO] [stdout]    --> src/repositories/places/repository.rs:219:13
[INFO] [stdout]     |
[INFO] [stdout] 219 |             Place {
[INFO] [stdout]     |             ^^^^^ missing `_id`
[INFO] [stdout] 
[INFO] [stdout] 
[INFO] [stdout] error[E0308]: mismatched types
[INFO] [stdout]    --> src/repositories/places/repository.rs:236:46
[INFO] [stdout]     |
[INFO] [stdout] 236 |                     id: RelativeId::from_str(&place.id).resource_id.to_string(),
[INFO] [stdout]     |                         -------------------- ^^^^^^^^^ expected `&str`, found `&u32`
[INFO] [stdout]     |                         |
[INFO] [stdout]     |                         arguments to this function are incorrect
[INFO] [stdout]     |
[INFO] [stdout]     = note: expected reference `&str`
[INFO] [stdout]                found reference `&u32`
[INFO] [stdout] note: associated function defined here
[INFO] [stdout]    --> src/repositories/common.rs:39:12
[INFO] [stdout]     |
[INFO] [stdout] 39  |     pub fn from_str(id: &str) -> Self {
[INFO] [stdout]     |            ^^^^^^^^ --------
[INFO] [stdout] 
[INFO] [stdout] 
[INFO] [stdout] error[E0308]: mismatched types
[INFO] [stdout]    --> src/repositories/places/repository.rs:236:25
[INFO] [stdout]     |
[INFO] [stdout] 236 |                     id: RelativeId::from_str(&place.id).resource_id.to_string(),
[INFO] [stdout]     |                         ^^^^^^^^^^^^^^^^^^^^^^^^^^^^^^^^^^^^^^^^^^^^^^^^^^^^^^^ expected `u32`, found `String`
[INFO] [stdout]     |
[INFO] [stdout] help: try removing the method call
[INFO] [stdout]     |
[INFO] [stdout] 236 -                     id: RelativeId::from_str(&place.id).resource_id.to_string(),
[INFO] [stdout] 236 +                     id: RelativeId::from_str(&place.id).resource_id,
[INFO] [stdout]     |
[INFO] [stdout] 
[INFO] [stdout] 
[INFO] [stdout] error: aborting due to 6 previous errors; 9 warnings emitted
[INFO] [stdout] 
[INFO] [stdout] 
[INFO] [stdout] Some errors have detailed explanations: E0063, E0308, E0599, E0631.
[INFO] [stdout] 
[INFO] [stdout] For more information about an error, try `rustc --explain E0063`.
[INFO] [stdout] 
[INFO] [stderr] error: could not compile `climberhub-core` (bin "climberhub-core" test) due to 7 previous errors; 9 warnings emitted
[INFO] running `Command { std: "docker" "inspect" "989c2137a1d0133c0d2fedabd7d36e204d56f6f4bb502e15665d30c14572ae6b", kill_on_drop: false }`
[INFO] running `Command { std: "docker" "rm" "-f" "989c2137a1d0133c0d2fedabd7d36e204d56f6f4bb502e15665d30c14572ae6b", kill_on_drop: false }`
[INFO] [stdout] 989c2137a1d0133c0d2fedabd7d36e204d56f6f4bb502e15665d30c14572ae6b
[INFO] testing Climber-Hub/climberhub-core against beta-2023-12-22 for beta-1.76-1
[INFO] running `Command { std: "git" "clone" "/workspace/cache/git-repos/https%3A%2F%2Fgithub.com%2FClimber-Hub%2Fclimberhub-core" "/workspace/builds/worker-6-tc2/source", kill_on_drop: false }`
[INFO] [stderr] Cloning into '/workspace/builds/worker-6-tc2/source'...
[INFO] [stderr] done.
[INFO] validating manifest of git repo https://github.com/Climber-Hub/climberhub-core on toolchain beta-2023-12-22
[INFO] running `Command { std: CARGO_HOME="/workspace/cargo-home" RUSTUP_HOME="/workspace/rustup-home" "/workspace/cargo-home/bin/cargo" "+beta-2023-12-22" "metadata" "--manifest-path" "Cargo.toml" "--no-deps", kill_on_drop: false }`
[INFO] started tweaking git repo https://github.com/Climber-Hub/climberhub-core
[INFO] finished tweaking git repo https://github.com/Climber-Hub/climberhub-core
[INFO] tweaked toml for git repo https://github.com/Climber-Hub/climberhub-core written to /workspace/builds/worker-6-tc2/source/Cargo.toml
[INFO] crate git repo https://github.com/Climber-Hub/climberhub-core already has a lockfile, it will not be regenerated
[INFO] running `Command { std: CARGO_HOME="/workspace/cargo-home" RUSTUP_HOME="/workspace/rustup-home" "/workspace/cargo-home/bin/cargo" "+beta-2023-12-22" "fetch" "--manifest-path" "Cargo.toml", kill_on_drop: false }`
[INFO] [stderr]     Blocking waiting for file lock on package cache
[INFO] [stderr]     Blocking waiting for file lock on package cache
[INFO] running `Command { std: "docker" "create" "-v" "/var/lib/crater-agent-workspace/builds/worker-6-tc2/target:/opt/rustwide/target:rw,Z" "-v" "/var/lib/crater-agent-workspace/builds/worker-6-tc2/source:/opt/rustwide/workdir:ro,Z" "-v" "/var/lib/crater-agent-workspace/cargo-home:/opt/rustwide/cargo-home:ro,Z" "-v" "/var/lib/crater-agent-workspace/rustup-home:/opt/rustwide/rustup-home:ro,Z" "-e" "SOURCE_DIR=/opt/rustwide/workdir" "-e" "CARGO_TARGET_DIR=/opt/rustwide/target" "-e" "CARGO_HOME=/opt/rustwide/cargo-home" "-e" "RUSTUP_HOME=/opt/rustwide/rustup-home" "-w" "/opt/rustwide/workdir" "-m" "1610612736" "--user" "0:0" "--network" "none" "ghcr.io/rust-lang/crates-build-env/linux@sha256:2788e3201cd34a07e3172128adcd8b3090168a8e3bcc40d7c032b9dda1df7d1c" "/opt/rustwide/cargo-home/bin/cargo" "+beta-2023-12-22" "metadata" "--no-deps" "--format-version=1", kill_on_drop: false }`
[INFO] [stdout] c2173fcde7ee1f2dcf433b835edaef01f8acceaf561e67010060923b75677b32
[INFO] running `Command { std: "docker" "start" "-a" "c2173fcde7ee1f2dcf433b835edaef01f8acceaf561e67010060923b75677b32", kill_on_drop: false }`
[INFO] running `Command { std: "docker" "inspect" "c2173fcde7ee1f2dcf433b835edaef01f8acceaf561e67010060923b75677b32", kill_on_drop: false }`
[INFO] running `Command { std: "docker" "rm" "-f" "c2173fcde7ee1f2dcf433b835edaef01f8acceaf561e67010060923b75677b32", kill_on_drop: false }`
[INFO] [stdout] c2173fcde7ee1f2dcf433b835edaef01f8acceaf561e67010060923b75677b32
[INFO] running `Command { std: "docker" "create" "-v" "/var/lib/crater-agent-workspace/builds/worker-6-tc2/target:/opt/rustwide/target:rw,Z" "-v" "/var/lib/crater-agent-workspace/builds/worker-6-tc2/source:/opt/rustwide/workdir:ro,Z" "-v" "/var/lib/crater-agent-workspace/cargo-home:/opt/rustwide/cargo-home:ro,Z" "-v" "/var/lib/crater-agent-workspace/rustup-home:/opt/rustwide/rustup-home:ro,Z" "-e" "SOURCE_DIR=/opt/rustwide/workdir" "-e" "CARGO_TARGET_DIR=/opt/rustwide/target" "-e" "CARGO_INCREMENTAL=0" "-e" "RUST_BACKTRACE=full" "-e" "RUSTFLAGS=--cap-lints=warn" "-e" "RUSTDOCFLAGS=--cap-lints=warn" "-e" "CARGO_HOME=/opt/rustwide/cargo-home" "-e" "RUSTUP_HOME=/opt/rustwide/rustup-home" "-w" "/opt/rustwide/workdir" "-m" "1610612736" "--user" "0:0" "--network" "none" "ghcr.io/rust-lang/crates-build-env/linux@sha256:2788e3201cd34a07e3172128adcd8b3090168a8e3bcc40d7c032b9dda1df7d1c" "/opt/rustwide/cargo-home/bin/cargo" "+beta-2023-12-22" "build" "--frozen" "--message-format=json", kill_on_drop: false }`
[INFO] [stdout] 490260ccf8d1fa25696e821f2585149c7e27d6c541803067093e7f945aea4d58
[INFO] running `Command { std: "docker" "start" "-a" "490260ccf8d1fa25696e821f2585149c7e27d6c541803067093e7f945aea4d58", kill_on_drop: false }`
[INFO] [stderr]    Compiling proc-macro2 v1.0.56
[INFO] [stderr]    Compiling unicode-ident v1.0.8
[INFO] [stderr]    Compiling quote v1.0.26
[INFO] [stderr]    Compiling libc v0.2.142
[INFO] [stderr]    Compiling typenum v1.16.0
[INFO] [stderr]    Compiling subtle v2.4.1
[INFO] [stderr]    Compiling serde_derive v1.0.160
[INFO] [stderr]    Compiling serde v1.0.160
[INFO] [stderr]    Compiling itoa v1.0.6
[INFO] [stderr]    Compiling futures-channel v0.3.28
[INFO] [stderr]    Compiling bytes v1.4.0
[INFO] [stderr]    Compiling generic-array v0.14.7
[INFO] [stderr]    Compiling cpufeatures v0.2.7
[INFO] [stderr]    Compiling futures-core v0.3.28
[INFO] [stderr]    Compiling syn v1.0.109
[INFO] [stderr]    Compiling memchr v2.5.0
[INFO] [stderr]    Compiling tracing-core v0.1.30
[INFO] [stderr]    Compiling yansi v0.5.1
[INFO] [stderr]    Compiling tokio v1.28.0
[INFO] [stderr]    Compiling indexmap v1.9.3
[INFO] [stderr]    Compiling slab v0.4.8
[INFO] [stderr]    Compiling futures-task v0.3.28
[INFO] [stderr]    Compiling futures-sink v0.3.28
[INFO] [stderr]    Compiling httparse v1.8.0
[INFO] [stderr]    Compiling futures-util v0.3.28
[INFO] [stderr]    Compiling ppv-lite86 v0.2.17
[INFO] [stderr]    Compiling try-lock v0.2.4
[INFO] [stderr]    Compiling percent-encoding v2.2.0
[INFO] [stderr]    Compiling tracing v0.1.37
[INFO] [stderr]    Compiling http v0.2.9
[INFO] [stderr]    Compiling proc-macro2-diagnostics v0.10.0
[INFO] [stderr]    Compiling futures-io v0.3.28
[INFO] [stderr]    Compiling log v0.4.17
[INFO] [stderr]    Compiling time-core v0.1.0
[INFO] [stderr]    Compiling cc v1.0.79
[INFO] [stderr]    Compiling pkg-config v0.3.27
[INFO] [stderr]    Compiling time-macros v0.2.8
[INFO] [stderr]    Compiling cookie v0.16.2
[INFO] [stderr]    Compiling syn v2.0.15
[INFO] [stderr]    Compiling proc-macro2-diagnostics v0.9.1
[INFO] [stderr]    Compiling smallvec v1.10.0
[INFO] [stderr]    Compiling inlinable_string v0.1.15
[INFO] [stderr]    Compiling base64 v0.20.0
[INFO] [stderr]    Compiling ref-cast v1.0.16
[INFO] [stderr]    Compiling getrandom v0.2.9
[INFO] [stderr]    Compiling socket2 v0.4.9
[INFO] [stderr]    Compiling http-body v0.4.5
[INFO] [stderr]    Compiling mio v0.8.6
[INFO] [stderr]    Compiling rand_core v0.6.4
[INFO] [stderr]    Compiling uncased v0.9.7
[INFO] [stderr]    Compiling ryu v1.0.13
[INFO] [stderr]    Compiling serde_json v1.0.96
[INFO] [stderr]    Compiling rand_chacha v0.3.1
[INFO] [stderr]    Compiling want v0.3.0
[INFO] [stderr]    Compiling stable-pattern v0.1.0
[INFO] [stderr]    Compiling signal-hook-registry v1.4.1
[INFO] [stderr]    Compiling num_cpus v1.15.0
[INFO] [stderr]    Compiling openssl-sys v0.9.87
[INFO] [stderr]    Compiling rand v0.8.5
[INFO] [stderr]    Compiling crypto-common v0.1.6
[INFO] [stderr]    Compiling block-buffer v0.10.4
[INFO] [stderr]    Compiling inout v0.1.3
[INFO] [stderr]    Compiling cipher v0.4.4
[INFO] [stderr]    Compiling digest v0.10.6
[INFO] [stderr]    Compiling universal-hash v0.5.0
[INFO] [stderr]    Compiling polyval v0.6.0
[INFO] [stderr]    Compiling aead v0.5.2
[INFO] [stderr]    Compiling ctr v0.9.2
[INFO] [stderr]    Compiling aes v0.8.2
[INFO] [stderr]    Compiling hmac v0.12.1
[INFO] [stderr]    Compiling sha2 v0.10.6
[INFO] [stderr]    Compiling ghash v0.5.0
[INFO] [stderr]    Compiling hkdf v0.12.3
[INFO] [stderr]    Compiling openssl v0.10.52
[INFO] [stderr]    Compiling io-lifetimes v1.0.10
[INFO] [stderr]    Compiling foreign-types-shared v0.1.1
[INFO] [stderr]    Compiling state v0.5.3
[INFO] [stderr]    Compiling either v1.8.1
[INFO] [stderr]    Compiling foreign-types v0.3.2
[INFO] [stderr]    Compiling aes-gcm v0.10.1
[INFO] [stderr]    Compiling lock_api v0.4.9
[INFO] [stderr]    Compiling time v0.3.20
[INFO] [stderr]    Compiling strsim v0.10.0
[INFO] [stderr]    Compiling native-tls v0.2.11
[INFO] [stderr]    Compiling tinyvec_macros v0.1.1
[INFO] [stderr]    Compiling parking_lot_core v0.9.7
[INFO] [stderr]    Compiling rustix v0.37.19
[INFO] [stderr]    Compiling ident_case v1.0.1
[INFO] [stderr]    Compiling tinyvec v1.6.0
[INFO] [stderr]    Compiling futures v0.3.28
[INFO] [stderr]    Compiling num-traits v0.2.15
[INFO] [stderr]    Compiling figment v0.10.8
[INFO] [stderr]    Compiling multer v2.1.0
[INFO] [stderr]    Compiling atomic v0.5.1
[INFO] [stderr]    Compiling encoding_rs v0.8.32
[INFO] [stderr]    Compiling async-trait v0.1.68
[INFO] [stderr]    Compiling schemars v0.8.12
[INFO] [stderr]    Compiling linux-raw-sys v0.3.7
[INFO] [stderr]    Compiling mime v0.3.17
[INFO] [stderr]    Compiling unicode-normalization v0.1.22
[INFO] [stderr]    Compiling form_urlencoded v1.1.0
[INFO] [stderr]    Compiling num-integer v0.1.45
[INFO] [stderr]    Compiling rocket v0.5.0-rc.2
[INFO] [stderr]    Compiling unicode-xid v0.2.4
[INFO] [stderr]    Compiling spin v0.9.8
[INFO] [stderr]    Compiling dyn-clone v1.0.11
[INFO] [stderr]    Compiling fastrand v1.9.0
[INFO] [stderr]    Compiling unicode-bidi v0.3.13
[INFO] [stderr]    Compiling parking_lot v0.12.1
[INFO] [stderr]    Compiling atty v0.2.14
[INFO] [stderr]    Compiling winnow v0.4.6
[INFO] [stderr]    Compiling binascii v0.1.4
[INFO] [stderr]    Compiling time v0.1.45
[INFO] [stderr]    Compiling iana-time-zone v0.1.56
[INFO] [stderr]    Compiling hyper v0.14.26
[INFO] [stderr]    Compiling idna v0.3.0
[INFO] [stderr]    Compiling url v2.3.1
[INFO] [stderr]    Compiling base64 v0.21.0
[INFO] [stderr]    Compiling ipnet v2.7.2
[INFO] [stderr]    Compiling serde_derive_internals v0.26.0
[INFO] [stderr]    Compiling darling_core v0.13.4
[INFO] [stderr]    Compiling devise_core v0.3.1
[INFO] [stderr]    Compiling tempfile v3.5.0
[INFO] [stderr]    Compiling tokio-macros v2.1.0
[INFO] [stderr]    Compiling futures-macro v0.3.28
[INFO] [stderr]    Compiling pear_codegen v0.2.4
[INFO] [stderr]    Compiling ref-cast-impl v1.0.16
[INFO] [stderr]    Compiling openssl-macros v0.1.1
[INFO] [stderr]    Compiling async-stream-impl v0.3.5
[INFO] [stderr]    Compiling devise_codegen v0.3.1
[INFO] [stderr]    Compiling schemars_derive v0.8.12
[INFO] [stderr]    Compiling async-stream v0.3.5
[INFO] [stderr]    Compiling darling_macro v0.13.4
[INFO] [stderr]    Compiling pear v0.2.4
[INFO] [stderr]    Compiling devise v0.3.1
[INFO] [stderr]    Compiling darling v0.13.4
[INFO] [stderr]    Compiling rocket_http v0.5.0-rc.2
[INFO] [stderr]    Compiling futures-executor v0.3.28
[INFO] [stderr]    Compiling rocket_codegen v0.5.0-rc.2
[INFO] [stderr]    Compiling rocket_okapi_codegen v0.8.0-rc.2
[INFO] [stderr]    Compiling tokio-util v0.7.8
[INFO] [stderr]    Compiling tokio-stream v0.1.14
[INFO] [stderr]    Compiling tokio-native-tls v0.3.1
[INFO] [stderr]    Compiling toml v0.5.11
[INFO] [stderr]    Compiling ubyte v0.10.3
[INFO] [stderr]    Compiling serde_spanned v0.6.1
[INFO] [stderr]    Compiling toml_datetime v0.6.1
[INFO] [stderr]    Compiling serde_urlencoded v0.7.1
[INFO] [stderr]    Compiling chrono v0.4.24
[INFO] [stderr]    Compiling h2 v0.3.18
[INFO] [stderr]    Compiling toml_edit v0.19.8
[INFO] [stderr]    Compiling okapi v0.7.0-rc.1
[INFO] [stderr]    Compiling toml v0.7.3
[INFO] [stderr]    Compiling hyper-tls v0.5.0
[INFO] [stderr]    Compiling reqwest v0.11.17
[INFO] [stderr]    Compiling rocket_okapi v0.8.0-rc.2
[INFO] [stderr]    Compiling climberhub-core v0.1.0 (/opt/rustwide/workdir)
[INFO] [stdout] warning: unused import: `impl_identifiable_for`
[INFO] [stdout]  --> src/repositories/places/repository.rs:3:14
[INFO] [stdout]   |
[INFO] [stdout] 3 |     common::{impl_identifiable_for, Identifiable, Manager},
[INFO] [stdout]   |              ^^^^^^^^^^^^^^^^^^^^^
[INFO] [stdout]   |
[INFO] [stdout]   = note: `#[warn(unused_imports)]` on by default
[INFO] [stdout] 
[INFO] [stdout] 
[INFO] [stdout] warning: unused import: `rocket::http::Status`
[INFO] [stdout]  --> src/repositories/routes/repository.rs:4:5
[INFO] [stdout]   |
[INFO] [stdout] 4 | use rocket::http::Status;
[INFO] [stdout]   |     ^^^^^^^^^^^^^^^^^^^^
[INFO] [stdout] 
[INFO] [stdout] 
[INFO] [stdout] warning: unused import: `FetchError`
[INFO] [stdout]  --> src/repositories/routes/repository.rs:7:90
[INFO] [stdout]   |
[INFO] [stdout] 7 |     common::{self, impl_identifiable_for, Identifiable, Manager, FilterList, RelativeId, FetchError},
[INFO] [stdout]   |                                                                                          ^^^^^^^^^^
[INFO] [stdout] 
[INFO] [stdout] 
[INFO] [stdout] warning: lint `private_in_public` has been removed: replaced with another group of lints, see RFC <https://rust-lang.github.io/rfcs/2145-type-privacy.html> for more information
[INFO] [stdout]   --> src/contexts/places/router.rs:48:5
[INFO] [stdout]    |
[INFO] [stdout] 48 |     pub struct Filters
[INFO] [stdout]    |     ^^^
[INFO] [stdout]    |
[INFO] [stdout]    = note: `#[warn(renamed_and_removed_lints)]` on by default
[INFO] [stdout] 
[INFO] [stdout] 
[INFO] [stdout] warning: lint `private_in_public` has been removed: replaced with another group of lints, see RFC <https://rust-lang.github.io/rfcs/2145-type-privacy.html> for more information
[INFO] [stdout]    --> src/contexts/places/router.rs:143:1
[INFO] [stdout]     |
[INFO] [stdout] 143 | pub struct Filters
[INFO] [stdout]     | ^^^
[INFO] [stdout] 
[INFO] [stdout] 
[INFO] [stdout] warning: lint `private_in_public` has been removed: replaced with another group of lints, see RFC <https://rust-lang.github.io/rfcs/2145-type-privacy.html> for more information
[INFO] [stdout]   --> src/contexts/routes/router.rs:54:5
[INFO] [stdout]    |
[INFO] [stdout] 54 |     pub struct Filters
[INFO] [stdout]    |     ^^^
[INFO] [stdout] 
[INFO] [stdout] 
[INFO] [stdout] warning: lint `private_in_public` has been removed: replaced with another group of lints, see RFC <https://rust-lang.github.io/rfcs/2145-type-privacy.html> for more information
[INFO] [stdout]    --> src/contexts/routes/router.rs:150:1
[INFO] [stdout]     |
[INFO] [stdout] 150 | #[serde(rename_all = "camelCase")]
[INFO] [stdout]     | ^
[INFO] [stdout] 
[INFO] [stdout] 
[INFO] [stdout] warning: lint `private_in_public` has been removed: replaced with another group of lints, see RFC <https://rust-lang.github.io/rfcs/2145-type-privacy.html> for more information
[INFO] [stdout]    --> src/contexts/routes/router.rs:170:1
[INFO] [stdout]     |
[INFO] [stdout] 170 | #[serde(rename_all = "camelCase")]
[INFO] [stdout]     | ^
[INFO] [stdout] 
[INFO] [stdout] 
[INFO] [stdout] warning: lint `private_in_public` has been removed: replaced with another group of lints, see RFC <https://rust-lang.github.io/rfcs/2145-type-privacy.html> for more information
[INFO] [stdout]    --> src/contexts/routes/router.rs:187:1
[INFO] [stdout]     |
[INFO] [stdout] 187 | #[serde(rename_all = "camelCase")]
[INFO] [stdout]     | ^
[INFO] [stdout] 
[INFO] [stdout] 
[INFO] [stdout] warning: unused variable: `id`
[INFO] [stdout]    --> src/repositories/places/repository.rs:110:25
[INFO] [stdout]     |
[INFO] [stdout] 110 |     async fn get(&self, id: domain::PlaceId) -> Result<domain::Place, crate::errors::GetError> {
[INFO] [stdout]     |                         ^^ help: if this is intentional, prefix it with an underscore: `_id`
[INFO] [stdout]     |
[INFO] [stdout]     = note: `#[warn(unused_variables)]` on by default
[INFO] [stdout] 
[INFO] [stdout] 
[INFO] [stdout] warning: unused variable: `filters`
[INFO] [stdout]    --> src/repositories/places/repository.rs:114:29
[INFO] [stdout]     |
[INFO] [stdout] 114 |     async fn get_all(&self, filters: domain::get::Filters) -> Result<Vec<domain::Place>, crate::errors::GetAllError> {
[INFO] [stdout]     |                             ^^^^^^^ help: if this is intentional, prefix it with an underscore: `_filters`
[INFO] [stdout] 
[INFO] [stdout] 
[INFO] [stdout] warning: unused variable: `data`
[INFO] [stdout]    --> src/repositories/routes/repository.rs:189:28
[INFO] [stdout]     |
[INFO] [stdout] 189 |     async fn create(&self, data: domain::RouteData) -> Result<domain::Route, CreateError>
[INFO] [stdout]     |                            ^^^^ help: if this is intentional, prefix it with an underscore: `_data`
[INFO] [stdout] 
[INFO] [stdout] 
[INFO] [stdout] warning: methods `to_relative` and `post` are never used
[INFO] [stdout]    --> src/repositories/common.rs:110:8
[INFO] [stdout]     |
[INFO] [stdout] 94  | impl<T: Identifiable + serde::de::DeserializeOwned + serde::Serialize> Manager<T> {
[INFO] [stdout]     | --------------------------------------------------------------------------------- methods in this implementation
[INFO] [stdout] ...
[INFO] [stdout] 110 |     fn to_relative(&self, object: &mut T) {
[INFO] [stdout]     |        ^^^^^^^^^^^
[INFO] [stdout] ...
[INFO] [stdout] 133 |     pub async fn post(&self, source_id: u16, path: &str, object: &mut T, ) -> Result<T, FetchError> {
[INFO] [stdout]     |                  ^^^^
[INFO] [stdout]     |
[INFO] [stdout]     = note: `#[warn(dead_code)]` on by default
[INFO] [stdout] 
[INFO] [stdout] 
[INFO] [stdout] warning: function `filters` is never used
[INFO] [stdout]   --> src/repositories/places/repository.rs:48:12
[INFO] [stdout]    |
[INFO] [stdout] 48 |     pub fn filters(f: Vec<(String, String)>) -> domain::get::Filters {
[INFO] [stdout]    |            ^^^^^^^
[INFO] [stdout] 
[INFO] [stdout] 
[INFO] [stdout] warning: function `place` is never used
[INFO] [stdout]   --> src/repositories/places/repository.rs:69:12
[INFO] [stdout]    |
[INFO] [stdout] 69 |     pub fn place(p: domain::Place) -> Place {
[INFO] [stdout]    |            ^^^^^
[INFO] [stdout] 
[INFO] [stdout] 
[INFO] [stdout] warning: function `filters` is never used
[INFO] [stdout]   --> src/repositories/places/repository.rs:82:12
[INFO] [stdout]    |
[INFO] [stdout] 82 |     pub fn filters(f: domain::get::Filters) -> Vec<(String, String)> {
[INFO] [stdout]    |            ^^^^^^^
[INFO] [stdout] 
[INFO] [stdout] 
[INFO] [stdout] warning: function `route` is never used
[INFO] [stdout]   --> src/repositories/routes/repository.rs:40:12
[INFO] [stdout]    |
[INFO] [stdout] 40 |     pub fn route(r: domain::Route) -> Route {
[INFO] [stdout]    |            ^^^^^
[INFO] [stdout] 
[INFO] [stdout] 
[INFO] [stdout] warning: function `date` is never used
[INFO] [stdout]   --> src/repositories/routes/repository.rs:57:8
[INFO] [stdout]    |
[INFO] [stdout] 57 |     fn date(d: domain::Date) -> Date { Date(d) }
[INFO] [stdout]    |        ^^^^
[INFO] [stdout] 
[INFO] [stdout] 
[INFO] [stdout] warning: function `rules` is never used
[INFO] [stdout]   --> src/repositories/routes/repository.rs:58:8
[INFO] [stdout]    |
[INFO] [stdout] 58 |     fn rules(r: domain::Rules) -> Rules
[INFO] [stdout]    |        ^^^^^
[INFO] [stdout] 
[INFO] [stdout] 
[INFO] [stdout] warning: function `get_filters` is never used
[INFO] [stdout]    --> src/repositories/routes/repository.rs:122:12
[INFO] [stdout]     |
[INFO] [stdout] 122 |     pub fn get_filters(f: FilterList) -> domain::get::Filters {
[INFO] [stdout]     |            ^^^^^^^^^^^
[INFO] [stdout] 
[INFO] [stdout] 
[INFO] [stdout] warning: 20 warnings emitted
[INFO] [stdout] 
[INFO] [stdout] 
[INFO] [stderr]     Finished dev [unoptimized + debuginfo] target(s) in 51.38s
[INFO] running `Command { std: "docker" "inspect" "490260ccf8d1fa25696e821f2585149c7e27d6c541803067093e7f945aea4d58", kill_on_drop: false }`
[INFO] running `Command { std: "docker" "rm" "-f" "490260ccf8d1fa25696e821f2585149c7e27d6c541803067093e7f945aea4d58", kill_on_drop: false }`
[INFO] [stdout] 490260ccf8d1fa25696e821f2585149c7e27d6c541803067093e7f945aea4d58
[INFO] running `Command { std: "docker" "create" "-v" "/var/lib/crater-agent-workspace/builds/worker-6-tc2/target:/opt/rustwide/target:rw,Z" "-v" "/var/lib/crater-agent-workspace/builds/worker-6-tc2/source:/opt/rustwide/workdir:ro,Z" "-v" "/var/lib/crater-agent-workspace/cargo-home:/opt/rustwide/cargo-home:ro,Z" "-v" "/var/lib/crater-agent-workspace/rustup-home:/opt/rustwide/rustup-home:ro,Z" "-e" "SOURCE_DIR=/opt/rustwide/workdir" "-e" "CARGO_TARGET_DIR=/opt/rustwide/target" "-e" "CARGO_INCREMENTAL=0" "-e" "RUST_BACKTRACE=full" "-e" "RUSTFLAGS=--cap-lints=warn" "-e" "RUSTDOCFLAGS=--cap-lints=warn" "-e" "CARGO_HOME=/opt/rustwide/cargo-home" "-e" "RUSTUP_HOME=/opt/rustwide/rustup-home" "-w" "/opt/rustwide/workdir" "-m" "1610612736" "--user" "0:0" "--network" "none" "ghcr.io/rust-lang/crates-build-env/linux@sha256:2788e3201cd34a07e3172128adcd8b3090168a8e3bcc40d7c032b9dda1df7d1c" "/opt/rustwide/cargo-home/bin/cargo" "+beta-2023-12-22" "test" "--frozen" "--no-run" "--message-format=json", kill_on_drop: false }`
[INFO] [stdout] bcf31e94ea9e590e19e6dd52eb31c8585f955b9e974b4ca320c8f0fab58777dd
[INFO] running `Command { std: "docker" "start" "-a" "bcf31e94ea9e590e19e6dd52eb31c8585f955b9e974b4ca320c8f0fab58777dd", kill_on_drop: false }`
[INFO] [stderr]    Compiling tokio v1.28.0
[INFO] [stderr]    Compiling aho-corasick v1.0.1
[INFO] [stderr]    Compiling regex-syntax v0.7.1
[INFO] [stderr]    Compiling assert-json-diff v2.0.2
[INFO] [stderr]    Compiling similar v2.2.1
[INFO] [stderr]    Compiling colored v2.0.0
[INFO] [stderr]    Compiling regex v1.8.1
[INFO] [stderr]    Compiling tokio-util v0.7.8
[INFO] [stderr]    Compiling tokio-native-tls v0.3.1
[INFO] [stderr]    Compiling tokio-stream v0.1.14
[INFO] [stderr]    Compiling h2 v0.3.18
[INFO] [stderr]    Compiling multer v2.1.0
[INFO] [stderr]    Compiling hyper v0.14.26
[INFO] [stderr]    Compiling rocket_http v0.5.0-rc.2
[INFO] [stderr]    Compiling hyper-tls v0.5.0
[INFO] [stderr]    Compiling mockito v1.0.2
[INFO] [stderr]    Compiling reqwest v0.11.17
[INFO] [stderr]    Compiling rocket v0.5.0-rc.2
[INFO] [stderr]    Compiling rocket_okapi v0.8.0-rc.2
[INFO] [stderr]    Compiling climberhub-core v0.1.0 (/opt/rustwide/workdir)
[INFO] [stdout] warning: unused import: `impl_identifiable_for`
[INFO] [stdout]  --> src/repositories/places/repository.rs:3:14
[INFO] [stdout]   |
[INFO] [stdout] 3 |     common::{impl_identifiable_for, Identifiable, Manager},
[INFO] [stdout]   |              ^^^^^^^^^^^^^^^^^^^^^
[INFO] [stdout]   |
[INFO] [stdout]   = note: `#[warn(unused_imports)]` on by default
[INFO] [stdout] 
[INFO] [stdout] 
[INFO] [stdout] warning: unused import: `rocket::http::Status`
[INFO] [stdout]  --> src/repositories/routes/repository.rs:4:5
[INFO] [stdout]   |
[INFO] [stdout] 4 | use rocket::http::Status;
[INFO] [stdout]   |     ^^^^^^^^^^^^^^^^^^^^
[INFO] [stdout] 
[INFO] [stdout] 
[INFO] [stdout] warning: unused import: `FetchError`
[INFO] [stdout]  --> src/repositories/routes/repository.rs:7:90
[INFO] [stdout]   |
[INFO] [stdout] 7 |     common::{self, impl_identifiable_for, Identifiable, Manager, FilterList, RelativeId, FetchError},
[INFO] [stdout]   |                                                                                          ^^^^^^^^^^
[INFO] [stdout] 
[INFO] [stdout] 
[INFO] [stdout] warning: lint `private_in_public` has been removed: replaced with another group of lints, see RFC <https://rust-lang.github.io/rfcs/2145-type-privacy.html> for more information
[INFO] [stdout]   --> src/contexts/places/router.rs:48:5
[INFO] [stdout]    |
[INFO] [stdout] 48 |     pub struct Filters
[INFO] [stdout]    |     ^^^
[INFO] [stdout]    |
[INFO] [stdout]    = note: `#[warn(renamed_and_removed_lints)]` on by default
[INFO] [stdout] 
[INFO] [stdout] 
[INFO] [stdout] warning: lint `private_in_public` has been removed: replaced with another group of lints, see RFC <https://rust-lang.github.io/rfcs/2145-type-privacy.html> for more information
[INFO] [stdout]    --> src/contexts/places/router.rs:143:1
[INFO] [stdout]     |
[INFO] [stdout] 143 | pub struct Filters
[INFO] [stdout]     | ^^^
[INFO] [stdout] 
[INFO] [stdout] 
[INFO] [stdout] warning: lint `private_in_public` has been removed: replaced with another group of lints, see RFC <https://rust-lang.github.io/rfcs/2145-type-privacy.html> for more information
[INFO] [stdout]   --> src/contexts/routes/router.rs:54:5
[INFO] [stdout]    |
[INFO] [stdout] 54 |     pub struct Filters
[INFO] [stdout]    |     ^^^
[INFO] [stdout] 
[INFO] [stdout] 
[INFO] [stdout] warning: lint `private_in_public` has been removed: replaced with another group of lints, see RFC <https://rust-lang.github.io/rfcs/2145-type-privacy.html> for more information
[INFO] [stdout]    --> src/contexts/routes/router.rs:150:1
[INFO] [stdout]     |
[INFO] [stdout] 150 | #[serde(rename_all = "camelCase")]
[INFO] [stdout]     | ^
[INFO] [stdout] 
[INFO] [stdout] 
[INFO] [stdout] warning: lint `private_in_public` has been removed: replaced with another group of lints, see RFC <https://rust-lang.github.io/rfcs/2145-type-privacy.html> for more information
[INFO] [stdout]    --> src/contexts/routes/router.rs:170:1
[INFO] [stdout]     |
[INFO] [stdout] 170 | #[serde(rename_all = "camelCase")]
[INFO] [stdout]     | ^
[INFO] [stdout] 
[INFO] [stdout] 
[INFO] [stdout] warning: lint `private_in_public` has been removed: replaced with another group of lints, see RFC <https://rust-lang.github.io/rfcs/2145-type-privacy.html> for more information
[INFO] [stdout]    --> src/contexts/routes/router.rs:187:1
[INFO] [stdout]     |
[INFO] [stdout] 187 | #[serde(rename_all = "camelCase")]
[INFO] [stdout]     | ^
[INFO] [stdout] 
[INFO] [stdout] 
[INFO] [stdout] error[E0631]: type mismatch in function arguments
[INFO] [stdout]    --> src/repositories/places/repository.rs:143:22
[INFO] [stdout]     |
[INFO] [stdout] 69  |     pub fn place(p: domain::Place) -> Place {
[INFO] [stdout]     |     --------------------------------------- found signature defined here
[INFO] [stdout] ...
[INFO] [stdout] 143 |                 .map(domain_to_repository::place)
[INFO] [stdout]     |                  --- ^^^^^^^^^^^^^^^^^^^^^^^^^^^ expected due to this
[INFO] [stdout]     |                  |
[INFO] [stdout]     |                  required by a bound introduced by this call
[INFO] [stdout]     |
[INFO] [stdout]     = note: expected function signature `fn(std::vec::Vec<contexts::places::domain::Place>) -> _`
[INFO] [stdout]                found function signature `fn(contexts::places::domain::Place) -> _`
[INFO] [stdout] note: required by a bound in `std::iter::Iterator::map`
[INFO] [stdout]    --> /rustc/0e09125c6c3c2fd70d7de961bcf0e51575235fad/library/core/src/iter/traits/iterator.rs:802:5
[INFO] [stdout] help: consider wrapping the function in a closure
[INFO] [stdout]     |
[INFO] [stdout] 143 |                 .map(|arg0: std::vec::Vec<contexts::places::domain::Place>| domain_to_repository::place(/* contexts::places::domain::Place */))
[INFO] [stdout]     |                      ++++++++++++++++++++++++++++++++++++++++++++++++++++++                            +++++++++++++++++++++++++++++++++++++++
[INFO] [stdout] 
[INFO] [stdout] 
[INFO] [stdout] error[E0599]: the method `collect` exists for struct `Map<IntoIter<Vec<Place>>, fn(Place) -> Place {place}>`, but its trait bounds were not satisfied
[INFO] [stdout]    --> src/repositories/places/repository.rs:144:18
[INFO] [stdout]     |
[INFO] [stdout] 140 |               return self
[INFO] [stdout]     |  ____________________-
[INFO] [stdout] 141 | |                 .get_all(domain::get::Filters { country: None, city: None }).await
[INFO] [stdout] 142 | |                 .into_iter()
[INFO] [stdout] 143 | |                 .map(domain_to_repository::place)
[INFO] [stdout] 144 | |                 .collect()
[INFO] [stdout]     | |                 -^^^^^^^ method cannot be called due to unsatisfied trait bounds
[INFO] [stdout]     | |_________________|
[INFO] [stdout]     | 
[INFO] [stdout]    --> /rustc/0e09125c6c3c2fd70d7de961bcf0e51575235fad/library/core/src/iter/adapters/map.rs:62:1
[INFO] [stdout]     |
[INFO] [stdout]     = note: doesn't satisfy `_: Iterator`
[INFO] [stdout]     |
[INFO] [stdout]     = note: the full type name has been written to '/opt/rustwide/target/debug/deps/climberhub_core-f10f5b4f32485917.long-type-1991949980922248480.txt'
[INFO] [stdout]     = note: the following trait bounds were not satisfied:
[INFO] [stdout]             `<fn(contexts::places::domain::Place) -> repositories::places::repository::Place {repositories::places::repository::domain_to_repository::place} as FnOnce<(std::vec::Vec<contexts::places::domain::Place>,)>>::Output = _`
[INFO] [stdout]             which is required by `std::iter::Map<std::result::IntoIter<std::vec::Vec<contexts::places::domain::Place>>, fn(contexts::places::domain::Place) -> repositories::places::repository::Place {repositories::places::repository::domain_to_repository::place}>: Iterator`
[INFO] [stdout]             `fn(contexts::places::domain::Place) -> repositories::places::repository::Place {repositories::places::repository::domain_to_repository::place}: FnMut<(std::vec::Vec<contexts::places::domain::Place>,)>`
[INFO] [stdout]             which is required by `std::iter::Map<std::result::IntoIter<std::vec::Vec<contexts::places::domain::Place>>, fn(contexts::places::domain::Place) -> repositories::places::repository::Place {repositories::places::repository::domain_to_repository::place}>: Iterator`
[INFO] [stdout]             `std::iter::Map<std::result::IntoIter<std::vec::Vec<contexts::places::domain::Place>>, fn(contexts::places::domain::Place) -> repositories::places::repository::Place {repositories::places::repository::domain_to_repository::place}>: Iterator`
[INFO] [stdout]             which is required by `&mut std::iter::Map<std::result::IntoIter<std::vec::Vec<contexts::places::domain::Place>>, fn(contexts::places::domain::Place) -> repositories::places::repository::Place {repositories::places::repository::domain_to_repository::place}>: Iterator`
[INFO] [stdout] 
[INFO] [stdout] 
[INFO] [stdout] error[E0308]: mismatched types
[INFO] [stdout]    --> src/repositories/places/repository.rs:220:21
[INFO] [stdout]     |
[INFO] [stdout] 220 |                 id: format!("000{}-0000000{}", source_id + 1, resource_id + 1),
[INFO] [stdout]     |                     ^^^^^^^^^^^^^^^^^^^^^^^^^^^^^^^^^^^^^^^^^^^^^^^^^^^^^^^^^^ expected `u32`, found `String`
[INFO] [stdout]     |
[INFO] [stdout]     = note: this error originates in the macro `format` (in Nightly builds, run with -Z macro-backtrace for more info)
[INFO] [stdout] 
[INFO] [stdout] 
[INFO] [stdout] error[E0063]: missing field `_id` in initializer of `repositories::places::repository::Place`
[INFO] [stdout]    --> src/repositories/places/repository.rs:219:13
[INFO] [stdout]     |
[INFO] [stdout] 219 |             Place {
[INFO] [stdout]     |             ^^^^^ missing `_id`
[INFO] [stdout] 
[INFO] [stdout] 
[INFO] [stdout] error[E0308]: mismatched types
[INFO] [stdout]    --> src/repositories/places/repository.rs:236:46
[INFO] [stdout]     |
[INFO] [stdout] 236 |                     id: RelativeId::from_str(&place.id).resource_id.to_string(),
[INFO] [stdout]     |                         -------------------- ^^^^^^^^^ expected `&str`, found `&u32`
[INFO] [stdout]     |                         |
[INFO] [stdout]     |                         arguments to this function are incorrect
[INFO] [stdout]     |
[INFO] [stdout]     = note: expected reference `&str`
[INFO] [stdout]                found reference `&u32`
[INFO] [stdout] note: associated function defined here
[INFO] [stdout]    --> src/repositories/common.rs:39:12
[INFO] [stdout]     |
[INFO] [stdout] 39  |     pub fn from_str(id: &str) -> Self {
[INFO] [stdout]     |            ^^^^^^^^ --------
[INFO] [stdout] 
[INFO] [stdout] 
[INFO] [stdout] error[E0308]: mismatched types
[INFO] [stdout]    --> src/repositories/places/repository.rs:236:25
[INFO] [stdout]     |
[INFO] [stdout] 236 |                     id: RelativeId::from_str(&place.id).resource_id.to_string(),
[INFO] [stdout]     |                         ^^^^^^^^^^^^^^^^^^^^^^^^^^^^^^^^^^^^^^^^^^^^^^^^^^^^^^^ expected `u32`, found `String`
[INFO] [stdout]     |
[INFO] [stdout] help: try removing the method call
[INFO] [stdout]     |
[INFO] [stdout] 236 -                     id: RelativeId::from_str(&place.id).resource_id.to_string(),
[INFO] [stdout] 236 +                     id: RelativeId::from_str(&place.id).resource_id,
[INFO] [stdout]     |
[INFO] [stdout] 
[INFO] [stdout] 
[INFO] [stdout] error: aborting due to 6 previous errors; 9 warnings emitted
[INFO] [stdout] 
[INFO] [stdout] 
[INFO] [stdout] Some errors have detailed explanations: E0063, E0308, E0599, E0631.
[INFO] [stdout] 
[INFO] [stdout] For more information about an error, try `rustc --explain E0063`.
[INFO] [stdout] 
[INFO] [stderr] error: could not compile `climberhub-core` (bin "climberhub-core" test) due to 7 previous errors; 9 warnings emitted
[INFO] running `Command { std: "docker" "inspect" "bcf31e94ea9e590e19e6dd52eb31c8585f955b9e974b4ca320c8f0fab58777dd", kill_on_drop: false }`
[INFO] running `Command { std: "docker" "rm" "-f" "bcf31e94ea9e590e19e6dd52eb31c8585f955b9e974b4ca320c8f0fab58777dd", kill_on_drop: false }`
[INFO] [stdout] bcf31e94ea9e590e19e6dd52eb31c8585f955b9e974b4ca320c8f0fab58777dd
