[INFO] cloning repository https://github.com/CledsonSilvaAraujo/space_invaders_rust
[INFO] running `Command { std: "git" "-c" "credential.helper=" "-c" "credential.helper=/workspace/cargo-home/bin/git-credential-null" "clone" "--bare" "https://github.com/CledsonSilvaAraujo/space_invaders_rust" "/workspace/cache/git-repos/https%3A%2F%2Fgithub.com%2FCledsonSilvaAraujo%2Fspace_invaders_rust", kill_on_drop: false }`
[INFO] [stderr] Cloning into bare repository '/workspace/cache/git-repos/https%3A%2F%2Fgithub.com%2FCledsonSilvaAraujo%2Fspace_invaders_rust'...
[INFO] running `Command { std: "git" "rev-parse" "HEAD", kill_on_drop: false }`
[INFO] [stdout] c5aeebaa8346eea4035d4efa322e70a6c0829ab6
[INFO] testing CledsonSilvaAraujo/space_invaders_rust against 1.75.0 for beta-1.76-1
[INFO] running `Command { std: "git" "clone" "/workspace/cache/git-repos/https%3A%2F%2Fgithub.com%2FCledsonSilvaAraujo%2Fspace_invaders_rust" "/workspace/builds/worker-7-tc1/source", kill_on_drop: false }`
[INFO] [stderr] Cloning into '/workspace/builds/worker-7-tc1/source'...
[INFO] [stderr] done.
[INFO] [stderr] Updating files:  59% (631/1066)
Updating files:  60% (640/1066)
Updating files:  61% (651/1066)
Updating files:  62% (661/1066)
Updating files:  63% (672/1066)
Updating files:  64% (683/1066)
Updating files:  65% (693/1066)
Updating files:  66% (704/1066)
Updating files:  67% (715/1066)
Updating files:  68% (725/1066)
Updating files:  69% (736/1066)
Updating files:  70% (747/1066)
Updating files:  71% (757/1066)
Updating files:  72% (768/1066)
Updating files:  73% (779/1066)
Updating files:  74% (789/1066)
Updating files:  75% (800/1066)
Updating files:  76% (811/1066)
Updating files:  77% (821/1066)
Updating files:  78% (832/1066)
Updating files:  79% (843/1066)
Updating files:  80% (853/1066)
Updating files:  81% (864/1066)
Updating files:  82% (875/1066)
Updating files:  83% (885/1066)
Updating files:  84% (896/1066)
Updating files:  85% (907/1066)
Updating files:  86% (917/1066)
Updating files:  87% (928/1066)
Updating files:  88% (939/1066)
Updating files:  89% (949/1066)
Updating files:  90% (960/1066)
Updating files:  91% (971/1066)
Updating files:  92% (981/1066)
Updating files:  93% (992/1066)
Updating files:  94% (1003/1066)
Updating files:  95% (1013/1066)
Updating files:  96% (1024/1066)
Updating files:  97% (1035/1066)
Updating files:  98% (1045/1066)
Updating files:  99% (1056/1066)
Updating files:  99% (1065/1066)
Updating files: 100% (1066/1066)
Updating files: 100% (1066/1066), done.
[INFO] validating manifest of git repo https://github.com/CledsonSilvaAraujo/space_invaders_rust on toolchain 1.75.0
[INFO] running `Command { std: CARGO_HOME="/workspace/cargo-home" RUSTUP_HOME="/workspace/rustup-home" "/workspace/cargo-home/bin/cargo" "+1.75.0" "metadata" "--manifest-path" "Cargo.toml" "--no-deps", kill_on_drop: false }`
[INFO] started tweaking git repo https://github.com/CledsonSilvaAraujo/space_invaders_rust
[INFO] finished tweaking git repo https://github.com/CledsonSilvaAraujo/space_invaders_rust
[INFO] tweaked toml for git repo https://github.com/CledsonSilvaAraujo/space_invaders_rust written to /workspace/builds/worker-7-tc1/source/Cargo.toml
[INFO] crate git repo https://github.com/CledsonSilvaAraujo/space_invaders_rust already has a lockfile, it will not be regenerated
[INFO] running `Command { std: CARGO_HOME="/workspace/cargo-home" RUSTUP_HOME="/workspace/rustup-home" "/workspace/cargo-home/bin/cargo" "+1.75.0" "fetch" "--manifest-path" "Cargo.toml", kill_on_drop: false }`
[INFO] [stderr]     Updating crates.io index
[INFO] [stderr]  Downloading crates ...
[INFO] [stderr]   Downloaded rusty_time v0.11.3
[INFO] [stderr]   Downloaded rusty_audio v1.4.0
[INFO] running `Command { std: "docker" "create" "-v" "/var/lib/crater-agent-workspace/builds/worker-7-tc1/target:/opt/rustwide/target:rw,Z" "-v" "/var/lib/crater-agent-workspace/builds/worker-7-tc1/source:/opt/rustwide/workdir:ro,Z" "-v" "/var/lib/crater-agent-workspace/cargo-home:/opt/rustwide/cargo-home:ro,Z" "-v" "/var/lib/crater-agent-workspace/rustup-home:/opt/rustwide/rustup-home:ro,Z" "-e" "SOURCE_DIR=/opt/rustwide/workdir" "-e" "CARGO_TARGET_DIR=/opt/rustwide/target" "-e" "CARGO_HOME=/opt/rustwide/cargo-home" "-e" "RUSTUP_HOME=/opt/rustwide/rustup-home" "-w" "/opt/rustwide/workdir" "-m" "1610612736" "--user" "0:0" "--network" "none" "ghcr.io/rust-lang/crates-build-env/linux@sha256:2788e3201cd34a07e3172128adcd8b3090168a8e3bcc40d7c032b9dda1df7d1c" "/opt/rustwide/cargo-home/bin/cargo" "+1.75.0" "metadata" "--no-deps" "--format-version=1", kill_on_drop: false }`
[INFO] [stdout] 4fec1e7e474226de3bf2210f175147fc4e7bc7525a1d96a77f378a1d079f6c04
[INFO] running `Command { std: "docker" "start" "-a" "4fec1e7e474226de3bf2210f175147fc4e7bc7525a1d96a77f378a1d079f6c04", kill_on_drop: false }`
[INFO] running `Command { std: "docker" "inspect" "4fec1e7e474226de3bf2210f175147fc4e7bc7525a1d96a77f378a1d079f6c04", kill_on_drop: false }`
[INFO] running `Command { std: "docker" "rm" "-f" "4fec1e7e474226de3bf2210f175147fc4e7bc7525a1d96a77f378a1d079f6c04", kill_on_drop: false }`
[INFO] [stdout] 4fec1e7e474226de3bf2210f175147fc4e7bc7525a1d96a77f378a1d079f6c04
[INFO] running `Command { std: "docker" "create" "-v" "/var/lib/crater-agent-workspace/builds/worker-7-tc1/target:/opt/rustwide/target:rw,Z" "-v" "/var/lib/crater-agent-workspace/builds/worker-7-tc1/source:/opt/rustwide/workdir:ro,Z" "-v" "/var/lib/crater-agent-workspace/cargo-home:/opt/rustwide/cargo-home:ro,Z" "-v" "/var/lib/crater-agent-workspace/rustup-home:/opt/rustwide/rustup-home:ro,Z" "-e" "SOURCE_DIR=/opt/rustwide/workdir" "-e" "CARGO_TARGET_DIR=/opt/rustwide/target" "-e" "CARGO_INCREMENTAL=0" "-e" "RUST_BACKTRACE=full" "-e" "RUSTFLAGS=--cap-lints=warn" "-e" "RUSTDOCFLAGS=--cap-lints=warn" "-e" "CARGO_HOME=/opt/rustwide/cargo-home" "-e" "RUSTUP_HOME=/opt/rustwide/rustup-home" "-w" "/opt/rustwide/workdir" "-m" "1610612736" "--user" "0:0" "--network" "none" "ghcr.io/rust-lang/crates-build-env/linux@sha256:2788e3201cd34a07e3172128adcd8b3090168a8e3bcc40d7c032b9dda1df7d1c" "/opt/rustwide/cargo-home/bin/cargo" "+1.75.0" "build" "--frozen" "--message-format=json", kill_on_drop: false }`
[INFO] [stdout] 13c6b2637093226ec09cf6856f1b0edfd302ae8c058afb2b8da52f4a0d927efc
[INFO] running `Command { std: "docker" "start" "-a" "13c6b2637093226ec09cf6856f1b0edfd302ae8c058afb2b8da52f4a0d927efc", kill_on_drop: false }`
[INFO] [stderr]    Compiling libc v0.2.137
[INFO] [stderr]    Compiling proc-macro2 v1.0.47
[INFO] [stderr]    Compiling quote v1.0.21
[INFO] [stderr]    Compiling unicode-ident v1.0.5
[INFO] [stderr]    Compiling syn v1.0.103
[INFO] [stderr]    Compiling smallvec v1.10.0
[INFO] [stderr]    Compiling pkg-config v0.3.26
[INFO] [stderr]    Compiling scopeguard v1.1.0
[INFO] [stderr]    Compiling thiserror v1.0.37
[INFO] [stderr]    Compiling parking_lot_core v0.8.5
[INFO] [stderr]    Compiling bitflags v1.3.2
[INFO] [stderr]    Compiling log v0.4.17
[INFO] [stderr]    Compiling tinyvec_macros v0.1.0
[INFO] [stderr]    Compiling cpal v0.13.5
[INFO] [stderr]    Compiling lock_api v0.4.9
[INFO] [stderr]    Compiling memoffset v0.6.5
[INFO] [stderr]    Compiling instant v0.1.12
[INFO] [stderr]    Compiling signal-hook v0.3.14
[INFO] [stderr]    Compiling parking_lot_core v0.9.4
[INFO] [stderr]    Compiling byteorder v1.4.3
[INFO] [stderr]    Compiling tinyvec v1.6.0
[INFO] [stderr]    Compiling claxon v0.4.3
[INFO] [stderr]    Compiling hound v3.5.0
[INFO] [stderr]    Compiling rusty_time v0.11.3
[INFO] [stderr]    Compiling ogg v0.8.0
[INFO] [stderr]    Compiling alsa-sys v0.3.1
[INFO] [stderr]    Compiling lewton v0.10.2
[INFO] [stderr]    Compiling jobserver v0.1.25
[INFO] [stderr]    Compiling nix v0.23.1
[INFO] [stderr]    Compiling signal-hook-registry v1.4.0
[INFO] [stderr]    Compiling slice-deque v0.3.0
[INFO] [stderr]    Compiling mio v0.8.5
[INFO] [stderr]    Compiling cc v1.0.74
[INFO] [stderr]    Compiling parking_lot v0.12.1
[INFO] [stderr]    Compiling parking_lot v0.11.2
[INFO] [stderr]    Compiling signal-hook-mio v0.2.3
[INFO] [stderr]    Compiling crossterm v0.23.2
[INFO] [stderr]    Compiling minimp3-sys v0.3.2
[INFO] [stderr]    Compiling alsa v0.6.0
[INFO] [stderr]    Compiling thiserror-impl v1.0.37
[INFO] [stderr]    Compiling minimp3 v0.5.1
[INFO] [stderr]    Compiling rodio v0.14.0
[INFO] [stderr]    Compiling rusty_audio v1.4.0
[INFO] [stderr]    Compiling invaders v0.1.0 (/opt/rustwide/workdir)
[INFO] [stdout] error[E0433]: failed to resolve: use of undeclared crate or module `invaders`
[INFO] [stdout]   --> src/main.rs:12:5
[INFO] [stdout]    |
[INFO] [stdout] 12 | use invaders::{
[INFO] [stdout]    |     ^^^^^^^^ use of undeclared crate or module `invaders`
[INFO] [stdout] 
[INFO] [stdout] 
[INFO] [stdout] error[E0432]: unresolved import `invaders`
[INFO] [stdout]   --> src/main.rs:12:5
[INFO] [stdout]    |
[INFO] [stdout] 12 | use invaders::{
[INFO] [stdout]    |     ^^^^^^^^ use of undeclared crate or module `invaders`
[INFO] [stdout] 
[INFO] [stdout] 
[INFO] [stdout] error[E0425]: cannot find function `sleep` in module `thread`
[INFO] [stdout]   --> src/main.rs:75:17
[INFO] [stdout]    |
[INFO] [stdout] 75 |         thread::sleep(Duration::from_millis(1));
[INFO] [stdout]    |                 ^^^^^ not found in `thread`
[INFO] [stdout]    |
[INFO] [stdout] help: consider importing this function
[INFO] [stdout]    |
[INFO] [stdout] 1  + use std::thread::sleep;
[INFO] [stdout]    |
[INFO] [stdout] help: if you import `sleep`, refer to it directly
[INFO] [stdout]    |
[INFO] [stdout] 75 -         thread::sleep(Duration::from_millis(1));
[INFO] [stdout] 75 +         sleep(Duration::from_millis(1));
[INFO] [stdout]    |
[INFO] [stdout] 
[INFO] [stdout] 
[INFO] [stdout] warning: unused imports: `Receiver`, `Sender`
[INFO] [stdout]  --> src/main.rs:9:29
[INFO] [stdout]   |
[INFO] [stdout] 9 | use std::sync::mpsc::{self, Sender, Receiver};
[INFO] [stdout]   |                             ^^^^^^  ^^^^^^^^
[INFO] [stdout]   |
[INFO] [stdout]   = note: `#[warn(unused_imports)]` on by default
[INFO] [stdout] 
[INFO] [stdout] 
[INFO] [stdout] error: aborting due to 3 previous errors; 1 warning emitted
[INFO] [stdout] 
[INFO] [stdout] 
[INFO] [stdout] Some errors have detailed explanations: E0425, E0432, E0433.
[INFO] [stdout] 
[INFO] [stdout] For more information about an error, try `rustc --explain E0425`.
[INFO] [stdout] 
[INFO] [stderr] error: could not compile `invaders` (bin "invaders") due to 4 previous errors; 1 warning emitted
[INFO] running `Command { std: "docker" "inspect" "13c6b2637093226ec09cf6856f1b0edfd302ae8c058afb2b8da52f4a0d927efc", kill_on_drop: false }`
[INFO] running `Command { std: "docker" "rm" "-f" "13c6b2637093226ec09cf6856f1b0edfd302ae8c058afb2b8da52f4a0d927efc", kill_on_drop: false }`
[INFO] [stdout] 13c6b2637093226ec09cf6856f1b0edfd302ae8c058afb2b8da52f4a0d927efc
[INFO] testing CledsonSilvaAraujo/space_invaders_rust against beta-2023-12-22 for beta-1.76-1
[INFO] running `Command { std: "git" "clone" "/workspace/cache/git-repos/https%3A%2F%2Fgithub.com%2FCledsonSilvaAraujo%2Fspace_invaders_rust" "/workspace/builds/worker-7-tc2/source", kill_on_drop: false }`
[INFO] [stderr] Cloning into '/workspace/builds/worker-7-tc2/source'...
[INFO] [stderr] done.
[INFO] [stderr] Updating files:  60% (648/1066)
Updating files:  61% (651/1066)
Updating files:  62% (661/1066)
Updating files:  63% (672/1066)
Updating files:  64% (683/1066)
Updating files:  65% (693/1066)
Updating files:  66% (704/1066)
Updating files:  67% (715/1066)
Updating files:  68% (725/1066)
Updating files:  69% (736/1066)
Updating files:  70% (747/1066)
Updating files:  71% (757/1066)
Updating files:  72% (768/1066)
Updating files:  73% (779/1066)
Updating files:  74% (789/1066)
Updating files:  75% (800/1066)
Updating files:  76% (811/1066)
Updating files:  77% (821/1066)
Updating files:  78% (832/1066)
Updating files:  79% (843/1066)
Updating files:  80% (853/1066)
Updating files:  81% (864/1066)
Updating files:  82% (875/1066)
Updating files:  83% (885/1066)
Updating files:  84% (896/1066)
Updating files:  85% (907/1066)
Updating files:  86% (917/1066)
Updating files:  87% (928/1066)
Updating files:  88% (939/1066)
Updating files:  89% (949/1066)
Updating files:  90% (960/1066)
Updating files:  91% (971/1066)
Updating files:  92% (981/1066)
Updating files:  93% (992/1066)
Updating files:  94% (1003/1066)
Updating files:  95% (1013/1066)
Updating files:  96% (1024/1066)
Updating files:  97% (1035/1066)
Updating files:  98% (1045/1066)
Updating files:  99% (1056/1066)
Updating files: 100% (1066/1066)
Updating files: 100% (1066/1066), done.
[INFO] validating manifest of git repo https://github.com/CledsonSilvaAraujo/space_invaders_rust on toolchain beta-2023-12-22
[INFO] running `Command { std: CARGO_HOME="/workspace/cargo-home" RUSTUP_HOME="/workspace/rustup-home" "/workspace/cargo-home/bin/cargo" "+beta-2023-12-22" "metadata" "--manifest-path" "Cargo.toml" "--no-deps", kill_on_drop: false }`
[INFO] started tweaking git repo https://github.com/CledsonSilvaAraujo/space_invaders_rust
[INFO] finished tweaking git repo https://github.com/CledsonSilvaAraujo/space_invaders_rust
[INFO] tweaked toml for git repo https://github.com/CledsonSilvaAraujo/space_invaders_rust written to /workspace/builds/worker-7-tc2/source/Cargo.toml
[INFO] crate git repo https://github.com/CledsonSilvaAraujo/space_invaders_rust already has a lockfile, it will not be regenerated
[INFO] running `Command { std: CARGO_HOME="/workspace/cargo-home" RUSTUP_HOME="/workspace/rustup-home" "/workspace/cargo-home/bin/cargo" "+beta-2023-12-22" "fetch" "--manifest-path" "Cargo.toml", kill_on_drop: false }`
[INFO] running `Command { std: "docker" "create" "-v" "/var/lib/crater-agent-workspace/builds/worker-7-tc2/target:/opt/rustwide/target:rw,Z" "-v" "/var/lib/crater-agent-workspace/builds/worker-7-tc2/source:/opt/rustwide/workdir:ro,Z" "-v" "/var/lib/crater-agent-workspace/cargo-home:/opt/rustwide/cargo-home:ro,Z" "-v" "/var/lib/crater-agent-workspace/rustup-home:/opt/rustwide/rustup-home:ro,Z" "-e" "SOURCE_DIR=/opt/rustwide/workdir" "-e" "CARGO_TARGET_DIR=/opt/rustwide/target" "-e" "CARGO_HOME=/opt/rustwide/cargo-home" "-e" "RUSTUP_HOME=/opt/rustwide/rustup-home" "-w" "/opt/rustwide/workdir" "-m" "1610612736" "--user" "0:0" "--network" "none" "ghcr.io/rust-lang/crates-build-env/linux@sha256:2788e3201cd34a07e3172128adcd8b3090168a8e3bcc40d7c032b9dda1df7d1c" "/opt/rustwide/cargo-home/bin/cargo" "+beta-2023-12-22" "metadata" "--no-deps" "--format-version=1", kill_on_drop: false }`
[INFO] [stdout] 6d4855b57d6965107ea2b74b7c94725c3bf77d6b85cb720e3446159fc8773a00
[INFO] running `Command { std: "docker" "start" "-a" "6d4855b57d6965107ea2b74b7c94725c3bf77d6b85cb720e3446159fc8773a00", kill_on_drop: false }`
[INFO] running `Command { std: "docker" "inspect" "6d4855b57d6965107ea2b74b7c94725c3bf77d6b85cb720e3446159fc8773a00", kill_on_drop: false }`
[INFO] running `Command { std: "docker" "rm" "-f" "6d4855b57d6965107ea2b74b7c94725c3bf77d6b85cb720e3446159fc8773a00", kill_on_drop: false }`
[INFO] [stdout] 6d4855b57d6965107ea2b74b7c94725c3bf77d6b85cb720e3446159fc8773a00
[INFO] running `Command { std: "docker" "create" "-v" "/var/lib/crater-agent-workspace/builds/worker-7-tc2/target:/opt/rustwide/target:rw,Z" "-v" "/var/lib/crater-agent-workspace/builds/worker-7-tc2/source:/opt/rustwide/workdir:ro,Z" "-v" "/var/lib/crater-agent-workspace/cargo-home:/opt/rustwide/cargo-home:ro,Z" "-v" "/var/lib/crater-agent-workspace/rustup-home:/opt/rustwide/rustup-home:ro,Z" "-e" "SOURCE_DIR=/opt/rustwide/workdir" "-e" "CARGO_TARGET_DIR=/opt/rustwide/target" "-e" "CARGO_INCREMENTAL=0" "-e" "RUST_BACKTRACE=full" "-e" "RUSTFLAGS=--cap-lints=warn" "-e" "RUSTDOCFLAGS=--cap-lints=warn" "-e" "CARGO_HOME=/opt/rustwide/cargo-home" "-e" "RUSTUP_HOME=/opt/rustwide/rustup-home" "-w" "/opt/rustwide/workdir" "-m" "1610612736" "--user" "0:0" "--network" "none" "ghcr.io/rust-lang/crates-build-env/linux@sha256:2788e3201cd34a07e3172128adcd8b3090168a8e3bcc40d7c032b9dda1df7d1c" "/opt/rustwide/cargo-home/bin/cargo" "+beta-2023-12-22" "build" "--frozen" "--message-format=json", kill_on_drop: false }`
[INFO] [stdout] 9d5af2253fabd6634907229e417eb3e2ba73e47da1797d25a46ad4165b1f595f
[INFO] running `Command { std: "docker" "start" "-a" "9d5af2253fabd6634907229e417eb3e2ba73e47da1797d25a46ad4165b1f595f", kill_on_drop: false }`
[INFO] [stderr]    Compiling libc v0.2.137
[INFO] [stderr]    Compiling proc-macro2 v1.0.47
[INFO] [stderr]    Compiling quote v1.0.21
[INFO] [stderr]    Compiling unicode-ident v1.0.5
[INFO] [stderr]    Compiling lock_api v0.4.9
[INFO] [stderr]    Compiling syn v1.0.103
[INFO] [stderr]    Compiling smallvec v1.10.0
[INFO] [stderr]    Compiling memoffset v0.6.5
[INFO] [stderr]    Compiling pkg-config v0.3.26
[INFO] [stderr]    Compiling scopeguard v1.1.0
[INFO] [stderr]    Compiling thiserror v1.0.37
[INFO] [stderr]    Compiling parking_lot_core v0.8.5
[INFO] [stderr]    Compiling bitflags v1.3.2
[INFO] [stderr]    Compiling log v0.4.17
[INFO] [stderr]    Compiling signal-hook v0.3.14
[INFO] [stderr]    Compiling instant v0.1.12
[INFO] [stderr]    Compiling cpal v0.13.5
[INFO] [stderr]    Compiling parking_lot_core v0.9.4
[INFO] [stderr]    Compiling byteorder v1.4.3
[INFO] [stderr]    Compiling tinyvec_macros v0.1.0
[INFO] [stderr]    Compiling tinyvec v1.6.0
[INFO] [stderr]    Compiling hound v3.5.0
[INFO] [stderr]    Compiling claxon v0.4.3
[INFO] [stderr]    Compiling rusty_time v0.11.3
[INFO] [stderr]    Compiling ogg v0.8.0
[INFO] [stderr]    Compiling alsa-sys v0.3.1
[INFO] [stderr]    Compiling lewton v0.10.2
[INFO] [stderr]    Compiling jobserver v0.1.25
[INFO] [stderr]    Compiling nix v0.23.1
[INFO] [stderr]    Compiling signal-hook-registry v1.4.0
[INFO] [stderr]    Compiling slice-deque v0.3.0
[INFO] [stderr]    Compiling mio v0.8.5
[INFO] [stderr]    Compiling cc v1.0.74
[INFO] [stderr]    Compiling parking_lot v0.12.1
[INFO] [stderr]    Compiling parking_lot v0.11.2
[INFO] [stderr]    Compiling signal-hook-mio v0.2.3
[INFO] [stderr]    Compiling crossterm v0.23.2
[INFO] [stderr]    Compiling minimp3-sys v0.3.2
[INFO] [stderr]    Compiling alsa v0.6.0
[INFO] [stderr]    Compiling thiserror-impl v1.0.37
[INFO] [stderr]    Compiling minimp3 v0.5.1
[INFO] [stderr]    Compiling rodio v0.14.0
[INFO] [stderr]    Compiling rusty_audio v1.4.0
[INFO] [stderr]    Compiling invaders v0.1.0 (/opt/rustwide/workdir)
[INFO] [stdout] error[E0433]: failed to resolve: use of undeclared crate or module `invaders`
[INFO] [stdout]   --> src/main.rs:12:5
[INFO] [stdout]    |
[INFO] [stdout] 12 | use invaders::{
[INFO] [stdout]    |     ^^^^^^^^ use of undeclared crate or module `invaders`
[INFO] [stdout] 
[INFO] [stdout] 
[INFO] [stdout] error[E0432]: unresolved import `invaders`
[INFO] [stdout]   --> src/main.rs:12:5
[INFO] [stdout]    |
[INFO] [stdout] 12 | use invaders::{
[INFO] [stdout]    |     ^^^^^^^^ use of undeclared crate or module `invaders`
[INFO] [stdout] 
[INFO] [stdout] 
[INFO] [stdout] error[E0425]: cannot find function `sleep` in module `thread`
[INFO] [stdout]   --> src/main.rs:75:17
[INFO] [stdout]    |
[INFO] [stdout] 75 |         thread::sleep(Duration::from_millis(1));
[INFO] [stdout]    |                 ^^^^^ not found in `thread`
[INFO] [stdout]    |
[INFO] [stdout] help: consider importing this function
[INFO] [stdout]    |
[INFO] [stdout] 1  + use std::thread::sleep;
[INFO] [stdout]    |
[INFO] [stdout] help: if you import `sleep`, refer to it directly
[INFO] [stdout]    |
[INFO] [stdout] 75 -         thread::sleep(Duration::from_millis(1));
[INFO] [stdout] 75 +         sleep(Duration::from_millis(1));
[INFO] [stdout]    |
[INFO] [stdout] 
[INFO] [stdout] 
[INFO] [stdout] warning: unused imports: `Receiver`, `Sender`
[INFO] [stdout]  --> src/main.rs:9:29
[INFO] [stdout]   |
[INFO] [stdout] 9 | use std::sync::mpsc::{self, Sender, Receiver};
[INFO] [stdout]   |                             ^^^^^^  ^^^^^^^^
[INFO] [stdout]   |
[INFO] [stdout]   = note: `#[warn(unused_imports)]` on by default
[INFO] [stdout] 
[INFO] [stdout] 
[INFO] [stdout] error: aborting due to 3 previous errors; 1 warning emitted
[INFO] [stdout] 
[INFO] [stdout] 
[INFO] [stdout] Some errors have detailed explanations: E0425, E0432, E0433.
[INFO] [stdout] 
[INFO] [stdout] For more information about an error, try `rustc --explain E0425`.
[INFO] [stdout] 
[INFO] [stderr] error: could not compile `invaders` (bin "invaders") due to 4 previous errors; 1 warning emitted
[INFO] running `Command { std: "docker" "inspect" "9d5af2253fabd6634907229e417eb3e2ba73e47da1797d25a46ad4165b1f595f", kill_on_drop: false }`
[INFO] running `Command { std: "docker" "rm" "-f" "9d5af2253fabd6634907229e417eb3e2ba73e47da1797d25a46ad4165b1f595f", kill_on_drop: false }`
[INFO] [stdout] 9d5af2253fabd6634907229e417eb3e2ba73e47da1797d25a46ad4165b1f595f
