[INFO] cloning repository https://github.com/Clansty/WeChatHook
[INFO] running `Command { std: "git" "-c" "credential.helper=" "-c" "credential.helper=/workspace/cargo-home/bin/git-credential-null" "clone" "--bare" "https://github.com/Clansty/WeChatHook" "/workspace/cache/git-repos/https%3A%2F%2Fgithub.com%2FClansty%2FWeChatHook", kill_on_drop: false }`
[INFO] [stderr] Cloning into bare repository '/workspace/cache/git-repos/https%3A%2F%2Fgithub.com%2FClansty%2FWeChatHook'...
[INFO] running `Command { std: "git" "rev-parse" "HEAD", kill_on_drop: false }`
[INFO] [stdout] 011986535a9ead919b953ef09855a0818b75a227
[INFO] testing Clansty/WeChatHook against 1.75.0 for beta-1.76-1
[INFO] running `Command { std: "git" "clone" "/workspace/cache/git-repos/https%3A%2F%2Fgithub.com%2FClansty%2FWeChatHook" "/workspace/builds/worker-5-tc1/source", kill_on_drop: false }`
[INFO] [stderr] Cloning into '/workspace/builds/worker-5-tc1/source'...
[INFO] [stderr] done.
[INFO] validating manifest of git repo https://github.com/Clansty/WeChatHook on toolchain 1.75.0
[INFO] running `Command { std: CARGO_HOME="/workspace/cargo-home" RUSTUP_HOME="/workspace/rustup-home" "/workspace/cargo-home/bin/cargo" "+1.75.0" "metadata" "--manifest-path" "Cargo.toml" "--no-deps", kill_on_drop: false }`
[INFO] started tweaking git repo https://github.com/Clansty/WeChatHook
[INFO] finished tweaking git repo https://github.com/Clansty/WeChatHook
[INFO] tweaked toml for git repo https://github.com/Clansty/WeChatHook written to /workspace/builds/worker-5-tc1/source/Cargo.toml
[INFO] crate git repo https://github.com/Clansty/WeChatHook already has a lockfile, it will not be regenerated
[INFO] running `Command { std: CARGO_HOME="/workspace/cargo-home" RUSTUP_HOME="/workspace/rustup-home" "/workspace/cargo-home/bin/cargo" "+1.75.0" "fetch" "--manifest-path" "Cargo.toml", kill_on_drop: false }`
[INFO] [stderr]     Updating crates.io index
[INFO] [stderr]  Downloading crates ...
[INFO] [stderr]   Downloaded forward-dll-derive v0.1.11
[INFO] [stderr]   Downloaded implib v0.3.1
[INFO] [stderr]   Downloaded win32console v0.1.5
[INFO] [stderr]   Downloaded libc v0.2.143
[INFO] [stderr]   Downloaded windows-sys v0.35.0
[INFO] [stderr]   Downloaded forward-dll v0.1.11
[INFO] running `Command { std: "docker" "create" "-v" "/var/lib/crater-agent-workspace/builds/worker-5-tc1/target:/opt/rustwide/target:rw,Z" "-v" "/var/lib/crater-agent-workspace/builds/worker-5-tc1/source:/opt/rustwide/workdir:ro,Z" "-v" "/var/lib/crater-agent-workspace/cargo-home:/opt/rustwide/cargo-home:ro,Z" "-v" "/var/lib/crater-agent-workspace/rustup-home:/opt/rustwide/rustup-home:ro,Z" "-e" "SOURCE_DIR=/opt/rustwide/workdir" "-e" "CARGO_TARGET_DIR=/opt/rustwide/target" "-e" "CARGO_HOME=/opt/rustwide/cargo-home" "-e" "RUSTUP_HOME=/opt/rustwide/rustup-home" "-w" "/opt/rustwide/workdir" "-m" "1610612736" "--user" "0:0" "--network" "none" "ghcr.io/rust-lang/crates-build-env/linux@sha256:2788e3201cd34a07e3172128adcd8b3090168a8e3bcc40d7c032b9dda1df7d1c" "/opt/rustwide/cargo-home/bin/cargo" "+1.75.0" "metadata" "--no-deps" "--format-version=1", kill_on_drop: false }`
[INFO] [stdout] c7503648629bffd354d6bec2aa7e45af9ceb89c49678b6b15d865e0ed8c17ffa
[INFO] running `Command { std: "docker" "start" "-a" "c7503648629bffd354d6bec2aa7e45af9ceb89c49678b6b15d865e0ed8c17ffa", kill_on_drop: false }`
[INFO] running `Command { std: "docker" "inspect" "c7503648629bffd354d6bec2aa7e45af9ceb89c49678b6b15d865e0ed8c17ffa", kill_on_drop: false }`
[INFO] running `Command { std: "docker" "rm" "-f" "c7503648629bffd354d6bec2aa7e45af9ceb89c49678b6b15d865e0ed8c17ffa", kill_on_drop: false }`
[INFO] [stdout] c7503648629bffd354d6bec2aa7e45af9ceb89c49678b6b15d865e0ed8c17ffa
[INFO] running `Command { std: "docker" "create" "-v" "/var/lib/crater-agent-workspace/builds/worker-5-tc1/target:/opt/rustwide/target:rw,Z" "-v" "/var/lib/crater-agent-workspace/builds/worker-5-tc1/source:/opt/rustwide/workdir:ro,Z" "-v" "/var/lib/crater-agent-workspace/cargo-home:/opt/rustwide/cargo-home:ro,Z" "-v" "/var/lib/crater-agent-workspace/rustup-home:/opt/rustwide/rustup-home:ro,Z" "-e" "SOURCE_DIR=/opt/rustwide/workdir" "-e" "CARGO_TARGET_DIR=/opt/rustwide/target" "-e" "CARGO_INCREMENTAL=0" "-e" "RUST_BACKTRACE=full" "-e" "RUSTFLAGS=--cap-lints=warn" "-e" "RUSTDOCFLAGS=--cap-lints=warn" "-e" "CARGO_HOME=/opt/rustwide/cargo-home" "-e" "RUSTUP_HOME=/opt/rustwide/rustup-home" "-w" "/opt/rustwide/workdir" "-m" "1610612736" "--user" "0:0" "--network" "none" "ghcr.io/rust-lang/crates-build-env/linux@sha256:2788e3201cd34a07e3172128adcd8b3090168a8e3bcc40d7c032b9dda1df7d1c" "/opt/rustwide/cargo-home/bin/cargo" "+1.75.0" "build" "--frozen" "--message-format=json", kill_on_drop: false }`
[INFO] [stdout] de7a4941647a9e641b96c1d1d76d0f3746ba8d029dd91b142a1ff8b5dafe34df
[INFO] running `Command { std: "docker" "start" "-a" "de7a4941647a9e641b96c1d1d76d0f3746ba8d029dd91b142a1ff8b5dafe34df", kill_on_drop: false }`
[INFO] [stderr]    Compiling autocfg v1.1.0
[INFO] [stderr]    Compiling proc-macro2 v1.0.56
[INFO] [stderr]    Compiling unicode-ident v1.0.8
[INFO] [stderr]    Compiling quote v1.0.26
[INFO] [stderr]    Compiling version_check v0.9.4
[INFO] [stderr]    Compiling libc v0.2.143
[INFO] [stderr]    Compiling pin-project-lite v0.2.9
[INFO] [stderr]    Compiling memchr v2.5.0
[INFO] [stderr]    Compiling futures-channel v0.3.28
[INFO] [stderr]    Compiling hashbrown v0.12.3
[INFO] [stderr]    Compiling once_cell v1.17.1
[INFO] [stderr]    Compiling futures-core v0.3.28
[INFO] [stderr]    Compiling itoa v1.0.6
[INFO] [stderr]    Compiling bytes v1.4.0
[INFO] [stderr]    Compiling serde_derive v1.0.162
[INFO] [stderr]    Compiling serde v1.0.162
[INFO] [stderr]    Compiling smallvec v1.10.0
[INFO] [stderr]    Compiling log v0.4.17
[INFO] [stderr]    Compiling yansi v0.5.1
[INFO] [stderr]    Compiling parking_lot_core v0.9.7
[INFO] [stderr]    Compiling futures-task v0.3.28
[INFO] [stderr]    Compiling futures-sink v0.3.28
[INFO] [stderr]    Compiling proc-macro2-diagnostics v0.10.0
[INFO] [stderr]    Compiling ahash v0.8.3
[INFO] [stderr]    Compiling httparse v1.8.0
[INFO] [stderr]    Compiling futures-util v0.3.28
[INFO] [stderr]    Compiling indexmap v1.9.3
[INFO] [stderr]    Compiling lock_api v0.4.9
[INFO] [stderr]    Compiling slab v0.4.8
[INFO] [stderr]    Compiling http v0.2.9
[INFO] [stderr]    Compiling tokio v1.28.0
[INFO] [stderr]    Compiling crc32fast v1.3.2
[INFO] [stderr]    Compiling futures-io v0.3.28
[INFO] [stderr]    Compiling try-lock v0.2.4
[INFO] [stderr]    Compiling adler v1.0.2
[INFO] [stderr]    Compiling miniz_oxide v0.7.1
[INFO] [stderr]    Compiling tracing-core v0.1.30
[INFO] [stderr]    Compiling time-core v0.1.1
[INFO] [stderr]    Compiling syn v2.0.15
[INFO] [stderr]    Compiling time-macros v0.2.9
[INFO] [stderr]    Compiling hashbrown v0.13.2
[INFO] [stderr]    Compiling memoffset v0.8.0
[INFO] [stderr]    Compiling cookie v0.17.0
[INFO] [stderr]    Compiling tower-service v0.3.2
[INFO] [stderr]    Compiling httpdate v1.0.2
[INFO] [stderr]    Compiling inlinable_string v0.1.15
[INFO] [stderr]    Compiling flate2 v1.0.26
[INFO] [stderr]    Compiling tracing v0.1.37
[INFO] [stderr]    Compiling http-body v0.4.5
[INFO] [stderr]    Compiling io-lifetimes v1.0.10
[INFO] [stderr]    Compiling ref-cast v1.0.16
[INFO] [stderr]    Compiling uncased v0.9.9
[INFO] [stderr]    Compiling mio v0.8.6
[INFO] [stderr]    Compiling socket2 v0.4.9
[INFO] [stderr]    Compiling object v0.30.3
[INFO] [stderr]    Compiling forward-dll-derive v0.1.11
[INFO] [stderr]    Compiling rustix v0.37.19
[INFO] [stderr]    Compiling signal-hook-registry v1.4.1
[INFO] [stderr]    Compiling num_cpus v1.15.0
[INFO] [stderr]    Compiling parking_lot v0.12.1
[INFO] [stderr]    Compiling percent-encoding v2.2.0
[INFO] [stderr]    Compiling bitflags v2.2.1
[INFO] [stderr]    Compiling getrandom v0.2.9
[INFO] [stderr]    Compiling want v0.3.0
[INFO] [stderr]    Compiling stable-pattern v0.1.0
[INFO] [stderr]    Compiling state v0.5.3
[INFO] [stderr]    Compiling windows_x86_64_gnu v0.48.0
[INFO] [stderr]    Compiling linux-raw-sys v0.3.7
[INFO] [stderr]    Compiling either v1.8.1
[INFO] [stderr]    Compiling rand_core v0.6.4
[INFO] [stderr]    Compiling atomic v0.5.1
[INFO] [stderr]    Compiling multer v2.1.0
[INFO] [stderr]    Compiling figment v0.10.8
[INFO] [stderr]    Compiling serde_json v1.0.96
[INFO] [stderr]    Compiling async-trait v0.1.68
[INFO] [stderr]    Compiling winapi v0.3.9
[INFO] [stderr]    Compiling ppv-lite86 v0.2.17
[INFO] [stderr]    Compiling windows-sys v0.35.0
[INFO] [stderr]    Compiling rocket v0.5.0-rc.3
[INFO] [stderr]    Compiling encoding_rs v0.8.32
[INFO] [stderr]    Compiling mime v0.3.17
[INFO] [stderr]    Compiling fastrand v1.9.0
[INFO] [stderr]    Compiling ryu v1.0.13
[INFO] [stderr]    Compiling spin v0.9.8
[INFO] [stderr]    Compiling glob v0.3.1
[INFO] [stderr]    Compiling rand_chacha v0.3.1
[INFO] [stderr]    Compiling unicode-xid v0.2.4
[INFO] [stderr]    Compiling time v0.3.21
[INFO] [stderr]    Compiling windows-targets v0.48.0
[INFO] [stderr]    Compiling rand v0.8.5
[INFO] [stderr]    Compiling binascii v0.1.4
[INFO] [stderr]    Compiling windows v0.48.0
[INFO] [stderr]    Compiling futures v0.3.28
[INFO] [stderr]    Compiling win32console v0.1.5
[INFO] [stdout] error[E0433]: failed to resolve: could not find `um` in `winapi`
[INFO] [stdout]   --> /opt/rustwide/cargo-home/registry/src/index.crates.io-6f17d22bba15001f/win32console-0.1.5/src/console.rs:12:5
[INFO] [stdout]    |
[INFO] [stdout] 12 |     um::{
[INFO] [stdout]    |     ^^ could not find `um` in `winapi`
[INFO] [stdout] 
[INFO] [stdout] 
[INFO] [stdout] error[E0433]: failed to resolve: could not find `shared` in `winapi`
[INFO] [stdout]   --> /opt/rustwide/cargo-home/registry/src/index.crates.io-6f17d22bba15001f/win32console-0.1.5/src/console.rs:74:5
[INFO] [stdout]    |
[INFO] [stdout] 74 |     shared::minwindef::MAX_PATH,
[INFO] [stdout]    |     ^^^^^^ could not find `shared` in `winapi`
[INFO] [stdout] 
[INFO] [stdout] 
[INFO] [stdout] error[E0433]: failed to resolve: could not find `um` in `winapi`
[INFO] [stdout]   --> /opt/rustwide/cargo-home/registry/src/index.crates.io-6f17d22bba15001f/win32console-0.1.5/src/console.rs:75:5
[INFO] [stdout]    |
[INFO] [stdout] 75 |     um::wincon::{GetConsoleProcessList, SetConsoleHistoryInfo, CONSOLE_HISTORY_INFO, GetConsoleHistoryInfo, GetConsoleCursorInfo, CONSOLE...
[INFO] [stdout]    |     ^^ could not find `um` in `winapi`
[INFO] [stdout] 
[INFO] [stdout] 
[INFO] [stdout] error[E0433]: failed to resolve: could not find `um` in `winapi`
[INFO] [stdout]   --> /opt/rustwide/cargo-home/registry/src/index.crates.io-6f17d22bba15001f/win32console-0.1.5/src/console.rs:76:5
[INFO] [stdout]    |
[INFO] [stdout] 76 |     um::winnt::{HANDLE},
[INFO] [stdout]    |     ^^ could not find `um` in `winapi`
[INFO] [stdout] 
[INFO] [stdout] 
[INFO] [stdout] error[E0433]: failed to resolve: could not find `shared` in `winapi`
[INFO] [stdout]   --> /opt/rustwide/cargo-home/registry/src/index.crates.io-6f17d22bba15001f/win32console-0.1.5/src/console.rs:77:5
[INFO] [stdout]    |
[INFO] [stdout] 77 |     shared::windef::RECT,
[INFO] [stdout]    |     ^^^^^^ could not find `shared` in `winapi`
[INFO] [stdout] 
[INFO] [stdout] 
[INFO] [stdout] error[E0433]: failed to resolve: could not find `um` in `winapi`
[INFO] [stdout]   --> /opt/rustwide/cargo-home/registry/src/index.crates.io-6f17d22bba15001f/win32console-0.1.5/src/console.rs:78:5
[INFO] [stdout]    |
[INFO] [stdout] 78 |     um::winuser::{MONITORINFO, GetMonitorInfoA, MonitorFromWindow, MONITOR_DEFAULTTOPRIMARY, GetWindowRect},
[INFO] [stdout]    |     ^^ could not find `um` in `winapi`
[INFO] [stdout] 
[INFO] [stdout] 
[INFO] [stdout] error[E0433]: failed to resolve: could not find `shared` in `winapi`
[INFO] [stdout]   --> /opt/rustwide/cargo-home/registry/src/index.crates.io-6f17d22bba15001f/win32console-0.1.5/src/console.rs:79:5
[INFO] [stdout]    |
[INFO] [stdout] 79 |     shared::windef::HWND__,
[INFO] [stdout]    |     ^^^^^^ could not find `shared` in `winapi`
[INFO] [stdout] 
[INFO] [stdout] 
[INFO] [stdout] error[E0433]: failed to resolve: could not find `um` in `winapi`
[INFO] [stdout]   --> /opt/rustwide/cargo-home/registry/src/index.crates.io-6f17d22bba15001f/win32console-0.1.5/src/console.rs:80:5
[INFO] [stdout]    |
[INFO] [stdout] 80 |     um::utilapiset::Beep
[INFO] [stdout]    |     ^^ could not find `um` in `winapi`
[INFO] [stdout] 
[INFO] [stdout] 
[INFO] [stdout] error[E0433]: failed to resolve: could not find `um` in `winapi`
[INFO] [stdout]  --> /opt/rustwide/cargo-home/registry/src/index.crates.io-6f17d22bba15001f/win32console-0.1.5/src/structs/console_font_info.rs:2:13
[INFO] [stdout]   |
[INFO] [stdout] 2 | use winapi::um::wincon::CONSOLE_FONT_INFO;
[INFO] [stdout]   |             ^^ could not find `um` in `winapi`
[INFO] [stdout] 
[INFO] [stdout] 
[INFO] [stdout] error[E0433]: failed to resolve: could not find `um` in `winapi`
[INFO] [stdout]  --> /opt/rustwide/cargo-home/registry/src/index.crates.io-6f17d22bba15001f/win32console-0.1.5/src/structs/console_font_info_ex.rs:2:13
[INFO] [stdout]   |
[INFO] [stdout] 2 | use winapi::um::wincon::CONSOLE_FONT_INFOEX;
[INFO] [stdout]   |             ^^ could not find `um` in `winapi`
[INFO] [stdout] 
[INFO] [stdout] 
[INFO] [stdout] error[E0433]: failed to resolve: could not find `um` in `winapi`
[INFO] [stdout]  --> /opt/rustwide/cargo-home/registry/src/index.crates.io-6f17d22bba15001f/win32console-0.1.5/src/structs/console_font_info_ex.rs:3:13
[INFO] [stdout]   |
[INFO] [stdout] 3 | use winapi::um::wingdi::LF_FACESIZE;
[INFO] [stdout]   |             ^^ could not find `um` in `winapi`
[INFO] [stdout] 
[INFO] [stdout] 
[INFO] [stdout] error[E0433]: failed to resolve: could not find `um` in `winapi`
[INFO] [stdout]  --> /opt/rustwide/cargo-home/registry/src/index.crates.io-6f17d22bba15001f/win32console-0.1.5/src/structs/console_screen_buffer_info.rs:2:13
[INFO] [stdout]   |
[INFO] [stdout] 2 | use winapi::um::wincon::CONSOLE_SCREEN_BUFFER_INFO;
[INFO] [stdout]   |             ^^ could not find `um` in `winapi`
[INFO] [stdout] 
[INFO] [stdout] 
[INFO] [stdout] error[E0433]: failed to resolve: could not find `um` in `winapi`
[INFO] [stdout]  --> /opt/rustwide/cargo-home/registry/src/index.crates.io-6f17d22bba15001f/win32console-0.1.5/src/structs/console_screen_buffer_info_ex.rs:2:13
[INFO] [stdout]   |
[INFO] [stdout] 2 | use winapi::um::wincon::CONSOLE_SCREEN_BUFFER_INFOEX;
[INFO] [stdout]   |             ^^ could not find `um` in `winapi`
[INFO] [stdout] 
[INFO] [stdout] 
[INFO] [stdout] error[E0433]: failed to resolve: could not find `um` in `winapi`
[INFO] [stdout]  --> /opt/rustwide/cargo-home/registry/src/index.crates.io-6f17d22bba15001f/win32console-0.1.5/src/structs/console_selection_info.rs:2:13
[INFO] [stdout]   |
[INFO] [stdout] 2 | use winapi::um::wincon::{CONSOLE_SELECTION_INFO};
[INFO] [stdout]   |             ^^ could not find `um` in `winapi`
[INFO] [stdout] 
[INFO] [stdout] 
[INFO] [stdout] error[E0433]: failed to resolve: could not find `um` in `winapi`
[INFO] [stdout]  --> /opt/rustwide/cargo-home/registry/src/index.crates.io-6f17d22bba15001f/win32console-0.1.5/src/structs/console_history_info.rs:1:13
[INFO] [stdout]   |
[INFO] [stdout] 1 | use winapi::um::wincon::{CONSOLE_HISTORY_INFO};
[INFO] [stdout]   |             ^^ could not find `um` in `winapi`
[INFO] [stdout] 
[INFO] [stdout] 
[INFO] [stdout] error[E0433]: failed to resolve: could not find `um` in `winapi`
[INFO] [stdout]  --> /opt/rustwide/cargo-home/registry/src/index.crates.io-6f17d22bba15001f/win32console-0.1.5/src/structs/console_cursor_info.rs:1:13
[INFO] [stdout]   |
[INFO] [stdout] 1 | use winapi::um::wincon::CONSOLE_CURSOR_INFO;
[INFO] [stdout]   |             ^^ could not find `um` in `winapi`
[INFO] [stdout] 
[INFO] [stdout] 
[INFO] [stdout] error[E0433]: failed to resolve: could not find `um` in `winapi`
[INFO] [stdout]  --> /opt/rustwide/cargo-home/registry/src/index.crates.io-6f17d22bba15001f/win32console-0.1.5/src/structs/small_rect.rs:4:13
[INFO] [stdout]   |
[INFO] [stdout] 4 | use winapi::um::wincon::SMALL_RECT;
[INFO] [stdout]   |             ^^ could not find `um` in `winapi`
[INFO] [stdout] 
[INFO] [stdout] 
[INFO] [stdout] error[E0433]: failed to resolve: could not find `um` in `winapi`
[INFO] [stdout]  --> /opt/rustwide/cargo-home/registry/src/index.crates.io-6f17d22bba15001f/win32console-0.1.5/src/structs/coord.rs:1:13
[INFO] [stdout]   |
[INFO] [stdout] 1 | use winapi::um::wincon::COORD;
[INFO] [stdout]   |             ^^ could not find `um` in `winapi`
[INFO] [stdout] 
[INFO] [stdout] 
[INFO] [stdout] error[E0433]: failed to resolve: could not find `_core` in `winapi`
[INFO] [stdout]  --> /opt/rustwide/cargo-home/registry/src/index.crates.io-6f17d22bba15001f/win32console-0.1.5/src/structs/coord.rs:3:13
[INFO] [stdout]   |
[INFO] [stdout] 3 | use winapi::_core::fmt::{Formatter, Error};
[INFO] [stdout]   |             ^^^^^ could not find `_core` in `winapi`
[INFO] [stdout] 
[INFO] [stdout] 
[INFO] [stdout] error[E0433]: failed to resolve: could not find `um` in `winapi`
[INFO] [stdout]  --> /opt/rustwide/cargo-home/registry/src/index.crates.io-6f17d22bba15001f/win32console-0.1.5/src/structs/focus_event.rs:1:13
[INFO] [stdout]   |
[INFO] [stdout] 1 | use winapi::um::wincon::FOCUS_EVENT_RECORD;
[INFO] [stdout]   |             ^^ could not find `um` in `winapi`
[INFO] [stdout] 
[INFO] [stdout] 
[INFO] [stdout] error[E0433]: failed to resolve: could not find `um` in `winapi`
[INFO] [stdout]  --> /opt/rustwide/cargo-home/registry/src/index.crates.io-6f17d22bba15001f/win32console-0.1.5/src/structs/handle.rs:3:5
[INFO] [stdout]   |
[INFO] [stdout] 3 |     um::handleapi::{CloseHandle, INVALID_HANDLE_VALUE},
[INFO] [stdout]   |     ^^ could not find `um` in `winapi`
[INFO] [stdout] 
[INFO] [stdout] 
[INFO] [stdout] error[E0433]: failed to resolve: could not find `um` in `winapi`
[INFO] [stdout]  --> /opt/rustwide/cargo-home/registry/src/index.crates.io-6f17d22bba15001f/win32console-0.1.5/src/structs/handle.rs:4:5
[INFO] [stdout]   |
[INFO] [stdout] 4 |     um::winnt::HANDLE
[INFO] [stdout]   |     ^^ could not find `um` in `winapi`
[INFO] [stdout] 
[INFO] [stdout] 
[INFO] [stdout] error[E0433]: failed to resolve: could not find `um` in `winapi`
[INFO] [stdout]  --> /opt/rustwide/cargo-home/registry/src/index.crates.io-6f17d22bba15001f/win32console-0.1.5/src/structs/input_event.rs:2:13
[INFO] [stdout]   |
[INFO] [stdout] 2 | use winapi::um::wincon::{FROM_LEFT_1ST_BUTTON_PRESSED, FROM_LEFT_2ND_BUTTON_PRESSED, FROM_LEFT_3RD_BUTTON_PRESSED, FROM_LEFT_4TH_BUTTON_P...
[INFO] [stdout]   |             ^^ could not find `um` in `winapi`
[INFO] [stdout] 
[INFO] [stdout] 
[INFO] [stdout] error[E0433]: failed to resolve: could not find `um` in `winapi`
[INFO] [stdout]  --> /opt/rustwide/cargo-home/registry/src/index.crates.io-6f17d22bba15001f/win32console-0.1.5/src/structs/input_record.rs:5:13
[INFO] [stdout]   |
[INFO] [stdout] 5 | use winapi::um::wincon::{INPUT_RECORD, KEY_EVENT_RECORD, MOUSE_EVENT_RECORD, WINDOW_BUFFER_SIZE_RECORD, MENU_EVENT_RECORD, FOCUS_EVENT_RE...
[INFO] [stdout]   |             ^^ could not find `um` in `winapi`
[INFO] [stdout] 
[INFO] [stdout] 
[INFO] [stdout] error[E0433]: failed to resolve: could not find `um` in `winapi`
[INFO] [stdout]  --> /opt/rustwide/cargo-home/registry/src/index.crates.io-6f17d22bba15001f/win32console-0.1.5/src/structs/input_record.rs:6:13
[INFO] [stdout]   |
[INFO] [stdout] 6 | use winapi::um::wincontypes::{
[INFO] [stdout]   |             ^^ could not find `um` in `winapi`
[INFO] [stdout] 
[INFO] [stdout] 
[INFO] [stdout] error[E0433]: failed to resolve: could not find `um` in `winapi`
[INFO] [stdout]  --> /opt/rustwide/cargo-home/registry/src/index.crates.io-6f17d22bba15001f/win32console-0.1.5/src/structs/menu_event.rs:1:13
[INFO] [stdout]   |
[INFO] [stdout] 1 | use winapi::um::wincon::MENU_EVENT_RECORD;
[INFO] [stdout]   |             ^^ could not find `um` in `winapi`
[INFO] [stdout] 
[INFO] [stdout] 
[INFO] [stdout] error[E0433]: failed to resolve: could not find `um` in `winapi`
[INFO] [stdout]  --> /opt/rustwide/cargo-home/registry/src/index.crates.io-6f17d22bba15001f/win32console-0.1.5/src/structs/window_buffer_size_event.rs:2:13
[INFO] [stdout]   |
[INFO] [stdout] 2 | use winapi::um::wincon::WINDOW_BUFFER_SIZE_RECORD;
[INFO] [stdout]   |             ^^ could not find `um` in `winapi`
[INFO] [stdout] 
[INFO] [stdout] 
[INFO] [stdout] error[E0433]: failed to resolve: could not find `um` in `winapi`
[INFO] [stdout]  --> /opt/rustwide/cargo-home/registry/src/index.crates.io-6f17d22bba15001f/win32console-0.1.5/src/structs/char_info.rs:1:13
[INFO] [stdout]   |
[INFO] [stdout] 1 | use winapi::um::wincon::{ CHAR_INFO };
[INFO] [stdout]   |             ^^ could not find `um` in `winapi`
[INFO] [stdout] 
[INFO] [stdout] 
[INFO] [stdout] error[E0433]: failed to resolve: could not find `um` in `winapi`
[INFO] [stdout]  --> /opt/rustwide/cargo-home/registry/src/index.crates.io-6f17d22bba15001f/win32console-0.1.5/src/structs/console_read_control.rs:2:13
[INFO] [stdout]   |
[INFO] [stdout] 2 | use winapi::um::wincon::CONSOLE_READCONSOLE_CONTROL;
[INFO] [stdout]   |             ^^ could not find `um` in `winapi`
[INFO] [stdout] 
[INFO] [stdout] 
[INFO] [stdout] error[E0432]: unresolved import `winapi::ctypes`
[INFO] [stdout]   --> /opt/rustwide/cargo-home/registry/src/index.crates.io-6f17d22bba15001f/win32console-0.1.5/src/console.rs:73:5
[INFO] [stdout]    |
[INFO] [stdout] 73 |     ctypes::c_void,
[INFO] [stdout]    |     ^^^^^^ could not find `ctypes` in `winapi`
[INFO] [stdout] 
[INFO] [stdout] 
[INFO] [stdout] error: aborting due to 30 previous errors
[INFO] [stdout] 
[INFO] [stdout] 
[INFO] [stdout] Some errors have detailed explanations: E0432, E0433.
[INFO] [stdout] 
[INFO] [stdout] For more information about an error, try `rustc --explain E0432`.
[INFO] [stdout] 
[INFO] [stderr] error: could not compile `win32console` (lib) due to 31 previous errors
[INFO] [stderr] warning: build failed, waiting for other jobs to finish...
[INFO] running `Command { std: "docker" "inspect" "de7a4941647a9e641b96c1d1d76d0f3746ba8d029dd91b142a1ff8b5dafe34df", kill_on_drop: false }`
[INFO] running `Command { std: "docker" "rm" "-f" "de7a4941647a9e641b96c1d1d76d0f3746ba8d029dd91b142a1ff8b5dafe34df", kill_on_drop: false }`
[INFO] [stdout] de7a4941647a9e641b96c1d1d76d0f3746ba8d029dd91b142a1ff8b5dafe34df
[INFO] testing Clansty/WeChatHook against beta-2023-12-22 for beta-1.76-1
[INFO] running `Command { std: "git" "clone" "/workspace/cache/git-repos/https%3A%2F%2Fgithub.com%2FClansty%2FWeChatHook" "/workspace/builds/worker-5-tc2/source", kill_on_drop: false }`
[INFO] [stderr] Cloning into '/workspace/builds/worker-5-tc2/source'...
[INFO] [stderr] done.
[INFO] validating manifest of git repo https://github.com/Clansty/WeChatHook on toolchain beta-2023-12-22
[INFO] running `Command { std: CARGO_HOME="/workspace/cargo-home" RUSTUP_HOME="/workspace/rustup-home" "/workspace/cargo-home/bin/cargo" "+beta-2023-12-22" "metadata" "--manifest-path" "Cargo.toml" "--no-deps", kill_on_drop: false }`
[INFO] started tweaking git repo https://github.com/Clansty/WeChatHook
[INFO] finished tweaking git repo https://github.com/Clansty/WeChatHook
[INFO] tweaked toml for git repo https://github.com/Clansty/WeChatHook written to /workspace/builds/worker-5-tc2/source/Cargo.toml
[INFO] crate git repo https://github.com/Clansty/WeChatHook already has a lockfile, it will not be regenerated
[INFO] running `Command { std: CARGO_HOME="/workspace/cargo-home" RUSTUP_HOME="/workspace/rustup-home" "/workspace/cargo-home/bin/cargo" "+beta-2023-12-22" "fetch" "--manifest-path" "Cargo.toml", kill_on_drop: false }`
[INFO] running `Command { std: "docker" "create" "-v" "/var/lib/crater-agent-workspace/builds/worker-5-tc2/target:/opt/rustwide/target:rw,Z" "-v" "/var/lib/crater-agent-workspace/builds/worker-5-tc2/source:/opt/rustwide/workdir:ro,Z" "-v" "/var/lib/crater-agent-workspace/cargo-home:/opt/rustwide/cargo-home:ro,Z" "-v" "/var/lib/crater-agent-workspace/rustup-home:/opt/rustwide/rustup-home:ro,Z" "-e" "SOURCE_DIR=/opt/rustwide/workdir" "-e" "CARGO_TARGET_DIR=/opt/rustwide/target" "-e" "CARGO_HOME=/opt/rustwide/cargo-home" "-e" "RUSTUP_HOME=/opt/rustwide/rustup-home" "-w" "/opt/rustwide/workdir" "-m" "1610612736" "--user" "0:0" "--network" "none" "ghcr.io/rust-lang/crates-build-env/linux@sha256:2788e3201cd34a07e3172128adcd8b3090168a8e3bcc40d7c032b9dda1df7d1c" "/opt/rustwide/cargo-home/bin/cargo" "+beta-2023-12-22" "metadata" "--no-deps" "--format-version=1", kill_on_drop: false }`
[INFO] [stdout] 05471bc5513f59548fb8db95124daeba6a16cf55f2a1531fc063a7a136f283ae
[INFO] running `Command { std: "docker" "start" "-a" "05471bc5513f59548fb8db95124daeba6a16cf55f2a1531fc063a7a136f283ae", kill_on_drop: false }`
[INFO] running `Command { std: "docker" "inspect" "05471bc5513f59548fb8db95124daeba6a16cf55f2a1531fc063a7a136f283ae", kill_on_drop: false }`
[INFO] running `Command { std: "docker" "rm" "-f" "05471bc5513f59548fb8db95124daeba6a16cf55f2a1531fc063a7a136f283ae", kill_on_drop: false }`
[INFO] [stdout] 05471bc5513f59548fb8db95124daeba6a16cf55f2a1531fc063a7a136f283ae
[INFO] running `Command { std: "docker" "create" "-v" "/var/lib/crater-agent-workspace/builds/worker-5-tc2/target:/opt/rustwide/target:rw,Z" "-v" "/var/lib/crater-agent-workspace/builds/worker-5-tc2/source:/opt/rustwide/workdir:ro,Z" "-v" "/var/lib/crater-agent-workspace/cargo-home:/opt/rustwide/cargo-home:ro,Z" "-v" "/var/lib/crater-agent-workspace/rustup-home:/opt/rustwide/rustup-home:ro,Z" "-e" "SOURCE_DIR=/opt/rustwide/workdir" "-e" "CARGO_TARGET_DIR=/opt/rustwide/target" "-e" "CARGO_INCREMENTAL=0" "-e" "RUST_BACKTRACE=full" "-e" "RUSTFLAGS=--cap-lints=warn" "-e" "RUSTDOCFLAGS=--cap-lints=warn" "-e" "CARGO_HOME=/opt/rustwide/cargo-home" "-e" "RUSTUP_HOME=/opt/rustwide/rustup-home" "-w" "/opt/rustwide/workdir" "-m" "1610612736" "--user" "0:0" "--network" "none" "ghcr.io/rust-lang/crates-build-env/linux@sha256:2788e3201cd34a07e3172128adcd8b3090168a8e3bcc40d7c032b9dda1df7d1c" "/opt/rustwide/cargo-home/bin/cargo" "+beta-2023-12-22" "build" "--frozen" "--message-format=json", kill_on_drop: false }`
[INFO] [stdout] e57634542db8f8b0608add2c2b9d64fbef6bd5ddef482e89e8597dbc9bd4d8f2
[INFO] running `Command { std: "docker" "start" "-a" "e57634542db8f8b0608add2c2b9d64fbef6bd5ddef482e89e8597dbc9bd4d8f2", kill_on_drop: false }`
[INFO] [stderr]    Compiling autocfg v1.1.0
[INFO] [stderr]    Compiling proc-macro2 v1.0.56
[INFO] [stderr]    Compiling unicode-ident v1.0.8
[INFO] [stderr]    Compiling quote v1.0.26
[INFO] [stderr]    Compiling version_check v0.9.4
[INFO] [stderr]    Compiling libc v0.2.143
[INFO] [stderr]    Compiling pin-project-lite v0.2.9
[INFO] [stderr]    Compiling memchr v2.5.0
[INFO] [stderr]    Compiling futures-channel v0.3.28
[INFO] [stderr]    Compiling futures-core v0.3.28
[INFO] [stderr]    Compiling once_cell v1.17.1
[INFO] [stderr]    Compiling hashbrown v0.12.3
[INFO] [stderr]    Compiling serde_derive v1.0.162
[INFO] [stderr]    Compiling bytes v1.4.0
[INFO] [stderr]    Compiling itoa v1.0.6
[INFO] [stderr]    Compiling serde v1.0.162
[INFO] [stderr]    Compiling log v0.4.17
[INFO] [stderr]    Compiling smallvec v1.10.0
[INFO] [stderr]    Compiling yansi v0.5.1
[INFO] [stderr]    Compiling parking_lot_core v0.9.7
[INFO] [stderr]    Compiling futures-task v0.3.28
[INFO] [stderr]    Compiling futures-sink v0.3.28
[INFO] [stderr]    Compiling proc-macro2-diagnostics v0.10.0
[INFO] [stderr]    Compiling ahash v0.8.3
[INFO] [stderr]    Compiling lock_api v0.4.9
[INFO] [stderr]    Compiling indexmap v1.9.3
[INFO] [stderr]    Compiling slab v0.4.8
[INFO] [stderr]    Compiling http v0.2.9
[INFO] [stderr]    Compiling tokio v1.28.0
[INFO] [stderr]    Compiling httparse v1.8.0
[INFO] [stderr]    Compiling futures-util v0.3.28
[INFO] [stderr]    Compiling crc32fast v1.3.2
[INFO] [stderr]    Compiling futures-io v0.3.28
[INFO] [stderr]    Compiling try-lock v0.2.4
[INFO] [stderr]    Compiling adler v1.0.2
[INFO] [stderr]    Compiling tracing-core v0.1.30
[INFO] [stderr]    Compiling miniz_oxide v0.7.1
[INFO] [stderr]    Compiling time-core v0.1.1
[INFO] [stderr]    Compiling hashbrown v0.13.2
[INFO] [stderr]    Compiling memoffset v0.8.0
[INFO] [stderr]    Compiling time-macros v0.2.9
[INFO] [stderr]    Compiling syn v2.0.15
[INFO] [stderr]    Compiling tracing v0.1.37
[INFO] [stderr]    Compiling cookie v0.17.0
[INFO] [stderr]    Compiling io-lifetimes v1.0.10
[INFO] [stderr]    Compiling tower-service v0.3.2
[INFO] [stderr]    Compiling ref-cast v1.0.16
[INFO] [stderr]    Compiling httpdate v1.0.2
[INFO] [stderr]    Compiling inlinable_string v0.1.15
[INFO] [stderr]    Compiling flate2 v1.0.26
[INFO] [stderr]    Compiling http-body v0.4.5
[INFO] [stderr]    Compiling uncased v0.9.9
[INFO] [stderr]    Compiling bitflags v2.2.1
[INFO] [stderr]    Compiling percent-encoding v2.2.0
[INFO] [stderr]    Compiling forward-dll-derive v0.1.11
[INFO] [stderr]    Compiling rustix v0.37.19
[INFO] [stderr]    Compiling want v0.3.0
[INFO] [stderr]    Compiling stable-pattern v0.1.0
[INFO] [stderr]    Compiling linux-raw-sys v0.3.7
[INFO] [stderr]    Compiling state v0.5.3
[INFO] [stderr]    Compiling object v0.30.3
[INFO] [stderr]    Compiling socket2 v0.4.9
[INFO] [stderr]    Compiling signal-hook-registry v1.4.1
[INFO] [stderr]    Compiling num_cpus v1.15.0
[INFO] [stderr]    Compiling mio v0.8.6
[INFO] [stderr]    Compiling parking_lot v0.12.1
[INFO] [stderr]    Compiling getrandom v0.2.9
[INFO] [stderr]    Compiling either v1.8.1
[INFO] [stderr]    Compiling windows_x86_64_gnu v0.48.0
[INFO] [stderr]    Compiling rand_core v0.6.4
[INFO] [stderr]    Compiling atomic v0.5.1
[INFO] [stderr]    Compiling figment v0.10.8
[INFO] [stderr]    Compiling multer v2.1.0
[INFO] [stderr]    Compiling windows-sys v0.35.0
[INFO] [stderr]    Compiling ppv-lite86 v0.2.17
[INFO] [stderr]    Compiling async-trait v0.1.68
[INFO] [stderr]    Compiling serde_json v1.0.96
[INFO] [stderr]    Compiling winapi v0.3.9
[INFO] [stderr]    Compiling rocket v0.5.0-rc.3
[INFO] [stderr]    Compiling encoding_rs v0.8.32
[INFO] [stderr]    Compiling spin v0.9.8
[INFO] [stderr]    Compiling fastrand v1.9.0
[INFO] [stderr]    Compiling unicode-xid v0.2.4
[INFO] [stderr]    Compiling glob v0.3.1
[INFO] [stderr]    Compiling ryu v1.0.13
[INFO] [stderr]    Compiling mime v0.3.17
[INFO] [stderr]    Compiling futures v0.3.28
[INFO] [stderr]    Compiling rand_chacha v0.3.1
[INFO] [stderr]    Compiling windows-targets v0.48.0
[INFO] [stderr]    Compiling binascii v0.1.4
[INFO] [stderr]    Compiling windows v0.48.0
[INFO] [stderr]    Compiling rand v0.8.5
[INFO] [stderr]    Compiling time v0.3.21
[INFO] [stderr]    Compiling win32console v0.1.5
[INFO] [stdout] error[E0433]: failed to resolve: could not find `um` in `winapi`
[INFO] [stdout]   --> /opt/rustwide/cargo-home/registry/src/index.crates.io-6f17d22bba15001f/win32console-0.1.5/src/console.rs:12:5
[INFO] [stdout]    |
[INFO] [stdout] 12 |     um::{
[INFO] [stdout]    |     ^^ could not find `um` in `winapi`
[INFO] [stdout] 
[INFO] [stdout] 
[INFO] [stdout] error[E0433]: failed to resolve: could not find `shared` in `winapi`
[INFO] [stdout]   --> /opt/rustwide/cargo-home/registry/src/index.crates.io-6f17d22bba15001f/win32console-0.1.5/src/console.rs:74:5
[INFO] [stdout]    |
[INFO] [stdout] 74 |     shared::minwindef::MAX_PATH,
[INFO] [stdout]    |     ^^^^^^ could not find `shared` in `winapi`
[INFO] [stdout] 
[INFO] [stdout] 
[INFO] [stdout] error[E0433]: failed to resolve: could not find `um` in `winapi`
[INFO] [stdout]   --> /opt/rustwide/cargo-home/registry/src/index.crates.io-6f17d22bba15001f/win32console-0.1.5/src/console.rs:75:5
[INFO] [stdout]    |
[INFO] [stdout] 75 |     um::wincon::{GetConsoleProcessList, SetConsoleHistoryInfo, CONSOLE_HISTORY_INFO, GetConsoleHistoryInfo, GetConsoleCursorInfo, CONSOLE...
[INFO] [stdout]    |     ^^ could not find `um` in `winapi`
[INFO] [stdout] 
[INFO] [stdout] 
[INFO] [stdout] error[E0433]: failed to resolve: could not find `um` in `winapi`
[INFO] [stdout]   --> /opt/rustwide/cargo-home/registry/src/index.crates.io-6f17d22bba15001f/win32console-0.1.5/src/console.rs:76:5
[INFO] [stdout]    |
[INFO] [stdout] 76 |     um::winnt::{HANDLE},
[INFO] [stdout]    |     ^^ could not find `um` in `winapi`
[INFO] [stdout] 
[INFO] [stdout] 
[INFO] [stdout] error[E0433]: failed to resolve: could not find `shared` in `winapi`
[INFO] [stdout]   --> /opt/rustwide/cargo-home/registry/src/index.crates.io-6f17d22bba15001f/win32console-0.1.5/src/console.rs:77:5
[INFO] [stdout]    |
[INFO] [stdout] 77 |     shared::windef::RECT,
[INFO] [stdout]    |     ^^^^^^ could not find `shared` in `winapi`
[INFO] [stdout] 
[INFO] [stdout] 
[INFO] [stdout] error[E0433]: failed to resolve: could not find `um` in `winapi`
[INFO] [stdout]   --> /opt/rustwide/cargo-home/registry/src/index.crates.io-6f17d22bba15001f/win32console-0.1.5/src/console.rs:78:5
[INFO] [stdout]    |
[INFO] [stdout] 78 |     um::winuser::{MONITORINFO, GetMonitorInfoA, MonitorFromWindow, MONITOR_DEFAULTTOPRIMARY, GetWindowRect},
[INFO] [stdout]    |     ^^ could not find `um` in `winapi`
[INFO] [stdout] 
[INFO] [stdout] 
[INFO] [stdout] error[E0433]: failed to resolve: could not find `shared` in `winapi`
[INFO] [stdout]   --> /opt/rustwide/cargo-home/registry/src/index.crates.io-6f17d22bba15001f/win32console-0.1.5/src/console.rs:79:5
[INFO] [stdout]    |
[INFO] [stdout] 79 |     shared::windef::HWND__,
[INFO] [stdout]    |     ^^^^^^ could not find `shared` in `winapi`
[INFO] [stdout] 
[INFO] [stdout] 
[INFO] [stdout] error[E0433]: failed to resolve: could not find `um` in `winapi`
[INFO] [stdout]   --> /opt/rustwide/cargo-home/registry/src/index.crates.io-6f17d22bba15001f/win32console-0.1.5/src/console.rs:80:5
[INFO] [stdout]    |
[INFO] [stdout] 80 |     um::utilapiset::Beep
[INFO] [stdout]    |     ^^ could not find `um` in `winapi`
[INFO] [stdout] 
[INFO] [stdout] 
[INFO] [stdout] error[E0433]: failed to resolve: could not find `um` in `winapi`
[INFO] [stdout]  --> /opt/rustwide/cargo-home/registry/src/index.crates.io-6f17d22bba15001f/win32console-0.1.5/src/structs/console_font_info.rs:2:13
[INFO] [stdout]   |
[INFO] [stdout] 2 | use winapi::um::wincon::CONSOLE_FONT_INFO;
[INFO] [stdout]   |             ^^ could not find `um` in `winapi`
[INFO] [stdout] 
[INFO] [stdout] 
[INFO] [stdout] error[E0433]: failed to resolve: could not find `um` in `winapi`
[INFO] [stdout]  --> /opt/rustwide/cargo-home/registry/src/index.crates.io-6f17d22bba15001f/win32console-0.1.5/src/structs/console_font_info_ex.rs:2:13
[INFO] [stdout]   |
[INFO] [stdout] 2 | use winapi::um::wincon::CONSOLE_FONT_INFOEX;
[INFO] [stdout]   |             ^^ could not find `um` in `winapi`
[INFO] [stdout] 
[INFO] [stdout] 
[INFO] [stdout] error[E0433]: failed to resolve: could not find `um` in `winapi`
[INFO] [stdout]  --> /opt/rustwide/cargo-home/registry/src/index.crates.io-6f17d22bba15001f/win32console-0.1.5/src/structs/console_font_info_ex.rs:3:13
[INFO] [stdout]   |
[INFO] [stdout] 3 | use winapi::um::wingdi::LF_FACESIZE;
[INFO] [stdout]   |             ^^ could not find `um` in `winapi`
[INFO] [stdout] 
[INFO] [stdout] 
[INFO] [stdout] error[E0433]: failed to resolve: could not find `um` in `winapi`
[INFO] [stdout]  --> /opt/rustwide/cargo-home/registry/src/index.crates.io-6f17d22bba15001f/win32console-0.1.5/src/structs/console_screen_buffer_info.rs:2:13
[INFO] [stdout]   |
[INFO] [stdout] 2 | use winapi::um::wincon::CONSOLE_SCREEN_BUFFER_INFO;
[INFO] [stdout]   |             ^^ could not find `um` in `winapi`
[INFO] [stdout] 
[INFO] [stdout] 
[INFO] [stdout] error[E0433]: failed to resolve: could not find `um` in `winapi`
[INFO] [stdout]  --> /opt/rustwide/cargo-home/registry/src/index.crates.io-6f17d22bba15001f/win32console-0.1.5/src/structs/console_screen_buffer_info_ex.rs:2:13
[INFO] [stdout]   |
[INFO] [stdout] 2 | use winapi::um::wincon::CONSOLE_SCREEN_BUFFER_INFOEX;
[INFO] [stdout]   |             ^^ could not find `um` in `winapi`
[INFO] [stdout] 
[INFO] [stdout] 
[INFO] [stdout] error[E0433]: failed to resolve: could not find `um` in `winapi`
[INFO] [stdout]  --> /opt/rustwide/cargo-home/registry/src/index.crates.io-6f17d22bba15001f/win32console-0.1.5/src/structs/console_selection_info.rs:2:13
[INFO] [stdout]   |
[INFO] [stdout] 2 | use winapi::um::wincon::{CONSOLE_SELECTION_INFO};
[INFO] [stdout]   |             ^^ could not find `um` in `winapi`
[INFO] [stdout] 
[INFO] [stdout] 
[INFO] [stdout] error[E0433]: failed to resolve: could not find `um` in `winapi`
[INFO] [stdout]  --> /opt/rustwide/cargo-home/registry/src/index.crates.io-6f17d22bba15001f/win32console-0.1.5/src/structs/console_history_info.rs:1:13
[INFO] [stdout]   |
[INFO] [stdout] 1 | use winapi::um::wincon::{CONSOLE_HISTORY_INFO};
[INFO] [stdout]   |             ^^ could not find `um` in `winapi`
[INFO] [stdout] 
[INFO] [stdout] 
[INFO] [stdout] error[E0433]: failed to resolve: could not find `um` in `winapi`
[INFO] [stdout]  --> /opt/rustwide/cargo-home/registry/src/index.crates.io-6f17d22bba15001f/win32console-0.1.5/src/structs/console_cursor_info.rs:1:13
[INFO] [stdout]   |
[INFO] [stdout] 1 | use winapi::um::wincon::CONSOLE_CURSOR_INFO;
[INFO] [stdout]   |             ^^ could not find `um` in `winapi`
[INFO] [stdout] 
[INFO] [stdout] 
[INFO] [stdout] error[E0433]: failed to resolve: could not find `um` in `winapi`
[INFO] [stdout]  --> /opt/rustwide/cargo-home/registry/src/index.crates.io-6f17d22bba15001f/win32console-0.1.5/src/structs/small_rect.rs:4:13
[INFO] [stdout]   |
[INFO] [stdout] 4 | use winapi::um::wincon::SMALL_RECT;
[INFO] [stdout]   |             ^^ could not find `um` in `winapi`
[INFO] [stdout] 
[INFO] [stdout] 
[INFO] [stdout] error[E0433]: failed to resolve: could not find `um` in `winapi`
[INFO] [stdout]  --> /opt/rustwide/cargo-home/registry/src/index.crates.io-6f17d22bba15001f/win32console-0.1.5/src/structs/coord.rs:1:13
[INFO] [stdout]   |
[INFO] [stdout] 1 | use winapi::um::wincon::COORD;
[INFO] [stdout]   |             ^^ could not find `um` in `winapi`
[INFO] [stdout] 
[INFO] [stdout] 
[INFO] [stdout] error[E0433]: failed to resolve: could not find `_core` in `winapi`
[INFO] [stdout]  --> /opt/rustwide/cargo-home/registry/src/index.crates.io-6f17d22bba15001f/win32console-0.1.5/src/structs/coord.rs:3:13
[INFO] [stdout]   |
[INFO] [stdout] 3 | use winapi::_core::fmt::{Formatter, Error};
[INFO] [stdout]   |             ^^^^^ could not find `_core` in `winapi`
[INFO] [stdout] 
[INFO] [stdout] 
[INFO] [stdout] error[E0433]: failed to resolve: could not find `um` in `winapi`
[INFO] [stdout]  --> /opt/rustwide/cargo-home/registry/src/index.crates.io-6f17d22bba15001f/win32console-0.1.5/src/structs/focus_event.rs:1:13
[INFO] [stdout]   |
[INFO] [stdout] 1 | use winapi::um::wincon::FOCUS_EVENT_RECORD;
[INFO] [stdout]   |             ^^ could not find `um` in `winapi`
[INFO] [stdout] 
[INFO] [stdout] 
[INFO] [stdout] error[E0433]: failed to resolve: could not find `um` in `winapi`
[INFO] [stdout]  --> /opt/rustwide/cargo-home/registry/src/index.crates.io-6f17d22bba15001f/win32console-0.1.5/src/structs/handle.rs:3:5
[INFO] [stdout]   |
[INFO] [stdout] 3 |     um::handleapi::{CloseHandle, INVALID_HANDLE_VALUE},
[INFO] [stdout]   |     ^^ could not find `um` in `winapi`
[INFO] [stdout] 
[INFO] [stdout] 
[INFO] [stdout] error[E0433]: failed to resolve: could not find `um` in `winapi`
[INFO] [stdout]  --> /opt/rustwide/cargo-home/registry/src/index.crates.io-6f17d22bba15001f/win32console-0.1.5/src/structs/handle.rs:4:5
[INFO] [stdout]   |
[INFO] [stdout] 4 |     um::winnt::HANDLE
[INFO] [stdout]   |     ^^ could not find `um` in `winapi`
[INFO] [stdout] 
[INFO] [stdout] 
[INFO] [stdout] error[E0433]: failed to resolve: could not find `um` in `winapi`
[INFO] [stdout]  --> /opt/rustwide/cargo-home/registry/src/index.crates.io-6f17d22bba15001f/win32console-0.1.5/src/structs/input_event.rs:2:13
[INFO] [stdout]   |
[INFO] [stdout] 2 | use winapi::um::wincon::{FROM_LEFT_1ST_BUTTON_PRESSED, FROM_LEFT_2ND_BUTTON_PRESSED, FROM_LEFT_3RD_BUTTON_PRESSED, FROM_LEFT_4TH_BUTTON_P...
[INFO] [stdout]   |             ^^ could not find `um` in `winapi`
[INFO] [stdout] 
[INFO] [stdout] 
[INFO] [stdout] error[E0433]: failed to resolve: could not find `um` in `winapi`
[INFO] [stdout]  --> /opt/rustwide/cargo-home/registry/src/index.crates.io-6f17d22bba15001f/win32console-0.1.5/src/structs/input_record.rs:5:13
[INFO] [stdout]   |
[INFO] [stdout] 5 | use winapi::um::wincon::{INPUT_RECORD, KEY_EVENT_RECORD, MOUSE_EVENT_RECORD, WINDOW_BUFFER_SIZE_RECORD, MENU_EVENT_RECORD, FOCUS_EVENT_RE...
[INFO] [stdout]   |             ^^ could not find `um` in `winapi`
[INFO] [stdout] 
[INFO] [stdout] 
[INFO] [stdout] error[E0433]: failed to resolve: could not find `um` in `winapi`
[INFO] [stdout]  --> /opt/rustwide/cargo-home/registry/src/index.crates.io-6f17d22bba15001f/win32console-0.1.5/src/structs/input_record.rs:6:13
[INFO] [stdout]   |
[INFO] [stdout] 6 | use winapi::um::wincontypes::{
[INFO] [stdout]   |             ^^ could not find `um` in `winapi`
[INFO] [stdout] 
[INFO] [stdout] 
[INFO] [stdout] error[E0433]: failed to resolve: could not find `um` in `winapi`
[INFO] [stdout]  --> /opt/rustwide/cargo-home/registry/src/index.crates.io-6f17d22bba15001f/win32console-0.1.5/src/structs/menu_event.rs:1:13
[INFO] [stdout]   |
[INFO] [stdout] 1 | use winapi::um::wincon::MENU_EVENT_RECORD;
[INFO] [stdout]   |             ^^ could not find `um` in `winapi`
[INFO] [stdout] 
[INFO] [stdout] 
[INFO] [stdout] error[E0433]: failed to resolve: could not find `um` in `winapi`
[INFO] [stdout]  --> /opt/rustwide/cargo-home/registry/src/index.crates.io-6f17d22bba15001f/win32console-0.1.5/src/structs/window_buffer_size_event.rs:2:13
[INFO] [stdout]   |
[INFO] [stdout] 2 | use winapi::um::wincon::WINDOW_BUFFER_SIZE_RECORD;
[INFO] [stdout]   |             ^^ could not find `um` in `winapi`
[INFO] [stdout] 
[INFO] [stdout] 
[INFO] [stdout] error[E0433]: failed to resolve: could not find `um` in `winapi`
[INFO] [stdout]  --> /opt/rustwide/cargo-home/registry/src/index.crates.io-6f17d22bba15001f/win32console-0.1.5/src/structs/char_info.rs:1:13
[INFO] [stdout]   |
[INFO] [stdout] 1 | use winapi::um::wincon::{ CHAR_INFO };
[INFO] [stdout]   |             ^^ could not find `um` in `winapi`
[INFO] [stdout] 
[INFO] [stdout] 
[INFO] [stdout] error[E0433]: failed to resolve: could not find `um` in `winapi`
[INFO] [stdout]  --> /opt/rustwide/cargo-home/registry/src/index.crates.io-6f17d22bba15001f/win32console-0.1.5/src/structs/console_read_control.rs:2:13
[INFO] [stdout]   |
[INFO] [stdout] 2 | use winapi::um::wincon::CONSOLE_READCONSOLE_CONTROL;
[INFO] [stdout]   |             ^^ could not find `um` in `winapi`
[INFO] [stdout] 
[INFO] [stdout] 
[INFO] [stdout] error[E0432]: unresolved import `winapi::ctypes`
[INFO] [stdout]   --> /opt/rustwide/cargo-home/registry/src/index.crates.io-6f17d22bba15001f/win32console-0.1.5/src/console.rs:73:5
[INFO] [stdout]    |
[INFO] [stdout] 73 |     ctypes::c_void,
[INFO] [stdout]    |     ^^^^^^ could not find `ctypes` in `winapi`
[INFO] [stdout] 
[INFO] [stdout] 
[INFO] [stdout] error: aborting due to 30 previous errors
[INFO] [stdout] 
[INFO] [stdout] 
[INFO] [stdout] Some errors have detailed explanations: E0432, E0433.
[INFO] [stdout] 
[INFO] [stdout] For more information about an error, try `rustc --explain E0432`.
[INFO] [stdout] 
[INFO] [stderr] error: could not compile `win32console` (lib) due to 31 previous errors
[INFO] [stderr] warning: build failed, waiting for other jobs to finish...
[INFO] running `Command { std: "docker" "inspect" "e57634542db8f8b0608add2c2b9d64fbef6bd5ddef482e89e8597dbc9bd4d8f2", kill_on_drop: false }`
[INFO] running `Command { std: "docker" "rm" "-f" "e57634542db8f8b0608add2c2b9d64fbef6bd5ddef482e89e8597dbc9bd4d8f2", kill_on_drop: false }`
[INFO] [stdout] e57634542db8f8b0608add2c2b9d64fbef6bd5ddef482e89e8597dbc9bd4d8f2
