[INFO] cloning repository https://github.com/ClIoudy/Evo
[INFO] running `Command { std: "git" "-c" "credential.helper=" "-c" "credential.helper=/workspace/cargo-home/bin/git-credential-null" "clone" "--bare" "https://github.com/ClIoudy/Evo" "/workspace/cache/git-repos/https%3A%2F%2Fgithub.com%2FClIoudy%2FEvo", kill_on_drop: false }`
[INFO] [stderr] Cloning into bare repository '/workspace/cache/git-repos/https%3A%2F%2Fgithub.com%2FClIoudy%2FEvo'...
[INFO] running `Command { std: "git" "rev-parse" "HEAD", kill_on_drop: false }`
[INFO] [stdout] 69b1555bae5c8472af08ead1c906c1f2e298e3d9
[INFO] testing ClIoudy/Evo against 1.75.0 for beta-1.76-1
[INFO] running `Command { std: "git" "clone" "/workspace/cache/git-repos/https%3A%2F%2Fgithub.com%2FClIoudy%2FEvo" "/workspace/builds/worker-5-tc1/source", kill_on_drop: false }`
[INFO] [stderr] Cloning into '/workspace/builds/worker-5-tc1/source'...
[INFO] [stderr] done.
[INFO] validating manifest of git repo https://github.com/ClIoudy/Evo on toolchain 1.75.0
[INFO] running `Command { std: CARGO_HOME="/workspace/cargo-home" RUSTUP_HOME="/workspace/rustup-home" "/workspace/cargo-home/bin/cargo" "+1.75.0" "metadata" "--manifest-path" "Cargo.toml" "--no-deps", kill_on_drop: false }`
[INFO] started tweaking git repo https://github.com/ClIoudy/Evo
[INFO] finished tweaking git repo https://github.com/ClIoudy/Evo
[INFO] tweaked toml for git repo https://github.com/ClIoudy/Evo written to /workspace/builds/worker-5-tc1/source/Cargo.toml
[INFO] crate git repo https://github.com/ClIoudy/Evo already has a lockfile, it will not be regenerated
[INFO] running `Command { std: CARGO_HOME="/workspace/cargo-home" RUSTUP_HOME="/workspace/rustup-home" "/workspace/cargo-home/bin/cargo" "+1.75.0" "fetch" "--manifest-path" "Cargo.toml", kill_on_drop: false }`
[INFO] [stderr]     Updating crates.io index
[INFO] [stderr]  Downloading crates ...
[INFO] [stderr]   Downloaded xml-rs v0.8.5
[INFO] [stderr]   Downloaded crow v0.7.2
[INFO] running `Command { std: "docker" "create" "-v" "/var/lib/crater-agent-workspace/builds/worker-5-tc1/target:/opt/rustwide/target:rw,Z" "-v" "/var/lib/crater-agent-workspace/builds/worker-5-tc1/source:/opt/rustwide/workdir:ro,Z" "-v" "/var/lib/crater-agent-workspace/cargo-home:/opt/rustwide/cargo-home:ro,Z" "-v" "/var/lib/crater-agent-workspace/rustup-home:/opt/rustwide/rustup-home:ro,Z" "-e" "SOURCE_DIR=/opt/rustwide/workdir" "-e" "CARGO_TARGET_DIR=/opt/rustwide/target" "-e" "CARGO_HOME=/opt/rustwide/cargo-home" "-e" "RUSTUP_HOME=/opt/rustwide/rustup-home" "-w" "/opt/rustwide/workdir" "-m" "1610612736" "--user" "0:0" "--network" "none" "ghcr.io/rust-lang/crates-build-env/linux@sha256:2788e3201cd34a07e3172128adcd8b3090168a8e3bcc40d7c032b9dda1df7d1c" "/opt/rustwide/cargo-home/bin/cargo" "+1.75.0" "metadata" "--no-deps" "--format-version=1", kill_on_drop: false }`
[INFO] [stdout] a208f347a93de5e0725572ed2fa4ecf159241304e928be75efcb8a933c196ae1
[INFO] running `Command { std: "docker" "start" "-a" "a208f347a93de5e0725572ed2fa4ecf159241304e928be75efcb8a933c196ae1", kill_on_drop: false }`
[INFO] running `Command { std: "docker" "inspect" "a208f347a93de5e0725572ed2fa4ecf159241304e928be75efcb8a933c196ae1", kill_on_drop: false }`
[INFO] running `Command { std: "docker" "rm" "-f" "a208f347a93de5e0725572ed2fa4ecf159241304e928be75efcb8a933c196ae1", kill_on_drop: false }`
[INFO] [stdout] a208f347a93de5e0725572ed2fa4ecf159241304e928be75efcb8a933c196ae1
[INFO] running `Command { std: "docker" "create" "-v" "/var/lib/crater-agent-workspace/builds/worker-5-tc1/target:/opt/rustwide/target:rw,Z" "-v" "/var/lib/crater-agent-workspace/builds/worker-5-tc1/source:/opt/rustwide/workdir:ro,Z" "-v" "/var/lib/crater-agent-workspace/cargo-home:/opt/rustwide/cargo-home:ro,Z" "-v" "/var/lib/crater-agent-workspace/rustup-home:/opt/rustwide/rustup-home:ro,Z" "-e" "SOURCE_DIR=/opt/rustwide/workdir" "-e" "CARGO_TARGET_DIR=/opt/rustwide/target" "-e" "CARGO_INCREMENTAL=0" "-e" "RUST_BACKTRACE=full" "-e" "RUSTFLAGS=--cap-lints=warn" "-e" "RUSTDOCFLAGS=--cap-lints=warn" "-e" "CARGO_HOME=/opt/rustwide/cargo-home" "-e" "RUSTUP_HOME=/opt/rustwide/rustup-home" "-w" "/opt/rustwide/workdir" "-m" "1610612736" "--user" "0:0" "--network" "none" "ghcr.io/rust-lang/crates-build-env/linux@sha256:2788e3201cd34a07e3172128adcd8b3090168a8e3bcc40d7c032b9dda1df7d1c" "/opt/rustwide/cargo-home/bin/cargo" "+1.75.0" "build" "--frozen" "--message-format=json", kill_on_drop: false }`
[INFO] [stdout] fe346b777730574f29acc48c367b8e226db6642d10219ed6c132332ee8a7925e
[INFO] running `Command { std: "docker" "start" "-a" "fe346b777730574f29acc48c367b8e226db6642d10219ed6c132332ee8a7925e", kill_on_drop: false }`
[INFO] [stderr]    Compiling autocfg v1.1.0
[INFO] [stderr]    Compiling cfg-if v1.0.0
[INFO] [stderr]    Compiling libc v0.2.142
[INFO] [stderr]    Compiling xml-rs v0.8.5
[INFO] [stderr]    Compiling log v0.4.17
[INFO] [stderr]    Compiling khronos_api v3.1.0
[INFO] [stderr]    Compiling proc-macro2 v0.4.30
[INFO] [stderr]    Compiling cfg-if v0.1.10
[INFO] [stderr]    Compiling unicode-xid v0.1.0
[INFO] [stderr]    Compiling scopeguard v1.1.0
[INFO] [stderr]    Compiling bitflags v1.3.2
[INFO] [stderr]    Compiling byteorder v1.4.3
[INFO] [stderr]    Compiling crossbeam-utils v0.8.15
[INFO] [stderr]    Compiling num-traits v0.2.15
[INFO] [stderr]    Compiling gl_generator v0.14.0
[INFO] [stderr]    Compiling slab v0.4.8
[INFO] [stderr]    Compiling memoffset v0.8.0
[INFO] [stderr]    Compiling nix v0.14.1
[INFO] [stderr]    Compiling lazy_static v1.4.0
[INFO] [stderr]    Compiling crossbeam-epoch v0.9.14
[INFO] [stderr]    Compiling libloading v0.6.7
[INFO] [stderr]    Compiling quote v0.6.13
[INFO] [stderr]    Compiling wayland-scanner v0.23.6
[INFO] [stderr]    Compiling void v1.0.2
[INFO] [stderr]    Compiling iovec v0.1.4
[INFO] [stderr]    Compiling net2 v0.2.38
[INFO] [stderr]    Compiling dlib v0.4.2
[INFO] [stderr]    Compiling lazycell v1.3.0
[INFO] [stderr]    Compiling stb_truetype v0.3.1
[INFO] [stderr]    Compiling wayland-sys v0.23.6
[INFO] [stderr]    Compiling num-integer v0.1.45
[INFO] [stderr]    Compiling mio v0.6.23
[INFO] [stderr]    Compiling rayon-core v1.11.0
[INFO] [stderr]    Compiling pkg-config v0.3.27
[INFO] [stderr]    Compiling approx v0.3.2
[INFO] [stderr]    Compiling ordered-float v1.1.1
[INFO] [stderr]    Compiling mio-extras v2.0.6
[INFO] [stderr]    Compiling rusttype v0.8.3
[INFO] [stderr]    Compiling crossbeam-deque v0.8.3
[INFO] [stderr]    Compiling num_cpus v1.15.0
[INFO] [stderr]    Compiling crossbeam-channel v0.5.8
[INFO] [stderr]    Compiling home v0.5.5
[INFO] [stderr]    Compiling same-file v1.0.6
[INFO] [stderr]    Compiling x11-dl v2.21.0
[INFO] [stderr]    Compiling downcast-rs v1.2.0
[INFO] [stderr]    Compiling walkdir v2.3.3
[INFO] [stderr]    Compiling rusttype v0.7.9
[INFO] [stderr]    Compiling xdg v2.5.0
[INFO] [stderr]    Compiling line_drawing v0.7.0
[INFO] [stderr]    Compiling miniz_oxide v0.4.4
[INFO] [stderr]    Compiling cty v0.2.2
[INFO] [stderr]    Compiling once_cell v1.17.1
[INFO] [stderr]    Compiling smallvec v1.10.0
[INFO] [stderr]    Compiling either v1.8.1
[INFO] [stderr]    Compiling crc32fast v1.3.2
[INFO] [stderr]    Compiling cc v1.0.79
[INFO] [stderr]    Compiling adler32 v1.2.0
[INFO] [stderr]    Compiling parking_lot_core v0.7.3
[INFO] [stderr]    Compiling rayon v1.7.0
[INFO] [stderr]    Compiling wayland-client v0.23.6
[INFO] [stderr]    Compiling wayland-protocols v0.23.6
[INFO] [stderr]    Compiling raw-window-handle v0.4.3
[INFO] [stderr]    Compiling andrew v0.2.1
[INFO] [stderr]    Compiling calloop v0.4.4
[INFO] [stderr]    Compiling wayland-commons v0.23.6
[INFO] [stderr]    Compiling libloading v0.5.2
[INFO] [stderr]    Compiling glutin_glx_sys v0.1.8
[INFO] [stderr]    Compiling glutin_egl_sys v0.1.6
[INFO] [stderr]    Compiling memmap v0.7.0
[INFO] [stderr]    Compiling num-iter v0.1.43
[INFO] [stderr]    Compiling num-rational v0.3.2
[INFO] [stderr]    Compiling lock_api v0.3.4
[INFO] [stderr]    Compiling adler v1.0.2
[INFO] [stderr]    Compiling weezl v0.1.7
[INFO] [stderr]    Compiling jpeg-decoder v0.1.22
[INFO] [stderr]    Compiling parking_lot v0.10.2
[INFO] [stderr]    Compiling raw-window-handle v0.3.4
[INFO] [stderr]    Compiling miniz_oxide v0.3.7
[INFO] [stderr]    Compiling deflate v0.8.6
[INFO] [stderr]    Compiling gl v0.14.0
[INFO] [stderr]    Compiling getrandom v0.2.9
[INFO] [stderr]    Compiling shared_library v0.1.9
[INFO] [stderr]    Compiling matrixmultiply v0.3.7
[INFO] [stderr]    Compiling instant v0.1.12
[INFO] [stderr]    Compiling color_quant v1.1.0
[INFO] [stderr]    Compiling percent-encoding v2.2.0
[INFO] [stderr]    Compiling gif v0.11.4
[INFO] [stderr]    Compiling osmesa-sys v0.1.2
[INFO] [stderr]    Compiling png v0.16.8
[INFO] [stderr]    Compiling rand_core v0.6.4
[INFO] [stderr]    Compiling tiff v0.6.1
[INFO] [stderr]    Compiling ppv-lite86 v0.2.17
[INFO] [stderr]    Compiling rawpointer v0.2.1
[INFO] [stderr]    Compiling scoped_threadpool v0.1.9
[INFO] [stderr]    Compiling bytemuck v1.13.1
[INFO] [stderr]    Compiling rand_chacha v0.3.1
[INFO] [stderr]    Compiling image v0.23.14
[INFO] [stderr]    Compiling num-complex v0.4.3
[INFO] [stderr]    Compiling static_assertions v1.1.0
[INFO] [stderr]    Compiling ndarray v0.15.6
[INFO] [stderr]    Compiling rand v0.8.5
[INFO] [stderr]    Compiling smithay-client-toolkit v0.6.6
[INFO] [stderr]    Compiling winit v0.22.2
[INFO] [stderr]    Compiling glutin v0.24.1
[INFO] [stderr]    Compiling crow v0.7.2
[INFO] [stderr]    Compiling evo v0.1.0 (/opt/rustwide/workdir)
[INFO] [stdout] error[E0583]: file not found for module `entity`
[INFO] [stdout]   --> src/setup/mod.rs:14:1
[INFO] [stdout]    |
[INFO] [stdout] 14 | pub mod entity;
[INFO] [stdout]    | ^^^^^^^^^^^^^^^
[INFO] [stdout]    |
[INFO] [stdout]    = help: to create the module `entity`, create file "src/setup/entity.rs" or "src/setup/entity/mod.rs"
[INFO] [stdout]    = note: if there is a `mod entity` elsewhere in the crate already, import it with `use crate::...` instead
[INFO] [stdout] 
[INFO] [stdout] 
[INFO] [stdout] error[E0583]: file not found for module `food`
[INFO] [stdout]   --> src/setup/mod.rs:15:1
[INFO] [stdout]    |
[INFO] [stdout] 15 | pub mod food;
[INFO] [stdout]    | ^^^^^^^^^^^^^
[INFO] [stdout]    |
[INFO] [stdout]    = help: to create the module `food`, create file "src/setup/food.rs" or "src/setup/food/mod.rs"
[INFO] [stdout]    = note: if there is a `mod food` elsewhere in the crate already, import it with `use crate::...` instead
[INFO] [stdout] 
[INFO] [stdout] 
[INFO] [stdout] error[E0432]: unresolved imports `crate::setup::food::Food`, `crate::setup::entity::Entity`
[INFO] [stdout]   --> src/main.rs:18:20
[INFO] [stdout]    |
[INFO] [stdout] 18 | use crate::setup::{food::Food, entity::Entity};
[INFO] [stdout]    |                    ^^^^^^^^^^  ^^^^^^^^^^^^^^ no `Entity` in `setup::entity`
[INFO] [stdout]    |                    |
[INFO] [stdout]    |                    no `Food` in `setup::food`
[INFO] [stdout] 
[INFO] [stdout] 
[INFO] [stdout] error[E0433]: failed to resolve: could not find `Food` in `food`
[INFO] [stdout]   --> src/setup/mod.rs:96:31
[INFO] [stdout]    |
[INFO] [stdout] 96 | ...   let f = food::Food::new((rng.gen_range(0..ctx.window_width()) as i32, rng.gen_range(0..ctx.window_height()) as i32 as i32), ctx);
[INFO] [stdout]    |                     ^^^^ could not find `Food` in `food`
[INFO] [stdout] 
[INFO] [stdout] 
[INFO] [stdout] error[E0433]: failed to resolve: could not find `Entity` in `entity`
[INFO] [stdout]    --> src/setup/mod.rs:107:21
[INFO] [stdout]     |
[INFO] [stdout] 107 | ...   entity::Entity::new((rng.gen_range(0..ctx.window_width()) as i32, rng.gen_range(0..ctx.window_height()) as i32 as i32), ctx, self);
[INFO] [stdout]     |               ^^^^^^ could not find `Entity` in `entity`
[INFO] [stdout] 
[INFO] [stdout] 
[INFO] [stdout] error[E0433]: failed to resolve: could not find `Entity` in `entity`
[INFO] [stdout]    --> src/setup/mod.rs:250:17
[INFO] [stdout]     |
[INFO] [stdout] 250 | ...   entity::Entity::new_from_template(max_speed, max_rotation_speed, vision_range, vision_angle, vision_arcs as i32, weights, ctx, self);
[INFO] [stdout]     |               ^^^^^^ could not find `Entity` in `entity`
[INFO] [stdout] 
[INFO] [stdout] 
[INFO] [stdout] error[E0412]: cannot find type `Entity` in module `entity`
[INFO] [stdout]   --> src/setup/mod.rs:24:31
[INFO] [stdout]    |
[INFO] [stdout] 24 |     pub entities: Vec<entity::Entity>,
[INFO] [stdout]    |                               ^^^^^^ not found in `entity`
[INFO] [stdout] 
[INFO] [stdout] 
[INFO] [stdout] error[E0412]: cannot find type `Food` in module `food`
[INFO] [stdout]   --> src/setup/mod.rs:25:26
[INFO] [stdout]    |
[INFO] [stdout] 25 |     pub foods: Vec<food::Food>,    
[INFO] [stdout]    |                          ^^^^ not found in `food`
[INFO] [stdout] 
[INFO] [stdout] 
[INFO] [stdout] error[E0412]: cannot find type `Entity` in module `entity`
[INFO] [stdout]   --> src/setup/mod.rs:31:43
[INFO] [stdout]    |
[INFO] [stdout] 31 |     pub all_entities_created: Vec<entity::Entity>,
[INFO] [stdout]    |                                           ^^^^^^ not found in `entity`
[INFO] [stdout] 
[INFO] [stdout] 
[INFO] [stdout] error[E0412]: cannot find type `Entity` in module `entity`
[INFO] [stdout]   --> src/setup/mod.rs:77:53
[INFO] [stdout]    |
[INFO] [stdout] 77 |     pub fn offspring_of(&mut self, entity: &entity::Entity, step_size: f32) {
[INFO] [stdout]    |                                                     ^^^^^^ not found in `entity`
[INFO] [stdout] 
[INFO] [stdout] 
[INFO] [stdout] error[E0412]: cannot find type `Food` in module `food`
[INFO] [stdout]    --> src/setup/mod.rs:111:53
[INFO] [stdout]     |
[INFO] [stdout] 111 |     pub fn entities_eat(&mut self, food: &mut food::Food, i: usize) -> bool {
[INFO] [stdout]     |                                                     ^^^^ not found in `food`
[INFO] [stdout] 
[INFO] [stdout] 
[INFO] [stdout] error[E0412]: cannot find type `Entity` in module `entity`
[INFO] [stdout]    --> src/setup/mod.rs:162:49
[INFO] [stdout]     |
[INFO] [stdout] 162 |     pub fn write_to_file(&self, entity: entity::Entity) -> String {
[INFO] [stdout]     |                                                 ^^^^^^ not found in `entity`
[INFO] [stdout] 
[INFO] [stdout] 
[INFO] [stdout] error: aborting due to 12 previous errors
[INFO] [stdout] 
[INFO] [stdout] 
[INFO] [stdout] Some errors have detailed explanations: E0412, E0432, E0433, E0583.
[INFO] [stdout] 
[INFO] [stdout] For more information about an error, try `rustc --explain E0412`.
[INFO] [stdout] 
[INFO] [stderr] error: could not compile `evo` (bin "evo") due to 13 previous errors
[INFO] running `Command { std: "docker" "inspect" "fe346b777730574f29acc48c367b8e226db6642d10219ed6c132332ee8a7925e", kill_on_drop: false }`
[INFO] running `Command { std: "docker" "rm" "-f" "fe346b777730574f29acc48c367b8e226db6642d10219ed6c132332ee8a7925e", kill_on_drop: false }`
[INFO] [stdout] fe346b777730574f29acc48c367b8e226db6642d10219ed6c132332ee8a7925e
