[INFO] cloning repository https://github.com/Chubek/upsc3ne
[INFO] running `Command { std: "git" "-c" "credential.helper=" "-c" "credential.helper=/workspace/cargo-home/bin/git-credential-null" "clone" "--bare" "https://github.com/Chubek/upsc3ne" "/workspace/cache/git-repos/https%3A%2F%2Fgithub.com%2FChubek%2Fupsc3ne", kill_on_drop: false }`
[INFO] [stderr] Cloning into bare repository '/workspace/cache/git-repos/https%3A%2F%2Fgithub.com%2FChubek%2Fupsc3ne'...
[INFO] running `Command { std: "git" "rev-parse" "HEAD", kill_on_drop: false }`
[INFO] [stdout] 20f1c63a5d02c759ab85c0be31be5d1860b41650
[INFO] testing Chubek/upsc3ne against 1.75.0 for beta-1.76-1
[INFO] running `Command { std: "git" "clone" "/workspace/cache/git-repos/https%3A%2F%2Fgithub.com%2FChubek%2Fupsc3ne" "/workspace/builds/worker-4-tc1/source", kill_on_drop: false }`
[INFO] [stderr] Cloning into '/workspace/builds/worker-4-tc1/source'...
[INFO] [stderr] done.
[INFO] validating manifest of git repo https://github.com/Chubek/upsc3ne on toolchain 1.75.0
[INFO] running `Command { std: CARGO_HOME="/workspace/cargo-home" RUSTUP_HOME="/workspace/rustup-home" "/workspace/cargo-home/bin/cargo" "+1.75.0" "metadata" "--manifest-path" "Cargo.toml" "--no-deps", kill_on_drop: false }`
[INFO] started tweaking git repo https://github.com/Chubek/upsc3ne
[INFO] finished tweaking git repo https://github.com/Chubek/upsc3ne
[INFO] tweaked toml for git repo https://github.com/Chubek/upsc3ne written to /workspace/builds/worker-4-tc1/source/Cargo.toml
[INFO] crate git repo https://github.com/Chubek/upsc3ne already has a lockfile, it will not be regenerated
[INFO] running `Command { std: CARGO_HOME="/workspace/cargo-home" RUSTUP_HOME="/workspace/rustup-home" "/workspace/cargo-home/bin/cargo" "+1.75.0" "fetch" "--manifest-path" "Cargo.toml", kill_on_drop: false }`
[INFO] running `Command { std: "docker" "create" "-v" "/var/lib/crater-agent-workspace/builds/worker-4-tc1/target:/opt/rustwide/target:rw,Z" "-v" "/var/lib/crater-agent-workspace/builds/worker-4-tc1/source:/opt/rustwide/workdir:ro,Z" "-v" "/var/lib/crater-agent-workspace/cargo-home:/opt/rustwide/cargo-home:ro,Z" "-v" "/var/lib/crater-agent-workspace/rustup-home:/opt/rustwide/rustup-home:ro,Z" "-e" "SOURCE_DIR=/opt/rustwide/workdir" "-e" "CARGO_TARGET_DIR=/opt/rustwide/target" "-e" "CARGO_HOME=/opt/rustwide/cargo-home" "-e" "RUSTUP_HOME=/opt/rustwide/rustup-home" "-w" "/opt/rustwide/workdir" "-m" "1610612736" "--user" "0:0" "--network" "none" "ghcr.io/rust-lang/crates-build-env/linux@sha256:2788e3201cd34a07e3172128adcd8b3090168a8e3bcc40d7c032b9dda1df7d1c" "/opt/rustwide/cargo-home/bin/cargo" "+1.75.0" "metadata" "--no-deps" "--format-version=1", kill_on_drop: false }`
[INFO] [stdout] d85b613af3630e7a905f5316c602abace69d90f63f049969ada0058a13fae522
[INFO] running `Command { std: "docker" "start" "-a" "d85b613af3630e7a905f5316c602abace69d90f63f049969ada0058a13fae522", kill_on_drop: false }`
[INFO] running `Command { std: "docker" "inspect" "d85b613af3630e7a905f5316c602abace69d90f63f049969ada0058a13fae522", kill_on_drop: false }`
[INFO] running `Command { std: "docker" "rm" "-f" "d85b613af3630e7a905f5316c602abace69d90f63f049969ada0058a13fae522", kill_on_drop: false }`
[INFO] [stdout] d85b613af3630e7a905f5316c602abace69d90f63f049969ada0058a13fae522
[INFO] running `Command { std: "docker" "create" "-v" "/var/lib/crater-agent-workspace/builds/worker-4-tc1/target:/opt/rustwide/target:rw,Z" "-v" "/var/lib/crater-agent-workspace/builds/worker-4-tc1/source:/opt/rustwide/workdir:ro,Z" "-v" "/var/lib/crater-agent-workspace/cargo-home:/opt/rustwide/cargo-home:ro,Z" "-v" "/var/lib/crater-agent-workspace/rustup-home:/opt/rustwide/rustup-home:ro,Z" "-e" "SOURCE_DIR=/opt/rustwide/workdir" "-e" "CARGO_TARGET_DIR=/opt/rustwide/target" "-e" "CARGO_INCREMENTAL=0" "-e" "RUST_BACKTRACE=full" "-e" "RUSTFLAGS=--cap-lints=warn" "-e" "RUSTDOCFLAGS=--cap-lints=warn" "-e" "CARGO_HOME=/opt/rustwide/cargo-home" "-e" "RUSTUP_HOME=/opt/rustwide/rustup-home" "-w" "/opt/rustwide/workdir" "-m" "1610612736" "--user" "0:0" "--network" "none" "ghcr.io/rust-lang/crates-build-env/linux@sha256:2788e3201cd34a07e3172128adcd8b3090168a8e3bcc40d7c032b9dda1df7d1c" "/opt/rustwide/cargo-home/bin/cargo" "+1.75.0" "build" "--frozen" "--message-format=json", kill_on_drop: false }`
[INFO] [stdout] 7050812b3fd6c6324571d451a9f5d35609052ddb917341f16756fce9d2387c55
[INFO] running `Command { std: "docker" "start" "-a" "7050812b3fd6c6324571d451a9f5d35609052ddb917341f16756fce9d2387c55", kill_on_drop: false }`
[INFO] [stderr]    Compiling proc-macro2 v1.0.36
[INFO] [stderr]    Compiling libc v0.2.118
[INFO] [stderr]    Compiling syn v1.0.86
[INFO] [stderr]    Compiling serde_derive v1.0.136
[INFO] [stderr]    Compiling memchr v2.4.1
[INFO] [stderr]    Compiling serde v1.0.136
[INFO] [stderr]    Compiling serde_json v1.0.79
[INFO] [stderr]    Compiling itoa v1.0.1
[INFO] [stderr]    Compiling ryu v1.0.9
[INFO] [stderr]    Compiling regex-syntax v0.6.25
[INFO] [stderr]    Compiling aho-corasick v0.7.18
[INFO] [stderr]    Compiling quote v1.0.15
[INFO] [stderr]    Compiling rand v0.4.6
[INFO] [stderr]    Compiling rand v0.3.23
[INFO] [stderr]    Compiling libmath v0.2.1
[INFO] [stderr]    Compiling regex v1.5.4
[INFO] [stderr]    Compiling upsc3ne v0.1.0 (/opt/rustwide/workdir)
[INFO] [stdout] error[E0726]: implicit elided lifetime not allowed here
[INFO] [stdout]    --> src/dtype.rs:138:22
[INFO] [stdout]     |
[INFO] [stdout] 138 | impl<'a> Handler for ProfanityHandler {
[INFO] [stdout]     |                      ^^^^^^^^^^^^^^^^ expected lifetime parameter
[INFO] [stdout]     |
[INFO] [stdout] help: indicate the anonymous lifetime
[INFO] [stdout]     |
[INFO] [stdout] 138 | impl<'a> Handler for ProfanityHandler<'_> {
[INFO] [stdout]     |                                      ++++
[INFO] [stdout] 
[INFO] [stdout] 
[INFO] [stdout] warning: unused import: `std::borrow::BorrowMut`
[INFO] [stdout]  --> src/main.rs:1:5
[INFO] [stdout]   |
[INFO] [stdout] 1 | use std::borrow::BorrowMut;
[INFO] [stdout]   |     ^^^^^^^^^^^^^^^^^^^^^^
[INFO] [stdout]   |
[INFO] [stdout]   = note: `#[warn(unused_imports)]` on by default
[INFO] [stdout] 
[INFO] [stdout] 
[INFO] [stdout] warning: unused import: `crate::dtype::Profanity`
[INFO] [stdout]  --> src/main.rs:2:5
[INFO] [stdout]   |
[INFO] [stdout] 2 | use crate::dtype::Profanity;
[INFO] [stdout]   |     ^^^^^^^^^^^^^^^^^^^^^^^
[INFO] [stdout] 
[INFO] [stdout] 
[INFO] [stdout] warning: unused import: `Borrow`
[INFO] [stdout]  --> src/dtype.rs:6:19
[INFO] [stdout]   |
[INFO] [stdout] 6 | use std::borrow::{Borrow, BorrowMut};
[INFO] [stdout]   |                   ^^^^^^
[INFO] [stdout] 
[INFO] [stdout] 
[INFO] [stdout] warning: unused import: `std::ops::Deref`
[INFO] [stdout]  --> src/dtype.rs:7:5
[INFO] [stdout]   |
[INFO] [stdout] 7 | use std::ops::Deref;
[INFO] [stdout]   |     ^^^^^^^^^^^^^^^
[INFO] [stdout] 
[INFO] [stdout] 
[INFO] [stdout] warning: unused import: `serde::de::Unexpected::Str`
[INFO] [stdout]  --> src/dtype.rs:8:5
[INFO] [stdout]   |
[INFO] [stdout] 8 | use serde::de::Unexpected::Str;
[INFO] [stdout]   |     ^^^^^^^^^^^^^^^^^^^^^^^^^^
[INFO] [stdout] 
[INFO] [stdout] 
[INFO] [stdout] warning: unused import: `crate::utils`
[INFO] [stdout]   --> src/dtype.rs:11:5
[INFO] [stdout]    |
[INFO] [stdout] 11 | use crate::utils;
[INFO] [stdout]    |     ^^^^^^^^^^^^
[INFO] [stdout] 
[INFO] [stdout] 
[INFO] [stdout] warning: unused import: `std::borrow::Borrow`
[INFO] [stdout]  --> src/utils.rs:1:5
[INFO] [stdout]   |
[INFO] [stdout] 1 | use std::borrow::Borrow;
[INFO] [stdout]   |     ^^^^^^^^^^^^^^^^^^^
[INFO] [stdout] 
[INFO] [stdout] 
[INFO] [stdout] warning: unused import: `std::ops::Deref`
[INFO] [stdout]  --> src/utils.rs:2:5
[INFO] [stdout]   |
[INFO] [stdout] 2 | use std::ops::Deref;
[INFO] [stdout]   |     ^^^^^^^^^^^^^^^
[INFO] [stdout] 
[INFO] [stdout] 
[INFO] [stdout] error[E0392]: parameter `'a` is never used
[INFO] [stdout]    --> src/dtype.rs:119:25
[INFO] [stdout]     |
[INFO] [stdout] 119 | struct ProfanityHandler<'a> {
[INFO] [stdout]     |                         ^^ unused parameter
[INFO] [stdout]     |
[INFO] [stdout]     = help: consider removing `'a`, referring to it in a field, or using a marker such as `PhantomData`
[INFO] [stdout] 
[INFO] [stdout] 
[INFO] [stdout] error[E0277]: the trait bound `&Vec<ProfanityRecord>: Default` is not satisfied
[INFO] [stdout]    --> src/dtype.rs:122:5
[INFO] [stdout]     |
[INFO] [stdout] 118 | #[derive(Default)]
[INFO] [stdout]     |          ------- in this derive macro expansion
[INFO] [stdout] ...
[INFO] [stdout] 122 |     pub records: &'static Vec<ProfanityRecord>,
[INFO] [stdout]     |     ^^^^^^^^^^^^^^^^^^^^^^^^^^^^^^^^^^^^^^^^^^ the trait `Default` is not implemented for `&Vec<ProfanityRecord>`
[INFO] [stdout]     |
[INFO] [stdout]     = help: the trait `Default` is implemented for `Vec<T>`
[INFO] [stdout]     = note: this error originates in the derive macro `Default` (in Nightly builds, run with -Z macro-backtrace for more info)
[INFO] [stdout] 
[INFO] [stdout] 
[INFO] [stdout] error[E0277]: the trait bound `ProfanityResult: Default` is not satisfied
[INFO] [stdout]    --> src/dtype.rs:125:5
[INFO] [stdout]     |
[INFO] [stdout] 118 | #[derive(Default)]
[INFO] [stdout]     |          ------- in this derive macro expansion
[INFO] [stdout] ...
[INFO] [stdout] 125 |     pub final_result: ProfanityResult
[INFO] [stdout]     |     ^^^^^^^^^^^^^^^^^^^^^^^^^^^^^^^^^ the trait `Default` is not implemented for `ProfanityResult`
[INFO] [stdout]     |
[INFO] [stdout]     = note: this error originates in the derive macro `Default` (in Nightly builds, run with -Z macro-backtrace for more info)
[INFO] [stdout] help: consider annotating `ProfanityResult` with `#[derive(Default)]`
[INFO] [stdout]     |
[INFO] [stdout] 16  + #[derive(Default)]
[INFO] [stdout] 17  | pub struct ProfanityResult{
[INFO] [stdout]     |
[INFO] [stdout] 
[INFO] [stdout] 
[INFO] [stdout] error[E0061]: this method takes 1 argument but 0 arguments were supplied
[INFO] [stdout]   --> src/utils.rs:49:17
[INFO] [stdout]    |
[INFO] [stdout] 49 |     return *rec.clone_into()
[INFO] [stdout]    |                 ^^^^^^^^^^-- an argument of type `&mut &ProfanityRecord` is missing
[INFO] [stdout]    |
[INFO] [stdout] note: method defined here
[INFO] [stdout]   --> /rustc/82e1608dfa6e0b5569232559e3d385fea5a93112/library/alloc/src/borrow.rs:77:8
[INFO] [stdout] help: provide the argument
[INFO] [stdout]    |
[INFO] [stdout] 49 |     return *rec.clone_into(/* &mut &ProfanityRecord */)
[INFO] [stdout]    |                           ~~~~~~~~~~~~~~~~~~~~~~~~~~~~~
[INFO] [stdout] 
[INFO] [stdout] 
[INFO] [stdout] error[E0614]: type `()` cannot be dereferenced
[INFO] [stdout]   --> src/utils.rs:49:12
[INFO] [stdout]    |
[INFO] [stdout] 49 |     return *rec.clone_into()
[INFO] [stdout]    |            ^^^^^^^^^^^^^^^^^
[INFO] [stdout] 
[INFO] [stdout] 
[INFO] [stdout] error: aborting due to 6 previous errors; 8 warnings emitted
[INFO] [stdout] 
[INFO] [stdout] 
[INFO] [stdout] Some errors have detailed explanations: E0061, E0277, E0392, E0614, E0726.
[INFO] [stdout] 
[INFO] [stdout] For more information about an error, try `rustc --explain E0061`.
[INFO] [stdout] 
[INFO] [stderr] error: could not compile `upsc3ne` (bin "upsc3ne") due to 7 previous errors; 8 warnings emitted
[INFO] running `Command { std: "docker" "inspect" "7050812b3fd6c6324571d451a9f5d35609052ddb917341f16756fce9d2387c55", kill_on_drop: false }`
[INFO] running `Command { std: "docker" "rm" "-f" "7050812b3fd6c6324571d451a9f5d35609052ddb917341f16756fce9d2387c55", kill_on_drop: false }`
[INFO] [stdout] 7050812b3fd6c6324571d451a9f5d35609052ddb917341f16756fce9d2387c55
[INFO] testing Chubek/upsc3ne against beta-2023-12-22 for beta-1.76-1
[INFO] running `Command { std: "git" "clone" "/workspace/cache/git-repos/https%3A%2F%2Fgithub.com%2FChubek%2Fupsc3ne" "/workspace/builds/worker-4-tc2/source", kill_on_drop: false }`
[INFO] [stderr] Cloning into '/workspace/builds/worker-4-tc2/source'...
[INFO] [stderr] done.
[INFO] validating manifest of git repo https://github.com/Chubek/upsc3ne on toolchain beta-2023-12-22
[INFO] running `Command { std: CARGO_HOME="/workspace/cargo-home" RUSTUP_HOME="/workspace/rustup-home" "/workspace/cargo-home/bin/cargo" "+beta-2023-12-22" "metadata" "--manifest-path" "Cargo.toml" "--no-deps", kill_on_drop: false }`
[INFO] started tweaking git repo https://github.com/Chubek/upsc3ne
[INFO] finished tweaking git repo https://github.com/Chubek/upsc3ne
[INFO] tweaked toml for git repo https://github.com/Chubek/upsc3ne written to /workspace/builds/worker-4-tc2/source/Cargo.toml
[INFO] crate git repo https://github.com/Chubek/upsc3ne already has a lockfile, it will not be regenerated
[INFO] running `Command { std: CARGO_HOME="/workspace/cargo-home" RUSTUP_HOME="/workspace/rustup-home" "/workspace/cargo-home/bin/cargo" "+beta-2023-12-22" "fetch" "--manifest-path" "Cargo.toml", kill_on_drop: false }`
[INFO] running `Command { std: "docker" "create" "-v" "/var/lib/crater-agent-workspace/builds/worker-4-tc2/target:/opt/rustwide/target:rw,Z" "-v" "/var/lib/crater-agent-workspace/builds/worker-4-tc2/source:/opt/rustwide/workdir:ro,Z" "-v" "/var/lib/crater-agent-workspace/cargo-home:/opt/rustwide/cargo-home:ro,Z" "-v" "/var/lib/crater-agent-workspace/rustup-home:/opt/rustwide/rustup-home:ro,Z" "-e" "SOURCE_DIR=/opt/rustwide/workdir" "-e" "CARGO_TARGET_DIR=/opt/rustwide/target" "-e" "CARGO_HOME=/opt/rustwide/cargo-home" "-e" "RUSTUP_HOME=/opt/rustwide/rustup-home" "-w" "/opt/rustwide/workdir" "-m" "1610612736" "--user" "0:0" "--network" "none" "ghcr.io/rust-lang/crates-build-env/linux@sha256:2788e3201cd34a07e3172128adcd8b3090168a8e3bcc40d7c032b9dda1df7d1c" "/opt/rustwide/cargo-home/bin/cargo" "+beta-2023-12-22" "metadata" "--no-deps" "--format-version=1", kill_on_drop: false }`
[INFO] [stdout] 629534d29e7112b4704a7282de9a84f26c994f78af4bf298f2264afbf32ec4b9
[INFO] running `Command { std: "docker" "start" "-a" "629534d29e7112b4704a7282de9a84f26c994f78af4bf298f2264afbf32ec4b9", kill_on_drop: false }`
[INFO] running `Command { std: "docker" "inspect" "629534d29e7112b4704a7282de9a84f26c994f78af4bf298f2264afbf32ec4b9", kill_on_drop: false }`
[INFO] running `Command { std: "docker" "rm" "-f" "629534d29e7112b4704a7282de9a84f26c994f78af4bf298f2264afbf32ec4b9", kill_on_drop: false }`
[INFO] [stdout] 629534d29e7112b4704a7282de9a84f26c994f78af4bf298f2264afbf32ec4b9
[INFO] running `Command { std: "docker" "create" "-v" "/var/lib/crater-agent-workspace/builds/worker-4-tc2/target:/opt/rustwide/target:rw,Z" "-v" "/var/lib/crater-agent-workspace/builds/worker-4-tc2/source:/opt/rustwide/workdir:ro,Z" "-v" "/var/lib/crater-agent-workspace/cargo-home:/opt/rustwide/cargo-home:ro,Z" "-v" "/var/lib/crater-agent-workspace/rustup-home:/opt/rustwide/rustup-home:ro,Z" "-e" "SOURCE_DIR=/opt/rustwide/workdir" "-e" "CARGO_TARGET_DIR=/opt/rustwide/target" "-e" "CARGO_INCREMENTAL=0" "-e" "RUST_BACKTRACE=full" "-e" "RUSTFLAGS=--cap-lints=warn" "-e" "RUSTDOCFLAGS=--cap-lints=warn" "-e" "CARGO_HOME=/opt/rustwide/cargo-home" "-e" "RUSTUP_HOME=/opt/rustwide/rustup-home" "-w" "/opt/rustwide/workdir" "-m" "1610612736" "--user" "0:0" "--network" "none" "ghcr.io/rust-lang/crates-build-env/linux@sha256:2788e3201cd34a07e3172128adcd8b3090168a8e3bcc40d7c032b9dda1df7d1c" "/opt/rustwide/cargo-home/bin/cargo" "+beta-2023-12-22" "build" "--frozen" "--message-format=json", kill_on_drop: false }`
[INFO] [stdout] cc3b934e6c03334e73c67ec31987d37576a50a07cfe96c8b85ba3f6d713e7eb7
[INFO] running `Command { std: "docker" "start" "-a" "cc3b934e6c03334e73c67ec31987d37576a50a07cfe96c8b85ba3f6d713e7eb7", kill_on_drop: false }`
[INFO] [stderr]    Compiling proc-macro2 v1.0.36
[INFO] [stderr]    Compiling syn v1.0.86
[INFO] [stderr]    Compiling libc v0.2.118
[INFO] [stderr]    Compiling serde_derive v1.0.136
[INFO] [stderr]    Compiling memchr v2.4.1
[INFO] [stderr]    Compiling serde v1.0.136
[INFO] [stderr]    Compiling serde_json v1.0.79
[INFO] [stderr]    Compiling regex-syntax v0.6.25
[INFO] [stderr]    Compiling itoa v1.0.1
[INFO] [stderr]    Compiling ryu v1.0.9
[INFO] [stderr]    Compiling aho-corasick v0.7.18
[INFO] [stderr]    Compiling rand v0.4.6
[INFO] [stderr]    Compiling quote v1.0.15
[INFO] [stderr]    Compiling rand v0.3.23
[INFO] [stderr]    Compiling libmath v0.2.1
[INFO] [stderr]    Compiling regex v1.5.4
[INFO] [stderr]    Compiling upsc3ne v0.1.0 (/opt/rustwide/workdir)
[INFO] [stdout] error[E0726]: implicit elided lifetime not allowed here
[INFO] [stdout]    --> src/dtype.rs:138:22
[INFO] [stdout]     |
[INFO] [stdout] 138 | impl<'a> Handler for ProfanityHandler {
[INFO] [stdout]     |                      ^^^^^^^^^^^^^^^^ expected lifetime parameter
[INFO] [stdout]     |
[INFO] [stdout] help: indicate the anonymous lifetime
[INFO] [stdout]     |
[INFO] [stdout] 138 | impl<'a> Handler for ProfanityHandler<'_> {
[INFO] [stdout]     |                                      ++++
[INFO] [stdout] 
[INFO] [stdout] 
[INFO] [stdout] warning: unused import: `std::borrow::BorrowMut`
[INFO] [stdout]  --> src/main.rs:1:5
[INFO] [stdout]   |
[INFO] [stdout] 1 | use std::borrow::BorrowMut;
[INFO] [stdout]   |     ^^^^^^^^^^^^^^^^^^^^^^
[INFO] [stdout]   |
[INFO] [stdout]   = note: `#[warn(unused_imports)]` on by default
[INFO] [stdout] 
[INFO] [stdout] 
[INFO] [stdout] warning: unused import: `crate::dtype::Profanity`
[INFO] [stdout]  --> src/main.rs:2:5
[INFO] [stdout]   |
[INFO] [stdout] 2 | use crate::dtype::Profanity;
[INFO] [stdout]   |     ^^^^^^^^^^^^^^^^^^^^^^^
[INFO] [stdout] 
[INFO] [stdout] 
[INFO] [stdout] warning: unused import: `Borrow`
[INFO] [stdout]  --> src/dtype.rs:6:19
[INFO] [stdout]   |
[INFO] [stdout] 6 | use std::borrow::{Borrow, BorrowMut};
[INFO] [stdout]   |                   ^^^^^^
[INFO] [stdout] 
[INFO] [stdout] 
[INFO] [stdout] warning: unused import: `std::ops::Deref`
[INFO] [stdout]  --> src/dtype.rs:7:5
[INFO] [stdout]   |
[INFO] [stdout] 7 | use std::ops::Deref;
[INFO] [stdout]   |     ^^^^^^^^^^^^^^^
[INFO] [stdout] 
[INFO] [stdout] 
[INFO] [stdout] warning: unused import: `serde::de::Unexpected::Str`
[INFO] [stdout]  --> src/dtype.rs:8:5
[INFO] [stdout]   |
[INFO] [stdout] 8 | use serde::de::Unexpected::Str;
[INFO] [stdout]   |     ^^^^^^^^^^^^^^^^^^^^^^^^^^
[INFO] [stdout] 
[INFO] [stdout] 
[INFO] [stdout] warning: unused import: `crate::utils`
[INFO] [stdout]   --> src/dtype.rs:11:5
[INFO] [stdout]    |
[INFO] [stdout] 11 | use crate::utils;
[INFO] [stdout]    |     ^^^^^^^^^^^^
[INFO] [stdout] 
[INFO] [stdout] 
[INFO] [stdout] warning: unused import: `std::borrow::Borrow`
[INFO] [stdout]  --> src/utils.rs:1:5
[INFO] [stdout]   |
[INFO] [stdout] 1 | use std::borrow::Borrow;
[INFO] [stdout]   |     ^^^^^^^^^^^^^^^^^^^
[INFO] [stdout] 
[INFO] [stdout] 
[INFO] [stdout] warning: unused import: `std::ops::Deref`
[INFO] [stdout]  --> src/utils.rs:2:5
[INFO] [stdout]   |
[INFO] [stdout] 2 | use std::ops::Deref;
[INFO] [stdout]   |     ^^^^^^^^^^^^^^^
[INFO] [stdout] 
[INFO] [stdout] 
[INFO] [stdout] error[E0392]: parameter `'a` is never used
[INFO] [stdout]    --> src/dtype.rs:119:25
[INFO] [stdout]     |
[INFO] [stdout] 119 | struct ProfanityHandler<'a> {
[INFO] [stdout]     |                         ^^ unused parameter
[INFO] [stdout]     |
[INFO] [stdout]     = help: consider removing `'a`, referring to it in a field, or using a marker such as `PhantomData`
[INFO] [stdout] 
[INFO] [stdout] 
[INFO] [stdout] error[E0277]: the trait bound `&Vec<ProfanityRecord>: Default` is not satisfied
[INFO] [stdout]    --> src/dtype.rs:122:5
[INFO] [stdout]     |
[INFO] [stdout] 118 | #[derive(Default)]
[INFO] [stdout]     |          ------- in this derive macro expansion
[INFO] [stdout] ...
[INFO] [stdout] 122 |     pub records: &'static Vec<ProfanityRecord>,
[INFO] [stdout]     |     ^^^^^^^^^^^^^^^^^^^^^^^^^^^^^^^^^^^^^^^^^^ the trait `Default` is not implemented for `&Vec<ProfanityRecord>`
[INFO] [stdout]     |
[INFO] [stdout]     = help: the trait `Default` is implemented for `Vec<T>`
[INFO] [stdout]     = note: this error originates in the derive macro `Default` (in Nightly builds, run with -Z macro-backtrace for more info)
[INFO] [stdout] 
[INFO] [stdout] 
[INFO] [stdout] error[E0277]: the trait bound `ProfanityResult: Default` is not satisfied
[INFO] [stdout]    --> src/dtype.rs:125:5
[INFO] [stdout]     |
[INFO] [stdout] 118 | #[derive(Default)]
[INFO] [stdout]     |          ------- in this derive macro expansion
[INFO] [stdout] ...
[INFO] [stdout] 125 |     pub final_result: ProfanityResult
[INFO] [stdout]     |     ^^^^^^^^^^^^^^^^^^^^^^^^^^^^^^^^^ the trait `Default` is not implemented for `ProfanityResult`
[INFO] [stdout]     |
[INFO] [stdout]     = note: this error originates in the derive macro `Default` (in Nightly builds, run with -Z macro-backtrace for more info)
[INFO] [stdout] help: consider annotating `ProfanityResult` with `#[derive(Default)]`
[INFO] [stdout]     |
[INFO] [stdout] 16  + #[derive(Default)]
[INFO] [stdout] 17  | pub struct ProfanityResult{
[INFO] [stdout]     |
[INFO] [stdout] 
[INFO] [stdout] 
[INFO] [stdout] error[E0061]: this method takes 1 argument but 0 arguments were supplied
[INFO] [stdout]   --> src/utils.rs:49:17
[INFO] [stdout]    |
[INFO] [stdout] 49 |     return *rec.clone_into()
[INFO] [stdout]    |                 ^^^^^^^^^^-- an argument of type `&mut &ProfanityRecord` is missing
[INFO] [stdout]    |
[INFO] [stdout] note: method defined here
[INFO] [stdout]   --> /rustc/0e09125c6c3c2fd70d7de961bcf0e51575235fad/library/alloc/src/borrow.rs:77:8
[INFO] [stdout] help: provide the argument
[INFO] [stdout]    |
[INFO] [stdout] 49 |     return *rec.clone_into(/* &mut &ProfanityRecord */)
[INFO] [stdout]    |                           ~~~~~~~~~~~~~~~~~~~~~~~~~~~~~
[INFO] [stdout] 
[INFO] [stdout] 
[INFO] [stdout] error[E0614]: type `()` cannot be dereferenced
[INFO] [stdout]   --> src/utils.rs:49:12
[INFO] [stdout]    |
[INFO] [stdout] 49 |     return *rec.clone_into()
[INFO] [stdout]    |            ^^^^^^^^^^^^^^^^^
[INFO] [stdout] 
[INFO] [stdout] 
[INFO] [stdout] error: aborting due to 6 previous errors; 8 warnings emitted
[INFO] [stdout] 
[INFO] [stdout] 
[INFO] [stdout] Some errors have detailed explanations: E0061, E0277, E0392, E0614, E0726.
[INFO] [stdout] 
[INFO] [stdout] For more information about an error, try `rustc --explain E0061`.
[INFO] [stdout] 
[INFO] [stderr] error: could not compile `upsc3ne` (bin "upsc3ne") due to 7 previous errors; 8 warnings emitted
[INFO] running `Command { std: "docker" "inspect" "cc3b934e6c03334e73c67ec31987d37576a50a07cfe96c8b85ba3f6d713e7eb7", kill_on_drop: false }`
[INFO] running `Command { std: "docker" "rm" "-f" "cc3b934e6c03334e73c67ec31987d37576a50a07cfe96c8b85ba3f6d713e7eb7", kill_on_drop: false }`
[INFO] [stdout] cc3b934e6c03334e73c67ec31987d37576a50a07cfe96c8b85ba3f6d713e7eb7
