[INFO] cloning repository https://github.com/ChrisDavison/spaced
[INFO] running `Command { std: "git" "-c" "credential.helper=" "-c" "credential.helper=/workspace/cargo-home/bin/git-credential-null" "clone" "--bare" "https://github.com/ChrisDavison/spaced" "/workspace/cache/git-repos/https%3A%2F%2Fgithub.com%2FChrisDavison%2Fspaced", kill_on_drop: false }`
[INFO] [stderr] Cloning into bare repository '/workspace/cache/git-repos/https%3A%2F%2Fgithub.com%2FChrisDavison%2Fspaced'...
[INFO] running `Command { std: "git" "rev-parse" "HEAD", kill_on_drop: false }`
[INFO] [stdout] 98bd55d6ff8a7e85f6e70fb8eb34876f7171d3d4
[INFO] testing ChrisDavison/spaced against 1.75.0 for beta-1.76-1
[INFO] running `Command { std: "git" "clone" "/workspace/cache/git-repos/https%3A%2F%2Fgithub.com%2FChrisDavison%2Fspaced" "/workspace/builds/worker-3-tc1/source", kill_on_drop: false }`
[INFO] [stderr] Cloning into '/workspace/builds/worker-3-tc1/source'...
[INFO] [stderr] done.
[INFO] validating manifest of git repo https://github.com/ChrisDavison/spaced on toolchain 1.75.0
[INFO] running `Command { std: CARGO_HOME="/workspace/cargo-home" RUSTUP_HOME="/workspace/rustup-home" "/workspace/cargo-home/bin/cargo" "+1.75.0" "metadata" "--manifest-path" "Cargo.toml" "--no-deps", kill_on_drop: false }`
[INFO] started tweaking git repo https://github.com/ChrisDavison/spaced
[INFO] finished tweaking git repo https://github.com/ChrisDavison/spaced
[INFO] tweaked toml for git repo https://github.com/ChrisDavison/spaced written to /workspace/builds/worker-3-tc1/source/Cargo.toml
[INFO] crate git repo https://github.com/ChrisDavison/spaced already has a lockfile, it will not be regenerated
[INFO] running `Command { std: CARGO_HOME="/workspace/cargo-home" RUSTUP_HOME="/workspace/rustup-home" "/workspace/cargo-home/bin/cargo" "+1.75.0" "fetch" "--manifest-path" "Cargo.toml", kill_on_drop: false }`
[INFO] [stderr]  Downloading crates ...
[INFO] [stderr]   Downloaded iana-time-zone v0.1.50
[INFO] running `Command { std: "docker" "create" "-v" "/var/lib/crater-agent-workspace/builds/worker-3-tc1/target:/opt/rustwide/target:rw,Z" "-v" "/var/lib/crater-agent-workspace/builds/worker-3-tc1/source:/opt/rustwide/workdir:ro,Z" "-v" "/var/lib/crater-agent-workspace/cargo-home:/opt/rustwide/cargo-home:ro,Z" "-v" "/var/lib/crater-agent-workspace/rustup-home:/opt/rustwide/rustup-home:ro,Z" "-e" "SOURCE_DIR=/opt/rustwide/workdir" "-e" "CARGO_TARGET_DIR=/opt/rustwide/target" "-e" "CARGO_HOME=/opt/rustwide/cargo-home" "-e" "RUSTUP_HOME=/opt/rustwide/rustup-home" "-w" "/opt/rustwide/workdir" "-m" "1610612736" "--user" "0:0" "--network" "none" "ghcr.io/rust-lang/crates-build-env/linux@sha256:2788e3201cd34a07e3172128adcd8b3090168a8e3bcc40d7c032b9dda1df7d1c" "/opt/rustwide/cargo-home/bin/cargo" "+1.75.0" "metadata" "--no-deps" "--format-version=1", kill_on_drop: false }`
[INFO] [stdout] bb965922b3d64706b3e6c597643d2b37e0eb0e7040238d899f2dce1b3c545fad
[INFO] running `Command { std: "docker" "start" "-a" "bb965922b3d64706b3e6c597643d2b37e0eb0e7040238d899f2dce1b3c545fad", kill_on_drop: false }`
[INFO] running `Command { std: "docker" "inspect" "bb965922b3d64706b3e6c597643d2b37e0eb0e7040238d899f2dce1b3c545fad", kill_on_drop: false }`
[INFO] running `Command { std: "docker" "rm" "-f" "bb965922b3d64706b3e6c597643d2b37e0eb0e7040238d899f2dce1b3c545fad", kill_on_drop: false }`
[INFO] [stdout] bb965922b3d64706b3e6c597643d2b37e0eb0e7040238d899f2dce1b3c545fad
[INFO] running `Command { std: "docker" "create" "-v" "/var/lib/crater-agent-workspace/builds/worker-3-tc1/target:/opt/rustwide/target:rw,Z" "-v" "/var/lib/crater-agent-workspace/builds/worker-3-tc1/source:/opt/rustwide/workdir:ro,Z" "-v" "/var/lib/crater-agent-workspace/cargo-home:/opt/rustwide/cargo-home:ro,Z" "-v" "/var/lib/crater-agent-workspace/rustup-home:/opt/rustwide/rustup-home:ro,Z" "-e" "SOURCE_DIR=/opt/rustwide/workdir" "-e" "CARGO_TARGET_DIR=/opt/rustwide/target" "-e" "CARGO_INCREMENTAL=0" "-e" "RUST_BACKTRACE=full" "-e" "RUSTFLAGS=--cap-lints=warn" "-e" "RUSTDOCFLAGS=--cap-lints=warn" "-e" "CARGO_HOME=/opt/rustwide/cargo-home" "-e" "RUSTUP_HOME=/opt/rustwide/rustup-home" "-w" "/opt/rustwide/workdir" "-m" "1610612736" "--user" "0:0" "--network" "none" "ghcr.io/rust-lang/crates-build-env/linux@sha256:2788e3201cd34a07e3172128adcd8b3090168a8e3bcc40d7c032b9dda1df7d1c" "/opt/rustwide/cargo-home/bin/cargo" "+1.75.0" "build" "--frozen" "--message-format=json", kill_on_drop: false }`
[INFO] [stdout] 9c895b8688716b053ced93c83434a6f0573957657ea4ee802d4f20e76663cd57
[INFO] running `Command { std: "docker" "start" "-a" "9c895b8688716b053ced93c83434a6f0573957657ea4ee802d4f20e76663cd57", kill_on_drop: false }`
[INFO] [stderr]    Compiling num-traits v0.2.15
[INFO] [stderr]    Compiling libc v0.2.134
[INFO] [stderr]    Compiling num-integer v0.1.45
[INFO] [stderr]    Compiling anyhow v1.0.65
[INFO] [stderr]    Compiling iana-time-zone v0.1.50
[INFO] [stderr]    Compiling time v0.1.44
[INFO] [stderr]    Compiling chrono v0.4.22
[INFO] [stderr]    Compiling spaced v0.6.0 (/opt/rustwide/workdir)
[INFO] [stderr]     Finished dev [unoptimized + debuginfo] target(s) in 1.85s
[INFO] running `Command { std: "docker" "inspect" "9c895b8688716b053ced93c83434a6f0573957657ea4ee802d4f20e76663cd57", kill_on_drop: false }`
[INFO] running `Command { std: "docker" "rm" "-f" "9c895b8688716b053ced93c83434a6f0573957657ea4ee802d4f20e76663cd57", kill_on_drop: false }`
[INFO] [stdout] 9c895b8688716b053ced93c83434a6f0573957657ea4ee802d4f20e76663cd57
[INFO] running `Command { std: "docker" "create" "-v" "/var/lib/crater-agent-workspace/builds/worker-3-tc1/target:/opt/rustwide/target:rw,Z" "-v" "/var/lib/crater-agent-workspace/builds/worker-3-tc1/source:/opt/rustwide/workdir:ro,Z" "-v" "/var/lib/crater-agent-workspace/cargo-home:/opt/rustwide/cargo-home:ro,Z" "-v" "/var/lib/crater-agent-workspace/rustup-home:/opt/rustwide/rustup-home:ro,Z" "-e" "SOURCE_DIR=/opt/rustwide/workdir" "-e" "CARGO_TARGET_DIR=/opt/rustwide/target" "-e" "CARGO_INCREMENTAL=0" "-e" "RUST_BACKTRACE=full" "-e" "RUSTFLAGS=--cap-lints=warn" "-e" "RUSTDOCFLAGS=--cap-lints=warn" "-e" "CARGO_HOME=/opt/rustwide/cargo-home" "-e" "RUSTUP_HOME=/opt/rustwide/rustup-home" "-w" "/opt/rustwide/workdir" "-m" "1610612736" "--user" "0:0" "--network" "none" "ghcr.io/rust-lang/crates-build-env/linux@sha256:2788e3201cd34a07e3172128adcd8b3090168a8e3bcc40d7c032b9dda1df7d1c" "/opt/rustwide/cargo-home/bin/cargo" "+1.75.0" "test" "--frozen" "--no-run" "--message-format=json", kill_on_drop: false }`
[INFO] [stdout] 84594b531500d42a4bc61234ffc25c7084cc5af7808fbb7060aca1f6907635fe
[INFO] running `Command { std: "docker" "start" "-a" "84594b531500d42a4bc61234ffc25c7084cc5af7808fbb7060aca1f6907635fe", kill_on_drop: false }`
[INFO] [stderr]    Compiling spaced v0.6.0 (/opt/rustwide/workdir)
[INFO] [stdout] error[E0308]: mismatched types
[INFO] [stdout]   --> src/file.rs:84:19
[INFO] [stdout]    |
[INFO] [stdout] 84 |             date: Utc.ymd(2022, 10, 1).naive_utc(),
[INFO] [stdout]    |                   ^^^^^^^^^^^^^^^^^^^^^^^^^^^^^^^^ expected `Option<NaiveDate>`, found `NaiveDate`
[INFO] [stdout]    |
[INFO] [stdout]    = note: expected enum `Option<chrono::NaiveDate>`
[INFO] [stdout]             found struct `chrono::NaiveDate`
[INFO] [stdout] help: try wrapping the expression in `Some`
[INFO] [stdout]    |
[INFO] [stdout] 84 |             date: Some(Utc.ymd(2022, 10, 1).naive_utc()),
[INFO] [stdout]    |                   +++++                                +
[INFO] [stdout] 
[INFO] [stdout] 
[INFO] [stdout] error[E0308]: mismatched types
[INFO] [stdout]   --> src/file.rs:96:19
[INFO] [stdout]    |
[INFO] [stdout] 96 |             date: Utc.ymd(2022, 10, 1).naive_utc(),
[INFO] [stdout]    |                   ^^^^^^^^^^^^^^^^^^^^^^^^^^^^^^^^ expected `Option<NaiveDate>`, found `NaiveDate`
[INFO] [stdout]    |
[INFO] [stdout]    = note: expected enum `Option<chrono::NaiveDate>`
[INFO] [stdout]             found struct `chrono::NaiveDate`
[INFO] [stdout] help: try wrapping the expression in `Some`
[INFO] [stdout]    |
[INFO] [stdout] 96 |             date: Some(Utc.ymd(2022, 10, 1).naive_utc()),
[INFO] [stdout]    |                   +++++                                +
[INFO] [stdout] 
[INFO] [stdout] 
[INFO] [stdout] error[E0308]: mismatched types
[INFO] [stdout]    --> src/file.rs:107:19
[INFO] [stdout]     |
[INFO] [stdout] 107 |             date: Utc.ymd(2022, 10, 1).naive_utc(),
[INFO] [stdout]     |                   ^^^^^^^^^^^^^^^^^^^^^^^^^^^^^^^^ expected `Option<NaiveDate>`, found `NaiveDate`
[INFO] [stdout]     |
[INFO] [stdout]     = note: expected enum `Option<chrono::NaiveDate>`
[INFO] [stdout]              found struct `chrono::NaiveDate`
[INFO] [stdout] help: try wrapping the expression in `Some`
[INFO] [stdout]     |
[INFO] [stdout] 107 |             date: Some(Utc.ymd(2022, 10, 1).naive_utc()),
[INFO] [stdout]     |                   +++++                                +
[INFO] [stdout] 
[INFO] [stdout] 
[INFO] [stdout] error[E0308]: mismatched types
[INFO] [stdout]    --> src/file.rs:121:19
[INFO] [stdout]     |
[INFO] [stdout] 121 |             date: Utc.ymd(2022, 10, 1).naive_utc(),
[INFO] [stdout]     |                   ^^^^^^^^^^^^^^^^^^^^^^^^^^^^^^^^ expected `Option<NaiveDate>`, found `NaiveDate`
[INFO] [stdout]     |
[INFO] [stdout]     = note: expected enum `Option<chrono::NaiveDate>`
[INFO] [stdout]              found struct `chrono::NaiveDate`
[INFO] [stdout] help: try wrapping the expression in `Some`
[INFO] [stdout]     |
[INFO] [stdout] 121 |             date: Some(Utc.ymd(2022, 10, 1).naive_utc()),
[INFO] [stdout]     |                   +++++                                +
[INFO] [stdout] 
[INFO] [stdout] 
[INFO] [stdout] error: aborting due to 4 previous errors
[INFO] [stdout] 
[INFO] [stdout] 
[INFO] [stdout] For more information about this error, try `rustc --explain E0308`.
[INFO] [stdout] 
[INFO] [stderr] error: could not compile `spaced` (bin "spaced" test) due to 5 previous errors
[INFO] running `Command { std: "docker" "inspect" "84594b531500d42a4bc61234ffc25c7084cc5af7808fbb7060aca1f6907635fe", kill_on_drop: false }`
[INFO] running `Command { std: "docker" "rm" "-f" "84594b531500d42a4bc61234ffc25c7084cc5af7808fbb7060aca1f6907635fe", kill_on_drop: false }`
[INFO] [stdout] 84594b531500d42a4bc61234ffc25c7084cc5af7808fbb7060aca1f6907635fe
[INFO] testing ChrisDavison/spaced against beta-2023-12-22 for beta-1.76-1
[INFO] running `Command { std: "git" "clone" "/workspace/cache/git-repos/https%3A%2F%2Fgithub.com%2FChrisDavison%2Fspaced" "/workspace/builds/worker-3-tc2/source", kill_on_drop: false }`
[INFO] [stderr] Cloning into '/workspace/builds/worker-3-tc2/source'...
[INFO] [stderr] done.
[INFO] validating manifest of git repo https://github.com/ChrisDavison/spaced on toolchain beta-2023-12-22
[INFO] running `Command { std: CARGO_HOME="/workspace/cargo-home" RUSTUP_HOME="/workspace/rustup-home" "/workspace/cargo-home/bin/cargo" "+beta-2023-12-22" "metadata" "--manifest-path" "Cargo.toml" "--no-deps", kill_on_drop: false }`
[INFO] started tweaking git repo https://github.com/ChrisDavison/spaced
[INFO] finished tweaking git repo https://github.com/ChrisDavison/spaced
[INFO] tweaked toml for git repo https://github.com/ChrisDavison/spaced written to /workspace/builds/worker-3-tc2/source/Cargo.toml
[INFO] crate git repo https://github.com/ChrisDavison/spaced already has a lockfile, it will not be regenerated
[INFO] running `Command { std: CARGO_HOME="/workspace/cargo-home" RUSTUP_HOME="/workspace/rustup-home" "/workspace/cargo-home/bin/cargo" "+beta-2023-12-22" "fetch" "--manifest-path" "Cargo.toml", kill_on_drop: false }`
[INFO] running `Command { std: "docker" "create" "-v" "/var/lib/crater-agent-workspace/builds/worker-3-tc2/target:/opt/rustwide/target:rw,Z" "-v" "/var/lib/crater-agent-workspace/builds/worker-3-tc2/source:/opt/rustwide/workdir:ro,Z" "-v" "/var/lib/crater-agent-workspace/cargo-home:/opt/rustwide/cargo-home:ro,Z" "-v" "/var/lib/crater-agent-workspace/rustup-home:/opt/rustwide/rustup-home:ro,Z" "-e" "SOURCE_DIR=/opt/rustwide/workdir" "-e" "CARGO_TARGET_DIR=/opt/rustwide/target" "-e" "CARGO_HOME=/opt/rustwide/cargo-home" "-e" "RUSTUP_HOME=/opt/rustwide/rustup-home" "-w" "/opt/rustwide/workdir" "-m" "1610612736" "--user" "0:0" "--network" "none" "ghcr.io/rust-lang/crates-build-env/linux@sha256:2788e3201cd34a07e3172128adcd8b3090168a8e3bcc40d7c032b9dda1df7d1c" "/opt/rustwide/cargo-home/bin/cargo" "+beta-2023-12-22" "metadata" "--no-deps" "--format-version=1", kill_on_drop: false }`
[INFO] [stdout] 2dc92513d524f348398dc813ae73630e3d68dc370d79707355ec615c1f79c96c
[INFO] running `Command { std: "docker" "start" "-a" "2dc92513d524f348398dc813ae73630e3d68dc370d79707355ec615c1f79c96c", kill_on_drop: false }`
[INFO] running `Command { std: "docker" "inspect" "2dc92513d524f348398dc813ae73630e3d68dc370d79707355ec615c1f79c96c", kill_on_drop: false }`
[INFO] running `Command { std: "docker" "rm" "-f" "2dc92513d524f348398dc813ae73630e3d68dc370d79707355ec615c1f79c96c", kill_on_drop: false }`
[INFO] [stdout] 2dc92513d524f348398dc813ae73630e3d68dc370d79707355ec615c1f79c96c
[INFO] running `Command { std: "docker" "create" "-v" "/var/lib/crater-agent-workspace/builds/worker-3-tc2/target:/opt/rustwide/target:rw,Z" "-v" "/var/lib/crater-agent-workspace/builds/worker-3-tc2/source:/opt/rustwide/workdir:ro,Z" "-v" "/var/lib/crater-agent-workspace/cargo-home:/opt/rustwide/cargo-home:ro,Z" "-v" "/var/lib/crater-agent-workspace/rustup-home:/opt/rustwide/rustup-home:ro,Z" "-e" "SOURCE_DIR=/opt/rustwide/workdir" "-e" "CARGO_TARGET_DIR=/opt/rustwide/target" "-e" "CARGO_INCREMENTAL=0" "-e" "RUST_BACKTRACE=full" "-e" "RUSTFLAGS=--cap-lints=warn" "-e" "RUSTDOCFLAGS=--cap-lints=warn" "-e" "CARGO_HOME=/opt/rustwide/cargo-home" "-e" "RUSTUP_HOME=/opt/rustwide/rustup-home" "-w" "/opt/rustwide/workdir" "-m" "1610612736" "--user" "0:0" "--network" "none" "ghcr.io/rust-lang/crates-build-env/linux@sha256:2788e3201cd34a07e3172128adcd8b3090168a8e3bcc40d7c032b9dda1df7d1c" "/opt/rustwide/cargo-home/bin/cargo" "+beta-2023-12-22" "build" "--frozen" "--message-format=json", kill_on_drop: false }`
[INFO] [stdout] 569bf73a8efb94b266c1228fb55e4092770ceabdef2cf87fe90c98fc9a5e0a2f
[INFO] running `Command { std: "docker" "start" "-a" "569bf73a8efb94b266c1228fb55e4092770ceabdef2cf87fe90c98fc9a5e0a2f", kill_on_drop: false }`
[INFO] [stderr]    Compiling num-traits v0.2.15
[INFO] [stderr]    Compiling libc v0.2.134
[INFO] [stderr]    Compiling num-integer v0.1.45
[INFO] [stderr]    Compiling anyhow v1.0.65
[INFO] [stderr]    Compiling iana-time-zone v0.1.50
[INFO] [stderr]    Compiling time v0.1.44
[INFO] [stderr]    Compiling chrono v0.4.22
[INFO] [stderr]    Compiling spaced v0.6.0 (/opt/rustwide/workdir)
[INFO] [stderr]     Finished dev [unoptimized + debuginfo] target(s) in 3.51s
[INFO] running `Command { std: "docker" "inspect" "569bf73a8efb94b266c1228fb55e4092770ceabdef2cf87fe90c98fc9a5e0a2f", kill_on_drop: false }`
[INFO] running `Command { std: "docker" "rm" "-f" "569bf73a8efb94b266c1228fb55e4092770ceabdef2cf87fe90c98fc9a5e0a2f", kill_on_drop: false }`
[INFO] [stdout] 569bf73a8efb94b266c1228fb55e4092770ceabdef2cf87fe90c98fc9a5e0a2f
[INFO] running `Command { std: "docker" "create" "-v" "/var/lib/crater-agent-workspace/builds/worker-3-tc2/target:/opt/rustwide/target:rw,Z" "-v" "/var/lib/crater-agent-workspace/builds/worker-3-tc2/source:/opt/rustwide/workdir:ro,Z" "-v" "/var/lib/crater-agent-workspace/cargo-home:/opt/rustwide/cargo-home:ro,Z" "-v" "/var/lib/crater-agent-workspace/rustup-home:/opt/rustwide/rustup-home:ro,Z" "-e" "SOURCE_DIR=/opt/rustwide/workdir" "-e" "CARGO_TARGET_DIR=/opt/rustwide/target" "-e" "CARGO_INCREMENTAL=0" "-e" "RUST_BACKTRACE=full" "-e" "RUSTFLAGS=--cap-lints=warn" "-e" "RUSTDOCFLAGS=--cap-lints=warn" "-e" "CARGO_HOME=/opt/rustwide/cargo-home" "-e" "RUSTUP_HOME=/opt/rustwide/rustup-home" "-w" "/opt/rustwide/workdir" "-m" "1610612736" "--user" "0:0" "--network" "none" "ghcr.io/rust-lang/crates-build-env/linux@sha256:2788e3201cd34a07e3172128adcd8b3090168a8e3bcc40d7c032b9dda1df7d1c" "/opt/rustwide/cargo-home/bin/cargo" "+beta-2023-12-22" "test" "--frozen" "--no-run" "--message-format=json", kill_on_drop: false }`
[INFO] [stdout] 8a93abb724c246aa8148c9c6b85e07c0d5dc11f5c21b87f03814c1f7775a20df
[INFO] running `Command { std: "docker" "start" "-a" "8a93abb724c246aa8148c9c6b85e07c0d5dc11f5c21b87f03814c1f7775a20df", kill_on_drop: false }`
[INFO] [stderr]    Compiling spaced v0.6.0 (/opt/rustwide/workdir)
[INFO] [stdout] error[E0308]: mismatched types
[INFO] [stdout]   --> src/file.rs:84:19
[INFO] [stdout]    |
[INFO] [stdout] 84 |             date: Utc.ymd(2022, 10, 1).naive_utc(),
[INFO] [stdout]    |                   ^^^^^^^^^^^^^^^^^^^^^^^^^^^^^^^^ expected `Option<NaiveDate>`, found `NaiveDate`
[INFO] [stdout]    |
[INFO] [stdout]    = note: expected enum `Option<chrono::NaiveDate>`
[INFO] [stdout]             found struct `chrono::NaiveDate`
[INFO] [stdout] help: try wrapping the expression in `Some`
[INFO] [stdout]    |
[INFO] [stdout] 84 |             date: Some(Utc.ymd(2022, 10, 1).naive_utc()),
[INFO] [stdout]    |                   +++++                                +
[INFO] [stdout] 
[INFO] [stdout] 
[INFO] [stdout] error[E0308]: mismatched types
[INFO] [stdout]   --> src/file.rs:96:19
[INFO] [stdout]    |
[INFO] [stdout] 96 |             date: Utc.ymd(2022, 10, 1).naive_utc(),
[INFO] [stdout]    |                   ^^^^^^^^^^^^^^^^^^^^^^^^^^^^^^^^ expected `Option<NaiveDate>`, found `NaiveDate`
[INFO] [stdout]    |
[INFO] [stdout]    = note: expected enum `Option<chrono::NaiveDate>`
[INFO] [stdout]             found struct `chrono::NaiveDate`
[INFO] [stdout] help: try wrapping the expression in `Some`
[INFO] [stdout]    |
[INFO] [stdout] 96 |             date: Some(Utc.ymd(2022, 10, 1).naive_utc()),
[INFO] [stdout]    |                   +++++                                +
[INFO] [stdout] 
[INFO] [stdout] 
[INFO] [stdout] error[E0308]: mismatched types
[INFO] [stdout]    --> src/file.rs:107:19
[INFO] [stdout]     |
[INFO] [stdout] 107 |             date: Utc.ymd(2022, 10, 1).naive_utc(),
[INFO] [stdout]     |                   ^^^^^^^^^^^^^^^^^^^^^^^^^^^^^^^^ expected `Option<NaiveDate>`, found `NaiveDate`
[INFO] [stdout]     |
[INFO] [stdout]     = note: expected enum `Option<chrono::NaiveDate>`
[INFO] [stdout]              found struct `chrono::NaiveDate`
[INFO] [stdout] help: try wrapping the expression in `Some`
[INFO] [stdout]     |
[INFO] [stdout] 107 |             date: Some(Utc.ymd(2022, 10, 1).naive_utc()),
[INFO] [stdout]     |                   +++++                                +
[INFO] [stdout] 
[INFO] [stdout] 
[INFO] [stdout] error[E0308]: mismatched types
[INFO] [stdout]    --> src/file.rs:121:19
[INFO] [stdout]     |
[INFO] [stdout] 121 |             date: Utc.ymd(2022, 10, 1).naive_utc(),
[INFO] [stdout]     |                   ^^^^^^^^^^^^^^^^^^^^^^^^^^^^^^^^ expected `Option<NaiveDate>`, found `NaiveDate`
[INFO] [stdout]     |
[INFO] [stdout]     = note: expected enum `Option<chrono::NaiveDate>`
[INFO] [stdout]              found struct `chrono::NaiveDate`
[INFO] [stdout] help: try wrapping the expression in `Some`
[INFO] [stdout]     |
[INFO] [stdout] 121 |             date: Some(Utc.ymd(2022, 10, 1).naive_utc()),
[INFO] [stdout]     |                   +++++                                +
[INFO] [stdout] 
[INFO] [stdout] 
[INFO] [stdout] error: aborting due to 4 previous errors
[INFO] [stdout] 
[INFO] [stdout] 
[INFO] [stdout] For more information about this error, try `rustc --explain E0308`.
[INFO] [stdout] 
[INFO] [stderr] error: could not compile `spaced` (bin "spaced" test) due to 5 previous errors
[INFO] running `Command { std: "docker" "inspect" "8a93abb724c246aa8148c9c6b85e07c0d5dc11f5c21b87f03814c1f7775a20df", kill_on_drop: false }`
[INFO] running `Command { std: "docker" "rm" "-f" "8a93abb724c246aa8148c9c6b85e07c0d5dc11f5c21b87f03814c1f7775a20df", kill_on_drop: false }`
[INFO] [stdout] 8a93abb724c246aa8148c9c6b85e07c0d5dc11f5c21b87f03814c1f7775a20df
