[INFO] cloning repository https://github.com/CheesyB/rust-advent-2022
[INFO] running `Command { std: "git" "-c" "credential.helper=" "-c" "credential.helper=/workspace/cargo-home/bin/git-credential-null" "clone" "--bare" "https://github.com/CheesyB/rust-advent-2022" "/workspace/cache/git-repos/https%3A%2F%2Fgithub.com%2FCheesyB%2Frust-advent-2022", kill_on_drop: false }`
[INFO] [stderr] Cloning into bare repository '/workspace/cache/git-repos/https%3A%2F%2Fgithub.com%2FCheesyB%2Frust-advent-2022'...
[INFO] running `Command { std: "git" "rev-parse" "HEAD", kill_on_drop: false }`
[INFO] [stdout] 3a0b8a30069d8f1152b877341ba42e2758e1522c
[INFO] testing CheesyB/rust-advent-2022 against 1.75.0 for beta-1.76-1
[INFO] running `Command { std: "git" "clone" "/workspace/cache/git-repos/https%3A%2F%2Fgithub.com%2FCheesyB%2Frust-advent-2022" "/workspace/builds/worker-1-tc1/source", kill_on_drop: false }`
[INFO] [stderr] Cloning into '/workspace/builds/worker-1-tc1/source'...
[INFO] [stderr] done.
[INFO] validating manifest of git repo https://github.com/CheesyB/rust-advent-2022 on toolchain 1.75.0
[INFO] running `Command { std: CARGO_HOME="/workspace/cargo-home" RUSTUP_HOME="/workspace/rustup-home" "/workspace/cargo-home/bin/cargo" "+1.75.0" "metadata" "--manifest-path" "Cargo.toml" "--no-deps", kill_on_drop: false }`
[INFO] started tweaking git repo https://github.com/CheesyB/rust-advent-2022
[INFO] finished tweaking git repo https://github.com/CheesyB/rust-advent-2022
[INFO] tweaked toml for git repo https://github.com/CheesyB/rust-advent-2022 written to /workspace/builds/worker-1-tc1/source/Cargo.toml
[INFO] crate git repo https://github.com/CheesyB/rust-advent-2022 already has a lockfile, it will not be regenerated
[INFO] running `Command { std: CARGO_HOME="/workspace/cargo-home" RUSTUP_HOME="/workspace/rustup-home" "/workspace/cargo-home/bin/cargo" "+1.75.0" "fetch" "--manifest-path" "Cargo.toml", kill_on_drop: false }`
[INFO] running `Command { std: "docker" "create" "-v" "/var/lib/crater-agent-workspace/builds/worker-1-tc1/target:/opt/rustwide/target:rw,Z" "-v" "/var/lib/crater-agent-workspace/builds/worker-1-tc1/source:/opt/rustwide/workdir:ro,Z" "-v" "/var/lib/crater-agent-workspace/cargo-home:/opt/rustwide/cargo-home:ro,Z" "-v" "/var/lib/crater-agent-workspace/rustup-home:/opt/rustwide/rustup-home:ro,Z" "-e" "SOURCE_DIR=/opt/rustwide/workdir" "-e" "CARGO_TARGET_DIR=/opt/rustwide/target" "-e" "CARGO_HOME=/opt/rustwide/cargo-home" "-e" "RUSTUP_HOME=/opt/rustwide/rustup-home" "-w" "/opt/rustwide/workdir" "-m" "1610612736" "--user" "0:0" "--network" "none" "ghcr.io/rust-lang/crates-build-env/linux@sha256:2788e3201cd34a07e3172128adcd8b3090168a8e3bcc40d7c032b9dda1df7d1c" "/opt/rustwide/cargo-home/bin/cargo" "+1.75.0" "metadata" "--no-deps" "--format-version=1", kill_on_drop: false }`
[INFO] [stdout] fca25589538048d3b4b4a5c7cdde5899720e75d623bdf7bc886a344f7616de29
[INFO] running `Command { std: "docker" "start" "-a" "fca25589538048d3b4b4a5c7cdde5899720e75d623bdf7bc886a344f7616de29", kill_on_drop: false }`
[INFO] running `Command { std: "docker" "inspect" "fca25589538048d3b4b4a5c7cdde5899720e75d623bdf7bc886a344f7616de29", kill_on_drop: false }`
[INFO] running `Command { std: "docker" "rm" "-f" "fca25589538048d3b4b4a5c7cdde5899720e75d623bdf7bc886a344f7616de29", kill_on_drop: false }`
[INFO] [stdout] fca25589538048d3b4b4a5c7cdde5899720e75d623bdf7bc886a344f7616de29
[INFO] running `Command { std: "docker" "create" "-v" "/var/lib/crater-agent-workspace/builds/worker-1-tc1/target:/opt/rustwide/target:rw,Z" "-v" "/var/lib/crater-agent-workspace/builds/worker-1-tc1/source:/opt/rustwide/workdir:ro,Z" "-v" "/var/lib/crater-agent-workspace/cargo-home:/opt/rustwide/cargo-home:ro,Z" "-v" "/var/lib/crater-agent-workspace/rustup-home:/opt/rustwide/rustup-home:ro,Z" "-e" "SOURCE_DIR=/opt/rustwide/workdir" "-e" "CARGO_TARGET_DIR=/opt/rustwide/target" "-e" "CARGO_INCREMENTAL=0" "-e" "RUST_BACKTRACE=full" "-e" "RUSTFLAGS=--cap-lints=warn" "-e" "RUSTDOCFLAGS=--cap-lints=warn" "-e" "CARGO_HOME=/opt/rustwide/cargo-home" "-e" "RUSTUP_HOME=/opt/rustwide/rustup-home" "-w" "/opt/rustwide/workdir" "-m" "1610612736" "--user" "0:0" "--network" "none" "ghcr.io/rust-lang/crates-build-env/linux@sha256:2788e3201cd34a07e3172128adcd8b3090168a8e3bcc40d7c032b9dda1df7d1c" "/opt/rustwide/cargo-home/bin/cargo" "+1.75.0" "build" "--frozen" "--message-format=json", kill_on_drop: false }`
[INFO] [stdout] 640061f5b5797d1875393fed4e9f364676a06b8d10f7308e1ae88db03527c63e
[INFO] running `Command { std: "docker" "start" "-a" "640061f5b5797d1875393fed4e9f364676a06b8d10f7308e1ae88db03527c63e", kill_on_drop: false }`
[INFO] [stderr]    Compiling regex-syntax v0.7.4
[INFO] [stderr]    Compiling either v1.9.0
[INFO] [stderr]    Compiling aho-corasick v1.0.4
[INFO] [stderr]    Compiling nom v7.1.3
[INFO] [stderr]    Compiling itertools v0.11.0
[INFO] [stderr]    Compiling regex-automata v0.3.6
[INFO] [stderr]    Compiling regex v1.9.3
[INFO] [stderr]    Compiling advent_of_code v0.1.0 (/opt/rustwide/workdir)
[INFO] [stdout] warning: unused import: `fmt::format`
[INFO] [stdout]  --> src/advent13/mod.rs:1:26
[INFO] [stdout]   |
[INFO] [stdout] 1 | use std::{cmp::Ordering, fmt::format, vec};
[INFO] [stdout]   |                          ^^^^^^^^^^^
[INFO] [stdout]   |
[INFO] [stdout]   = note: `#[warn(unused_imports)]` on by default
[INFO] [stdout] 
[INFO] [stdout] 
[INFO] [stdout] warning: unused imports: `HashSet`, `ops::Sub`
[INFO] [stdout]  --> src/advent16/ele_domain.rs:2:38
[INFO] [stdout]   |
[INFO] [stdout] 2 |     collections::{BTreeSet, HashMap, HashSet},
[INFO] [stdout]   |                                      ^^^^^^^
[INFO] [stdout] 3 |     ops::Sub,
[INFO] [stdout]   |     ^^^^^^^^
[INFO] [stdout] 
[INFO] [stdout] 
[INFO] [stdout] warning: type `pressure` should have an upper camel case name
[INFO] [stdout]   --> src/advent16/ele_domain.rs:10:6
[INFO] [stdout]    |
[INFO] [stdout] 10 | type pressure = u32;
[INFO] [stdout]    |      ^^^^^^^^ help: convert the identifier to upper camel case: `Pressure`
[INFO] [stdout]    |
[INFO] [stdout]    = note: `#[warn(non_camel_case_types)]` on by default
[INFO] [stdout] 
[INFO] [stdout] 
[INFO] [stdout] warning: type `weight` should have an upper camel case name
[INFO] [stdout]   --> src/advent16/ele_domain.rs:11:6
[INFO] [stdout]    |
[INFO] [stdout] 11 | type weight = u32;
[INFO] [stdout]    |      ^^^^^^ help: convert the identifier to upper camel case (notice the capitalization): `Weight`
[INFO] [stdout] 
[INFO] [stdout] 
[INFO] [stdout] warning: unused import: `crate::advent17::algo::*`
[INFO] [stdout]  --> src/advent17/mod.rs:4:5
[INFO] [stdout]   |
[INFO] [stdout] 4 | use crate::advent17::algo::*;
[INFO] [stdout]   |     ^^^^^^^^^^^^^^^^^^^^^^^^
[INFO] [stdout] 
[INFO] [stdout] 
[INFO] [stdout] warning: unused import: `crate::advent17::domain::*`
[INFO] [stdout]  --> src/advent17/mod.rs:5:5
[INFO] [stdout]   |
[INFO] [stdout] 5 | use crate::advent17::domain::*;
[INFO] [stdout]   |     ^^^^^^^^^^^^^^^^^^^^^^^^^^
[INFO] [stdout] 
[INFO] [stdout] 
[INFO] [stdout] error[E0053]: method `sub` has an incompatible type for trait
[INFO] [stdout]   --> src/advent17/domain.rs:92:25
[INFO] [stdout]    |
[INFO] [stdout] 92 |     fn sub(self, other: &Point) -> <Self as Add<Point>>::Output {
[INFO] [stdout]    |                         ^^^^^^
[INFO] [stdout]    |                         |
[INFO] [stdout]    |                         expected `Point`, found `&Point`
[INFO] [stdout]    |                         help: change the parameter type to match the trait: `Point`
[INFO] [stdout]    |
[INFO] [stdout]    = note: expected signature `fn(Point, Point) -> Point`
[INFO] [stdout]               found signature `fn(Point, &Point) -> Point`
[INFO] [stdout] 
[INFO] [stdout] 
[INFO] [stdout] error[E0053]: method `add` has an incompatible type for trait
[INFO] [stdout]    --> src/advent17/domain.rs:102:25
[INFO] [stdout]     |
[INFO] [stdout] 102 |     fn add(self, other: &Point) -> <Self as Add<Point>>::Output {
[INFO] [stdout]     |                         ^^^^^^
[INFO] [stdout]     |                         |
[INFO] [stdout]     |                         expected `Point`, found `&Point`
[INFO] [stdout]     |                         help: change the parameter type to match the trait: `Point`
[INFO] [stdout]     |
[INFO] [stdout]     = note: expected signature `fn(Point, Point) -> Point`
[INFO] [stdout]                found signature `fn(Point, &Point) -> Point`
[INFO] [stdout] 
[INFO] [stdout] 
[INFO] [stdout] error[E0369]: cannot add `Point` to `&Point`
[INFO] [stdout]   --> src/advent17/domain.rs:53:31
[INFO] [stdout]    |
[INFO] [stdout] 53 |         self.ref_pt = move_to + self.ref_pt;
[INFO] [stdout]    |                       ------- ^ ----------- Point
[INFO] [stdout]    |                       |
[INFO] [stdout]    |                       &Point
[INFO] [stdout] 
[INFO] [stdout] 
[INFO] [stdout] warning: unused import: `itertools::Itertools`
[INFO] [stdout]  --> src/advent16/ele_algo.rs:3:5
[INFO] [stdout]   |
[INFO] [stdout] 3 | use itertools::Itertools;
[INFO] [stdout]   |     ^^^^^^^^^^^^^^^^^^^^
[INFO] [stdout] 
[INFO] [stdout] 
[INFO] [stdout] error: aborting due to 3 previous errors; 7 warnings emitted
[INFO] [stdout] 
[INFO] [stdout] 
[INFO] [stdout] Some errors have detailed explanations: E0053, E0369.
[INFO] [stdout] 
[INFO] [stdout] For more information about an error, try `rustc --explain E0053`.
[INFO] [stdout] 
[INFO] [stderr] error: could not compile `advent_of_code` (bin "advent_of_code") due to 4 previous errors; 7 warnings emitted
[INFO] running `Command { std: "docker" "inspect" "640061f5b5797d1875393fed4e9f364676a06b8d10f7308e1ae88db03527c63e", kill_on_drop: false }`
[INFO] running `Command { std: "docker" "rm" "-f" "640061f5b5797d1875393fed4e9f364676a06b8d10f7308e1ae88db03527c63e", kill_on_drop: false }`
[INFO] [stdout] 640061f5b5797d1875393fed4e9f364676a06b8d10f7308e1ae88db03527c63e
[INFO] testing CheesyB/rust-advent-2022 against beta-2023-12-22 for beta-1.76-1
[INFO] running `Command { std: "git" "clone" "/workspace/cache/git-repos/https%3A%2F%2Fgithub.com%2FCheesyB%2Frust-advent-2022" "/workspace/builds/worker-1-tc2/source", kill_on_drop: false }`
[INFO] [stderr] Cloning into '/workspace/builds/worker-1-tc2/source'...
[INFO] [stderr] done.
[INFO] validating manifest of git repo https://github.com/CheesyB/rust-advent-2022 on toolchain beta-2023-12-22
[INFO] running `Command { std: CARGO_HOME="/workspace/cargo-home" RUSTUP_HOME="/workspace/rustup-home" "/workspace/cargo-home/bin/cargo" "+beta-2023-12-22" "metadata" "--manifest-path" "Cargo.toml" "--no-deps", kill_on_drop: false }`
[INFO] started tweaking git repo https://github.com/CheesyB/rust-advent-2022
[INFO] finished tweaking git repo https://github.com/CheesyB/rust-advent-2022
[INFO] tweaked toml for git repo https://github.com/CheesyB/rust-advent-2022 written to /workspace/builds/worker-1-tc2/source/Cargo.toml
[INFO] crate git repo https://github.com/CheesyB/rust-advent-2022 already has a lockfile, it will not be regenerated
[INFO] running `Command { std: CARGO_HOME="/workspace/cargo-home" RUSTUP_HOME="/workspace/rustup-home" "/workspace/cargo-home/bin/cargo" "+beta-2023-12-22" "fetch" "--manifest-path" "Cargo.toml", kill_on_drop: false }`
[INFO] running `Command { std: "docker" "create" "-v" "/var/lib/crater-agent-workspace/builds/worker-1-tc2/target:/opt/rustwide/target:rw,Z" "-v" "/var/lib/crater-agent-workspace/builds/worker-1-tc2/source:/opt/rustwide/workdir:ro,Z" "-v" "/var/lib/crater-agent-workspace/cargo-home:/opt/rustwide/cargo-home:ro,Z" "-v" "/var/lib/crater-agent-workspace/rustup-home:/opt/rustwide/rustup-home:ro,Z" "-e" "SOURCE_DIR=/opt/rustwide/workdir" "-e" "CARGO_TARGET_DIR=/opt/rustwide/target" "-e" "CARGO_HOME=/opt/rustwide/cargo-home" "-e" "RUSTUP_HOME=/opt/rustwide/rustup-home" "-w" "/opt/rustwide/workdir" "-m" "1610612736" "--user" "0:0" "--network" "none" "ghcr.io/rust-lang/crates-build-env/linux@sha256:2788e3201cd34a07e3172128adcd8b3090168a8e3bcc40d7c032b9dda1df7d1c" "/opt/rustwide/cargo-home/bin/cargo" "+beta-2023-12-22" "metadata" "--no-deps" "--format-version=1", kill_on_drop: false }`
[INFO] [stdout] d43154e76374e5a96b8993a388ff080636b4ffc99946063ac5043391263a5d4e
[INFO] running `Command { std: "docker" "start" "-a" "d43154e76374e5a96b8993a388ff080636b4ffc99946063ac5043391263a5d4e", kill_on_drop: false }`
[INFO] running `Command { std: "docker" "inspect" "d43154e76374e5a96b8993a388ff080636b4ffc99946063ac5043391263a5d4e", kill_on_drop: false }`
[INFO] running `Command { std: "docker" "rm" "-f" "d43154e76374e5a96b8993a388ff080636b4ffc99946063ac5043391263a5d4e", kill_on_drop: false }`
[INFO] [stdout] d43154e76374e5a96b8993a388ff080636b4ffc99946063ac5043391263a5d4e
[INFO] running `Command { std: "docker" "create" "-v" "/var/lib/crater-agent-workspace/builds/worker-1-tc2/target:/opt/rustwide/target:rw,Z" "-v" "/var/lib/crater-agent-workspace/builds/worker-1-tc2/source:/opt/rustwide/workdir:ro,Z" "-v" "/var/lib/crater-agent-workspace/cargo-home:/opt/rustwide/cargo-home:ro,Z" "-v" "/var/lib/crater-agent-workspace/rustup-home:/opt/rustwide/rustup-home:ro,Z" "-e" "SOURCE_DIR=/opt/rustwide/workdir" "-e" "CARGO_TARGET_DIR=/opt/rustwide/target" "-e" "CARGO_INCREMENTAL=0" "-e" "RUST_BACKTRACE=full" "-e" "RUSTFLAGS=--cap-lints=warn" "-e" "RUSTDOCFLAGS=--cap-lints=warn" "-e" "CARGO_HOME=/opt/rustwide/cargo-home" "-e" "RUSTUP_HOME=/opt/rustwide/rustup-home" "-w" "/opt/rustwide/workdir" "-m" "1610612736" "--user" "0:0" "--network" "none" "ghcr.io/rust-lang/crates-build-env/linux@sha256:2788e3201cd34a07e3172128adcd8b3090168a8e3bcc40d7c032b9dda1df7d1c" "/opt/rustwide/cargo-home/bin/cargo" "+beta-2023-12-22" "build" "--frozen" "--message-format=json", kill_on_drop: false }`
[INFO] [stdout] 4385021b7d9f863ee4d216c34d15112b2e35eeb240e30185d1bc16146d3051a2
[INFO] running `Command { std: "docker" "start" "-a" "4385021b7d9f863ee4d216c34d15112b2e35eeb240e30185d1bc16146d3051a2", kill_on_drop: false }`
[INFO] [stderr]    Compiling aho-corasick v1.0.4
[INFO] [stderr]    Compiling regex-syntax v0.7.4
[INFO] [stderr]    Compiling either v1.9.0
[INFO] [stderr]    Compiling nom v7.1.3
[INFO] [stderr]    Compiling itertools v0.11.0
[INFO] [stderr]    Compiling regex-automata v0.3.6
[INFO] [stderr]    Compiling regex v1.9.3
[INFO] [stderr]    Compiling advent_of_code v0.1.0 (/opt/rustwide/workdir)
[INFO] [stdout] warning: unused import: `fmt::format`
[INFO] [stdout]  --> src/advent13/mod.rs:1:26
[INFO] [stdout]   |
[INFO] [stdout] 1 | use std::{cmp::Ordering, fmt::format, vec};
[INFO] [stdout]   |                          ^^^^^^^^^^^
[INFO] [stdout]   |
[INFO] [stdout]   = note: `#[warn(unused_imports)]` on by default
[INFO] [stdout] 
[INFO] [stdout] 
[INFO] [stdout] warning: unused imports: `HashSet`, `ops::Sub`
[INFO] [stdout]  --> src/advent16/ele_domain.rs:2:38
[INFO] [stdout]   |
[INFO] [stdout] 2 |     collections::{BTreeSet, HashMap, HashSet},
[INFO] [stdout]   |                                      ^^^^^^^
[INFO] [stdout] 3 |     ops::Sub,
[INFO] [stdout]   |     ^^^^^^^^
[INFO] [stdout] 
[INFO] [stdout] 
[INFO] [stdout] warning: type `pressure` should have an upper camel case name
[INFO] [stdout]   --> src/advent16/ele_domain.rs:10:6
[INFO] [stdout]    |
[INFO] [stdout] 10 | type pressure = u32;
[INFO] [stdout]    |      ^^^^^^^^ help: convert the identifier to upper camel case: `Pressure`
[INFO] [stdout]    |
[INFO] [stdout]    = note: `#[warn(non_camel_case_types)]` on by default
[INFO] [stdout] 
[INFO] [stdout] 
[INFO] [stdout] warning: type `weight` should have an upper camel case name
[INFO] [stdout]   --> src/advent16/ele_domain.rs:11:6
[INFO] [stdout]    |
[INFO] [stdout] 11 | type weight = u32;
[INFO] [stdout]    |      ^^^^^^ help: convert the identifier to upper camel case (notice the capitalization): `Weight`
[INFO] [stdout] 
[INFO] [stdout] 
[INFO] [stdout] warning: unused import: `crate::advent17::algo::*`
[INFO] [stdout]  --> src/advent17/mod.rs:4:5
[INFO] [stdout]   |
[INFO] [stdout] 4 | use crate::advent17::algo::*;
[INFO] [stdout]   |     ^^^^^^^^^^^^^^^^^^^^^^^^
[INFO] [stdout] 
[INFO] [stdout] 
[INFO] [stdout] warning: unused import: `crate::advent17::domain::*`
[INFO] [stdout]  --> src/advent17/mod.rs:5:5
[INFO] [stdout]   |
[INFO] [stdout] 5 | use crate::advent17::domain::*;
[INFO] [stdout]   |     ^^^^^^^^^^^^^^^^^^^^^^^^^^
[INFO] [stdout] 
[INFO] [stdout] 
[INFO] [stdout] error[E0053]: method `sub` has an incompatible type for trait
[INFO] [stdout]   --> src/advent17/domain.rs:92:25
[INFO] [stdout]    |
[INFO] [stdout] 92 |     fn sub(self, other: &Point) -> <Self as Add<Point>>::Output {
[INFO] [stdout]    |                         ^^^^^^
[INFO] [stdout]    |                         |
[INFO] [stdout]    |                         expected `Point`, found `&Point`
[INFO] [stdout]    |                         help: change the parameter type to match the trait: `Point`
[INFO] [stdout]    |
[INFO] [stdout]    = note: expected signature `fn(Point, Point) -> Point`
[INFO] [stdout]               found signature `fn(Point, &Point) -> Point`
[INFO] [stdout] 
[INFO] [stdout] 
[INFO] [stdout] error[E0053]: method `add` has an incompatible type for trait
[INFO] [stdout]    --> src/advent17/domain.rs:102:25
[INFO] [stdout]     |
[INFO] [stdout] 102 |     fn add(self, other: &Point) -> <Self as Add<Point>>::Output {
[INFO] [stdout]     |                         ^^^^^^
[INFO] [stdout]     |                         |
[INFO] [stdout]     |                         expected `Point`, found `&Point`
[INFO] [stdout]     |                         help: change the parameter type to match the trait: `Point`
[INFO] [stdout]     |
[INFO] [stdout]     = note: expected signature `fn(Point, Point) -> Point`
[INFO] [stdout]                found signature `fn(Point, &Point) -> Point`
[INFO] [stdout] 
[INFO] [stdout] 
[INFO] [stdout] error[E0369]: cannot add `Point` to `&Point`
[INFO] [stdout]   --> src/advent17/domain.rs:53:31
[INFO] [stdout]    |
[INFO] [stdout] 53 |         self.ref_pt = move_to + self.ref_pt;
[INFO] [stdout]    |                       ------- ^ ----------- Point
[INFO] [stdout]    |                       |
[INFO] [stdout]    |                       &Point
[INFO] [stdout] 
[INFO] [stdout] 
[INFO] [stdout] warning: unused import: `itertools::Itertools`
[INFO] [stdout]  --> src/advent16/ele_algo.rs:3:5
[INFO] [stdout]   |
[INFO] [stdout] 3 | use itertools::Itertools;
[INFO] [stdout]   |     ^^^^^^^^^^^^^^^^^^^^
[INFO] [stdout] 
[INFO] [stdout] 
[INFO] [stdout] error: aborting due to 3 previous errors; 7 warnings emitted
[INFO] [stdout] 
[INFO] [stdout] 
[INFO] [stdout] Some errors have detailed explanations: E0053, E0369.
[INFO] [stdout] 
[INFO] [stdout] For more information about an error, try `rustc --explain E0053`.
[INFO] [stdout] 
[INFO] [stderr] error: could not compile `advent_of_code` (bin "advent_of_code") due to 4 previous errors; 7 warnings emitted
[INFO] running `Command { std: "docker" "inspect" "4385021b7d9f863ee4d216c34d15112b2e35eeb240e30185d1bc16146d3051a2", kill_on_drop: false }`
[INFO] running `Command { std: "docker" "rm" "-f" "4385021b7d9f863ee4d216c34d15112b2e35eeb240e30185d1bc16146d3051a2", kill_on_drop: false }`
[INFO] [stdout] 4385021b7d9f863ee4d216c34d15112b2e35eeb240e30185d1bc16146d3051a2
