[INFO] cloning repository https://github.com/ChaosZhai/sqlite-rust
[INFO] running `Command { std: "git" "-c" "credential.helper=" "-c" "credential.helper=/workspace/cargo-home/bin/git-credential-null" "clone" "--bare" "https://github.com/ChaosZhai/sqlite-rust" "/workspace/cache/git-repos/https%3A%2F%2Fgithub.com%2FChaosZhai%2Fsqlite-rust", kill_on_drop: false }`
[INFO] [stderr] Cloning into bare repository '/workspace/cache/git-repos/https%3A%2F%2Fgithub.com%2FChaosZhai%2Fsqlite-rust'...
[INFO] running `Command { std: "git" "rev-parse" "HEAD", kill_on_drop: false }`
[INFO] [stdout] 1d4537c5b5a8ce2c7a913216208292ddf84c71e3
[INFO] testing ChaosZhai/sqlite-rust against 1.75.0 for beta-1.76-1
[INFO] running `Command { std: "git" "clone" "/workspace/cache/git-repos/https%3A%2F%2Fgithub.com%2FChaosZhai%2Fsqlite-rust" "/workspace/builds/worker-7-tc1/source", kill_on_drop: false }`
[INFO] [stderr] Cloning into '/workspace/builds/worker-7-tc1/source'...
[INFO] [stderr] done.
[INFO] validating manifest of git repo https://github.com/ChaosZhai/sqlite-rust on toolchain 1.75.0
[INFO] running `Command { std: CARGO_HOME="/workspace/cargo-home" RUSTUP_HOME="/workspace/rustup-home" "/workspace/cargo-home/bin/cargo" "+1.75.0" "metadata" "--manifest-path" "Cargo.toml" "--no-deps", kill_on_drop: false }`
[INFO] started tweaking git repo https://github.com/ChaosZhai/sqlite-rust
[INFO] finished tweaking git repo https://github.com/ChaosZhai/sqlite-rust
[INFO] tweaked toml for git repo https://github.com/ChaosZhai/sqlite-rust written to /workspace/builds/worker-7-tc1/source/Cargo.toml
[INFO] crate git repo https://github.com/ChaosZhai/sqlite-rust already has a lockfile, it will not be regenerated
[INFO] running `Command { std: CARGO_HOME="/workspace/cargo-home" RUSTUP_HOME="/workspace/rustup-home" "/workspace/cargo-home/bin/cargo" "+1.75.0" "fetch" "--manifest-path" "Cargo.toml", kill_on_drop: false }`
[INFO] [stderr]  Downloading crates ...
[INFO] [stderr]   Downloaded anyhow v1.0.59
[INFO] running `Command { std: "docker" "create" "-v" "/var/lib/crater-agent-workspace/builds/worker-7-tc1/target:/opt/rustwide/target:rw,Z" "-v" "/var/lib/crater-agent-workspace/builds/worker-7-tc1/source:/opt/rustwide/workdir:ro,Z" "-v" "/var/lib/crater-agent-workspace/cargo-home:/opt/rustwide/cargo-home:ro,Z" "-v" "/var/lib/crater-agent-workspace/rustup-home:/opt/rustwide/rustup-home:ro,Z" "-e" "SOURCE_DIR=/opt/rustwide/workdir" "-e" "CARGO_TARGET_DIR=/opt/rustwide/target" "-e" "CARGO_HOME=/opt/rustwide/cargo-home" "-e" "RUSTUP_HOME=/opt/rustwide/rustup-home" "-w" "/opt/rustwide/workdir" "-m" "1610612736" "--user" "0:0" "--network" "none" "ghcr.io/rust-lang/crates-build-env/linux@sha256:2788e3201cd34a07e3172128adcd8b3090168a8e3bcc40d7c032b9dda1df7d1c" "/opt/rustwide/cargo-home/bin/cargo" "+1.75.0" "metadata" "--no-deps" "--format-version=1", kill_on_drop: false }`
[INFO] [stdout] 96ab56bddfd9fb08a2e2fe4cb0410f5171807e90281363eba4b70c83bb224528
[INFO] running `Command { std: "docker" "start" "-a" "96ab56bddfd9fb08a2e2fe4cb0410f5171807e90281363eba4b70c83bb224528", kill_on_drop: false }`
[INFO] running `Command { std: "docker" "inspect" "96ab56bddfd9fb08a2e2fe4cb0410f5171807e90281363eba4b70c83bb224528", kill_on_drop: false }`
[INFO] running `Command { std: "docker" "rm" "-f" "96ab56bddfd9fb08a2e2fe4cb0410f5171807e90281363eba4b70c83bb224528", kill_on_drop: false }`
[INFO] [stdout] 96ab56bddfd9fb08a2e2fe4cb0410f5171807e90281363eba4b70c83bb224528
[INFO] running `Command { std: "docker" "create" "-v" "/var/lib/crater-agent-workspace/builds/worker-7-tc1/target:/opt/rustwide/target:rw,Z" "-v" "/var/lib/crater-agent-workspace/builds/worker-7-tc1/source:/opt/rustwide/workdir:ro,Z" "-v" "/var/lib/crater-agent-workspace/cargo-home:/opt/rustwide/cargo-home:ro,Z" "-v" "/var/lib/crater-agent-workspace/rustup-home:/opt/rustwide/rustup-home:ro,Z" "-e" "SOURCE_DIR=/opt/rustwide/workdir" "-e" "CARGO_TARGET_DIR=/opt/rustwide/target" "-e" "CARGO_INCREMENTAL=0" "-e" "RUST_BACKTRACE=full" "-e" "RUSTFLAGS=--cap-lints=warn" "-e" "RUSTDOCFLAGS=--cap-lints=warn" "-e" "CARGO_HOME=/opt/rustwide/cargo-home" "-e" "RUSTUP_HOME=/opt/rustwide/rustup-home" "-w" "/opt/rustwide/workdir" "-m" "1610612736" "--user" "0:0" "--network" "none" "ghcr.io/rust-lang/crates-build-env/linux@sha256:2788e3201cd34a07e3172128adcd8b3090168a8e3bcc40d7c032b9dda1df7d1c" "/opt/rustwide/cargo-home/bin/cargo" "+1.75.0" "build" "--frozen" "--message-format=json", kill_on_drop: false }`
[INFO] [stdout] 7c9143279e7a7dc7dc4ae23d295fd468dca1eedebe79eecc8d87f88855e05101
[INFO] running `Command { std: "docker" "start" "-a" "7c9143279e7a7dc7dc4ae23d295fd468dca1eedebe79eecc8d87f88855e05101", kill_on_drop: false }`
[INFO] [stderr]    Compiling proc-macro2 v1.0.29
[INFO] [stderr]    Compiling memchr v2.4.1
[INFO] [stderr]    Compiling syn v1.0.80
[INFO] [stderr]    Compiling anyhow v1.0.59
[INFO] [stderr]    Compiling peg-runtime v0.7.0
[INFO] [stderr]    Compiling regex-syntax v0.6.25
[INFO] [stderr]    Compiling minimal-lexical v0.1.3
[INFO] [stderr]    Compiling either v1.6.1
[INFO] [stderr]    Compiling nom v7.0.0
[INFO] [stderr]    Compiling itertools v0.10.3
[INFO] [stderr]    Compiling quote v1.0.9
[INFO] [stderr]    Compiling aho-corasick v0.7.18
[INFO] [stderr]    Compiling peg-macros v0.7.0
[INFO] [stderr]    Compiling regex v1.5.4
[INFO] [stderr]    Compiling peg v0.7.0
[INFO] [stderr]    Compiling thiserror-impl v1.0.32
[INFO] [stderr]    Compiling thiserror v1.0.32
[INFO] [stderr]    Compiling sqlite-starter-rust v0.1.0 (/opt/rustwide/workdir)
[INFO] [stdout] error[E0433]: failed to resolve: could not find `sqlitey` in the crate root
[INFO] [stdout]  --> src/main.rs:6:12
[INFO] [stdout]   |
[INFO] [stdout] 6 | use crate::sqlitey::database_header::Header;
[INFO] [stdout]   |            ^^^^^^^ could not find `sqlitey` in the crate root
[INFO] [stdout] 
[INFO] [stdout] 
[INFO] [stdout] error[E0433]: failed to resolve: could not find `sqlitey` in the crate root
[INFO] [stdout]  --> src/main.rs:7:12
[INFO] [stdout]   |
[INFO] [stdout] 7 | use crate::sqlitey::page_header::PageHeader;
[INFO] [stdout]   |            ^^^^^^^ could not find `sqlitey` in the crate root
[INFO] [stdout] 
[INFO] [stdout] 
[INFO] [stdout] error[E0425]: cannot find value `root_page_` in this scope
[INFO] [stdout]   --> src/schema.rs:22:9
[INFO] [stdout]    |
[INFO] [stdout] 5  |     root_page_: u8,
[INFO] [stdout]    |     -------------- a field by that name exists in `Self`
[INFO] [stdout] ...
[INFO] [stdout] 22 |         root_page_,
[INFO] [stdout]    |         ^^^^^^^^^^ help: a local variable with a similar name exists: `root_page`
[INFO] [stdout] 
[INFO] [stdout] 
[INFO] [stdout] error[E0423]: expected value, found macro `file`
[INFO] [stdout]   --> src/main.rs:22:5
[INFO] [stdout]    |
[INFO] [stdout] 22 |     file.read_to_end(&mut database)?;
[INFO] [stdout]    |     ^^^^ not a value
[INFO] [stdout] 
[INFO] [stdout] 
[INFO] [stdout] error[E0425]: cannot find function `parse_varint` in this scope
[INFO] [stdout]   --> src/main.rs:72:53
[INFO] [stdout]    |
[INFO] [stdout] 72 | ...                   let (_, offset) = parse_varint(stream);
[INFO] [stdout]    |                                         ^^^^^^^^^^^^ not found in this scope
[INFO] [stdout] 
[INFO] [stdout] 
[INFO] [stdout] error[E0425]: cannot find function `parse_varint` in this scope
[INFO] [stdout]   --> src/main.rs:73:62
[INFO] [stdout]    |
[INFO] [stdout] 73 | ...                   let (_rowid, read_bytes) = parse_varint(&stream[offset..]);
[INFO] [stdout]    |                                                  ^^^^^^^^^^^^ not found in this scope
[INFO] [stdout] 
[INFO] [stdout] 
[INFO] [stdout] error[E0425]: cannot find function `parse_record` in this scope
[INFO] [stdout]   --> src/main.rs:74:34
[INFO] [stdout]    |
[INFO] [stdout] 74 | ...                   parse_record(&stream[offset + read_bytes..], 5)
[INFO] [stdout]    |                       ^^^^^^^^^^^^ not found in this scope
[INFO] [stdout] 
[INFO] [stdout] 
[INFO] [stdout] error[E0609]: no field `table_name` on type `Schema`
[INFO] [stdout]   --> src/main.rs:75:103
[INFO] [stdout]    |
[INFO] [stdout] 75 | ...                   .map(|record| Schema::parse(record).expect("Invalid record").table_name)
[INFO] [stdout]    |                                                                                    ^^^^^^^^^^ unknown field
[INFO] [stdout] 
[INFO] [stdout] 
[INFO] [stdout] error: aborting due to 8 previous errors
[INFO] [stdout] 
[INFO] [stdout] 
[INFO] [stdout] Some errors have detailed explanations: E0423, E0425, E0433, E0609.
[INFO] [stdout] 
[INFO] [stdout] For more information about an error, try `rustc --explain E0423`.
[INFO] [stdout] 
[INFO] [stderr] error: could not compile `sqlite-starter-rust` (bin "sqlite-starter-rust") due to 9 previous errors
[INFO] running `Command { std: "docker" "inspect" "7c9143279e7a7dc7dc4ae23d295fd468dca1eedebe79eecc8d87f88855e05101", kill_on_drop: false }`
[INFO] running `Command { std: "docker" "rm" "-f" "7c9143279e7a7dc7dc4ae23d295fd468dca1eedebe79eecc8d87f88855e05101", kill_on_drop: false }`
[INFO] [stdout] 7c9143279e7a7dc7dc4ae23d295fd468dca1eedebe79eecc8d87f88855e05101
[INFO] testing ChaosZhai/sqlite-rust against beta-2023-12-22 for beta-1.76-1
[INFO] running `Command { std: "git" "clone" "/workspace/cache/git-repos/https%3A%2F%2Fgithub.com%2FChaosZhai%2Fsqlite-rust" "/workspace/builds/worker-7-tc2/source", kill_on_drop: false }`
[INFO] [stderr] Cloning into '/workspace/builds/worker-7-tc2/source'...
[INFO] [stderr] done.
[INFO] validating manifest of git repo https://github.com/ChaosZhai/sqlite-rust on toolchain beta-2023-12-22
[INFO] running `Command { std: CARGO_HOME="/workspace/cargo-home" RUSTUP_HOME="/workspace/rustup-home" "/workspace/cargo-home/bin/cargo" "+beta-2023-12-22" "metadata" "--manifest-path" "Cargo.toml" "--no-deps", kill_on_drop: false }`
[INFO] started tweaking git repo https://github.com/ChaosZhai/sqlite-rust
[INFO] finished tweaking git repo https://github.com/ChaosZhai/sqlite-rust
[INFO] tweaked toml for git repo https://github.com/ChaosZhai/sqlite-rust written to /workspace/builds/worker-7-tc2/source/Cargo.toml
[INFO] crate git repo https://github.com/ChaosZhai/sqlite-rust already has a lockfile, it will not be regenerated
[INFO] running `Command { std: CARGO_HOME="/workspace/cargo-home" RUSTUP_HOME="/workspace/rustup-home" "/workspace/cargo-home/bin/cargo" "+beta-2023-12-22" "fetch" "--manifest-path" "Cargo.toml", kill_on_drop: false }`
[INFO] running `Command { std: "docker" "create" "-v" "/var/lib/crater-agent-workspace/builds/worker-7-tc2/target:/opt/rustwide/target:rw,Z" "-v" "/var/lib/crater-agent-workspace/builds/worker-7-tc2/source:/opt/rustwide/workdir:ro,Z" "-v" "/var/lib/crater-agent-workspace/cargo-home:/opt/rustwide/cargo-home:ro,Z" "-v" "/var/lib/crater-agent-workspace/rustup-home:/opt/rustwide/rustup-home:ro,Z" "-e" "SOURCE_DIR=/opt/rustwide/workdir" "-e" "CARGO_TARGET_DIR=/opt/rustwide/target" "-e" "CARGO_HOME=/opt/rustwide/cargo-home" "-e" "RUSTUP_HOME=/opt/rustwide/rustup-home" "-w" "/opt/rustwide/workdir" "-m" "1610612736" "--user" "0:0" "--network" "none" "ghcr.io/rust-lang/crates-build-env/linux@sha256:2788e3201cd34a07e3172128adcd8b3090168a8e3bcc40d7c032b9dda1df7d1c" "/opt/rustwide/cargo-home/bin/cargo" "+beta-2023-12-22" "metadata" "--no-deps" "--format-version=1", kill_on_drop: false }`
[INFO] [stdout] d3c484972b76c0d7209fe78b78535687d4a7ad8f95a038cf34810e87fc41c65e
[INFO] running `Command { std: "docker" "start" "-a" "d3c484972b76c0d7209fe78b78535687d4a7ad8f95a038cf34810e87fc41c65e", kill_on_drop: false }`
[INFO] running `Command { std: "docker" "inspect" "d3c484972b76c0d7209fe78b78535687d4a7ad8f95a038cf34810e87fc41c65e", kill_on_drop: false }`
[INFO] running `Command { std: "docker" "rm" "-f" "d3c484972b76c0d7209fe78b78535687d4a7ad8f95a038cf34810e87fc41c65e", kill_on_drop: false }`
[INFO] [stdout] d3c484972b76c0d7209fe78b78535687d4a7ad8f95a038cf34810e87fc41c65e
[INFO] running `Command { std: "docker" "create" "-v" "/var/lib/crater-agent-workspace/builds/worker-7-tc2/target:/opt/rustwide/target:rw,Z" "-v" "/var/lib/crater-agent-workspace/builds/worker-7-tc2/source:/opt/rustwide/workdir:ro,Z" "-v" "/var/lib/crater-agent-workspace/cargo-home:/opt/rustwide/cargo-home:ro,Z" "-v" "/var/lib/crater-agent-workspace/rustup-home:/opt/rustwide/rustup-home:ro,Z" "-e" "SOURCE_DIR=/opt/rustwide/workdir" "-e" "CARGO_TARGET_DIR=/opt/rustwide/target" "-e" "CARGO_INCREMENTAL=0" "-e" "RUST_BACKTRACE=full" "-e" "RUSTFLAGS=--cap-lints=warn" "-e" "RUSTDOCFLAGS=--cap-lints=warn" "-e" "CARGO_HOME=/opt/rustwide/cargo-home" "-e" "RUSTUP_HOME=/opt/rustwide/rustup-home" "-w" "/opt/rustwide/workdir" "-m" "1610612736" "--user" "0:0" "--network" "none" "ghcr.io/rust-lang/crates-build-env/linux@sha256:2788e3201cd34a07e3172128adcd8b3090168a8e3bcc40d7c032b9dda1df7d1c" "/opt/rustwide/cargo-home/bin/cargo" "+beta-2023-12-22" "build" "--frozen" "--message-format=json", kill_on_drop: false }`
[INFO] [stdout] a05a1c2ae0997bfd8ce0901d306f82d254c5b46c6cd6220da9869ca400415272
[INFO] running `Command { std: "docker" "start" "-a" "a05a1c2ae0997bfd8ce0901d306f82d254c5b46c6cd6220da9869ca400415272", kill_on_drop: false }`
[INFO] [stderr]    Compiling proc-macro2 v1.0.29
[INFO] [stderr]    Compiling memchr v2.4.1
[INFO] [stderr]    Compiling syn v1.0.80
[INFO] [stderr]    Compiling anyhow v1.0.59
[INFO] [stderr]    Compiling peg-runtime v0.7.0
[INFO] [stderr]    Compiling regex-syntax v0.6.25
[INFO] [stderr]    Compiling either v1.6.1
[INFO] [stderr]    Compiling minimal-lexical v0.1.3
[INFO] [stderr]    Compiling nom v7.0.0
[INFO] [stderr]    Compiling itertools v0.10.3
[INFO] [stderr]    Compiling aho-corasick v0.7.18
[INFO] [stderr]    Compiling quote v1.0.9
[INFO] [stderr]    Compiling peg-macros v0.7.0
[INFO] [stderr]    Compiling regex v1.5.4
[INFO] [stderr]    Compiling peg v0.7.0
[INFO] [stderr]    Compiling thiserror-impl v1.0.32
[INFO] [stderr]    Compiling thiserror v1.0.32
[INFO] [stderr]    Compiling sqlite-starter-rust v0.1.0 (/opt/rustwide/workdir)
[INFO] [stdout] error[E0433]: failed to resolve: could not find `sqlitey` in the crate root
[INFO] [stdout]  --> src/main.rs:6:12
[INFO] [stdout]   |
[INFO] [stdout] 6 | use crate::sqlitey::database_header::Header;
[INFO] [stdout]   |            ^^^^^^^ could not find `sqlitey` in the crate root
[INFO] [stdout] 
[INFO] [stdout] 
[INFO] [stdout] error[E0433]: failed to resolve: could not find `sqlitey` in the crate root
[INFO] [stdout]  --> src/main.rs:7:12
[INFO] [stdout]   |
[INFO] [stdout] 7 | use crate::sqlitey::page_header::PageHeader;
[INFO] [stdout]   |            ^^^^^^^ could not find `sqlitey` in the crate root
[INFO] [stdout] 
[INFO] [stdout] 
[INFO] [stdout] error[E0425]: cannot find value `root_page_` in this scope
[INFO] [stdout]   --> src/schema.rs:22:9
[INFO] [stdout]    |
[INFO] [stdout] 5  |     root_page_: u8,
[INFO] [stdout]    |     -------------- a field by that name exists in `Self`
[INFO] [stdout] ...
[INFO] [stdout] 22 |         root_page_,
[INFO] [stdout]    |         ^^^^^^^^^^ help: a local variable with a similar name exists: `root_page`
[INFO] [stdout] 
[INFO] [stdout] 
[INFO] [stdout] error[E0423]: expected value, found macro `file`
[INFO] [stdout]   --> src/main.rs:22:5
[INFO] [stdout]    |
[INFO] [stdout] 22 |     file.read_to_end(&mut database)?;
[INFO] [stdout]    |     ^^^^ not a value
[INFO] [stdout] 
[INFO] [stdout] 
[INFO] [stdout] error[E0425]: cannot find function `parse_varint` in this scope
[INFO] [stdout]   --> src/main.rs:72:53
[INFO] [stdout]    |
[INFO] [stdout] 72 | ...                   let (_, offset) = parse_varint(stream);
[INFO] [stdout]    |                                         ^^^^^^^^^^^^ not found in this scope
[INFO] [stdout] 
[INFO] [stdout] 
[INFO] [stdout] error[E0425]: cannot find function `parse_varint` in this scope
[INFO] [stdout]   --> src/main.rs:73:62
[INFO] [stdout]    |
[INFO] [stdout] 73 | ...                   let (_rowid, read_bytes) = parse_varint(&stream[offset..]);
[INFO] [stdout]    |                                                  ^^^^^^^^^^^^ not found in this scope
[INFO] [stdout] 
[INFO] [stdout] 
[INFO] [stdout] error[E0425]: cannot find function `parse_record` in this scope
[INFO] [stdout]   --> src/main.rs:74:34
[INFO] [stdout]    |
[INFO] [stdout] 74 | ...                   parse_record(&stream[offset + read_bytes..], 5)
[INFO] [stdout]    |                       ^^^^^^^^^^^^ not found in this scope
[INFO] [stdout] 
[INFO] [stdout] 
[INFO] [stdout] error[E0609]: no field `table_name` on type `Schema`
[INFO] [stdout]   --> src/main.rs:75:103
[INFO] [stdout]    |
[INFO] [stdout] 75 | ...                   .map(|record| Schema::parse(record).expect("Invalid record").table_name)
[INFO] [stdout]    |                                                                                    ^^^^^^^^^^ unknown field
[INFO] [stdout] 
[INFO] [stdout] 
[INFO] [stdout] error: aborting due to 8 previous errors
[INFO] [stdout] 
[INFO] [stdout] 
[INFO] [stdout] Some errors have detailed explanations: E0423, E0425, E0433, E0609.
[INFO] [stdout] 
[INFO] [stdout] For more information about an error, try `rustc --explain E0423`.
[INFO] [stdout] 
[INFO] [stderr] error: could not compile `sqlite-starter-rust` (bin "sqlite-starter-rust") due to 9 previous errors
[INFO] running `Command { std: "docker" "inspect" "a05a1c2ae0997bfd8ce0901d306f82d254c5b46c6cd6220da9869ca400415272", kill_on_drop: false }`
[INFO] running `Command { std: "docker" "rm" "-f" "a05a1c2ae0997bfd8ce0901d306f82d254c5b46c6cd6220da9869ca400415272", kill_on_drop: false }`
[INFO] [stdout] a05a1c2ae0997bfd8ce0901d306f82d254c5b46c6cd6220da9869ca400415272
