[INFO] cloning repository https://github.com/Chabare/weather-rs
[INFO] running `Command { std: "git" "-c" "credential.helper=" "-c" "credential.helper=/workspace/cargo-home/bin/git-credential-null" "clone" "--bare" "https://github.com/Chabare/weather-rs" "/workspace/cache/git-repos/https%3A%2F%2Fgithub.com%2FChabare%2Fweather-rs", kill_on_drop: false }`
[INFO] [stderr] Cloning into bare repository '/workspace/cache/git-repos/https%3A%2F%2Fgithub.com%2FChabare%2Fweather-rs'...
[INFO] running `Command { std: "git" "rev-parse" "HEAD", kill_on_drop: false }`
[INFO] [stdout] 49599b5775382260543dcded65cb0fdb19cad776
[INFO] testing Chabare/weather-rs against 1.75.0 for beta-1.76-1
[INFO] running `Command { std: "git" "clone" "/workspace/cache/git-repos/https%3A%2F%2Fgithub.com%2FChabare%2Fweather-rs" "/workspace/builds/worker-5-tc1/source", kill_on_drop: false }`
[INFO] [stderr] Cloning into '/workspace/builds/worker-5-tc1/source'...
[INFO] [stderr] done.
[INFO] validating manifest of git repo https://github.com/Chabare/weather-rs on toolchain 1.75.0
[INFO] running `Command { std: CARGO_HOME="/workspace/cargo-home" RUSTUP_HOME="/workspace/rustup-home" "/workspace/cargo-home/bin/cargo" "+1.75.0" "metadata" "--manifest-path" "Cargo.toml" "--no-deps", kill_on_drop: false }`
[INFO] started tweaking git repo https://github.com/Chabare/weather-rs
[INFO] finished tweaking git repo https://github.com/Chabare/weather-rs
[INFO] tweaked toml for git repo https://github.com/Chabare/weather-rs written to /workspace/builds/worker-5-tc1/source/Cargo.toml
[INFO] crate git repo https://github.com/Chabare/weather-rs already has a lockfile, it will not be regenerated
[INFO] running `Command { std: CARGO_HOME="/workspace/cargo-home" RUSTUP_HOME="/workspace/rustup-home" "/workspace/cargo-home/bin/cargo" "+1.75.0" "fetch" "--manifest-path" "Cargo.toml", kill_on_drop: false }`
[INFO] [stderr]  Downloading crates ...
[INFO] [stderr]   Downloaded quote v0.4.2
[INFO] [stderr]   Downloaded crossbeam-deque v0.3.0
[INFO] [stderr]   Downloaded serde_json v1.0.10
[INFO] [stderr]   Downloaded reqwest v0.8.5
[INFO] [stderr]   Downloaded proc-macro2 v0.2.3
[INFO] [stderr]   Downloaded schannel v0.1.11
[INFO] [stderr]   Downloaded tokio-executor v0.1.0
[INFO] [stderr]   Downloaded tokio-io v0.1.6
[INFO] [stderr]   Downloaded tokio-threadpool v0.1.0
[INFO] [stderr]   Downloaded openssl-sys v0.9.27
[INFO] [stderr]   Downloaded num-traits v0.2.1
[INFO] [stderr]   Downloaded scoped-tls v0.1.1
[INFO] [stderr]   Downloaded tempdir v0.3.6
[INFO] [stderr]   Downloaded futures v0.1.18
[INFO] [stderr]   Downloaded libc v0.2.39
[INFO] [stderr]   Downloaded chrono v0.4.0
[INFO] [stderr]   Downloaded serde v1.0.29
[INFO] [stderr]   Downloaded syn v0.12.14
[INFO] [stderr]   Downloaded hyper v0.11.22
[INFO] [stderr]   Downloaded remove_dir_all v0.3.0
[INFO] [stderr]   Downloaded serde_derive v1.0.29
[INFO] [stderr]   Downloaded httparse v1.2.4
[INFO] [stderr]   Downloaded crossbeam-epoch v0.4.0
[INFO] [stderr]   Downloaded serde_derive_internals v0.20.0
[INFO] [stderr]   Downloaded tokio-reactor v0.1.0
[INFO] [stderr]   Downloaded cc v1.0.6
[INFO] [stderr]   Downloaded tokio-core v0.1.13
[INFO] [stderr]   Downloaded tokio v0.1.2
[INFO] running `Command { std: "docker" "create" "-v" "/var/lib/crater-agent-workspace/builds/worker-5-tc1/target:/opt/rustwide/target:rw,Z" "-v" "/var/lib/crater-agent-workspace/builds/worker-5-tc1/source:/opt/rustwide/workdir:ro,Z" "-v" "/var/lib/crater-agent-workspace/cargo-home:/opt/rustwide/cargo-home:ro,Z" "-v" "/var/lib/crater-agent-workspace/rustup-home:/opt/rustwide/rustup-home:ro,Z" "-e" "SOURCE_DIR=/opt/rustwide/workdir" "-e" "CARGO_TARGET_DIR=/opt/rustwide/target" "-e" "CARGO_HOME=/opt/rustwide/cargo-home" "-e" "RUSTUP_HOME=/opt/rustwide/rustup-home" "-w" "/opt/rustwide/workdir" "-m" "1610612736" "--user" "0:0" "--network" "none" "ghcr.io/rust-lang/crates-build-env/linux@sha256:2788e3201cd34a07e3172128adcd8b3090168a8e3bcc40d7c032b9dda1df7d1c" "/opt/rustwide/cargo-home/bin/cargo" "+1.75.0" "metadata" "--no-deps" "--format-version=1", kill_on_drop: false }`
[INFO] [stdout] 8e2f8952633a0965f3275cfe458ed0288b1ec68cb0182b1dccbf8c41e1e60741
[INFO] running `Command { std: "docker" "start" "-a" "8e2f8952633a0965f3275cfe458ed0288b1ec68cb0182b1dccbf8c41e1e60741", kill_on_drop: false }`
[INFO] running `Command { std: "docker" "inspect" "8e2f8952633a0965f3275cfe458ed0288b1ec68cb0182b1dccbf8c41e1e60741", kill_on_drop: false }`
[INFO] running `Command { std: "docker" "rm" "-f" "8e2f8952633a0965f3275cfe458ed0288b1ec68cb0182b1dccbf8c41e1e60741", kill_on_drop: false }`
[INFO] [stdout] 8e2f8952633a0965f3275cfe458ed0288b1ec68cb0182b1dccbf8c41e1e60741
[INFO] running `Command { std: "docker" "create" "-v" "/var/lib/crater-agent-workspace/builds/worker-5-tc1/target:/opt/rustwide/target:rw,Z" "-v" "/var/lib/crater-agent-workspace/builds/worker-5-tc1/source:/opt/rustwide/workdir:ro,Z" "-v" "/var/lib/crater-agent-workspace/cargo-home:/opt/rustwide/cargo-home:ro,Z" "-v" "/var/lib/crater-agent-workspace/rustup-home:/opt/rustwide/rustup-home:ro,Z" "-e" "SOURCE_DIR=/opt/rustwide/workdir" "-e" "CARGO_TARGET_DIR=/opt/rustwide/target" "-e" "CARGO_INCREMENTAL=0" "-e" "RUST_BACKTRACE=full" "-e" "RUSTFLAGS=--cap-lints=warn" "-e" "RUSTDOCFLAGS=--cap-lints=warn" "-e" "CARGO_HOME=/opt/rustwide/cargo-home" "-e" "RUSTUP_HOME=/opt/rustwide/rustup-home" "-w" "/opt/rustwide/workdir" "-m" "1610612736" "--user" "0:0" "--network" "none" "ghcr.io/rust-lang/crates-build-env/linux@sha256:2788e3201cd34a07e3172128adcd8b3090168a8e3bcc40d7c032b9dda1df7d1c" "/opt/rustwide/cargo-home/bin/cargo" "+1.75.0" "build" "--frozen" "--message-format=json", kill_on_drop: false }`
[INFO] [stdout] f32c679c1d88ae5ca24fe07524dec10fa18739cc41a87215f3c0d6fe4abf5d69
[INFO] running `Command { std: "docker" "start" "-a" "f32c679c1d88ae5ca24fe07524dec10fa18739cc41a87215f3c0d6fe4abf5d69", kill_on_drop: false }`
[INFO] [stderr]    Compiling libc v0.2.39
[INFO] [stderr]    Compiling cfg-if v0.1.2
[INFO] [stderr]    Compiling version_check v0.1.3
[INFO] [stderr]    Compiling futures v0.1.18
[INFO] [stderr]    Compiling byteorder v1.2.1
[INFO] [stderr]    Compiling nodrop v0.1.12
[INFO] [stderr]    Compiling lazy_static v0.2.11
[INFO] [stderr]    Compiling scopeguard v0.3.3
[INFO] [stderr]    Compiling memoffset v0.2.1
[INFO] [stderr]    Compiling pkg-config v0.3.9
[INFO] [stderr]    Compiling slab v0.4.0
[INFO] [stderr]    Compiling cc v1.0.6
[INFO] [stderr]    Compiling lazycell v0.6.0
[INFO] [stderr]    Compiling siphasher v0.2.2
[INFO] [stderr]    Compiling scoped-tls v0.1.1
[INFO] [stderr]    Compiling openssl v0.9.24
[INFO] [stderr]    Compiling log v0.4.1
[INFO] [stderr]    Compiling arrayvec v0.4.7
[INFO] [stderr]    Compiling crossbeam-utils v0.2.2
[INFO] [stderr]    Compiling num-traits v0.2.1
[INFO] [stderr]    Compiling lazy_static v1.0.0
[INFO] [stderr]    Compiling matches v0.1.6
[INFO] [stderr]    Compiling unicode-xid v0.1.0
[INFO] [stderr]    Compiling bitflags v0.9.1
[INFO] [stderr]    Compiling build_const v0.2.0
[INFO] [stderr]    Compiling percent-encoding v1.0.1
[INFO] [stderr]    Compiling unicode-bidi v0.3.4
[INFO] [stderr]    Compiling log v0.3.9
[INFO] [stderr]    Compiling proc-macro2 v0.2.3
[INFO] [stderr]    Compiling take v0.1.0
[INFO] [stderr]    Compiling unicode-normalization v0.1.5
[INFO] [stderr]    Compiling slab v0.3.0
[INFO] [stderr]    Compiling unicase v1.4.2
[INFO] [stderr]    Compiling unicase v2.1.0
[INFO] [stderr]    Compiling crossbeam-epoch v0.4.0
[INFO] [stderr]    Compiling crc v1.7.0
[INFO] [stderr]    Compiling smallvec v0.2.1
[INFO] [stderr]    Compiling safemem v0.2.0
[INFO] [stderr]    Compiling itoa v0.3.4
[INFO] [stderr]    Compiling httparse v1.2.4
[INFO] [stderr]    Compiling base64 v0.9.0
[INFO] [stderr]    Compiling serde v1.0.29
[INFO] [stderr]    Compiling rand v0.4.2
[INFO] [stderr]    Compiling iovec v0.1.2
[INFO] [stderr]    Compiling num_cpus v1.8.0
[INFO] [stderr]    Compiling net2 v0.2.32
[INFO] [stderr]    Compiling bytes v0.4.6
[INFO] [stderr]    Compiling crossbeam-deque v0.3.0
[INFO] [stderr]    Compiling phf_shared v0.7.21
[INFO] [stderr]    Compiling time v0.1.39
[INFO] [stderr]    Compiling num-integer v0.1.36
[INFO] [stderr]    Compiling idna v0.1.4
[INFO] [stderr]    Compiling quote v0.4.2
[INFO] [stderr]    Compiling mio v0.6.14
[INFO] [stderr]    Compiling dtoa v0.4.2
[INFO] [stderr]    Compiling mime v0.3.5
[INFO] [stderr]    Compiling language-tags v0.2.2
[INFO] [stderr]    Compiling syn v0.12.14
[INFO] [stderr]    Compiling num-iter v0.1.35
[INFO] [stderr]    Compiling phf v0.7.21
[INFO] [stderr]    Compiling adler32 v1.0.2
[INFO] [stderr]    Compiling encoding_rs v0.7.2
[INFO] [stderr]    Compiling openssl-sys v0.9.27
[INFO] [stderr]    Compiling num v0.1.42
[INFO] [stderr]    Compiling libflate v0.1.14
[INFO] [stderr]    Compiling chrono v0.4.0
[INFO] [stderr]    Compiling rand v0.3.22
[INFO] [stderr]    Compiling phf_generator v0.7.21
[INFO] [stderr]    Compiling uuid v0.5.1
[INFO] [stderr]    Compiling tokio-executor v0.1.0
[INFO] [stderr]    Compiling tokio-io v0.1.6
[INFO] [stderr]    Compiling tokio-service v0.1.0
[INFO] [stderr]    Compiling phf_codegen v0.7.21
[INFO] [stderr]    Compiling futures-cpupool v0.1.8
[INFO] [stderr]    Compiling relay v0.1.1
[INFO] [stderr]    Compiling tokio-threadpool v0.1.0
[INFO] [stderr]    Compiling url v1.7.0
[INFO] [stderr]    Compiling mime_guess v2.0.0-alpha.4
[INFO] [stderr]    Compiling tokio-reactor v0.1.0
[INFO] [stderr] error: failed to run custom build command for `openssl-sys v0.9.27`
[INFO] [stderr] note: To improve backtraces for build dependencies, set the CARGO_PROFILE_DEV_BUILD_OVERRIDE_DEBUG=true environment variable to enable debug information generation.
[INFO] [stderr] 
[INFO] [stderr] Caused by:
[INFO] [stderr]   process didn't exit successfully: `/opt/rustwide/target/debug/build/openssl-sys-b126aa3f86c6d97b/build-script-build` (exit status: 101)
[INFO] [stderr]   --- stdout
[INFO] [stderr]   cargo:rerun-if-env-changed=X86_64_UNKNOWN_LINUX_GNU_OPENSSL_LIB_DIR
[INFO] [stderr]   cargo:rerun-if-env-changed=OPENSSL_LIB_DIR
[INFO] [stderr]   cargo:rerun-if-env-changed=X86_64_UNKNOWN_LINUX_GNU_OPENSSL_INCLUDE_DIR
[INFO] [stderr]   cargo:rerun-if-env-changed=OPENSSL_INCLUDE_DIR
[INFO] [stderr]   cargo:rerun-if-env-changed=X86_64_UNKNOWN_LINUX_GNU_OPENSSL_DIR
[INFO] [stderr]   cargo:rerun-if-env-changed=OPENSSL_DIR
[INFO] [stderr]   cargo:rustc-link-lib=ssl
[INFO] [stderr]   cargo:rustc-link-lib=crypto
[INFO] [stderr]   OPT_LEVEL = Some("0")
[INFO] [stderr]   TARGET = Some("x86_64-unknown-linux-gnu")
[INFO] [stderr]   HOST = Some("x86_64-unknown-linux-gnu")
[INFO] [stderr]   TARGET = Some("x86_64-unknown-linux-gnu")
[INFO] [stderr]   TARGET = Some("x86_64-unknown-linux-gnu")
[INFO] [stderr]   HOST = Some("x86_64-unknown-linux-gnu")
[INFO] [stderr]   CC_x86_64-unknown-linux-gnu = None
[INFO] [stderr]   CC_x86_64_unknown_linux_gnu = None
[INFO] [stderr]   HOST_CC = None
[INFO] [stderr]   CC = None
[INFO] [stderr]   HOST = Some("x86_64-unknown-linux-gnu")
[INFO] [stderr]   TARGET = Some("x86_64-unknown-linux-gnu")
[INFO] [stderr]   HOST = Some("x86_64-unknown-linux-gnu")
[INFO] [stderr]   CFLAGS_x86_64-unknown-linux-gnu = None
[INFO] [stderr]   CFLAGS_x86_64_unknown_linux_gnu = None
[INFO] [stderr]   HOST_CFLAGS = None
[INFO] [stderr]   CFLAGS = None
[INFO] [stderr]   DEBUG = Some("true")
[INFO] [stderr]   running: "cc" "-O0" "-ffunction-sections" "-fdata-sections" "-fPIC" "-g" "-m64" "-Wall" "-Wextra" "-E" "/opt/rustwide/target/debug/build/openssl-sys-491c79e397bb4e6c/out/expando.c"
[INFO] [stderr]   exit status: 0
[INFO] [stderr]   cargo:rustc-cfg=osslconf="OPENSSL_NO_SSL3_METHOD"
[INFO] [stderr]   cargo:conf=OPENSSL_NO_SSL3_METHOD
[INFO] [stderr] 
[INFO] [stderr]   --- stderr
[INFO] [stderr]   thread 'main' panicked at /opt/rustwide/cargo-home/registry/src/index.crates.io-6f17d22bba15001f/openssl-sys-0.9.27/build.rs:500:9:
[INFO] [stderr] 
[INFO] [stderr] 
[INFO] [stderr]   This crate is only compatible with OpenSSL 1.0.1 through 1.1.1, or LibreSSL 2.5
[INFO] [stderr]   and 2.6, but a different version of OpenSSL was found. The build is now aborting
[INFO] [stderr]   due to this version mismatch.
[INFO] [stderr] 
[INFO] [stderr] 
[INFO] [stderr]   stack backtrace:
[INFO] [stderr]      0:     0x558f4989da8c - std::backtrace_rs::backtrace::libunwind::trace::ha637c64ce894333a
[INFO] [stderr]                                  at /rustc/82e1608dfa6e0b5569232559e3d385fea5a93112/library/std/src/../../backtrace/src/backtrace/libunwind.rs:104:5
[INFO] [stderr]      1:     0x558f4989da8c - std::backtrace_rs::backtrace::trace_unsynchronized::h47f62dea28e0c88d
[INFO] [stderr]                                  at /rustc/82e1608dfa6e0b5569232559e3d385fea5a93112/library/std/src/../../backtrace/src/backtrace/mod.rs:66:5
[INFO] [stderr]      2:     0x558f4989da8c - std::sys_common::backtrace::_print_fmt::h9eef0abe20ede486
[INFO] [stderr]                                  at /rustc/82e1608dfa6e0b5569232559e3d385fea5a93112/library/std/src/sys_common/backtrace.rs:67:5
[INFO] [stderr]      3:     0x558f4989da8c - <std::sys_common::backtrace::_print::DisplayBacktrace as core::fmt::Display>::fmt::hed7f999df88cc644
[INFO] [stderr]                                  at /rustc/82e1608dfa6e0b5569232559e3d385fea5a93112/library/std/src/sys_common/backtrace.rs:44:22
[INFO] [stderr]      4:     0x558f498c3b10 - core::fmt::rt::Argument::fmt::h1539a9308b8d058d
[INFO] [stderr]                                  at /rustc/82e1608dfa6e0b5569232559e3d385fea5a93112/library/core/src/fmt/rt.rs:142:9
[INFO] [stderr]      5:     0x558f498c3b10 - core::fmt::write::h3a39390d8560d9c9
[INFO] [stderr]                                  at /rustc/82e1608dfa6e0b5569232559e3d385fea5a93112/library/core/src/fmt/mod.rs:1120:17
[INFO] [stderr]      6:     0x558f4989b3cf - std::io::Write::write_fmt::h5fc9997dfe05f882
[INFO] [stderr]                                  at /rustc/82e1608dfa6e0b5569232559e3d385fea5a93112/library/std/src/io/mod.rs:1762:15
[INFO] [stderr]      7:     0x558f4989d874 - std::sys_common::backtrace::_print::h894006fb5c6f3d45
[INFO] [stderr]                                  at /rustc/82e1608dfa6e0b5569232559e3d385fea5a93112/library/std/src/sys_common/backtrace.rs:47:5
[INFO] [stderr]      8:     0x558f4989d874 - std::sys_common::backtrace::print::h23a2d212c6fff936
[INFO] [stderr]                                  at /rustc/82e1608dfa6e0b5569232559e3d385fea5a93112/library/std/src/sys_common/backtrace.rs:34:9
[INFO] [stderr]      9:     0x558f4989f087 - std::panicking::default_hook::{{closure}}::h8a1d2ee00185001a
[INFO] [stderr]     10:     0x558f4989edef - std::panicking::default_hook::h6038f2eba384e475
[INFO] [stderr]                                  at /rustc/82e1608dfa6e0b5569232559e3d385fea5a93112/library/std/src/panicking.rs:292:9
[INFO] [stderr]     11:     0x558f4989f508 - std::panicking::rust_panic_with_hook::h2b5517d590cab22e
[INFO] [stderr]                                  at /rustc/82e1608dfa6e0b5569232559e3d385fea5a93112/library/std/src/panicking.rs:779:13
[INFO] [stderr]     12:     0x558f4986ac7e - std::panicking::begin_panic::{{closure}}::ha996ccef0a47f248
[INFO] [stderr]     13:     0x558f49868eea - std::sys_common::backtrace::__rust_end_short_backtrace::h5b34f23062f152da
[INFO] [stderr]     14:     0x558f4986abfb - std::panicking::begin_panic::hac2f82d6d6ece7b6
[INFO] [stderr]     15:     0x558f49839ce8 - build_script_build::validate_headers::hd46f932c155f165a
[INFO] [stderr]     16:     0x558f49838c4f - build_script_build::try_pkg_config::h55c159a6f291b075
[INFO] [stderr]     17:     0x558f49837da4 - build_script_build::find_openssl_dir::h48ea4f9055b2d63a
[INFO] [stderr]     18:     0x558f49837c18 - build_script_build::main::{{closure}}::h9a7c3cf32cba8e74
[INFO] [stderr]     19:     0x558f49830709 - core::option::Option<T>::unwrap_or_else::h21b211526a0c776c
[INFO] [stderr]     20:     0x558f49836c81 - build_script_build::main::h5b558c11d5e4962f
[INFO] [stderr]     21:     0x558f4982f333 - core::ops::function::FnOnce::call_once::h9761b54f5213ae92
[INFO] [stderr]     22:     0x558f4982e8b6 - std::sys_common::backtrace::__rust_begin_short_backtrace::hcd324e3ed2af1705
[INFO] [stderr]     23:     0x558f4982ea99 - std::rt::lang_start::{{closure}}::h48d02bfbc66641e1
[INFO] [stderr]     24:     0x558f49897917 - core::ops::function::impls::<impl core::ops::function::FnOnce<A> for &F>::call_once::hd95060ecd5e1ca24
[INFO] [stderr]                                  at /rustc/82e1608dfa6e0b5569232559e3d385fea5a93112/library/core/src/ops/function.rs:284:13
[INFO] [stderr]     25:     0x558f49897917 - std::panicking::try::do_call::h6e8cf51db32a6e4b
[INFO] [stderr]                                  at /rustc/82e1608dfa6e0b5569232559e3d385fea5a93112/library/std/src/panicking.rs:552:40
[INFO] [stderr]     26:     0x558f49897917 - std::panicking::try::h3a52eefe24fe3c29
[INFO] [stderr]                                  at /rustc/82e1608dfa6e0b5569232559e3d385fea5a93112/library/std/src/panicking.rs:516:19
[INFO] [stderr]     27:     0x558f49897917 - std::panic::catch_unwind::h24c28c23c02c3841
[INFO] [stderr]                                  at /rustc/82e1608dfa6e0b5569232559e3d385fea5a93112/library/std/src/panic.rs:142:14
[INFO] [stderr]     28:     0x558f49897917 - std::rt::lang_start_internal::{{closure}}::h705d3c9cbc06ef47
[INFO] [stderr]                                  at /rustc/82e1608dfa6e0b5569232559e3d385fea5a93112/library/std/src/rt.rs:148:48
[INFO] [stderr]     29:     0x558f49897917 - std::panicking::try::do_call::ha21f52ba13158470
[INFO] [stderr]                                  at /rustc/82e1608dfa6e0b5569232559e3d385fea5a93112/library/std/src/panicking.rs:552:40
[INFO] [stderr]     30:     0x558f49897917 - std::panicking::try::h5581346bf6aeb1f8
[INFO] [stderr]                                  at /rustc/82e1608dfa6e0b5569232559e3d385fea5a93112/library/std/src/panicking.rs:516:19
[INFO] [stderr]     31:     0x558f49897917 - std::panic::catch_unwind::h7919645a6b72e25b
[INFO] [stderr]                                  at /rustc/82e1608dfa6e0b5569232559e3d385fea5a93112/library/std/src/panic.rs:142:14
[INFO] [stderr]     32:     0x558f49897917 - std::rt::lang_start_internal::h12de51168669836e
[INFO] [stderr]                                  at /rustc/82e1608dfa6e0b5569232559e3d385fea5a93112/library/std/src/rt.rs:148:20
[INFO] [stderr]     33:     0x558f4982ea77 - std::rt::lang_start::h40d7bfa41648a461
[INFO] [stderr]     34:     0x558f4983b6e5 - main
[INFO] [stderr]     35:     0x7fbfa2f7fd90 - <unknown>
[INFO] [stderr]     36:     0x7fbfa2f7fe40 - __libc_start_main
[INFO] [stderr]     37:     0x558f4982de95 - _start
[INFO] [stderr]     38:                0x0 - <unknown>
[INFO] [stderr] warning: build failed, waiting for other jobs to finish...
[INFO] [stdout] error[E0713]: borrow may still be in use when destructor runs
[INFO] [stdout]    --> /opt/rustwide/cargo-home/registry/src/index.crates.io-6f17d22bba15001f/url-1.7.0/src/form_urlencoded.rs:261:40
[INFO] [stdout]     |
[INFO] [stdout] 259 | impl<'a> Target for ::UrlQuery<'a> {
[INFO] [stdout]     |      -- lifetime `'a` defined here
[INFO] [stdout] 260 |     fn as_mut_string(&mut self) -> &mut String { &mut self.url.serialization }
[INFO] [stdout] 261 |     fn finish(self) -> &'a mut ::Url { self.url }
[INFO] [stdout]     |                                        ^^^^^^^^ - here, drop of `self` needs exclusive access to `*self.url`, because the type `UrlQuery<'_>` implements the `Drop` trait
[INFO] [stdout]     |                                        |
[INFO] [stdout]     |                                        returning this value requires that `*self.url` is borrowed for `'a`
[INFO] [stdout] 
[INFO] [stdout] 
[INFO] [stdout] error: aborting due to previous error
[INFO] [stdout] 
[INFO] [stdout] 
[INFO] [stdout] For more information about this error, try `rustc --explain E0713`.
[INFO] [stdout] 
[INFO] [stderr] error: could not compile `url` (lib) due to 2 previous errors
[INFO] running `Command { std: "docker" "inspect" "f32c679c1d88ae5ca24fe07524dec10fa18739cc41a87215f3c0d6fe4abf5d69", kill_on_drop: false }`
[INFO] running `Command { std: "docker" "rm" "-f" "f32c679c1d88ae5ca24fe07524dec10fa18739cc41a87215f3c0d6fe4abf5d69", kill_on_drop: false }`
[INFO] [stdout] f32c679c1d88ae5ca24fe07524dec10fa18739cc41a87215f3c0d6fe4abf5d69
[INFO] testing Chabare/weather-rs against beta-2023-12-22 for beta-1.76-1
[INFO] running `Command { std: "git" "clone" "/workspace/cache/git-repos/https%3A%2F%2Fgithub.com%2FChabare%2Fweather-rs" "/workspace/builds/worker-5-tc2/source", kill_on_drop: false }`
[INFO] [stderr] Cloning into '/workspace/builds/worker-5-tc2/source'...
[INFO] [stderr] done.
[INFO] validating manifest of git repo https://github.com/Chabare/weather-rs on toolchain beta-2023-12-22
[INFO] running `Command { std: CARGO_HOME="/workspace/cargo-home" RUSTUP_HOME="/workspace/rustup-home" "/workspace/cargo-home/bin/cargo" "+beta-2023-12-22" "metadata" "--manifest-path" "Cargo.toml" "--no-deps", kill_on_drop: false }`
[INFO] started tweaking git repo https://github.com/Chabare/weather-rs
[INFO] finished tweaking git repo https://github.com/Chabare/weather-rs
[INFO] tweaked toml for git repo https://github.com/Chabare/weather-rs written to /workspace/builds/worker-5-tc2/source/Cargo.toml
[INFO] crate git repo https://github.com/Chabare/weather-rs already has a lockfile, it will not be regenerated
[INFO] running `Command { std: CARGO_HOME="/workspace/cargo-home" RUSTUP_HOME="/workspace/rustup-home" "/workspace/cargo-home/bin/cargo" "+beta-2023-12-22" "fetch" "--manifest-path" "Cargo.toml", kill_on_drop: false }`
[INFO] running `Command { std: "docker" "create" "-v" "/var/lib/crater-agent-workspace/builds/worker-5-tc2/target:/opt/rustwide/target:rw,Z" "-v" "/var/lib/crater-agent-workspace/builds/worker-5-tc2/source:/opt/rustwide/workdir:ro,Z" "-v" "/var/lib/crater-agent-workspace/cargo-home:/opt/rustwide/cargo-home:ro,Z" "-v" "/var/lib/crater-agent-workspace/rustup-home:/opt/rustwide/rustup-home:ro,Z" "-e" "SOURCE_DIR=/opt/rustwide/workdir" "-e" "CARGO_TARGET_DIR=/opt/rustwide/target" "-e" "CARGO_HOME=/opt/rustwide/cargo-home" "-e" "RUSTUP_HOME=/opt/rustwide/rustup-home" "-w" "/opt/rustwide/workdir" "-m" "1610612736" "--user" "0:0" "--network" "none" "ghcr.io/rust-lang/crates-build-env/linux@sha256:2788e3201cd34a07e3172128adcd8b3090168a8e3bcc40d7c032b9dda1df7d1c" "/opt/rustwide/cargo-home/bin/cargo" "+beta-2023-12-22" "metadata" "--no-deps" "--format-version=1", kill_on_drop: false }`
[INFO] [stdout] 769204fab018acdaee482a9b42ee7d8041478ab50dbd23424e25720a804a6b07
[INFO] running `Command { std: "docker" "start" "-a" "769204fab018acdaee482a9b42ee7d8041478ab50dbd23424e25720a804a6b07", kill_on_drop: false }`
[INFO] running `Command { std: "docker" "inspect" "769204fab018acdaee482a9b42ee7d8041478ab50dbd23424e25720a804a6b07", kill_on_drop: false }`
[INFO] running `Command { std: "docker" "rm" "-f" "769204fab018acdaee482a9b42ee7d8041478ab50dbd23424e25720a804a6b07", kill_on_drop: false }`
[INFO] [stdout] 769204fab018acdaee482a9b42ee7d8041478ab50dbd23424e25720a804a6b07
[INFO] running `Command { std: "docker" "create" "-v" "/var/lib/crater-agent-workspace/builds/worker-5-tc2/target:/opt/rustwide/target:rw,Z" "-v" "/var/lib/crater-agent-workspace/builds/worker-5-tc2/source:/opt/rustwide/workdir:ro,Z" "-v" "/var/lib/crater-agent-workspace/cargo-home:/opt/rustwide/cargo-home:ro,Z" "-v" "/var/lib/crater-agent-workspace/rustup-home:/opt/rustwide/rustup-home:ro,Z" "-e" "SOURCE_DIR=/opt/rustwide/workdir" "-e" "CARGO_TARGET_DIR=/opt/rustwide/target" "-e" "CARGO_INCREMENTAL=0" "-e" "RUST_BACKTRACE=full" "-e" "RUSTFLAGS=--cap-lints=warn" "-e" "RUSTDOCFLAGS=--cap-lints=warn" "-e" "CARGO_HOME=/opt/rustwide/cargo-home" "-e" "RUSTUP_HOME=/opt/rustwide/rustup-home" "-w" "/opt/rustwide/workdir" "-m" "1610612736" "--user" "0:0" "--network" "none" "ghcr.io/rust-lang/crates-build-env/linux@sha256:2788e3201cd34a07e3172128adcd8b3090168a8e3bcc40d7c032b9dda1df7d1c" "/opt/rustwide/cargo-home/bin/cargo" "+beta-2023-12-22" "build" "--frozen" "--message-format=json", kill_on_drop: false }`
[INFO] [stdout] f63f193e8a49dc7b7664ef16cdf025bb13938eb47fadb0bf09c66c143a235d09
[INFO] running `Command { std: "docker" "start" "-a" "f63f193e8a49dc7b7664ef16cdf025bb13938eb47fadb0bf09c66c143a235d09", kill_on_drop: false }`
[INFO] [stderr]    Compiling libc v0.2.39
[INFO] [stderr]    Compiling cfg-if v0.1.2
[INFO] [stderr]    Compiling version_check v0.1.3
[INFO] [stderr]    Compiling futures v0.1.18
[INFO] [stderr]    Compiling byteorder v1.2.1
[INFO] [stderr]    Compiling lazy_static v0.2.11
[INFO] [stderr]    Compiling nodrop v0.1.12
[INFO] [stderr]    Compiling memoffset v0.2.1
[INFO] [stderr]    Compiling scopeguard v0.3.3
[INFO] [stderr]    Compiling cc v1.0.6
[INFO] [stderr]    Compiling pkg-config v0.3.9
[INFO] [stderr]    Compiling slab v0.4.0
[INFO] [stderr]    Compiling lazycell v0.6.0
[INFO] [stderr]    Compiling siphasher v0.2.2
[INFO] [stderr]    Compiling scoped-tls v0.1.1
[INFO] [stderr]    Compiling openssl v0.9.24
[INFO] [stderr]    Compiling log v0.4.1
[INFO] [stderr]    Compiling arrayvec v0.4.7
[INFO] [stderr]    Compiling crossbeam-utils v0.2.2
[INFO] [stderr]    Compiling num-traits v0.2.1
[INFO] [stderr]    Compiling bitflags v0.9.1
[INFO] [stderr]    Compiling build_const v0.2.0
[INFO] [stderr]    Compiling matches v0.1.6
[INFO] [stderr]    Compiling lazy_static v1.0.0
[INFO] [stderr]    Compiling percent-encoding v1.0.1
[INFO] [stderr]    Compiling log v0.3.9
[INFO] [stderr]    Compiling unicode-xid v0.1.0
[INFO] [stderr]    Compiling unicode-bidi v0.3.4
[INFO] [stderr]    Compiling slab v0.3.0
[INFO] [stderr]    Compiling crc v1.7.0
[INFO] [stderr]    Compiling crossbeam-epoch v0.4.0
[INFO] [stderr]    Compiling proc-macro2 v0.2.3
[INFO] [stderr]    Compiling smallvec v0.2.1
[INFO] [stderr]    Compiling unicase v1.4.2
[INFO] [stderr]    Compiling unicase v2.1.0
[INFO] [stderr]    Compiling safemem v0.2.0
[INFO] [stderr]    Compiling take v0.1.0
[INFO] [stderr]    Compiling unicode-normalization v0.1.5
[INFO] [stderr]    Compiling dtoa v0.4.2
[INFO] [stderr]    Compiling base64 v0.9.0
[INFO] [stderr]    Compiling httparse v1.2.4
[INFO] [stderr]    Compiling rand v0.4.2
[INFO] [stderr]    Compiling iovec v0.1.2
[INFO] [stderr]    Compiling net2 v0.2.32
[INFO] [stderr]    Compiling bytes v0.4.6
[INFO] [stderr]    Compiling num_cpus v1.8.0
[INFO] [stderr]    Compiling crossbeam-deque v0.3.0
[INFO] [stderr]    Compiling time v0.1.39
[INFO] [stderr]    Compiling quote v0.4.2
[INFO] [stderr]    Compiling mio v0.6.14
[INFO] [stderr]    Compiling idna v0.1.4
[INFO] [stderr]    Compiling phf_shared v0.7.21
[INFO] [stderr]    Compiling num-integer v0.1.36
[INFO] [stderr]    Compiling mime v0.3.5
[INFO] [stderr]    Compiling itoa v0.3.4
[INFO] [stderr]    Compiling language-tags v0.2.2
[INFO] [stderr]    Compiling serde v1.0.29
[INFO] [stderr]    Compiling phf v0.7.21
[INFO] [stderr]    Compiling rand v0.3.22
[INFO] [stderr]    Compiling num-iter v0.1.35
[INFO] [stderr]    Compiling syn v0.12.14
[INFO] [stderr]    Compiling phf_generator v0.7.21
[INFO] [stderr]    Compiling adler32 v1.0.2
[INFO] [stderr]    Compiling uuid v0.5.1
[INFO] [stderr]    Compiling num v0.1.42
[INFO] [stderr]    Compiling phf_codegen v0.7.21
[INFO] [stderr]    Compiling encoding_rs v0.7.2
[INFO] [stderr]    Compiling libflate v0.1.14
[INFO] [stderr]    Compiling chrono v0.4.0
[INFO] [stderr]    Compiling openssl-sys v0.9.27
[INFO] [stderr]    Compiling tokio-executor v0.1.0
[INFO] [stderr]    Compiling tokio-io v0.1.6
[INFO] [stderr]    Compiling tokio-service v0.1.0
[INFO] [stderr]    Compiling mime_guess v2.0.0-alpha.4
[INFO] [stderr]    Compiling futures-cpupool v0.1.8
[INFO] [stderr]    Compiling tokio-threadpool v0.1.0
[INFO] [stderr]    Compiling relay v0.1.1
[INFO] [stderr]    Compiling url v1.7.0
[INFO] [stderr]    Compiling tokio-reactor v0.1.0
[INFO] [stderr] error: failed to run custom build command for `openssl-sys v0.9.27`
[INFO] [stderr] note: To improve backtraces for build dependencies, set the CARGO_PROFILE_DEV_BUILD_OVERRIDE_DEBUG=true environment variable to enable debug information generation.
[INFO] [stderr] 
[INFO] [stderr] Caused by:
[INFO] [stderr]   process didn't exit successfully: `/opt/rustwide/target/debug/build/openssl-sys-ec29d993f7be5e91/build-script-build` (exit status: 101)
[INFO] [stderr]   --- stdout
[INFO] [stderr]   cargo:rerun-if-env-changed=X86_64_UNKNOWN_LINUX_GNU_OPENSSL_LIB_DIR
[INFO] [stderr]   cargo:rerun-if-env-changed=OPENSSL_LIB_DIR
[INFO] [stderr]   cargo:rerun-if-env-changed=X86_64_UNKNOWN_LINUX_GNU_OPENSSL_INCLUDE_DIR
[INFO] [stderr]   cargo:rerun-if-env-changed=OPENSSL_INCLUDE_DIR
[INFO] [stderr]   cargo:rerun-if-env-changed=X86_64_UNKNOWN_LINUX_GNU_OPENSSL_DIR
[INFO] [stderr]   cargo:rerun-if-env-changed=OPENSSL_DIR
[INFO] [stderr]   cargo:rustc-link-lib=ssl
[INFO] [stderr]   cargo:rustc-link-lib=crypto
[INFO] [stderr]   OPT_LEVEL = Some("0")
[INFO] [stderr]   TARGET = Some("x86_64-unknown-linux-gnu")
[INFO] [stderr]   HOST = Some("x86_64-unknown-linux-gnu")
[INFO] [stderr]   TARGET = Some("x86_64-unknown-linux-gnu")
[INFO] [stderr]   TARGET = Some("x86_64-unknown-linux-gnu")
[INFO] [stderr]   HOST = Some("x86_64-unknown-linux-gnu")
[INFO] [stderr]   CC_x86_64-unknown-linux-gnu = None
[INFO] [stderr]   CC_x86_64_unknown_linux_gnu = None
[INFO] [stderr]   HOST_CC = None
[INFO] [stderr]   CC = None
[INFO] [stderr]   HOST = Some("x86_64-unknown-linux-gnu")
[INFO] [stderr]   TARGET = Some("x86_64-unknown-linux-gnu")
[INFO] [stderr]   HOST = Some("x86_64-unknown-linux-gnu")
[INFO] [stderr]   CFLAGS_x86_64-unknown-linux-gnu = None
[INFO] [stderr]   CFLAGS_x86_64_unknown_linux_gnu = None
[INFO] [stderr]   HOST_CFLAGS = None
[INFO] [stderr]   CFLAGS = None
[INFO] [stderr]   DEBUG = Some("true")
[INFO] [stderr]   running: "cc" "-O0" "-ffunction-sections" "-fdata-sections" "-fPIC" "-g" "-m64" "-Wall" "-Wextra" "-E" "/opt/rustwide/target/debug/build/openssl-sys-0442213ca04e93fb/out/expando.c"
[INFO] [stderr]   exit status: 0
[INFO] [stderr]   cargo:rustc-cfg=osslconf="OPENSSL_NO_SSL3_METHOD"
[INFO] [stderr]   cargo:conf=OPENSSL_NO_SSL3_METHOD
[INFO] [stderr] 
[INFO] [stderr]   --- stderr
[INFO] [stderr]   thread 'main' panicked at /opt/rustwide/cargo-home/registry/src/index.crates.io-6f17d22bba15001f/openssl-sys-0.9.27/build.rs:500:9:
[INFO] [stderr] 
[INFO] [stderr] 
[INFO] [stderr]   This crate is only compatible with OpenSSL 1.0.1 through 1.1.1, or LibreSSL 2.5
[INFO] [stderr]   and 2.6, but a different version of OpenSSL was found. The build is now aborting
[INFO] [stderr]   due to this version mismatch.
[INFO] [stderr] 
[INFO] [stderr] 
[INFO] [stderr]   stack backtrace:
[INFO] [stderr]      0:     0x564a4c2785e6 - std::backtrace_rs::backtrace::libunwind::trace::h261606ad26a499c1
[INFO] [stderr]                                  at /rustc/0e09125c6c3c2fd70d7de961bcf0e51575235fad/library/std/src/../../backtrace/src/backtrace/libunwind.rs:104:5
[INFO] [stderr]      1:     0x564a4c2785e6 - std::backtrace_rs::backtrace::trace_unsynchronized::hd183f0625477fb28
[INFO] [stderr]                                  at /rustc/0e09125c6c3c2fd70d7de961bcf0e51575235fad/library/std/src/../../backtrace/src/backtrace/mod.rs:66:5
[INFO] [stderr]      2:     0x564a4c2785e6 - std::sys_common::backtrace::_print_fmt::hd7f8fef21b4eda67
[INFO] [stderr]                                  at /rustc/0e09125c6c3c2fd70d7de961bcf0e51575235fad/library/std/src/sys_common/backtrace.rs:68:5
[INFO] [stderr]      3:     0x564a4c2785e6 - <std::sys_common::backtrace::_print::DisplayBacktrace as core::fmt::Display>::fmt::h623d9b51f2f453f1
[INFO] [stderr]                                  at /rustc/0e09125c6c3c2fd70d7de961bcf0e51575235fad/library/std/src/sys_common/backtrace.rs:44:22
[INFO] [stderr]      4:     0x564a4c29da50 - core::fmt::rt::Argument::fmt::h9f417ac76a86f368
[INFO] [stderr]                                  at /rustc/0e09125c6c3c2fd70d7de961bcf0e51575235fad/library/core/src/fmt/rt.rs:142:9
[INFO] [stderr]      5:     0x564a4c29da50 - core::fmt::write::hc9b6faf4ac2aeff7
[INFO] [stderr]                                  at /rustc/0e09125c6c3c2fd70d7de961bcf0e51575235fad/library/core/src/fmt/mod.rs:1120:17
[INFO] [stderr]      6:     0x564a4c27604f - std::io::Write::write_fmt::hfead1eee52c2e65e
[INFO] [stderr]                                  at /rustc/0e09125c6c3c2fd70d7de961bcf0e51575235fad/library/std/src/io/mod.rs:1810:15
[INFO] [stderr]      7:     0x564a4c2783c4 - std::sys_common::backtrace::_print::hd5d66399c7df88a2
[INFO] [stderr]                                  at /rustc/0e09125c6c3c2fd70d7de961bcf0e51575235fad/library/std/src/sys_common/backtrace.rs:47:5
[INFO] [stderr]      8:     0x564a4c2783c4 - std::sys_common::backtrace::print::he81ed2da642d37e5
[INFO] [stderr]                                  at /rustc/0e09125c6c3c2fd70d7de961bcf0e51575235fad/library/std/src/sys_common/backtrace.rs:34:9
[INFO] [stderr]      9:     0x564a4c279ca7 - std::panicking::default_hook::{{closure}}::h85773f4fa117163d
[INFO] [stderr]     10:     0x564a4c279a09 - std::panicking::default_hook::h6a1694a91d09b278
[INFO] [stderr]                                  at /rustc/0e09125c6c3c2fd70d7de961bcf0e51575235fad/library/std/src/panicking.rs:292:9
[INFO] [stderr]     11:     0x564a4c27a138 - std::panicking::rust_panic_with_hook::h0a7ad96e90f7145b
[INFO] [stderr]                                  at /rustc/0e09125c6c3c2fd70d7de961bcf0e51575235fad/library/std/src/panicking.rs:779:13
[INFO] [stderr]     12:     0x564a4c21d77e - std::panicking::begin_panic::{{closure}}::hcb7dbc657146e1bc
[INFO] [stderr]     13:     0x564a4c21a26a - std::sys_common::backtrace::__rust_end_short_backtrace::h698599791721b93b
[INFO] [stderr]     14:     0x564a4c21d6fb - std::panicking::begin_panic::hf65bab93d97e043b
[INFO] [stderr]     15:     0x564a4c213d34 - build_script_build::validate_headers::hf7929f4542f43fd2
[INFO] [stderr]     16:     0x564a4c212c95 - build_script_build::try_pkg_config::he199b756ba9fa160
[INFO] [stderr]     17:     0x564a4c211df4 - build_script_build::find_openssl_dir::h4bd8ee0b8d47c772
[INFO] [stderr]     18:     0x564a4c211c68 - build_script_build::main::{{closure}}::hde819ce4999f3e56
[INFO] [stderr]     19:     0x564a4c20a28f - core::option::Option<T>::unwrap_or_else::h75b03356f51d53a1
[INFO] [stderr]     20:     0x564a4c210cdf - build_script_build::main::h330b77547b3e9a6f
[INFO] [stderr]     21:     0x564a4c20e5e3 - core::ops::function::FnOnce::call_once::h0d2fff26a886afad
[INFO] [stderr]     22:     0x564a4c208806 - std::sys_common::backtrace::__rust_begin_short_backtrace::h4305a01a46441cac
[INFO] [stderr]     23:     0x564a4c20e2e9 - std::rt::lang_start::{{closure}}::h6e761ad0fd75cf5d
[INFO] [stderr]     24:     0x564a4c272341 - core::ops::function::impls::<impl core::ops::function::FnOnce<A> for &F>::call_once::h4eb4c5e1620f29b0
[INFO] [stderr]                                  at /rustc/0e09125c6c3c2fd70d7de961bcf0e51575235fad/library/core/src/ops/function.rs:284:13
[INFO] [stderr]     25:     0x564a4c272341 - std::panicking::try::do_call::h73fd26535faffcdf
[INFO] [stderr]                                  at /rustc/0e09125c6c3c2fd70d7de961bcf0e51575235fad/library/std/src/panicking.rs:552:40
[INFO] [stderr]     26:     0x564a4c272341 - std::panicking::try::h77ff1d98f0fb9f39
[INFO] [stderr]                                  at /rustc/0e09125c6c3c2fd70d7de961bcf0e51575235fad/library/std/src/panicking.rs:516:19
[INFO] [stderr]     27:     0x564a4c272341 - std::panic::catch_unwind::hab3caf2448b95e37
[INFO] [stderr]                                  at /rustc/0e09125c6c3c2fd70d7de961bcf0e51575235fad/library/std/src/panic.rs:142:14
[INFO] [stderr]     28:     0x564a4c272341 - std::rt::lang_start_internal::{{closure}}::h8086711f9c783f78
[INFO] [stderr]                                  at /rustc/0e09125c6c3c2fd70d7de961bcf0e51575235fad/library/std/src/rt.rs:148:48
[INFO] [stderr]     29:     0x564a4c272341 - std::panicking::try::do_call::hf920d4dc291cd6ca
[INFO] [stderr]                                  at /rustc/0e09125c6c3c2fd70d7de961bcf0e51575235fad/library/std/src/panicking.rs:552:40
[INFO] [stderr]     30:     0x564a4c272341 - std::panicking::try::h2b806ccc0a85db74
[INFO] [stderr]                                  at /rustc/0e09125c6c3c2fd70d7de961bcf0e51575235fad/library/std/src/panicking.rs:516:19
[INFO] [stderr]     31:     0x564a4c272341 - std::panic::catch_unwind::h038489539c507df2
[INFO] [stderr]                                  at /rustc/0e09125c6c3c2fd70d7de961bcf0e51575235fad/library/std/src/panic.rs:142:14
[INFO] [stderr]     32:     0x564a4c272341 - std::rt::lang_start_internal::h28503b88912e8a5c
[INFO] [stderr]                                  at /rustc/0e09125c6c3c2fd70d7de961bcf0e51575235fad/library/std/src/rt.rs:148:20
[INFO] [stderr]     33:     0x564a4c20e2c7 - std::rt::lang_start::heaeadc15c86f42b9
[INFO] [stderr]     34:     0x564a4c215725 - main
[INFO] [stderr]     35:     0x7fc315c8ad90 - <unknown>
[INFO] [stderr]     36:     0x7fc315c8ae40 - __libc_start_main
[INFO] [stderr]     37:     0x564a4c207ea5 - _start
[INFO] [stderr]     38:                0x0 - <unknown>
[INFO] [stderr] warning: build failed, waiting for other jobs to finish...
[INFO] [stdout] error[E0713]: borrow may still be in use when destructor runs
[INFO] [stdout]    --> /opt/rustwide/cargo-home/registry/src/index.crates.io-6f17d22bba15001f/url-1.7.0/src/form_urlencoded.rs:261:40
[INFO] [stdout]     |
[INFO] [stdout] 259 | impl<'a> Target for ::UrlQuery<'a> {
[INFO] [stdout]     |      -- lifetime `'a` defined here
[INFO] [stdout] 260 |     fn as_mut_string(&mut self) -> &mut String { &mut self.url.serialization }
[INFO] [stdout] 261 |     fn finish(self) -> &'a mut ::Url { self.url }
[INFO] [stdout]     |                                        ^^^^^^^^ - here, drop of `self` needs exclusive access to `*self.url`, because the type `UrlQuery<'_>` implements the `Drop` trait
[INFO] [stdout]     |                                        |
[INFO] [stdout]     |                                        returning this value requires that `*self.url` is borrowed for `'a`
[INFO] [stdout] 
[INFO] [stdout] 
[INFO] [stdout] error: aborting due to 1 previous error
[INFO] [stdout] 
[INFO] [stdout] 
[INFO] [stdout] For more information about this error, try `rustc --explain E0713`.
[INFO] [stdout] 
[INFO] [stderr] error: could not compile `url` (lib) due to 2 previous errors
[INFO] running `Command { std: "docker" "inspect" "f63f193e8a49dc7b7664ef16cdf025bb13938eb47fadb0bf09c66c143a235d09", kill_on_drop: false }`
[INFO] running `Command { std: "docker" "rm" "-f" "f63f193e8a49dc7b7664ef16cdf025bb13938eb47fadb0bf09c66c143a235d09", kill_on_drop: false }`
[INFO] [stdout] f63f193e8a49dc7b7664ef16cdf025bb13938eb47fadb0bf09c66c143a235d09
