[INFO] cloning repository https://github.com/Chaanks/CR3D
[INFO] running `Command { std: "git" "-c" "credential.helper=" "-c" "credential.helper=/workspace/cargo-home/bin/git-credential-null" "clone" "--bare" "https://github.com/Chaanks/CR3D" "/workspace/cache/git-repos/https%3A%2F%2Fgithub.com%2FChaanks%2FCR3D", kill_on_drop: false }`
[INFO] [stderr] Cloning into bare repository '/workspace/cache/git-repos/https%3A%2F%2Fgithub.com%2FChaanks%2FCR3D'...
[INFO] running `Command { std: "git" "rev-parse" "HEAD", kill_on_drop: false }`
[INFO] [stdout] 14c6182912c54ebfbcbbaf30103c9499384bb4d1
[INFO] testing Chaanks/CR3D against 1.75.0 for beta-1.76-1
[INFO] running `Command { std: "git" "clone" "/workspace/cache/git-repos/https%3A%2F%2Fgithub.com%2FChaanks%2FCR3D" "/workspace/builds/worker-0-tc1/source", kill_on_drop: false }`
[INFO] [stderr] Cloning into '/workspace/builds/worker-0-tc1/source'...
[INFO] [stderr] done.
[INFO] validating manifest of git repo https://github.com/Chaanks/CR3D on toolchain 1.75.0
[INFO] running `Command { std: CARGO_HOME="/workspace/cargo-home" RUSTUP_HOME="/workspace/rustup-home" "/workspace/cargo-home/bin/cargo" "+1.75.0" "metadata" "--manifest-path" "Cargo.toml" "--no-deps", kill_on_drop: false }`
[INFO] started tweaking git repo https://github.com/Chaanks/CR3D
[INFO] finished tweaking git repo https://github.com/Chaanks/CR3D
[INFO] tweaked toml for git repo https://github.com/Chaanks/CR3D written to /workspace/builds/worker-0-tc1/source/Cargo.toml
[INFO] crate git repo https://github.com/Chaanks/CR3D already has a lockfile, it will not be regenerated
[INFO] running `Command { std: CARGO_HOME="/workspace/cargo-home" RUSTUP_HOME="/workspace/rustup-home" "/workspace/cargo-home/bin/cargo" "+1.75.0" "fetch" "--manifest-path" "Cargo.toml", kill_on_drop: false }`
[INFO] [stderr]  Downloading crates ...
[INFO] [stderr]   Downloaded gleam v0.6.0
[INFO] [stderr]   Downloaded cc v1.0.25
[INFO] [stderr]   Downloaded lock_api v0.1.3
[INFO] [stderr]   Downloaded smallvec v0.6.5
[INFO] [stderr]   Downloaded imgui-glium-renderer v0.0.20
[INFO] [stderr]   Downloaded core-foundation-sys v0.6.1
[INFO] [stderr]   Downloaded libloading v0.5.0
[INFO] [stderr]   Downloaded downcast-rs v1.0.3
[INFO] [stderr]   Downloaded core-foundation v0.6.1
[INFO] [stderr]   Downloaded objc v0.2.5
[INFO] [stderr]   Downloaded glutin v0.17.0
[INFO] [stderr]   Downloaded imgui v0.0.20
[INFO] [stderr]   Downloaded smithay-client-toolkit v0.2.6
[INFO] [stderr]   Downloaded winit v0.16.2
[INFO] [stderr]   Downloaded imgui-sys v0.0.20
[INFO] [stderr]   Downloaded glium v0.22.0
[INFO] running `Command { std: "docker" "create" "-v" "/var/lib/crater-agent-workspace/builds/worker-0-tc1/target:/opt/rustwide/target:rw,Z" "-v" "/var/lib/crater-agent-workspace/builds/worker-0-tc1/source:/opt/rustwide/workdir:ro,Z" "-v" "/var/lib/crater-agent-workspace/cargo-home:/opt/rustwide/cargo-home:ro,Z" "-v" "/var/lib/crater-agent-workspace/rustup-home:/opt/rustwide/rustup-home:ro,Z" "-e" "SOURCE_DIR=/opt/rustwide/workdir" "-e" "CARGO_TARGET_DIR=/opt/rustwide/target" "-e" "CARGO_HOME=/opt/rustwide/cargo-home" "-e" "RUSTUP_HOME=/opt/rustwide/rustup-home" "-w" "/opt/rustwide/workdir" "-m" "1610612736" "--user" "0:0" "--network" "none" "ghcr.io/rust-lang/crates-build-env/linux@sha256:2788e3201cd34a07e3172128adcd8b3090168a8e3bcc40d7c032b9dda1df7d1c" "/opt/rustwide/cargo-home/bin/cargo" "+1.75.0" "metadata" "--no-deps" "--format-version=1", kill_on_drop: false }`
[INFO] [stdout] 543a0c059128ef747b56a8a23e6bf6acb185948d302050b5895868f2d309ef66
[INFO] running `Command { std: "docker" "start" "-a" "543a0c059128ef747b56a8a23e6bf6acb185948d302050b5895868f2d309ef66", kill_on_drop: false }`
[INFO] running `Command { std: "docker" "inspect" "543a0c059128ef747b56a8a23e6bf6acb185948d302050b5895868f2d309ef66", kill_on_drop: false }`
[INFO] running `Command { std: "docker" "rm" "-f" "543a0c059128ef747b56a8a23e6bf6acb185948d302050b5895868f2d309ef66", kill_on_drop: false }`
[INFO] [stdout] 543a0c059128ef747b56a8a23e6bf6acb185948d302050b5895868f2d309ef66
[INFO] running `Command { std: "docker" "create" "-v" "/var/lib/crater-agent-workspace/builds/worker-0-tc1/target:/opt/rustwide/target:rw,Z" "-v" "/var/lib/crater-agent-workspace/builds/worker-0-tc1/source:/opt/rustwide/workdir:ro,Z" "-v" "/var/lib/crater-agent-workspace/cargo-home:/opt/rustwide/cargo-home:ro,Z" "-v" "/var/lib/crater-agent-workspace/rustup-home:/opt/rustwide/rustup-home:ro,Z" "-e" "SOURCE_DIR=/opt/rustwide/workdir" "-e" "CARGO_TARGET_DIR=/opt/rustwide/target" "-e" "CARGO_INCREMENTAL=0" "-e" "RUST_BACKTRACE=full" "-e" "RUSTFLAGS=--cap-lints=warn" "-e" "RUSTDOCFLAGS=--cap-lints=warn" "-e" "CARGO_HOME=/opt/rustwide/cargo-home" "-e" "RUSTUP_HOME=/opt/rustwide/rustup-home" "-w" "/opt/rustwide/workdir" "-m" "1610612736" "--user" "0:0" "--network" "none" "ghcr.io/rust-lang/crates-build-env/linux@sha256:2788e3201cd34a07e3172128adcd8b3090168a8e3bcc40d7c032b9dda1df7d1c" "/opt/rustwide/cargo-home/bin/cargo" "+1.75.0" "build" "--frozen" "--message-format=json", kill_on_drop: false }`
[INFO] [stdout] 38d93b5f83ef8ef0c9728762ce897b6361b12120742df6b241391a3cee070323
[INFO] running `Command { std: "docker" "start" "-a" "38d93b5f83ef8ef0c9728762ce897b6361b12120742df6b241391a3cee070323", kill_on_drop: false }`
[INFO] [stderr]    Compiling bitflags v1.0.4
[INFO] [stderr]    Compiling cc v1.0.25
[INFO] [stderr]    Compiling libc v0.2.43
[INFO] [stderr]    Compiling version_check v0.1.5
[INFO] [stderr]    Compiling cfg-if v0.1.5
[INFO] [stderr]    Compiling khronos_api v2.2.0
[INFO] [stderr]    Compiling semver-parser v0.7.0
[INFO] [stderr]    Compiling void v1.0.2
[INFO] [stderr]    Compiling rand_core v0.2.1
[INFO] [stderr]    Compiling downcast-rs v1.0.3
[INFO] [stderr]    Compiling pkg-config v0.3.14
[INFO] [stderr]    Compiling nix v0.11.0
[INFO] [stderr]    Compiling stable_deref_trait v1.1.1
[INFO] [stderr]    Compiling scopeguard v0.3.3
[INFO] [stderr]    Compiling remove_dir_all v0.5.1
[INFO] [stderr]    Compiling byteorder v1.2.6
[INFO] [stderr]    Compiling log v0.4.5
[INFO] [stderr]    Compiling xml-rs v0.7.0
[INFO] [stderr]    Compiling unreachable v1.0.0
[INFO] [stderr]    Compiling percent-encoding v1.0.1
[INFO] [stderr]    Compiling owning_ref v0.3.3
[INFO] [stderr]    Compiling rustc-demangle v0.1.9
[INFO] [stderr]    Compiling smallvec v0.6.5
[INFO] [stderr]    Compiling fnv v1.0.6
[INFO] [stderr]    Compiling lock_api v0.1.3
[INFO] [stderr]    Compiling semver v0.9.0
[INFO] [stderr]    Compiling lazy_static v1.1.0
[INFO] [stderr]    Compiling rand v0.5.5
[INFO] [stderr]    Compiling memmap v0.6.2
[INFO] [stderr]    Compiling rustc_version v0.2.3
[INFO] [stderr]    Compiling x11-dl v2.18.3
[INFO] [stderr]    Compiling wayland-scanner v0.20.12
[INFO] [stderr]    Compiling gl_generator v0.9.0
[INFO] [stderr]    Compiling parking_lot_core v0.3.1
[INFO] [stderr]    Compiling libloading v0.5.0
[INFO] [stderr]    Compiling backtrace-sys v0.1.24
[INFO] [stderr]    Compiling imgui-sys v0.0.20
[INFO] [stderr]    Compiling shared_library v0.1.9
[INFO] [stderr]    Compiling osmesa-sys v0.1.2
[INFO] [stderr]    Compiling wayland-client v0.20.12
[INFO] [stderr]    Compiling wayland-protocols v0.20.12
[INFO] [stderr]    Compiling glutin v0.17.0
[INFO] [stderr]    Compiling glium v0.22.0
[INFO] [stderr]    Compiling dlib v0.4.1
[INFO] [stderr]    Compiling tempfile v3.0.4
[INFO] [stderr]    Compiling wayland-sys v0.20.12
[INFO] [stderr]    Compiling wayland-commons v0.20.12
[INFO] [stderr]    Compiling parking_lot v0.6.4
[INFO] [stderr]    Compiling backtrace v0.3.9
[INFO] [stderr]    Compiling smithay-client-toolkit v0.2.6
[INFO] [stderr]    Compiling winit v0.16.2
[INFO] [stderr]    Compiling imgui v0.0.20
[INFO] [stderr]    Compiling imgui-glium-renderer v0.0.20
[INFO] [stderr]    Compiling CR3D v0.1.0 (/opt/rustwide/workdir)
[INFO] [stdout] error[E0432]: unresolved import `glutin`
[INFO] [stdout]  --> src/window.rs:2:5
[INFO] [stdout]   |
[INFO] [stdout] 2 | use glutin::{ EventsLoop, ContextBuilder, WindowBuilder, GlWindow };
[INFO] [stdout]   |     ^^^^^^ help: a similar path exists: `self::glutin`
[INFO] [stdout] 
[INFO] [stdout] 
[INFO] [stdout] warning: unused `#[macro_use]` import
[INFO] [stdout]  --> src/main.rs:1:1
[INFO] [stdout]   |
[INFO] [stdout] 1 | #[macro_use]
[INFO] [stdout]   | ^^^^^^^^^^^^
[INFO] [stdout]   |
[INFO] [stdout]   = note: `#[warn(unused_imports)]` on by default
[INFO] [stdout] 
[INFO] [stdout] 
[INFO] [stdout] warning: unused `#[macro_use]` import
[INFO] [stdout]  --> src/main.rs:3:1
[INFO] [stdout]   |
[INFO] [stdout] 3 | #[macro_use]
[INFO] [stdout]   | ^^^^^^^^^^^^
[INFO] [stdout] 
[INFO] [stdout] 
[INFO] [stdout] warning: unused import: `std::cell::Ref`
[INFO] [stdout]  --> src/window.rs:5:5
[INFO] [stdout]   |
[INFO] [stdout] 5 | use std::cell::Ref;
[INFO] [stdout]   |     ^^^^^^^^^^^^^^
[INFO] [stdout] 
[INFO] [stdout] 
[INFO] [stdout] error[E0063]: missing fields `context`, `display`, `hidpi_factor` and 2 other fields in initializer of `window::Window`
[INFO] [stdout]   --> src/window.rs:45:9
[INFO] [stdout]    |
[INFO] [stdout] 45 |         Self {
[INFO] [stdout]    |         ^^^^ missing `context`, `display`, `hidpi_factor` and 2 other fields
[INFO] [stdout] 
[INFO] [stdout] 
[INFO] [stdout] error: aborting due to 2 previous errors; 3 warnings emitted
[INFO] [stdout] 
[INFO] [stdout] 
[INFO] [stdout] Some errors have detailed explanations: E0063, E0432.
[INFO] [stdout] 
[INFO] [stdout] For more information about an error, try `rustc --explain E0063`.
[INFO] [stdout] 
[INFO] [stderr] error: could not compile `CR3D` (bin "CR3D") due to 3 previous errors; 3 warnings emitted
[INFO] running `Command { std: "docker" "inspect" "38d93b5f83ef8ef0c9728762ce897b6361b12120742df6b241391a3cee070323", kill_on_drop: false }`
[INFO] running `Command { std: "docker" "rm" "-f" "38d93b5f83ef8ef0c9728762ce897b6361b12120742df6b241391a3cee070323", kill_on_drop: false }`
[INFO] [stdout] 38d93b5f83ef8ef0c9728762ce897b6361b12120742df6b241391a3cee070323
[INFO] testing Chaanks/CR3D against beta-2023-12-22 for beta-1.76-1
[INFO] running `Command { std: "git" "clone" "/workspace/cache/git-repos/https%3A%2F%2Fgithub.com%2FChaanks%2FCR3D" "/workspace/builds/worker-0-tc2/source", kill_on_drop: false }`
[INFO] [stderr] Cloning into '/workspace/builds/worker-0-tc2/source'...
[INFO] [stderr] done.
[INFO] validating manifest of git repo https://github.com/Chaanks/CR3D on toolchain beta-2023-12-22
[INFO] running `Command { std: CARGO_HOME="/workspace/cargo-home" RUSTUP_HOME="/workspace/rustup-home" "/workspace/cargo-home/bin/cargo" "+beta-2023-12-22" "metadata" "--manifest-path" "Cargo.toml" "--no-deps", kill_on_drop: false }`
[INFO] started tweaking git repo https://github.com/Chaanks/CR3D
[INFO] finished tweaking git repo https://github.com/Chaanks/CR3D
[INFO] tweaked toml for git repo https://github.com/Chaanks/CR3D written to /workspace/builds/worker-0-tc2/source/Cargo.toml
[INFO] crate git repo https://github.com/Chaanks/CR3D already has a lockfile, it will not be regenerated
[INFO] running `Command { std: CARGO_HOME="/workspace/cargo-home" RUSTUP_HOME="/workspace/rustup-home" "/workspace/cargo-home/bin/cargo" "+beta-2023-12-22" "fetch" "--manifest-path" "Cargo.toml", kill_on_drop: false }`
[INFO] running `Command { std: "docker" "create" "-v" "/var/lib/crater-agent-workspace/builds/worker-0-tc2/target:/opt/rustwide/target:rw,Z" "-v" "/var/lib/crater-agent-workspace/builds/worker-0-tc2/source:/opt/rustwide/workdir:ro,Z" "-v" "/var/lib/crater-agent-workspace/cargo-home:/opt/rustwide/cargo-home:ro,Z" "-v" "/var/lib/crater-agent-workspace/rustup-home:/opt/rustwide/rustup-home:ro,Z" "-e" "SOURCE_DIR=/opt/rustwide/workdir" "-e" "CARGO_TARGET_DIR=/opt/rustwide/target" "-e" "CARGO_HOME=/opt/rustwide/cargo-home" "-e" "RUSTUP_HOME=/opt/rustwide/rustup-home" "-w" "/opt/rustwide/workdir" "-m" "1610612736" "--user" "0:0" "--network" "none" "ghcr.io/rust-lang/crates-build-env/linux@sha256:2788e3201cd34a07e3172128adcd8b3090168a8e3bcc40d7c032b9dda1df7d1c" "/opt/rustwide/cargo-home/bin/cargo" "+beta-2023-12-22" "metadata" "--no-deps" "--format-version=1", kill_on_drop: false }`
[INFO] [stdout] d6884a24904d1d1838b26517173e5304abf3d6fbf9aa55097c3c3f675ca58c4a
[INFO] running `Command { std: "docker" "start" "-a" "d6884a24904d1d1838b26517173e5304abf3d6fbf9aa55097c3c3f675ca58c4a", kill_on_drop: false }`
[INFO] running `Command { std: "docker" "inspect" "d6884a24904d1d1838b26517173e5304abf3d6fbf9aa55097c3c3f675ca58c4a", kill_on_drop: false }`
[INFO] running `Command { std: "docker" "rm" "-f" "d6884a24904d1d1838b26517173e5304abf3d6fbf9aa55097c3c3f675ca58c4a", kill_on_drop: false }`
[INFO] [stdout] d6884a24904d1d1838b26517173e5304abf3d6fbf9aa55097c3c3f675ca58c4a
[INFO] running `Command { std: "docker" "create" "-v" "/var/lib/crater-agent-workspace/builds/worker-0-tc2/target:/opt/rustwide/target:rw,Z" "-v" "/var/lib/crater-agent-workspace/builds/worker-0-tc2/source:/opt/rustwide/workdir:ro,Z" "-v" "/var/lib/crater-agent-workspace/cargo-home:/opt/rustwide/cargo-home:ro,Z" "-v" "/var/lib/crater-agent-workspace/rustup-home:/opt/rustwide/rustup-home:ro,Z" "-e" "SOURCE_DIR=/opt/rustwide/workdir" "-e" "CARGO_TARGET_DIR=/opt/rustwide/target" "-e" "CARGO_INCREMENTAL=0" "-e" "RUST_BACKTRACE=full" "-e" "RUSTFLAGS=--cap-lints=warn" "-e" "RUSTDOCFLAGS=--cap-lints=warn" "-e" "CARGO_HOME=/opt/rustwide/cargo-home" "-e" "RUSTUP_HOME=/opt/rustwide/rustup-home" "-w" "/opt/rustwide/workdir" "-m" "1610612736" "--user" "0:0" "--network" "none" "ghcr.io/rust-lang/crates-build-env/linux@sha256:2788e3201cd34a07e3172128adcd8b3090168a8e3bcc40d7c032b9dda1df7d1c" "/opt/rustwide/cargo-home/bin/cargo" "+beta-2023-12-22" "build" "--frozen" "--message-format=json", kill_on_drop: false }`
[INFO] [stdout] 7752678b5d47b3e89b4233287cddc9f0365fe6969c11543477e66dcd4b3b9d67
[INFO] running `Command { std: "docker" "start" "-a" "7752678b5d47b3e89b4233287cddc9f0365fe6969c11543477e66dcd4b3b9d67", kill_on_drop: false }`
[INFO] [stderr]    Compiling cc v1.0.25
[INFO] [stderr]    Compiling bitflags v1.0.4
[INFO] [stderr]    Compiling libc v0.2.43
[INFO] [stderr]    Compiling version_check v0.1.5
[INFO] [stderr]    Compiling cfg-if v0.1.5
[INFO] [stderr]    Compiling khronos_api v2.2.0
[INFO] [stderr]    Compiling semver-parser v0.7.0
[INFO] [stderr]    Compiling void v1.0.2
[INFO] [stderr]    Compiling rand_core v0.2.1
[INFO] [stderr]    Compiling downcast-rs v1.0.3
[INFO] [stderr]    Compiling nix v0.11.0
[INFO] [stderr]    Compiling pkg-config v0.3.14
[INFO] [stderr]    Compiling stable_deref_trait v1.1.1
[INFO] [stderr]    Compiling remove_dir_all v0.5.1
[INFO] [stderr]    Compiling scopeguard v0.3.3
[INFO] [stderr]    Compiling byteorder v1.2.6
[INFO] [stderr]    Compiling xml-rs v0.7.0
[INFO] [stderr]    Compiling log v0.4.5
[INFO] [stderr]    Compiling unreachable v1.0.0
[INFO] [stderr]    Compiling owning_ref v0.3.3
[INFO] [stderr]    Compiling percent-encoding v1.0.1
[INFO] [stderr]    Compiling rustc-demangle v0.1.9
[INFO] [stderr]    Compiling fnv v1.0.6
[INFO] [stderr]    Compiling smallvec v0.6.5
[INFO] [stderr]    Compiling semver v0.9.0
[INFO] [stderr]    Compiling lock_api v0.1.3
[INFO] [stderr]    Compiling lazy_static v1.1.0
[INFO] [stderr]    Compiling rustc_version v0.2.3
[INFO] [stderr]    Compiling x11-dl v2.18.3
[INFO] [stderr]    Compiling rand v0.5.5
[INFO] [stderr]    Compiling memmap v0.6.2
[INFO] [stderr]    Compiling parking_lot_core v0.3.1
[INFO] [stderr]    Compiling shared_library v0.1.9
[INFO] [stderr]    Compiling wayland-scanner v0.20.12
[INFO] [stderr]    Compiling gl_generator v0.9.0
[INFO] [stderr]    Compiling osmesa-sys v0.1.2
[INFO] [stderr]    Compiling libloading v0.5.0
[INFO] [stderr]    Compiling backtrace-sys v0.1.24
[INFO] [stderr]    Compiling imgui-sys v0.0.20
[INFO] [stderr]    Compiling wayland-client v0.20.12
[INFO] [stderr]    Compiling wayland-protocols v0.20.12
[INFO] [stderr]    Compiling dlib v0.4.1
[INFO] [stderr]    Compiling wayland-sys v0.20.12
[INFO] [stderr]    Compiling glutin v0.17.0
[INFO] [stderr]    Compiling glium v0.22.0
[INFO] [stderr]    Compiling wayland-commons v0.20.12
[INFO] [stderr]    Compiling tempfile v3.0.4
[INFO] [stderr]    Compiling parking_lot v0.6.4
[INFO] [stderr]    Compiling backtrace v0.3.9
[INFO] [stderr]    Compiling smithay-client-toolkit v0.2.6
[INFO] [stderr]    Compiling winit v0.16.2
[INFO] [stderr]    Compiling imgui v0.0.20
[INFO] [stderr]    Compiling imgui-glium-renderer v0.0.20
[INFO] [stderr]    Compiling CR3D v0.1.0 (/opt/rustwide/workdir)
[INFO] [stdout] error[E0432]: unresolved import `glutin`
[INFO] [stdout]  --> src/window.rs:2:5
[INFO] [stdout]   |
[INFO] [stdout] 2 | use glutin::{ EventsLoop, ContextBuilder, WindowBuilder, GlWindow };
[INFO] [stdout]   |     ^^^^^^ help: a similar path exists: `self::glutin`
[INFO] [stdout] 
[INFO] [stdout] 
[INFO] [stdout] warning: unused `#[macro_use]` import
[INFO] [stdout]  --> src/main.rs:1:1
[INFO] [stdout]   |
[INFO] [stdout] 1 | #[macro_use]
[INFO] [stdout]   | ^^^^^^^^^^^^
[INFO] [stdout]   |
[INFO] [stdout]   = note: `#[warn(unused_imports)]` on by default
[INFO] [stdout] 
[INFO] [stdout] 
[INFO] [stdout] warning: unused `#[macro_use]` import
[INFO] [stdout]  --> src/main.rs:3:1
[INFO] [stdout]   |
[INFO] [stdout] 3 | #[macro_use]
[INFO] [stdout]   | ^^^^^^^^^^^^
[INFO] [stdout] 
[INFO] [stdout] 
[INFO] [stdout] warning: unused import: `std::cell::Ref`
[INFO] [stdout]  --> src/window.rs:5:5
[INFO] [stdout]   |
[INFO] [stdout] 5 | use std::cell::Ref;
[INFO] [stdout]   |     ^^^^^^^^^^^^^^
[INFO] [stdout] 
[INFO] [stdout] 
[INFO] [stdout] error[E0063]: missing fields `context`, `display`, `hidpi_factor` and 2 other fields in initializer of `window::Window`
[INFO] [stdout]   --> src/window.rs:45:9
[INFO] [stdout]    |
[INFO] [stdout] 45 |         Self {
[INFO] [stdout]    |         ^^^^ missing `context`, `display`, `hidpi_factor` and 2 other fields
[INFO] [stdout] 
[INFO] [stdout] 
[INFO] [stdout] error: aborting due to 2 previous errors; 3 warnings emitted
[INFO] [stdout] 
[INFO] [stdout] 
[INFO] [stdout] Some errors have detailed explanations: E0063, E0432.
[INFO] [stdout] 
[INFO] [stdout] For more information about an error, try `rustc --explain E0063`.
[INFO] [stdout] 
[INFO] [stderr] error: could not compile `CR3D` (bin "CR3D") due to 3 previous errors; 3 warnings emitted
[INFO] running `Command { std: "docker" "inspect" "7752678b5d47b3e89b4233287cddc9f0365fe6969c11543477e66dcd4b3b9d67", kill_on_drop: false }`
[INFO] running `Command { std: "docker" "rm" "-f" "7752678b5d47b3e89b4233287cddc9f0365fe6969c11543477e66dcd4b3b9d67", kill_on_drop: false }`
[INFO] [stdout] 7752678b5d47b3e89b4233287cddc9f0365fe6969c11543477e66dcd4b3b9d67
