[INFO] cloning repository https://github.com/CenekSanzak/flask-rs
[INFO] running `Command { std: "git" "-c" "credential.helper=" "-c" "credential.helper=/workspace/cargo-home/bin/git-credential-null" "clone" "--bare" "https://github.com/CenekSanzak/flask-rs" "/workspace/cache/git-repos/https%3A%2F%2Fgithub.com%2FCenekSanzak%2Fflask-rs", kill_on_drop: false }`
[INFO] [stderr] Cloning into bare repository '/workspace/cache/git-repos/https%3A%2F%2Fgithub.com%2FCenekSanzak%2Fflask-rs'...
[INFO] running `Command { std: "git" "rev-parse" "HEAD", kill_on_drop: false }`
[INFO] [stdout] 8db6b085a256d786a580faca9163b73072460586
[INFO] testing CenekSanzak/flask-rs against 1.75.0 for beta-1.76-1
[INFO] running `Command { std: "git" "clone" "/workspace/cache/git-repos/https%3A%2F%2Fgithub.com%2FCenekSanzak%2Fflask-rs" "/workspace/builds/worker-1-tc1/source", kill_on_drop: false }`
[INFO] [stderr] Cloning into '/workspace/builds/worker-1-tc1/source'...
[INFO] [stderr] done.
[INFO] validating manifest of git repo https://github.com/CenekSanzak/flask-rs on toolchain 1.75.0
[INFO] running `Command { std: CARGO_HOME="/workspace/cargo-home" RUSTUP_HOME="/workspace/rustup-home" "/workspace/cargo-home/bin/cargo" "+1.75.0" "metadata" "--manifest-path" "Cargo.toml" "--no-deps", kill_on_drop: false }`
[INFO] started tweaking git repo https://github.com/CenekSanzak/flask-rs
[INFO] finished tweaking git repo https://github.com/CenekSanzak/flask-rs
[INFO] tweaked toml for git repo https://github.com/CenekSanzak/flask-rs written to /workspace/builds/worker-1-tc1/source/Cargo.toml
[INFO] crate git repo https://github.com/CenekSanzak/flask-rs already has a lockfile, it will not be regenerated
[INFO] running `Command { std: CARGO_HOME="/workspace/cargo-home" RUSTUP_HOME="/workspace/rustup-home" "/workspace/cargo-home/bin/cargo" "+1.75.0" "fetch" "--manifest-path" "Cargo.toml", kill_on_drop: false }`
[INFO] running `Command { std: "docker" "create" "-v" "/var/lib/crater-agent-workspace/builds/worker-1-tc1/target:/opt/rustwide/target:rw,Z" "-v" "/var/lib/crater-agent-workspace/builds/worker-1-tc1/source:/opt/rustwide/workdir:ro,Z" "-v" "/var/lib/crater-agent-workspace/cargo-home:/opt/rustwide/cargo-home:ro,Z" "-v" "/var/lib/crater-agent-workspace/rustup-home:/opt/rustwide/rustup-home:ro,Z" "-e" "SOURCE_DIR=/opt/rustwide/workdir" "-e" "CARGO_TARGET_DIR=/opt/rustwide/target" "-e" "CARGO_HOME=/opt/rustwide/cargo-home" "-e" "RUSTUP_HOME=/opt/rustwide/rustup-home" "-w" "/opt/rustwide/workdir" "-m" "1610612736" "--user" "0:0" "--network" "none" "ghcr.io/rust-lang/crates-build-env/linux@sha256:2788e3201cd34a07e3172128adcd8b3090168a8e3bcc40d7c032b9dda1df7d1c" "/opt/rustwide/cargo-home/bin/cargo" "+1.75.0" "metadata" "--no-deps" "--format-version=1", kill_on_drop: false }`
[INFO] [stdout] 33c9abaf3f2054604d883070ff0a5f522775e5eac78f7ec8ec2aa477b363df70
[INFO] running `Command { std: "docker" "start" "-a" "33c9abaf3f2054604d883070ff0a5f522775e5eac78f7ec8ec2aa477b363df70", kill_on_drop: false }`
[INFO] running `Command { std: "docker" "inspect" "33c9abaf3f2054604d883070ff0a5f522775e5eac78f7ec8ec2aa477b363df70", kill_on_drop: false }`
[INFO] running `Command { std: "docker" "rm" "-f" "33c9abaf3f2054604d883070ff0a5f522775e5eac78f7ec8ec2aa477b363df70", kill_on_drop: false }`
[INFO] [stdout] 33c9abaf3f2054604d883070ff0a5f522775e5eac78f7ec8ec2aa477b363df70
[INFO] running `Command { std: "docker" "create" "-v" "/var/lib/crater-agent-workspace/builds/worker-1-tc1/target:/opt/rustwide/target:rw,Z" "-v" "/var/lib/crater-agent-workspace/builds/worker-1-tc1/source:/opt/rustwide/workdir:ro,Z" "-v" "/var/lib/crater-agent-workspace/cargo-home:/opt/rustwide/cargo-home:ro,Z" "-v" "/var/lib/crater-agent-workspace/rustup-home:/opt/rustwide/rustup-home:ro,Z" "-e" "SOURCE_DIR=/opt/rustwide/workdir" "-e" "CARGO_TARGET_DIR=/opt/rustwide/target" "-e" "CARGO_INCREMENTAL=0" "-e" "RUST_BACKTRACE=full" "-e" "RUSTFLAGS=--cap-lints=warn" "-e" "RUSTDOCFLAGS=--cap-lints=warn" "-e" "CARGO_HOME=/opt/rustwide/cargo-home" "-e" "RUSTUP_HOME=/opt/rustwide/rustup-home" "-w" "/opt/rustwide/workdir" "-m" "1610612736" "--user" "0:0" "--network" "none" "ghcr.io/rust-lang/crates-build-env/linux@sha256:2788e3201cd34a07e3172128adcd8b3090168a8e3bcc40d7c032b9dda1df7d1c" "/opt/rustwide/cargo-home/bin/cargo" "+1.75.0" "build" "--frozen" "--message-format=json", kill_on_drop: false }`
[INFO] [stdout] 1bdc693443a94da888d90861ea74322a351e16d45c07ca35de0e804a28f30e55
[INFO] running `Command { std: "docker" "start" "-a" "1bdc693443a94da888d90861ea74322a351e16d45c07ca35de0e804a28f30e55", kill_on_drop: false }`
[INFO] [stderr]    Compiling version_check v0.9.4
[INFO] [stderr]    Compiling proc-macro2 v1.0.50
[INFO] [stderr]    Compiling unicode-ident v1.0.6
[INFO] [stderr]    Compiling quote v1.0.23
[INFO] [stderr]    Compiling libc v0.2.139
[INFO] [stderr]    Compiling io-lifetimes v1.0.4
[INFO] [stderr]    Compiling syn v1.0.107
[INFO] [stderr]    Compiling rustix v0.36.7
[INFO] [stderr]    Compiling cc v1.0.78
[INFO] [stderr]    Compiling crc32fast v1.3.2
[INFO] [stderr]    Compiling linux-raw-sys v0.1.4
[INFO] [stderr]    Compiling bitflags v1.3.2
[INFO] [stderr]    Compiling os_str_bytes v6.4.1
[INFO] [stderr]    Compiling strsim v0.10.0
[INFO] [stderr]    Compiling spin v0.5.2
[INFO] [stderr]    Compiling miniz_oxide v0.6.2
[INFO] [stderr]    Compiling untrusted v0.7.1
[INFO] [stderr]    Compiling termcolor v1.2.0
[INFO] [stderr]    Compiling base64 v0.21.0
[INFO] [stderr]    Compiling proc-macro-error-attr v1.0.4
[INFO] [stderr]    Compiling proc-macro-error v1.0.4
[INFO] [stderr]    Compiling clap_lex v0.3.1
[INFO] [stderr]    Compiling flate2 v1.0.25
[INFO] [stderr]    Compiling ring v0.16.20
[INFO] [stderr]    Compiling is-terminal v0.4.2
[INFO] [stderr]    Compiling clap_derive v4.1.0
[INFO] [stderr]    Compiling clap v4.1.4
[INFO] [stderr]    Compiling flask-rs v0.1.0 (/opt/rustwide/workdir)
[INFO] [stdout] warning: unused variable: `timestamp`
[INFO] [stdout]   --> src/decode.rs:57:19
[INFO] [stdout]    |
[INFO] [stdout] 57 |     let (decoded, timestamp) = result.unwrap();
[INFO] [stdout]    |                   ^^^^^^^^^ help: if this is intentional, prefix it with an underscore: `_timestamp`
[INFO] [stdout]    |
[INFO] [stdout]    = note: `#[warn(unused_variables)]` on by default
[INFO] [stdout] 
[INFO] [stdout] 
[INFO] [stdout] warning: 1 warning emitted
[INFO] [stdout] 
[INFO] [stdout] 
[INFO] [stderr]     Finished dev [unoptimized + debuginfo] target(s) in 13.08s
[INFO] running `Command { std: "docker" "inspect" "1bdc693443a94da888d90861ea74322a351e16d45c07ca35de0e804a28f30e55", kill_on_drop: false }`
[INFO] running `Command { std: "docker" "rm" "-f" "1bdc693443a94da888d90861ea74322a351e16d45c07ca35de0e804a28f30e55", kill_on_drop: false }`
[INFO] [stdout] 1bdc693443a94da888d90861ea74322a351e16d45c07ca35de0e804a28f30e55
[INFO] running `Command { std: "docker" "create" "-v" "/var/lib/crater-agent-workspace/builds/worker-1-tc1/target:/opt/rustwide/target:rw,Z" "-v" "/var/lib/crater-agent-workspace/builds/worker-1-tc1/source:/opt/rustwide/workdir:ro,Z" "-v" "/var/lib/crater-agent-workspace/cargo-home:/opt/rustwide/cargo-home:ro,Z" "-v" "/var/lib/crater-agent-workspace/rustup-home:/opt/rustwide/rustup-home:ro,Z" "-e" "SOURCE_DIR=/opt/rustwide/workdir" "-e" "CARGO_TARGET_DIR=/opt/rustwide/target" "-e" "CARGO_INCREMENTAL=0" "-e" "RUST_BACKTRACE=full" "-e" "RUSTFLAGS=--cap-lints=warn" "-e" "RUSTDOCFLAGS=--cap-lints=warn" "-e" "CARGO_HOME=/opt/rustwide/cargo-home" "-e" "RUSTUP_HOME=/opt/rustwide/rustup-home" "-w" "/opt/rustwide/workdir" "-m" "1610612736" "--user" "0:0" "--network" "none" "ghcr.io/rust-lang/crates-build-env/linux@sha256:2788e3201cd34a07e3172128adcd8b3090168a8e3bcc40d7c032b9dda1df7d1c" "/opt/rustwide/cargo-home/bin/cargo" "+1.75.0" "test" "--frozen" "--no-run" "--message-format=json", kill_on_drop: false }`
[INFO] [stdout] 2c1feca4d940475ba06392f7599defb17bd3a53ba09ecc108aeee053604fa8fe
[INFO] running `Command { std: "docker" "start" "-a" "2c1feca4d940475ba06392f7599defb17bd3a53ba09ecc108aeee053604fa8fe", kill_on_drop: false }`
[INFO] [stdout] warning: unused variable: `timestamp`
[INFO] [stdout]   --> src/decode.rs:57:19
[INFO] [stdout]    |
[INFO] [stdout] 57 |     let (decoded, timestamp) = result.unwrap();
[INFO] [stdout]    |                   ^^^^^^^^^ help: if this is intentional, prefix it with an underscore: `_timestamp`
[INFO] [stdout]    |
[INFO] [stdout]    = note: `#[warn(unused_variables)]` on by default
[INFO] [stdout] 
[INFO] [stdout] 
[INFO] [stdout] warning: 1 warning emitted
[INFO] [stdout] 
[INFO] [stdout] 
[INFO] [stderr]    Compiling flask-rs v0.1.0 (/opt/rustwide/workdir)
[INFO] [stdout] error[E0061]: this function takes 3 arguments but 2 arguments were supplied
[INFO] [stdout]   --> tests/integration_tests.rs:19:18
[INFO] [stdout]    |
[INFO] [stdout] 19 |     let result = sign_cookie(payload.to_string(), timestamp);
[INFO] [stdout]    |                  ^^^^^^^^^^^-------------------------------- an argument of type `String` is missing
[INFO] [stdout]    |
[INFO] [stdout] note: function defined here
[INFO] [stdout]   --> /opt/rustwide/workdir/src/sign.rs:51:8
[INFO] [stdout]    |
[INFO] [stdout] 51 | pub fn sign_cookie(payload: String, timestamp: u32, secret: String) -> Result<String, String> {
[INFO] [stdout]    |        ^^^^^^^^^^^
[INFO] [stdout] help: provide the argument
[INFO] [stdout]    |
[INFO] [stdout] 19 |     let result = sign_cookie(payload.to_string(), timestamp, /* String */);
[INFO] [stdout]    |                             ~~~~~~~~~~~~~~~~~~~~~~~~~~~~~~~~~~~~~~~~~~~~~~
[INFO] [stdout] 
[INFO] [stdout] 
[INFO] [stdout] error: aborting due to previous error
[INFO] [stdout] 
[INFO] [stdout] 
[INFO] [stdout] For more information about this error, try `rustc --explain E0061`.
[INFO] [stdout] 
[INFO] [stderr] error: could not compile `flask-rs` (test "integration_tests") due to 2 previous errors
[INFO] [stderr] warning: build failed, waiting for other jobs to finish...
[INFO] [stdout] error[E0308]: mismatched types
[INFO] [stdout]    --> src/sign.rs:108:53
[INFO] [stdout]     |
[INFO] [stdout] 108 |         let result = create_hmac_signature(payload, timestamp, "CHANGEME".to_owned());
[INFO] [stdout]     |                      ---------------------          ^^^^^^^^^- help: try using a conversion method: `.to_string()`
[INFO] [stdout]     |                      |                              |
[INFO] [stdout]     |                      |                              expected `String`, found integer
[INFO] [stdout]     |                      arguments to this function are incorrect
[INFO] [stdout]     |
[INFO] [stdout] note: function defined here
[INFO] [stdout]    --> src/sign.rs:35:4
[INFO] [stdout]     |
[INFO] [stdout] 35  | fn create_hmac_signature(encoded_payload: String, encoded_timestamp: String, secret: String) -> Result<String, String> {
[INFO] [stdout]     |    ^^^^^^^^^^^^^^^^^^^^^                          -------------------------
[INFO] [stdout] 
[INFO] [stdout] 
[INFO] [stdout] error: aborting due to previous error
[INFO] [stdout] 
[INFO] [stdout] 
[INFO] [stdout] For more information about this error, try `rustc --explain E0308`.
[INFO] [stdout] 
[INFO] [stderr] error: could not compile `flask-rs` (lib test) due to 2 previous errors
[INFO] running `Command { std: "docker" "inspect" "2c1feca4d940475ba06392f7599defb17bd3a53ba09ecc108aeee053604fa8fe", kill_on_drop: false }`
[INFO] running `Command { std: "docker" "rm" "-f" "2c1feca4d940475ba06392f7599defb17bd3a53ba09ecc108aeee053604fa8fe", kill_on_drop: false }`
[INFO] [stdout] 2c1feca4d940475ba06392f7599defb17bd3a53ba09ecc108aeee053604fa8fe
[INFO] testing CenekSanzak/flask-rs against beta-2023-12-22 for beta-1.76-1
[INFO] running `Command { std: "git" "clone" "/workspace/cache/git-repos/https%3A%2F%2Fgithub.com%2FCenekSanzak%2Fflask-rs" "/workspace/builds/worker-1-tc2/source", kill_on_drop: false }`
[INFO] [stderr] Cloning into '/workspace/builds/worker-1-tc2/source'...
[INFO] [stderr] done.
[INFO] validating manifest of git repo https://github.com/CenekSanzak/flask-rs on toolchain beta-2023-12-22
[INFO] running `Command { std: CARGO_HOME="/workspace/cargo-home" RUSTUP_HOME="/workspace/rustup-home" "/workspace/cargo-home/bin/cargo" "+beta-2023-12-22" "metadata" "--manifest-path" "Cargo.toml" "--no-deps", kill_on_drop: false }`
[INFO] started tweaking git repo https://github.com/CenekSanzak/flask-rs
[INFO] finished tweaking git repo https://github.com/CenekSanzak/flask-rs
[INFO] tweaked toml for git repo https://github.com/CenekSanzak/flask-rs written to /workspace/builds/worker-1-tc2/source/Cargo.toml
[INFO] crate git repo https://github.com/CenekSanzak/flask-rs already has a lockfile, it will not be regenerated
[INFO] running `Command { std: CARGO_HOME="/workspace/cargo-home" RUSTUP_HOME="/workspace/rustup-home" "/workspace/cargo-home/bin/cargo" "+beta-2023-12-22" "fetch" "--manifest-path" "Cargo.toml", kill_on_drop: false }`
[INFO] running `Command { std: "docker" "create" "-v" "/var/lib/crater-agent-workspace/builds/worker-1-tc2/target:/opt/rustwide/target:rw,Z" "-v" "/var/lib/crater-agent-workspace/builds/worker-1-tc2/source:/opt/rustwide/workdir:ro,Z" "-v" "/var/lib/crater-agent-workspace/cargo-home:/opt/rustwide/cargo-home:ro,Z" "-v" "/var/lib/crater-agent-workspace/rustup-home:/opt/rustwide/rustup-home:ro,Z" "-e" "SOURCE_DIR=/opt/rustwide/workdir" "-e" "CARGO_TARGET_DIR=/opt/rustwide/target" "-e" "CARGO_HOME=/opt/rustwide/cargo-home" "-e" "RUSTUP_HOME=/opt/rustwide/rustup-home" "-w" "/opt/rustwide/workdir" "-m" "1610612736" "--user" "0:0" "--network" "none" "ghcr.io/rust-lang/crates-build-env/linux@sha256:2788e3201cd34a07e3172128adcd8b3090168a8e3bcc40d7c032b9dda1df7d1c" "/opt/rustwide/cargo-home/bin/cargo" "+beta-2023-12-22" "metadata" "--no-deps" "--format-version=1", kill_on_drop: false }`
[INFO] [stdout] e60236aea8a2bb703f5a4b65f6d085ea3b7d21fdd35fdf78bc82a83dd8e61027
[INFO] running `Command { std: "docker" "start" "-a" "e60236aea8a2bb703f5a4b65f6d085ea3b7d21fdd35fdf78bc82a83dd8e61027", kill_on_drop: false }`
[INFO] running `Command { std: "docker" "inspect" "e60236aea8a2bb703f5a4b65f6d085ea3b7d21fdd35fdf78bc82a83dd8e61027", kill_on_drop: false }`
[INFO] running `Command { std: "docker" "rm" "-f" "e60236aea8a2bb703f5a4b65f6d085ea3b7d21fdd35fdf78bc82a83dd8e61027", kill_on_drop: false }`
[INFO] [stdout] e60236aea8a2bb703f5a4b65f6d085ea3b7d21fdd35fdf78bc82a83dd8e61027
[INFO] running `Command { std: "docker" "create" "-v" "/var/lib/crater-agent-workspace/builds/worker-1-tc2/target:/opt/rustwide/target:rw,Z" "-v" "/var/lib/crater-agent-workspace/builds/worker-1-tc2/source:/opt/rustwide/workdir:ro,Z" "-v" "/var/lib/crater-agent-workspace/cargo-home:/opt/rustwide/cargo-home:ro,Z" "-v" "/var/lib/crater-agent-workspace/rustup-home:/opt/rustwide/rustup-home:ro,Z" "-e" "SOURCE_DIR=/opt/rustwide/workdir" "-e" "CARGO_TARGET_DIR=/opt/rustwide/target" "-e" "CARGO_INCREMENTAL=0" "-e" "RUST_BACKTRACE=full" "-e" "RUSTFLAGS=--cap-lints=warn" "-e" "RUSTDOCFLAGS=--cap-lints=warn" "-e" "CARGO_HOME=/opt/rustwide/cargo-home" "-e" "RUSTUP_HOME=/opt/rustwide/rustup-home" "-w" "/opt/rustwide/workdir" "-m" "1610612736" "--user" "0:0" "--network" "none" "ghcr.io/rust-lang/crates-build-env/linux@sha256:2788e3201cd34a07e3172128adcd8b3090168a8e3bcc40d7c032b9dda1df7d1c" "/opt/rustwide/cargo-home/bin/cargo" "+beta-2023-12-22" "build" "--frozen" "--message-format=json", kill_on_drop: false }`
[INFO] [stdout] 8dbd672b8f4b7195e31093a68bdd45533446b0432d041f5956a2e9660c0bf62a
[INFO] running `Command { std: "docker" "start" "-a" "8dbd672b8f4b7195e31093a68bdd45533446b0432d041f5956a2e9660c0bf62a", kill_on_drop: false }`
[INFO] [stderr]    Compiling proc-macro2 v1.0.50
[INFO] [stderr]    Compiling version_check v0.9.4
[INFO] [stderr]    Compiling libc v0.2.139
[INFO] [stderr]    Compiling quote v1.0.23
[INFO] [stderr]    Compiling unicode-ident v1.0.6
[INFO] [stderr]    Compiling io-lifetimes v1.0.4
[INFO] [stderr]    Compiling syn v1.0.107
[INFO] [stderr]    Compiling rustix v0.36.7
[INFO] [stderr]    Compiling crc32fast v1.3.2
[INFO] [stderr]    Compiling bitflags v1.3.2
[INFO] [stderr]    Compiling cc v1.0.78
[INFO] [stderr]    Compiling linux-raw-sys v0.1.4
[INFO] [stderr]    Compiling os_str_bytes v6.4.1
[INFO] [stderr]    Compiling miniz_oxide v0.6.2
[INFO] [stderr]    Compiling termcolor v1.2.0
[INFO] [stderr]    Compiling spin v0.5.2
[INFO] [stderr]    Compiling strsim v0.10.0
[INFO] [stderr]    Compiling untrusted v0.7.1
[INFO] [stderr]    Compiling base64 v0.21.0
[INFO] [stderr]    Compiling clap_lex v0.3.1
[INFO] [stderr]    Compiling proc-macro-error-attr v1.0.4
[INFO] [stderr]    Compiling proc-macro-error v1.0.4
[INFO] [stderr]    Compiling flate2 v1.0.25
[INFO] [stderr]    Compiling ring v0.16.20
[INFO] [stderr]    Compiling is-terminal v0.4.2
[INFO] [stderr]    Compiling clap_derive v4.1.0
[INFO] [stderr]    Compiling clap v4.1.4
[INFO] [stderr]    Compiling flask-rs v0.1.0 (/opt/rustwide/workdir)
[INFO] [stdout] warning: unused variable: `timestamp`
[INFO] [stdout]   --> src/decode.rs:57:19
[INFO] [stdout]    |
[INFO] [stdout] 57 |     let (decoded, timestamp) = result.unwrap();
[INFO] [stdout]    |                   ^^^^^^^^^ help: if this is intentional, prefix it with an underscore: `_timestamp`
[INFO] [stdout]    |
[INFO] [stdout]    = note: `#[warn(unused_variables)]` on by default
[INFO] [stdout] 
[INFO] [stdout] 
[INFO] [stdout] warning: 1 warning emitted
[INFO] [stdout] 
[INFO] [stdout] 
[INFO] [stderr]     Finished dev [unoptimized + debuginfo] target(s) in 10.94s
[INFO] running `Command { std: "docker" "inspect" "8dbd672b8f4b7195e31093a68bdd45533446b0432d041f5956a2e9660c0bf62a", kill_on_drop: false }`
[INFO] running `Command { std: "docker" "rm" "-f" "8dbd672b8f4b7195e31093a68bdd45533446b0432d041f5956a2e9660c0bf62a", kill_on_drop: false }`
[INFO] [stdout] 8dbd672b8f4b7195e31093a68bdd45533446b0432d041f5956a2e9660c0bf62a
[INFO] running `Command { std: "docker" "create" "-v" "/var/lib/crater-agent-workspace/builds/worker-1-tc2/target:/opt/rustwide/target:rw,Z" "-v" "/var/lib/crater-agent-workspace/builds/worker-1-tc2/source:/opt/rustwide/workdir:ro,Z" "-v" "/var/lib/crater-agent-workspace/cargo-home:/opt/rustwide/cargo-home:ro,Z" "-v" "/var/lib/crater-agent-workspace/rustup-home:/opt/rustwide/rustup-home:ro,Z" "-e" "SOURCE_DIR=/opt/rustwide/workdir" "-e" "CARGO_TARGET_DIR=/opt/rustwide/target" "-e" "CARGO_INCREMENTAL=0" "-e" "RUST_BACKTRACE=full" "-e" "RUSTFLAGS=--cap-lints=warn" "-e" "RUSTDOCFLAGS=--cap-lints=warn" "-e" "CARGO_HOME=/opt/rustwide/cargo-home" "-e" "RUSTUP_HOME=/opt/rustwide/rustup-home" "-w" "/opt/rustwide/workdir" "-m" "1610612736" "--user" "0:0" "--network" "none" "ghcr.io/rust-lang/crates-build-env/linux@sha256:2788e3201cd34a07e3172128adcd8b3090168a8e3bcc40d7c032b9dda1df7d1c" "/opt/rustwide/cargo-home/bin/cargo" "+beta-2023-12-22" "test" "--frozen" "--no-run" "--message-format=json", kill_on_drop: false }`
[INFO] [stdout] 68b5d979296f1eb25ce4d8629362e082b1f0bda03b95108a966fb1d82e2c498b
[INFO] running `Command { std: "docker" "start" "-a" "68b5d979296f1eb25ce4d8629362e082b1f0bda03b95108a966fb1d82e2c498b", kill_on_drop: false }`
[INFO] [stderr]    Compiling flask-rs v0.1.0 (/opt/rustwide/workdir)
[INFO] [stdout] warning: unused variable: `timestamp`
[INFO] [stdout]   --> src/decode.rs:57:19
[INFO] [stdout]    |
[INFO] [stdout] 57 |     let (decoded, timestamp) = result.unwrap();
[INFO] [stdout]    |                   ^^^^^^^^^ help: if this is intentional, prefix it with an underscore: `_timestamp`
[INFO] [stdout]    |
[INFO] [stdout]    = note: `#[warn(unused_variables)]` on by default
[INFO] [stdout] 
[INFO] [stdout] 
[INFO] [stdout] warning: 1 warning emitted
[INFO] [stdout] 
[INFO] [stdout] 
[INFO] [stdout] error[E0061]: this function takes 3 arguments but 2 arguments were supplied
[INFO] [stdout]   --> tests/integration_tests.rs:19:18
[INFO] [stdout]    |
[INFO] [stdout] 19 |     let result = sign_cookie(payload.to_string(), timestamp);
[INFO] [stdout]    |                  ^^^^^^^^^^^-------------------------------- an argument of type `String` is missing
[INFO] [stdout]    |
[INFO] [stdout] note: function defined here
[INFO] [stdout]   --> /opt/rustwide/workdir/src/sign.rs:51:8
[INFO] [stdout]    |
[INFO] [stdout] 51 | pub fn sign_cookie(payload: String, timestamp: u32, secret: String) -> Result<String, String> {
[INFO] [stdout]    |        ^^^^^^^^^^^
[INFO] [stdout] help: provide the argument
[INFO] [stdout]    |
[INFO] [stdout] 19 |     let result = sign_cookie(payload.to_string(), timestamp, /* String */);
[INFO] [stdout]    |                             ~~~~~~~~~~~~~~~~~~~~~~~~~~~~~~~~~~~~~~~~~~~~~~
[INFO] [stdout] 
[INFO] [stdout] 
[INFO] [stdout] error: aborting due to 1 previous error
[INFO] [stdout] 
[INFO] [stdout] 
[INFO] [stdout] For more information about this error, try `rustc --explain E0061`.
[INFO] [stdout] 
[INFO] [stderr] error: could not compile `flask-rs` (test "integration_tests") due to 2 previous errors
[INFO] [stderr] warning: build failed, waiting for other jobs to finish...
[INFO] [stdout] error[E0308]: mismatched types
[INFO] [stdout]    --> src/sign.rs:108:53
[INFO] [stdout]     |
[INFO] [stdout] 108 |         let result = create_hmac_signature(payload, timestamp, "CHANGEME".to_owned());
[INFO] [stdout]     |                      ---------------------          ^^^^^^^^^- help: try using a conversion method: `.to_string()`
[INFO] [stdout]     |                      |                              |
[INFO] [stdout]     |                      |                              expected `String`, found integer
[INFO] [stdout]     |                      arguments to this function are incorrect
[INFO] [stdout]     |
[INFO] [stdout] note: function defined here
[INFO] [stdout]    --> src/sign.rs:35:4
[INFO] [stdout]     |
[INFO] [stdout] 35  | fn create_hmac_signature(encoded_payload: String, encoded_timestamp: String, secret: String) -> Result<String, String> {
[INFO] [stdout]     |    ^^^^^^^^^^^^^^^^^^^^^                          -------------------------
[INFO] [stdout] 
[INFO] [stdout] 
[INFO] [stdout] error: aborting due to 1 previous error
[INFO] [stdout] 
[INFO] [stdout] 
[INFO] [stdout] For more information about this error, try `rustc --explain E0308`.
[INFO] [stdout] 
[INFO] [stderr] error: could not compile `flask-rs` (lib test) due to 2 previous errors
[INFO] running `Command { std: "docker" "inspect" "68b5d979296f1eb25ce4d8629362e082b1f0bda03b95108a966fb1d82e2c498b", kill_on_drop: false }`
[INFO] running `Command { std: "docker" "rm" "-f" "68b5d979296f1eb25ce4d8629362e082b1f0bda03b95108a966fb1d82e2c498b", kill_on_drop: false }`
[INFO] [stdout] 68b5d979296f1eb25ce4d8629362e082b1f0bda03b95108a966fb1d82e2c498b
