[INFO] cloning repository https://github.com/Caviar-X/offscreen_hacks
[INFO] running `Command { std: "git" "-c" "credential.helper=" "-c" "credential.helper=/workspace/cargo-home/bin/git-credential-null" "clone" "--bare" "https://github.com/Caviar-X/offscreen_hacks" "/workspace/cache/git-repos/https%3A%2F%2Fgithub.com%2FCaviar-X%2Foffscreen_hacks", kill_on_drop: false }`
[INFO] [stderr] Cloning into bare repository '/workspace/cache/git-repos/https%3A%2F%2Fgithub.com%2FCaviar-X%2Foffscreen_hacks'...
[INFO] running `Command { std: "git" "rev-parse" "HEAD", kill_on_drop: false }`
[INFO] [stdout] a3991f18b978e5ab042ba867288632f7f839bc2e
[INFO] testing Caviar-X/offscreen_hacks against 1.75.0 for beta-1.76-1
[INFO] running `Command { std: "git" "clone" "/workspace/cache/git-repos/https%3A%2F%2Fgithub.com%2FCaviar-X%2Foffscreen_hacks" "/workspace/builds/worker-5-tc1/source", kill_on_drop: false }`
[INFO] [stderr] Cloning into '/workspace/builds/worker-5-tc1/source'...
[INFO] [stderr] done.
[INFO] validating manifest of git repo https://github.com/Caviar-X/offscreen_hacks on toolchain 1.75.0
[INFO] running `Command { std: CARGO_HOME="/workspace/cargo-home" RUSTUP_HOME="/workspace/rustup-home" "/workspace/cargo-home/bin/cargo" "+1.75.0" "metadata" "--manifest-path" "Cargo.toml" "--no-deps", kill_on_drop: false }`
[INFO] started tweaking git repo https://github.com/Caviar-X/offscreen_hacks
[INFO] finished tweaking git repo https://github.com/Caviar-X/offscreen_hacks
[INFO] tweaked toml for git repo https://github.com/Caviar-X/offscreen_hacks written to /workspace/builds/worker-5-tc1/source/Cargo.toml
[INFO] crate git repo https://github.com/Caviar-X/offscreen_hacks already has a lockfile, it will not be regenerated
[INFO] running `Command { std: CARGO_HOME="/workspace/cargo-home" RUSTUP_HOME="/workspace/rustup-home" "/workspace/cargo-home/bin/cargo" "+1.75.0" "fetch" "--manifest-path" "Cargo.toml", kill_on_drop: false }`
[INFO] running `Command { std: "docker" "create" "-v" "/var/lib/crater-agent-workspace/builds/worker-5-tc1/target:/opt/rustwide/target:rw,Z" "-v" "/var/lib/crater-agent-workspace/builds/worker-5-tc1/source:/opt/rustwide/workdir:ro,Z" "-v" "/var/lib/crater-agent-workspace/cargo-home:/opt/rustwide/cargo-home:ro,Z" "-v" "/var/lib/crater-agent-workspace/rustup-home:/opt/rustwide/rustup-home:ro,Z" "-e" "SOURCE_DIR=/opt/rustwide/workdir" "-e" "CARGO_TARGET_DIR=/opt/rustwide/target" "-e" "CARGO_HOME=/opt/rustwide/cargo-home" "-e" "RUSTUP_HOME=/opt/rustwide/rustup-home" "-w" "/opt/rustwide/workdir" "-m" "1610612736" "--user" "0:0" "--network" "none" "ghcr.io/rust-lang/crates-build-env/linux@sha256:2788e3201cd34a07e3172128adcd8b3090168a8e3bcc40d7c032b9dda1df7d1c" "/opt/rustwide/cargo-home/bin/cargo" "+1.75.0" "metadata" "--no-deps" "--format-version=1", kill_on_drop: false }`
[INFO] [stdout] d6c04aa68137bf7aa82dfab46f5819e0875f91ccc84ba638839fe1bc46af125e
[INFO] running `Command { std: "docker" "start" "-a" "d6c04aa68137bf7aa82dfab46f5819e0875f91ccc84ba638839fe1bc46af125e", kill_on_drop: false }`
[INFO] running `Command { std: "docker" "inspect" "d6c04aa68137bf7aa82dfab46f5819e0875f91ccc84ba638839fe1bc46af125e", kill_on_drop: false }`
[INFO] running `Command { std: "docker" "rm" "-f" "d6c04aa68137bf7aa82dfab46f5819e0875f91ccc84ba638839fe1bc46af125e", kill_on_drop: false }`
[INFO] [stdout] d6c04aa68137bf7aa82dfab46f5819e0875f91ccc84ba638839fe1bc46af125e
[INFO] running `Command { std: "docker" "create" "-v" "/var/lib/crater-agent-workspace/builds/worker-5-tc1/target:/opt/rustwide/target:rw,Z" "-v" "/var/lib/crater-agent-workspace/builds/worker-5-tc1/source:/opt/rustwide/workdir:ro,Z" "-v" "/var/lib/crater-agent-workspace/cargo-home:/opt/rustwide/cargo-home:ro,Z" "-v" "/var/lib/crater-agent-workspace/rustup-home:/opt/rustwide/rustup-home:ro,Z" "-e" "SOURCE_DIR=/opt/rustwide/workdir" "-e" "CARGO_TARGET_DIR=/opt/rustwide/target" "-e" "CARGO_INCREMENTAL=0" "-e" "RUST_BACKTRACE=full" "-e" "RUSTFLAGS=--cap-lints=warn" "-e" "RUSTDOCFLAGS=--cap-lints=warn" "-e" "CARGO_HOME=/opt/rustwide/cargo-home" "-e" "RUSTUP_HOME=/opt/rustwide/rustup-home" "-w" "/opt/rustwide/workdir" "-m" "1610612736" "--user" "0:0" "--network" "none" "ghcr.io/rust-lang/crates-build-env/linux@sha256:2788e3201cd34a07e3172128adcd8b3090168a8e3bcc40d7c032b9dda1df7d1c" "/opt/rustwide/cargo-home/bin/cargo" "+1.75.0" "build" "--frozen" "--message-format=json", kill_on_drop: false }`
[INFO] [stdout] 27264c26d2151cc9a8ef03953a6f5b4392fa05427dcaa1b2000c41c12af88a0d
[INFO] running `Command { std: "docker" "start" "-a" "27264c26d2151cc9a8ef03953a6f5b4392fa05427dcaa1b2000c41c12af88a0d", kill_on_drop: false }`
[INFO] [stderr]    Compiling anyhow v1.0.71
[INFO] [stderr]    Compiling winapi v0.3.9
[INFO] [stderr]    Compiling offscreen-hacks v0.1.0 (/opt/rustwide/workdir)
[INFO] [stdout] error[E0433]: failed to resolve: could not find `um` in `winapi`
[INFO] [stdout]  --> src/keyboard.rs:2:13
[INFO] [stdout]   |
[INFO] [stdout] 2 | use winapi::um::winuser::*;
[INFO] [stdout]   |             ^^ could not find `um` in `winapi`
[INFO] [stdout] 
[INFO] [stdout] 
[INFO] [stdout] error[E0433]: failed to resolve: could not find `shared` in `winapi`
[INFO] [stdout]  --> src/mouse.rs:2:13
[INFO] [stdout]   |
[INFO] [stdout] 2 | use winapi::shared::windef::POINT;
[INFO] [stdout]   |             ^^^^^^ could not find `shared` in `winapi`
[INFO] [stdout] 
[INFO] [stdout] 
[INFO] [stdout] error[E0433]: failed to resolve: could not find `um` in `winapi`
[INFO] [stdout]  --> src/mouse.rs:3:13
[INFO] [stdout]   |
[INFO] [stdout] 3 | use winapi::um::winuser::*;
[INFO] [stdout]   |             ^^ could not find `um` in `winapi`
[INFO] [stdout] 
[INFO] [stdout] 
[INFO] [stdout] error[E0412]: cannot find type `INPUT` in this scope
[INFO] [stdout]  --> src/keyboard.rs:5:26
[INFO] [stdout]   |
[INFO] [stdout] 5 |         let mut inputs: [INPUT; 2] = std::mem::zeroed();
[INFO] [stdout]   |                          ^^^^^ not found in this scope
[INFO] [stdout] 
[INFO] [stdout] 
[INFO] [stdout] error[E0425]: cannot find value `INPUT_KEYBOARD` in this scope
[INFO] [stdout]  --> src/keyboard.rs:6:27
[INFO] [stdout]   |
[INFO] [stdout] 6 |         inputs[0].type_ = INPUT_KEYBOARD;
[INFO] [stdout]   |                           ^^^^^^^^^^^^^^ not found in this scope
[INFO] [stdout] 
[INFO] [stdout] 
[INFO] [stdout] error[E0425]: cannot find value `INPUT_KEYBOARD` in this scope
[INFO] [stdout]  --> src/keyboard.rs:8:27
[INFO] [stdout]   |
[INFO] [stdout] 8 |         inputs[1].type_ = INPUT_KEYBOARD;
[INFO] [stdout]   |                           ^^^^^^^^^^^^^^ not found in this scope
[INFO] [stdout] 
[INFO] [stdout] 
[INFO] [stdout] error[E0425]: cannot find value `KEYEVENTF_KEYUP` in this scope
[INFO] [stdout]   --> src/keyboard.rs:10:40
[INFO] [stdout]    |
[INFO] [stdout] 10 |         inputs[1].u.ki_mut().dwFlags = KEYEVENTF_KEYUP;
[INFO] [stdout]    |                                        ^^^^^^^^^^^^^^^ not found in this scope
[INFO] [stdout] 
[INFO] [stdout] 
[INFO] [stdout] error[E0412]: cannot find type `INPUT` in this scope
[INFO] [stdout]   --> src/keyboard.rs:11:72
[INFO] [stdout]    |
[INFO] [stdout] 11 |         let usent = SendInput(inputs.len() as u32, &mut inputs as *mut INPUT, 40);
[INFO] [stdout]    |                                                                        ^^^^^ not found in this scope
[INFO] [stdout] 
[INFO] [stdout] 
[INFO] [stdout] error[E0412]: cannot find type `INPUT` in this scope
[INFO] [stdout]   --> src/mouse.rs:38:26
[INFO] [stdout]    |
[INFO] [stdout] 38 |         let mut inputs: [INPUT; 2] = std::mem::zeroed();
[INFO] [stdout]    |                          ^^^^^ not found in this scope
[INFO] [stdout] 
[INFO] [stdout] 
[INFO] [stdout] error[E0425]: cannot find value `INPUT_MOUSE` in this scope
[INFO] [stdout]   --> src/mouse.rs:39:27
[INFO] [stdout]    |
[INFO] [stdout] 39 |         inputs[0].type_ = INPUT_MOUSE;
[INFO] [stdout]    |                           ^^^^^^^^^^^ not found in this scope
[INFO] [stdout] 
[INFO] [stdout] 
[INFO] [stdout] error[E0425]: cannot find value `MOUSEEVENTF_LEFTDOWN` in this scope
[INFO] [stdout]   --> src/mouse.rs:44:48
[INFO] [stdout]    |
[INFO] [stdout] 44 |                 inputs[0].u.mi_mut().dwFlags = MOUSEEVENTF_LEFTDOWN;
[INFO] [stdout]    |                                                ^^^^^^^^^^^^^^^^^^^^ not found in this scope
[INFO] [stdout] 
[INFO] [stdout] 
[INFO] [stdout] error[E0425]: cannot find value `MOUSEEVENTF_LEFTUP` in this scope
[INFO] [stdout]   --> src/mouse.rs:50:48
[INFO] [stdout]    |
[INFO] [stdout] 50 |                 inputs[1].u.mi_mut().dwFlags = MOUSEEVENTF_LEFTUP;
[INFO] [stdout]    |                                                ^^^^^^^^^^^^^^^^^^ not found in this scope
[INFO] [stdout] 
[INFO] [stdout] 
[INFO] [stdout] error[E0425]: cannot find value `MOUSEEVENTF_RIGHTDOWN` in this scope
[INFO] [stdout]   --> src/mouse.rs:71:48
[INFO] [stdout]    |
[INFO] [stdout] 71 |                 inputs[0].u.mi_mut().dwFlags = MOUSEEVENTF_RIGHTDOWN;
[INFO] [stdout]    |                                                ^^^^^^^^^^^^^^^^^^^^^ not found in this scope
[INFO] [stdout] 
[INFO] [stdout] 
[INFO] [stdout] error[E0425]: cannot find value `MOUSEEVENTF_RIGHTUP` in this scope
[INFO] [stdout]   --> src/mouse.rs:77:48
[INFO] [stdout]    |
[INFO] [stdout] 77 |                 inputs[1].u.mi_mut().dwFlags = MOUSEEVENTF_RIGHTUP;
[INFO] [stdout]    |                                                ^^^^^^^^^^^^^^^^^^^ not found in this scope
[INFO] [stdout] 
[INFO] [stdout] 
[INFO] [stdout] error[E0412]: cannot find type `INPUT` in this scope
[INFO] [stdout]   --> src/mouse.rs:85:72
[INFO] [stdout]    |
[INFO] [stdout] 85 |         let usent = SendInput(inputs.len() as u32, &mut inputs as *mut INPUT, 40);
[INFO] [stdout]    |                                                                        ^^^^^ not found in this scope
[INFO] [stdout] 
[INFO] [stdout] 
[INFO] [stdout] error[E0425]: cannot find function, tuple struct or tuple variant `SendInput` in this scope
[INFO] [stdout]   --> src/keyboard.rs:11:21
[INFO] [stdout]    |
[INFO] [stdout] 11 |         let usent = SendInput(inputs.len() as u32, &mut inputs as *mut INPUT, 40);
[INFO] [stdout]    |                     ^^^^^^^^^ not found in this scope
[INFO] [stdout] 
[INFO] [stdout] 
[INFO] [stdout] error[E0425]: cannot find function, tuple struct or tuple variant `GetAsyncKeyState` in this scope
[INFO] [stdout]   --> src/keyboard.rs:22:21
[INFO] [stdout]    |
[INFO] [stdout] 22 |         if unsafe { GetAsyncKeyState(i) } & 0x001 == 1 {
[INFO] [stdout]    |                     ^^^^^^^^^^^^^^^^ not found in this scope
[INFO] [stdout] 
[INFO] [stdout] 
[INFO] [stdout] error[E0425]: cannot find function, tuple struct or tuple variant `GetCursorPos` in this scope
[INFO] [stdout]  --> src/mouse.rs:6:14
[INFO] [stdout]   |
[INFO] [stdout] 6 |     unsafe { GetCursorPos(&mut point) };
[INFO] [stdout]   |              ^^^^^^^^^^^^ not found in this scope
[INFO] [stdout] 
[INFO] [stdout] 
[INFO] [stdout] error[E0425]: cannot find function, tuple struct or tuple variant `GetSystemMetrics` in this scope
[INFO] [stdout]   --> src/mouse.rs:12:13
[INFO] [stdout]    |
[INFO] [stdout] 12 |         x = GetSystemMetrics(0);
[INFO] [stdout]    |             ^^^^^^^^^^^^^^^^ not found in this scope
[INFO] [stdout] 
[INFO] [stdout] 
[INFO] [stdout] error[E0425]: cannot find function, tuple struct or tuple variant `GetSystemMetrics` in this scope
[INFO] [stdout]   --> src/mouse.rs:13:13
[INFO] [stdout]    |
[INFO] [stdout] 13 |         y = GetSystemMetrics(1);
[INFO] [stdout]    |             ^^^^^^^^^^^^^^^^ not found in this scope
[INFO] [stdout] 
[INFO] [stdout] 
[INFO] [stdout] error[E0425]: cannot find function, tuple struct or tuple variant `SendInput` in this scope
[INFO] [stdout]   --> src/mouse.rs:85:21
[INFO] [stdout]    |
[INFO] [stdout] 85 |         let usent = SendInput(inputs.len() as u32, &mut inputs as *mut INPUT, 40);
[INFO] [stdout]    |                     ^^^^^^^^^ not found in this scope
[INFO] [stdout] 
[INFO] [stdout] 
[INFO] [stdout] error: aborting due to 21 previous errors
[INFO] [stdout] 
[INFO] [stdout] 
[INFO] [stdout] Some errors have detailed explanations: E0412, E0425, E0433.
[INFO] [stdout] 
[INFO] [stdout] For more information about an error, try `rustc --explain E0412`.
[INFO] [stdout] 
[INFO] [stderr] error: could not compile `offscreen-hacks` (lib) due to 22 previous errors
[INFO] [stderr] warning: build failed, waiting for other jobs to finish...
[INFO] running `Command { std: "docker" "inspect" "27264c26d2151cc9a8ef03953a6f5b4392fa05427dcaa1b2000c41c12af88a0d", kill_on_drop: false }`
[INFO] running `Command { std: "docker" "rm" "-f" "27264c26d2151cc9a8ef03953a6f5b4392fa05427dcaa1b2000c41c12af88a0d", kill_on_drop: false }`
[INFO] [stdout] 27264c26d2151cc9a8ef03953a6f5b4392fa05427dcaa1b2000c41c12af88a0d
[INFO] testing Caviar-X/offscreen_hacks against beta-2023-12-22 for beta-1.76-1
[INFO] running `Command { std: "git" "clone" "/workspace/cache/git-repos/https%3A%2F%2Fgithub.com%2FCaviar-X%2Foffscreen_hacks" "/workspace/builds/worker-5-tc2/source", kill_on_drop: false }`
[INFO] [stderr] Cloning into '/workspace/builds/worker-5-tc2/source'...
[INFO] [stderr] done.
[INFO] validating manifest of git repo https://github.com/Caviar-X/offscreen_hacks on toolchain beta-2023-12-22
[INFO] running `Command { std: CARGO_HOME="/workspace/cargo-home" RUSTUP_HOME="/workspace/rustup-home" "/workspace/cargo-home/bin/cargo" "+beta-2023-12-22" "metadata" "--manifest-path" "Cargo.toml" "--no-deps", kill_on_drop: false }`
[INFO] started tweaking git repo https://github.com/Caviar-X/offscreen_hacks
[INFO] finished tweaking git repo https://github.com/Caviar-X/offscreen_hacks
[INFO] tweaked toml for git repo https://github.com/Caviar-X/offscreen_hacks written to /workspace/builds/worker-5-tc2/source/Cargo.toml
[INFO] crate git repo https://github.com/Caviar-X/offscreen_hacks already has a lockfile, it will not be regenerated
[INFO] running `Command { std: CARGO_HOME="/workspace/cargo-home" RUSTUP_HOME="/workspace/rustup-home" "/workspace/cargo-home/bin/cargo" "+beta-2023-12-22" "fetch" "--manifest-path" "Cargo.toml", kill_on_drop: false }`
[INFO] running `Command { std: "docker" "create" "-v" "/var/lib/crater-agent-workspace/builds/worker-5-tc2/target:/opt/rustwide/target:rw,Z" "-v" "/var/lib/crater-agent-workspace/builds/worker-5-tc2/source:/opt/rustwide/workdir:ro,Z" "-v" "/var/lib/crater-agent-workspace/cargo-home:/opt/rustwide/cargo-home:ro,Z" "-v" "/var/lib/crater-agent-workspace/rustup-home:/opt/rustwide/rustup-home:ro,Z" "-e" "SOURCE_DIR=/opt/rustwide/workdir" "-e" "CARGO_TARGET_DIR=/opt/rustwide/target" "-e" "CARGO_HOME=/opt/rustwide/cargo-home" "-e" "RUSTUP_HOME=/opt/rustwide/rustup-home" "-w" "/opt/rustwide/workdir" "-m" "1610612736" "--user" "0:0" "--network" "none" "ghcr.io/rust-lang/crates-build-env/linux@sha256:2788e3201cd34a07e3172128adcd8b3090168a8e3bcc40d7c032b9dda1df7d1c" "/opt/rustwide/cargo-home/bin/cargo" "+beta-2023-12-22" "metadata" "--no-deps" "--format-version=1", kill_on_drop: false }`
[INFO] [stdout] c21882af63a135214a65ced6f585877d268eaab01fd8014af706a7b65947c2c3
[INFO] running `Command { std: "docker" "start" "-a" "c21882af63a135214a65ced6f585877d268eaab01fd8014af706a7b65947c2c3", kill_on_drop: false }`
[INFO] running `Command { std: "docker" "inspect" "c21882af63a135214a65ced6f585877d268eaab01fd8014af706a7b65947c2c3", kill_on_drop: false }`
[INFO] running `Command { std: "docker" "rm" "-f" "c21882af63a135214a65ced6f585877d268eaab01fd8014af706a7b65947c2c3", kill_on_drop: false }`
[INFO] [stdout] c21882af63a135214a65ced6f585877d268eaab01fd8014af706a7b65947c2c3
[INFO] running `Command { std: "docker" "create" "-v" "/var/lib/crater-agent-workspace/builds/worker-5-tc2/target:/opt/rustwide/target:rw,Z" "-v" "/var/lib/crater-agent-workspace/builds/worker-5-tc2/source:/opt/rustwide/workdir:ro,Z" "-v" "/var/lib/crater-agent-workspace/cargo-home:/opt/rustwide/cargo-home:ro,Z" "-v" "/var/lib/crater-agent-workspace/rustup-home:/opt/rustwide/rustup-home:ro,Z" "-e" "SOURCE_DIR=/opt/rustwide/workdir" "-e" "CARGO_TARGET_DIR=/opt/rustwide/target" "-e" "CARGO_INCREMENTAL=0" "-e" "RUST_BACKTRACE=full" "-e" "RUSTFLAGS=--cap-lints=warn" "-e" "RUSTDOCFLAGS=--cap-lints=warn" "-e" "CARGO_HOME=/opt/rustwide/cargo-home" "-e" "RUSTUP_HOME=/opt/rustwide/rustup-home" "-w" "/opt/rustwide/workdir" "-m" "1610612736" "--user" "0:0" "--network" "none" "ghcr.io/rust-lang/crates-build-env/linux@sha256:2788e3201cd34a07e3172128adcd8b3090168a8e3bcc40d7c032b9dda1df7d1c" "/opt/rustwide/cargo-home/bin/cargo" "+beta-2023-12-22" "build" "--frozen" "--message-format=json", kill_on_drop: false }`
[INFO] [stdout] 03927c8eb57a6fad1fd8931e0c47dcfcaa84774e971684d05cd38ce63f1f9640
[INFO] running `Command { std: "docker" "start" "-a" "03927c8eb57a6fad1fd8931e0c47dcfcaa84774e971684d05cd38ce63f1f9640", kill_on_drop: false }`
[INFO] [stderr]    Compiling winapi v0.3.9
[INFO] [stderr]    Compiling anyhow v1.0.71
[INFO] [stderr]    Compiling offscreen-hacks v0.1.0 (/opt/rustwide/workdir)
[INFO] [stdout] error[E0433]: failed to resolve: could not find `um` in `winapi`
[INFO] [stdout]  --> src/keyboard.rs:2:13
[INFO] [stdout]   |
[INFO] [stdout] 2 | use winapi::um::winuser::*;
[INFO] [stdout]   |             ^^ could not find `um` in `winapi`
[INFO] [stdout] 
[INFO] [stdout] 
[INFO] [stdout] error[E0433]: failed to resolve: could not find `shared` in `winapi`
[INFO] [stdout]  --> src/mouse.rs:2:13
[INFO] [stdout]   |
[INFO] [stdout] 2 | use winapi::shared::windef::POINT;
[INFO] [stdout]   |             ^^^^^^ could not find `shared` in `winapi`
[INFO] [stdout] 
[INFO] [stdout] 
[INFO] [stdout] error[E0433]: failed to resolve: could not find `um` in `winapi`
[INFO] [stdout]  --> src/mouse.rs:3:13
[INFO] [stdout]   |
[INFO] [stdout] 3 | use winapi::um::winuser::*;
[INFO] [stdout]   |             ^^ could not find `um` in `winapi`
[INFO] [stdout] 
[INFO] [stdout] 
[INFO] [stdout] error[E0412]: cannot find type `INPUT` in this scope
[INFO] [stdout]  --> src/keyboard.rs:5:26
[INFO] [stdout]   |
[INFO] [stdout] 5 |         let mut inputs: [INPUT; 2] = std::mem::zeroed();
[INFO] [stdout]   |                          ^^^^^ not found in this scope
[INFO] [stdout] 
[INFO] [stdout] 
[INFO] [stdout] error[E0425]: cannot find value `INPUT_KEYBOARD` in this scope
[INFO] [stdout]  --> src/keyboard.rs:6:27
[INFO] [stdout]   |
[INFO] [stdout] 6 |         inputs[0].type_ = INPUT_KEYBOARD;
[INFO] [stdout]   |                           ^^^^^^^^^^^^^^ not found in this scope
[INFO] [stdout] 
[INFO] [stdout] 
[INFO] [stdout] error[E0425]: cannot find value `INPUT_KEYBOARD` in this scope
[INFO] [stdout]  --> src/keyboard.rs:8:27
[INFO] [stdout]   |
[INFO] [stdout] 8 |         inputs[1].type_ = INPUT_KEYBOARD;
[INFO] [stdout]   |                           ^^^^^^^^^^^^^^ not found in this scope
[INFO] [stdout] 
[INFO] [stdout] 
[INFO] [stdout] error[E0425]: cannot find value `KEYEVENTF_KEYUP` in this scope
[INFO] [stdout]   --> src/keyboard.rs:10:40
[INFO] [stdout]    |
[INFO] [stdout] 10 |         inputs[1].u.ki_mut().dwFlags = KEYEVENTF_KEYUP;
[INFO] [stdout]    |                                        ^^^^^^^^^^^^^^^ not found in this scope
[INFO] [stdout] 
[INFO] [stdout] 
[INFO] [stdout] error[E0412]: cannot find type `INPUT` in this scope
[INFO] [stdout]   --> src/keyboard.rs:11:72
[INFO] [stdout]    |
[INFO] [stdout] 11 |         let usent = SendInput(inputs.len() as u32, &mut inputs as *mut INPUT, 40);
[INFO] [stdout]    |                                                                        ^^^^^ not found in this scope
[INFO] [stdout] 
[INFO] [stdout] 
[INFO] [stdout] error[E0412]: cannot find type `INPUT` in this scope
[INFO] [stdout]   --> src/mouse.rs:38:26
[INFO] [stdout]    |
[INFO] [stdout] 38 |         let mut inputs: [INPUT; 2] = std::mem::zeroed();
[INFO] [stdout]    |                          ^^^^^ not found in this scope
[INFO] [stdout] 
[INFO] [stdout] 
[INFO] [stdout] error[E0425]: cannot find value `INPUT_MOUSE` in this scope
[INFO] [stdout]   --> src/mouse.rs:39:27
[INFO] [stdout]    |
[INFO] [stdout] 39 |         inputs[0].type_ = INPUT_MOUSE;
[INFO] [stdout]    |                           ^^^^^^^^^^^ not found in this scope
[INFO] [stdout] 
[INFO] [stdout] 
[INFO] [stdout] error[E0425]: cannot find value `MOUSEEVENTF_LEFTDOWN` in this scope
[INFO] [stdout]   --> src/mouse.rs:44:48
[INFO] [stdout]    |
[INFO] [stdout] 44 |                 inputs[0].u.mi_mut().dwFlags = MOUSEEVENTF_LEFTDOWN;
[INFO] [stdout]    |                                                ^^^^^^^^^^^^^^^^^^^^ not found in this scope
[INFO] [stdout] 
[INFO] [stdout] 
[INFO] [stdout] error[E0425]: cannot find value `MOUSEEVENTF_LEFTUP` in this scope
[INFO] [stdout]   --> src/mouse.rs:50:48
[INFO] [stdout]    |
[INFO] [stdout] 50 |                 inputs[1].u.mi_mut().dwFlags = MOUSEEVENTF_LEFTUP;
[INFO] [stdout]    |                                                ^^^^^^^^^^^^^^^^^^ not found in this scope
[INFO] [stdout] 
[INFO] [stdout] 
[INFO] [stdout] error[E0425]: cannot find value `MOUSEEVENTF_RIGHTDOWN` in this scope
[INFO] [stdout]   --> src/mouse.rs:71:48
[INFO] [stdout]    |
[INFO] [stdout] 71 |                 inputs[0].u.mi_mut().dwFlags = MOUSEEVENTF_RIGHTDOWN;
[INFO] [stdout]    |                                                ^^^^^^^^^^^^^^^^^^^^^ not found in this scope
[INFO] [stdout] 
[INFO] [stdout] 
[INFO] [stdout] error[E0425]: cannot find value `MOUSEEVENTF_RIGHTUP` in this scope
[INFO] [stdout]   --> src/mouse.rs:77:48
[INFO] [stdout]    |
[INFO] [stdout] 77 |                 inputs[1].u.mi_mut().dwFlags = MOUSEEVENTF_RIGHTUP;
[INFO] [stdout]    |                                                ^^^^^^^^^^^^^^^^^^^ not found in this scope
[INFO] [stdout] 
[INFO] [stdout] 
[INFO] [stdout] error[E0412]: cannot find type `INPUT` in this scope
[INFO] [stdout]   --> src/mouse.rs:85:72
[INFO] [stdout]    |
[INFO] [stdout] 85 |         let usent = SendInput(inputs.len() as u32, &mut inputs as *mut INPUT, 40);
[INFO] [stdout]    |                                                                        ^^^^^ not found in this scope
[INFO] [stdout] 
[INFO] [stdout] 
[INFO] [stdout] error[E0425]: cannot find function, tuple struct or tuple variant `SendInput` in this scope
[INFO] [stdout]   --> src/keyboard.rs:11:21
[INFO] [stdout]    |
[INFO] [stdout] 11 |         let usent = SendInput(inputs.len() as u32, &mut inputs as *mut INPUT, 40);
[INFO] [stdout]    |                     ^^^^^^^^^ not found in this scope
[INFO] [stdout] 
[INFO] [stdout] 
[INFO] [stdout] error[E0425]: cannot find function, tuple struct or tuple variant `GetAsyncKeyState` in this scope
[INFO] [stdout]   --> src/keyboard.rs:22:21
[INFO] [stdout]    |
[INFO] [stdout] 22 |         if unsafe { GetAsyncKeyState(i) } & 0x001 == 1 {
[INFO] [stdout]    |                     ^^^^^^^^^^^^^^^^ not found in this scope
[INFO] [stdout] 
[INFO] [stdout] 
[INFO] [stdout] error[E0425]: cannot find function, tuple struct or tuple variant `GetCursorPos` in this scope
[INFO] [stdout]  --> src/mouse.rs:6:14
[INFO] [stdout]   |
[INFO] [stdout] 6 |     unsafe { GetCursorPos(&mut point) };
[INFO] [stdout]   |              ^^^^^^^^^^^^ not found in this scope
[INFO] [stdout] 
[INFO] [stdout] 
[INFO] [stdout] error[E0425]: cannot find function, tuple struct or tuple variant `GetSystemMetrics` in this scope
[INFO] [stdout]   --> src/mouse.rs:12:13
[INFO] [stdout]    |
[INFO] [stdout] 12 |         x = GetSystemMetrics(0);
[INFO] [stdout]    |             ^^^^^^^^^^^^^^^^ not found in this scope
[INFO] [stdout] 
[INFO] [stdout] 
[INFO] [stdout] error[E0425]: cannot find function, tuple struct or tuple variant `GetSystemMetrics` in this scope
[INFO] [stdout]   --> src/mouse.rs:13:13
[INFO] [stdout]    |
[INFO] [stdout] 13 |         y = GetSystemMetrics(1);
[INFO] [stdout]    |             ^^^^^^^^^^^^^^^^ not found in this scope
[INFO] [stdout] 
[INFO] [stdout] 
[INFO] [stdout] error[E0425]: cannot find function, tuple struct or tuple variant `SendInput` in this scope
[INFO] [stdout]   --> src/mouse.rs:85:21
[INFO] [stdout]    |
[INFO] [stdout] 85 |         let usent = SendInput(inputs.len() as u32, &mut inputs as *mut INPUT, 40);
[INFO] [stdout]    |                     ^^^^^^^^^ not found in this scope
[INFO] [stdout] 
[INFO] [stdout] 
[INFO] [stdout] error: aborting due to 21 previous errors
[INFO] [stdout] 
[INFO] [stdout] 
[INFO] [stdout] Some errors have detailed explanations: E0412, E0425, E0433.
[INFO] [stdout] 
[INFO] [stdout] For more information about an error, try `rustc --explain E0412`.
[INFO] [stdout] 
[INFO] [stderr] error: could not compile `offscreen-hacks` (lib) due to 22 previous errors
[INFO] [stderr] warning: build failed, waiting for other jobs to finish...
[INFO] running `Command { std: "docker" "inspect" "03927c8eb57a6fad1fd8931e0c47dcfcaa84774e971684d05cd38ce63f1f9640", kill_on_drop: false }`
[INFO] running `Command { std: "docker" "rm" "-f" "03927c8eb57a6fad1fd8931e0c47dcfcaa84774e971684d05cd38ce63f1f9640", kill_on_drop: false }`
[INFO] [stdout] 03927c8eb57a6fad1fd8931e0c47dcfcaa84774e971684d05cd38ce63f1f9640
