[INFO] cloning repository https://github.com/Catmanpooh/oort_hackathon
[INFO] running `Command { std: "git" "-c" "credential.helper=" "-c" "credential.helper=/workspace/cargo-home/bin/git-credential-null" "clone" "--bare" "https://github.com/Catmanpooh/oort_hackathon" "/workspace/cache/git-repos/https%3A%2F%2Fgithub.com%2FCatmanpooh%2Foort_hackathon", kill_on_drop: false }`
[INFO] [stderr] Cloning into bare repository '/workspace/cache/git-repos/https%3A%2F%2Fgithub.com%2FCatmanpooh%2Foort_hackathon'...
[INFO] running `Command { std: "git" "rev-parse" "HEAD", kill_on_drop: false }`
[INFO] [stdout] 774d9a47e3368ea9e2b9ffdad64f37200ad7c039
[INFO] testing Catmanpooh/oort_hackathon against 1.75.0 for beta-1.76-1
[INFO] running `Command { std: "git" "clone" "/workspace/cache/git-repos/https%3A%2F%2Fgithub.com%2FCatmanpooh%2Foort_hackathon" "/workspace/builds/worker-6-tc1/source", kill_on_drop: false }`
[INFO] [stderr] Cloning into '/workspace/builds/worker-6-tc1/source'...
[INFO] [stderr] done.
[INFO] validating manifest of git repo https://github.com/Catmanpooh/oort_hackathon on toolchain 1.75.0
[INFO] running `Command { std: CARGO_HOME="/workspace/cargo-home" RUSTUP_HOME="/workspace/rustup-home" "/workspace/cargo-home/bin/cargo" "+1.75.0" "metadata" "--manifest-path" "Cargo.toml" "--no-deps", kill_on_drop: false }`
[INFO] started tweaking git repo https://github.com/Catmanpooh/oort_hackathon
[INFO] finished tweaking git repo https://github.com/Catmanpooh/oort_hackathon
[INFO] tweaked toml for git repo https://github.com/Catmanpooh/oort_hackathon written to /workspace/builds/worker-6-tc1/source/Cargo.toml
[INFO] crate git repo https://github.com/Catmanpooh/oort_hackathon already has a lockfile, it will not be regenerated
[INFO] running `Command { std: CARGO_HOME="/workspace/cargo-home" RUSTUP_HOME="/workspace/rustup-home" "/workspace/cargo-home/bin/cargo" "+1.75.0" "fetch" "--manifest-path" "Cargo.toml", kill_on_drop: false }`
[INFO] [stderr]     Updating crates.io index
[INFO] [stderr]  Downloading crates ...
[INFO] [stderr]   Downloaded openssl-sys v0.9.78
[INFO] [stderr]   Downloaded axum-macros v0.3.0
[INFO] [stderr]   Downloaded aws-sdk-s3 v0.21.0
[INFO] [stderr]   Downloaded blake2 v0.10.5
[INFO] [stderr]   Downloaded aws-smithy-eventstream v0.51.0
[INFO] [stderr]   Downloaded crc32c v0.6.3
[INFO] [stderr]   Downloaded aws-sigv4 v0.51.0
[INFO] [stderr]   Downloaded geo v0.23.0
[INFO] [stderr]   Downloaded aws-smithy-checksums v0.51.0
[INFO] running `Command { std: "docker" "create" "-v" "/var/lib/crater-agent-workspace/builds/worker-6-tc1/target:/opt/rustwide/target:rw,Z" "-v" "/var/lib/crater-agent-workspace/builds/worker-6-tc1/source:/opt/rustwide/workdir:ro,Z" "-v" "/var/lib/crater-agent-workspace/cargo-home:/opt/rustwide/cargo-home:ro,Z" "-v" "/var/lib/crater-agent-workspace/rustup-home:/opt/rustwide/rustup-home:ro,Z" "-e" "SOURCE_DIR=/opt/rustwide/workdir" "-e" "CARGO_TARGET_DIR=/opt/rustwide/target" "-e" "CARGO_HOME=/opt/rustwide/cargo-home" "-e" "RUSTUP_HOME=/opt/rustwide/rustup-home" "-w" "/opt/rustwide/workdir" "-m" "1610612736" "--user" "0:0" "--network" "none" "ghcr.io/rust-lang/crates-build-env/linux@sha256:2788e3201cd34a07e3172128adcd8b3090168a8e3bcc40d7c032b9dda1df7d1c" "/opt/rustwide/cargo-home/bin/cargo" "+1.75.0" "metadata" "--no-deps" "--format-version=1", kill_on_drop: false }`
[INFO] [stdout] 2fb50844df40bdad7be1c47553ccbad8fd1521c63a8563a406bd507ac3d94b86
[INFO] running `Command { std: "docker" "start" "-a" "2fb50844df40bdad7be1c47553ccbad8fd1521c63a8563a406bd507ac3d94b86", kill_on_drop: false }`
[INFO] running `Command { std: "docker" "inspect" "2fb50844df40bdad7be1c47553ccbad8fd1521c63a8563a406bd507ac3d94b86", kill_on_drop: false }`
[INFO] running `Command { std: "docker" "rm" "-f" "2fb50844df40bdad7be1c47553ccbad8fd1521c63a8563a406bd507ac3d94b86", kill_on_drop: false }`
[INFO] [stdout] 2fb50844df40bdad7be1c47553ccbad8fd1521c63a8563a406bd507ac3d94b86
[INFO] running `Command { std: "docker" "create" "-v" "/var/lib/crater-agent-workspace/builds/worker-6-tc1/target:/opt/rustwide/target:rw,Z" "-v" "/var/lib/crater-agent-workspace/builds/worker-6-tc1/source:/opt/rustwide/workdir:ro,Z" "-v" "/var/lib/crater-agent-workspace/cargo-home:/opt/rustwide/cargo-home:ro,Z" "-v" "/var/lib/crater-agent-workspace/rustup-home:/opt/rustwide/rustup-home:ro,Z" "-e" "SOURCE_DIR=/opt/rustwide/workdir" "-e" "CARGO_TARGET_DIR=/opt/rustwide/target" "-e" "CARGO_INCREMENTAL=0" "-e" "RUST_BACKTRACE=full" "-e" "RUSTFLAGS=--cap-lints=warn" "-e" "RUSTDOCFLAGS=--cap-lints=warn" "-e" "CARGO_HOME=/opt/rustwide/cargo-home" "-e" "RUSTUP_HOME=/opt/rustwide/rustup-home" "-w" "/opt/rustwide/workdir" "-m" "1610612736" "--user" "0:0" "--network" "none" "ghcr.io/rust-lang/crates-build-env/linux@sha256:2788e3201cd34a07e3172128adcd8b3090168a8e3bcc40d7c032b9dda1df7d1c" "/opt/rustwide/cargo-home/bin/cargo" "+1.75.0" "build" "--frozen" "--message-format=json", kill_on_drop: false }`
[INFO] [stdout] 1cf39dfeb6612a27af8062917bd8273d0e95b4180c9357274f9e17c682f12f59
[INFO] running `Command { std: "docker" "start" "-a" "1cf39dfeb6612a27af8062917bd8273d0e95b4180c9357274f9e17c682f12f59", kill_on_drop: false }`
[INFO] [stderr]    Compiling libc v0.2.137
[INFO] [stderr]    Compiling syn v1.0.103
[INFO] [stderr]    Compiling futures-core v0.3.25
[INFO] [stderr]    Compiling once_cell v1.16.0
[INFO] [stderr]    Compiling log v0.4.17
[INFO] [stderr]    Compiling futures-io v0.3.25
[INFO] [stderr]    Compiling bytes v1.3.0
[INFO] [stderr]    Compiling futures-sink v0.3.25
[INFO] [stderr]    Compiling itoa v1.0.4
[INFO] [stderr]    Compiling indexmap v1.9.2
[INFO] [stderr]    Compiling libm v0.2.6
[INFO] [stderr]    Compiling futures-channel v0.3.25
[INFO] [stderr]    Compiling parking_lot_core v0.9.4
[INFO] [stderr]    Compiling futures-task v0.3.25
[INFO] [stderr]    Compiling futures-util v0.3.25
[INFO] [stderr]    Compiling tokio v1.22.0
[INFO] [stderr]    Compiling subtle v2.4.1
[INFO] [stderr]    Compiling semver v1.0.14
[INFO] [stderr]    Compiling tracing-core v0.1.30
[INFO] [stderr]    Compiling percent-encoding v2.2.0
[INFO] [stderr]    Compiling aho-corasick v0.7.20
[INFO] [stderr]    Compiling pkg-config v0.3.26
[INFO] [stderr]    Compiling serde_derive v1.0.147
[INFO] [stderr]    Compiling serde v1.0.147
[INFO] [stderr]    Compiling time-core v0.1.0
[INFO] [stderr]    Compiling base64 v0.13.1
[INFO] [stderr]    Compiling time v0.3.17
[INFO] [stderr]    Compiling spin v0.5.2
[INFO] [stderr]    Compiling untrusted v0.7.1
[INFO] [stderr]    Compiling clang-sys v1.4.0
[INFO] [stderr]    Compiling form_urlencoded v1.1.0
[INFO] [stderr]    Compiling tower-layer v0.3.2
[INFO] [stderr]    Compiling futures-lite v1.12.0
[INFO] [stderr]    Compiling block-buffer v0.10.3
[INFO] [stderr]    Compiling rustc_version v0.4.0
[INFO] [stderr]    Compiling http v0.2.8
[INFO] [stderr]    Compiling bytes-utils v0.1.3
[INFO] [stderr]    Compiling regex-syntax v0.6.28
[INFO] [stderr]    Compiling cpufeatures v0.2.5
[INFO] [stderr]    Compiling termcolor v1.1.3
[INFO] [stderr]    Compiling os_str_bytes v6.4.1
[INFO] [stderr]    Compiling jobserver v0.1.25
[INFO] [stderr]    Compiling socket2 v0.4.7
[INFO] [stderr]    Compiling num-traits v0.2.15
[INFO] [stderr]    Compiling num_cpus v1.14.0
[INFO] [stderr]    Compiling signal-hook-registry v1.4.0
[INFO] [stderr]    Compiling getrandom v0.2.8
[INFO] [stderr]    Compiling atty v0.2.14
[INFO] [stderr]    Compiling cc v1.0.77
[INFO] [stderr]    Compiling rustls v0.20.7
[INFO] [stderr]    Compiling parking_lot v0.12.1
[INFO] [stderr]    Compiling rand_core v0.6.4
[INFO] [stderr]    Compiling http-body v0.4.5
[INFO] [stderr]    Compiling clap_lex v0.2.4
[INFO] [stderr]    Compiling digest v0.10.6
[INFO] [stderr]    Compiling concurrent-queue v2.0.0
[INFO] [stderr]    Compiling libloading v0.7.4
[INFO] [stderr]    Compiling thiserror v1.0.37
[INFO] [stderr]    Compiling humantime v2.1.0
[INFO] [stderr]    Compiling bindgen v0.60.1
[INFO] [stderr]    Compiling textwrap v0.16.0
[INFO] [stderr]    Compiling which v4.3.0
[INFO] [stderr]    Compiling rustls-pemfile v1.0.1
[INFO] [stderr]    Compiling wasm-bindgen-shared v0.2.83
[INFO] [stderr]    Compiling rustls-native-certs v0.6.2
[INFO] [stderr]    Compiling clap v3.2.23
[INFO] [stderr]    Compiling ppv-lite86 v0.2.17
[INFO] [stderr]    Compiling num-integer v0.1.45
[INFO] [stderr]    Compiling zeroize v1.5.7
[INFO] [stderr]    Compiling async-lock v2.6.0
[INFO] [stderr]    Compiling async-channel v1.8.0
[INFO] [stderr]    Compiling aws-types v0.51.0
[INFO] [stderr]    Compiling polling v2.5.1
[INFO] [stderr]    Compiling universal-hash v0.4.1
[INFO] [stderr]    Compiling regex v1.7.0
[INFO] [stderr]    Compiling async-io v1.12.0
[INFO] [stderr]    Compiling bumpalo v3.11.1
[INFO] [stderr]    Compiling polyval v0.4.5
[INFO] [stderr]    Compiling unicode-normalization v0.1.22
[INFO] [stderr]    Compiling aws-smithy-types v0.51.0
[INFO] [stderr]    Compiling getrandom v0.1.16
[INFO] [stderr]    Compiling crypto-mac v0.10.1
[INFO] [stderr]    Compiling serde_json v1.0.88
[INFO] [stderr]    Compiling ring v0.16.20
[INFO] [stderr]    Compiling libz-sys v1.1.8
[INFO] [stderr]    Compiling libnghttp2-sys v0.1.7+1.45.0
[INFO] [stderr]    Compiling openssl-sys v0.9.78
[INFO] [stderr]    Compiling curl-sys v0.4.59+curl-7.86.0
[INFO] [stderr]    Compiling rand_chacha v0.3.1
[INFO] [stderr]    Compiling aws-smithy-eventstream v0.51.0
[INFO] [stderr]    Compiling async-trait v0.1.58
[INFO] [stderr]    Compiling rand v0.8.5
[INFO] [stderr]    Compiling env_logger v0.9.3
[INFO] [stderr]    Compiling idna v0.3.0
[INFO] [stderr]    Compiling blocking v1.3.0
[INFO] [stderr]    Compiling rquickjs-sys v0.1.7
[INFO] [stderr]    Compiling bzip2-sys v0.1.11+1.0.8
[INFO] [stderr]    Compiling zstd-sys v2.0.4+zstd.1.5.2
[INFO] [stderr]    Compiling rand_core v0.5.1
[INFO] [stderr]    Compiling hmac v0.10.1
[INFO] [stderr]    Compiling ghash v0.3.1
[INFO] [stderr]    Compiling async-executor v1.5.0
[INFO] [stderr]    Compiling heapless v0.7.16
[INFO] [stderr]    Compiling wasm-bindgen v0.2.83
[INFO] [stderr]    Compiling anyhow v1.0.66
[INFO] [stderr]    Compiling aes-gcm v0.8.0
[INFO] [stderr]    Compiling sha2 v0.9.9
[INFO] [stderr]    Compiling hkdf v0.10.0
[INFO] [stderr]    Compiling rand_chacha v0.2.2
[INFO] [stderr]    Compiling sha2 v0.10.6
[INFO] [stderr]    Compiling spinning_top v0.2.4
[INFO] [stderr]    Compiling base64ct v1.5.3
[INFO] [stderr]    Compiling urlencoding v2.1.2
[INFO] [stderr]    Compiling password-hash v0.4.2
[INFO] [stderr]    Compiling rand v0.7.3
[INFO] [stderr]    Compiling flume v0.9.2
[INFO] [stderr]    Compiling proc-macro-error-attr v1.0.4
[INFO] [stderr]    Compiling sluice v0.5.5
[INFO] [stderr]    Compiling nanorand v0.7.0
[INFO] [stderr]    Compiling crc32c v0.6.3
[INFO] [stderr]    Compiling xmlparser v0.13.5
[INFO] [stderr]    Compiling approx v0.5.1
[INFO] [stderr]    Compiling wasm-bindgen-backend v0.2.83
[INFO] [stderr]    Compiling darling_core v0.14.2
[INFO] [stderr]    Compiling rstar v0.9.3
[INFO] [stderr]    Compiling hmac v0.12.1
[INFO] [stderr]    Compiling md-5 v0.10.5
[INFO] [stderr]    Compiling proc-macro-error v1.0.4
[INFO] [stderr]    Compiling aws-smithy-xml v0.51.0
[INFO] [stderr]    Compiling rand_xoshiro v0.6.0
[INFO] [stderr]    Compiling multer v2.0.4
[INFO] [stderr]    Compiling imbl v1.0.1
[INFO] [stderr]    Compiling rmp v0.8.11
[INFO] [stderr]    Compiling pbkdf2 v0.11.0
[INFO] [stderr]    Compiling num-bigint v0.4.3
[INFO] [stderr]    Compiling aws-smithy-query v0.51.0
[INFO] [stderr]    Compiling blowfish v0.9.1
[INFO] [stderr]    Compiling aws-smithy-json v0.51.0
[INFO] [stderr]    Compiling float_next_after v0.1.5
[INFO] [stderr]    Compiling wasm-bindgen-macro-support v0.2.83
[INFO] [stderr]    Compiling blake2 v0.10.5
[INFO] [stderr]    Compiling sha1 v0.10.5
[INFO] [stderr]    Compiling time v0.1.45
[INFO] [stderr]    Compiling thread_local v1.1.4
[INFO] [stderr]    Compiling iana-time-zone v0.1.53
[INFO] [stderr]    Compiling http-range-header v0.3.0
[INFO] [stderr]    Compiling psl-types v2.0.11
[INFO] [stderr]    Compiling addr v0.15.6
[INFO] [stderr]    Compiling webpki v0.22.0
[INFO] [stderr]    Compiling sct v0.7.0
[INFO] [stderr]    Compiling fuzzy-matcher v0.3.7
[INFO] [stderr]    Compiling argon2 v0.4.1
[INFO] [stderr]    Compiling bcrypt v0.13.0
[INFO] [stderr]    Compiling scrypt v0.10.0
[INFO] [stderr]    Compiling dmp v0.1.1
[INFO] [stderr]    Compiling nanoid v0.4.0
[INFO] [stderr]    Compiling toml v0.5.9
[INFO] [stderr]    Compiling sha-1 v0.10.1
[INFO] [stderr]    Compiling heck v0.4.0
[INFO] [stderr]    Compiling sync_wrapper v0.1.1
[INFO] [stderr]    Compiling matchit v0.5.0
[INFO] [stderr]    Compiling ctor v0.1.26
[INFO] [stderr]    Compiling futures-macro v0.3.25
[INFO] [stderr]    Compiling tracing-attributes v0.1.23
[INFO] [stderr]    Compiling tokio-macros v1.8.0
[INFO] [stderr]    Compiling pin-project-internal v1.0.12
[INFO] [stderr]    Compiling thiserror-impl v1.0.37
[INFO] [stderr]    Compiling time-macros-impl v0.1.2
[INFO] [stderr]    Compiling wasm-bindgen-macro v0.2.83
[INFO] [stderr]    Compiling darling_macro v0.14.2
[INFO] [stderr]    Compiling value-bag v1.0.0-alpha.9
[INFO] [stderr]    Compiling async-recursion v1.0.0
[INFO] [stderr]    Compiling time-macros v0.1.1
[INFO] [stderr]    Compiling time v0.2.27
[INFO] [stderr]    Compiling surrealdb-derive v0.4.0
[INFO] [stderr]    Compiling axum-macros v0.3.0
[INFO] [stderr]    Compiling mio v0.8.5
[INFO] [stderr]    Compiling want v0.3.0
[INFO] [stderr]    Compiling kv-log-macro v1.0.7
[INFO] [stderr]    Compiling darling v0.14.2
[INFO] [stderr]    Compiling pin-project v1.0.12
[INFO] [stderr]    Compiling flume v0.10.14
[INFO] [stderr]    Compiling cookie v0.14.4
[INFO] [stderr]    Compiling tracing v0.1.37
[INFO] [stderr]    Compiling proc-macro-crate v1.2.1
[INFO] [stderr]    Compiling async-global-executor v2.3.1
[INFO] [stderr]    Compiling js-sys v0.3.60
[INFO] [stderr]    Compiling tracing-futures v0.2.5
[INFO] [stderr]    Compiling async-std v1.12.0
[INFO] [stderr]    Compiling curl v0.4.44
[INFO] [stderr]    Compiling librocksdb-sys v0.8.0+7.4.4
[INFO] [stderr]    Compiling isahc v0.9.14
[INFO] [stderr]    Compiling futures-executor v0.3.25
[INFO] [stderr]    Compiling futures v0.3.25
[INFO] [stderr]    Compiling axum-core v0.2.9
[INFO] [stderr]    Compiling web-sys v0.3.60
[INFO] [stderr]    Compiling url v2.3.1
[INFO] [stderr]    Compiling serde_urlencoded v0.7.1
[INFO] [stderr]    Compiling serde_qs v0.8.5
[INFO] [stderr]    Compiling geo-types v0.7.8
[INFO] [stderr]    Compiling storekey v0.3.0
[INFO] [stderr]    Compiling uuid v1.2.2
[INFO] [stderr]    Compiling bigdecimal v0.3.0
[INFO] [stderr]    Compiling rmp-serde v1.1.1
[INFO] [stderr]    Compiling chrono v0.4.23
[INFO] [stderr]    Compiling tokio-util v0.7.4
[INFO] [stderr]    Compiling tower v0.4.13
[INFO] [stderr]    Compiling tokio-rustls v0.23.4
[INFO] [stderr]    Compiling tokio-stream v0.1.11
[INFO] [stderr]    Compiling rquickjs-core v0.1.7
[INFO] [stderr]    Compiling echodb v0.3.0
[INFO] [stderr]    Compiling aws-smithy-async v0.51.0
[INFO] [stderr]    Compiling tower-http v0.3.5
[INFO] [stderr]    Compiling geo v0.23.0
[INFO] [stderr]    Compiling h2 v0.3.15
[INFO] [stderr]    Compiling http-types v2.12.0
[INFO] [stderr]    Compiling rquickjs-macro v0.1.7
[INFO] [stderr] error: could not compile `isahc` (lib)
[INFO] [stderr] 
[INFO] [stderr] Caused by:
[INFO] [stderr]   process didn't exit successfully: `/opt/rustwide/rustup-home/toolchains/1.75.0-x86_64-unknown-linux-gnu/bin/rustc --crate-name isahc --edition=2018 /opt/rustwide/cargo-home/registry/src/index.crates.io-6f17d22bba15001f/isahc-0.9.14/src/lib.rs --error-format=json --json=diagnostic-rendered-ansi,artifacts,future-incompat --crate-type lib --emit=dep-info,metadata,link -C embed-bitcode=no -C debuginfo=2 --cfg 'feature="http2"' -C metadata=02dbde3154de9209 -C extra-filename=-02dbde3154de9209 --out-dir /opt/rustwide/target/debug/deps -L dependency=/opt/rustwide/target/debug/deps --extern bytes=/opt/rustwide/target/debug/deps/libbytes-b61f00db724d2015.rmeta --extern crossbeam_utils=/opt/rustwide/target/debug/deps/libcrossbeam_utils-acc95dbd4611b48e.rmeta --extern curl=/opt/rustwide/target/debug/deps/libcurl-181706ac432703fa.rmeta --extern curl_sys=/opt/rustwide/target/debug/deps/libcurl_sys-40bb9401b0dd1f56.rmeta --extern flume=/opt/rustwide/target/debug/deps/libflume-2a4b64baa4e49fe0.rmeta --extern futures_lite=/opt/rustwide/target/debug/deps/libfutures_lite-f5872efca132e33c.rmeta --extern http=/opt/rustwide/target/debug/deps/libhttp-0989fe0ff3b83abf.rmeta --extern log=/opt/rustwide/target/debug/deps/liblog-4e96ec61fb192a68.rmeta --extern once_cell=/opt/rustwide/target/debug/deps/libonce_cell-0b3944a765abe985.rmeta --extern slab=/opt/rustwide/target/debug/deps/libslab-29fe6a49d400343d.rmeta --extern sluice=/opt/rustwide/target/debug/deps/libsluice-7d442efa53a718c6.rmeta --extern tracing=/opt/rustwide/target/debug/deps/libtracing-a3f4ba8a10926ba4.rmeta --extern tracing_futures=/opt/rustwide/target/debug/deps/libtracing_futures-a62e16024c8056b4.rmeta --extern url=/opt/rustwide/target/debug/deps/liburl-3db6600167e73df2.rmeta --extern waker_fn=/opt/rustwide/target/debug/deps/libwaker_fn-22984b605b7992c0.rmeta --cap-lints allow --cap-lints=warn -L native=/usr/lib/x86_64-linux-gnu -L native=/opt/rustwide/target/debug/build/libnghttp2-sys-6fbe207820bcbcf7/out/i/lib -L native=/opt/rustwide/target/debug/build/libz-sys-c547d2f23f36426c/out/lib -L native=/opt/rustwide/target/debug/build/libz-sys-c547d2f23f36426c/out/lib` (signal: 9, SIGKILL: kill)
[INFO] [stderr] warning: build failed, waiting for other jobs to finish...
[INFO] [stderr] error: could not compile `geo` (lib)
[INFO] [stderr] 
[INFO] [stderr] Caused by:
[INFO] [stderr]   process didn't exit successfully: `/opt/rustwide/rustup-home/toolchains/1.75.0-x86_64-unknown-linux-gnu/bin/rustc --crate-name geo --edition=2021 /opt/rustwide/cargo-home/registry/src/index.crates.io-6f17d22bba15001f/geo-0.23.0/src/lib.rs --error-format=json --json=diagnostic-rendered-ansi,artifacts,future-incompat --crate-type lib --emit=dep-info,metadata,link -C embed-bitcode=no -C debuginfo=2 --cfg 'feature="serde"' --cfg 'feature="use-serde"' -C metadata=b7c4731613d677a1 -C extra-filename=-b7c4731613d677a1 --out-dir /opt/rustwide/target/debug/deps -L dependency=/opt/rustwide/target/debug/deps --extern float_next_after=/opt/rustwide/target/debug/deps/libfloat_next_after-d1e35f8c49449852.rmeta --extern geo_types=/opt/rustwide/target/debug/deps/libgeo_types-33d6f699d574be3f.rmeta --extern geographiclib_rs=/opt/rustwide/target/debug/deps/libgeographiclib_rs-789c27d7b2cc75de.rmeta --extern log=/opt/rustwide/target/debug/deps/liblog-4e96ec61fb192a68.rmeta --extern num_traits=/opt/rustwide/target/debug/deps/libnum_traits-fe9fcc14e48fe859.rmeta --extern robust=/opt/rustwide/target/debug/deps/librobust-a3e21f4b2391ff0e.rmeta --extern rstar=/opt/rustwide/target/debug/deps/librstar-b26fa53dd97f7099.rmeta --extern serde=/opt/rustwide/target/debug/deps/libserde-0d0c69b6b23b5c10.rmeta --cap-lints allow --cap-lints=warn` (signal: 9, SIGKILL: kill)
[INFO] [stderr] error: could not compile `h2` (lib)
[INFO] [stderr] 
[INFO] [stderr] Caused by:
[INFO] [stderr]   process didn't exit successfully: `/opt/rustwide/rustup-home/toolchains/1.75.0-x86_64-unknown-linux-gnu/bin/rustc --crate-name h2 --edition=2018 /opt/rustwide/cargo-home/registry/src/index.crates.io-6f17d22bba15001f/h2-0.3.15/src/lib.rs --error-format=json --json=diagnostic-rendered-ansi,artifacts,future-incompat --crate-type lib --emit=dep-info,metadata,link -C embed-bitcode=no -C debuginfo=2 -C metadata=145a85cb67749b31 -C extra-filename=-145a85cb67749b31 --out-dir /opt/rustwide/target/debug/deps -L dependency=/opt/rustwide/target/debug/deps --extern bytes=/opt/rustwide/target/debug/deps/libbytes-2f962337dbf30e11.rmeta --extern fnv=/opt/rustwide/target/debug/deps/libfnv-18bf5144d055e772.rmeta --extern futures_core=/opt/rustwide/target/debug/deps/libfutures_core-804d82575990b571.rmeta --extern futures_sink=/opt/rustwide/target/debug/deps/libfutures_sink-8ece13312afb8528.rmeta --extern futures_util=/opt/rustwide/target/debug/deps/libfutures_util-1513611480a34e71.rmeta --extern http=/opt/rustwide/target/debug/deps/libhttp-0989fe0ff3b83abf.rmeta --extern indexmap=/opt/rustwide/target/debug/deps/libindexmap-6a53f35a9491509c.rmeta --extern slab=/opt/rustwide/target/debug/deps/libslab-29fe6a49d400343d.rmeta --extern tokio=/opt/rustwide/target/debug/deps/libtokio-145c069a6cdcac00.rmeta --extern tokio_util=/opt/rustwide/target/debug/deps/libtokio_util-d07446495a64ed80.rmeta --extern tracing=/opt/rustwide/target/debug/deps/libtracing-a3f4ba8a10926ba4.rmeta --cap-lints allow --cap-lints=warn` (signal: 9, SIGKILL: kill)
[INFO] [stderr] The following warnings were emitted during compilation:
[INFO] [stderr] 
[INFO] [stderr] warning: librocksdb-sys@0.8.0+7.4.4: c++: fatal error: Killed signal terminated program cc1plus
[INFO] [stderr] warning: librocksdb-sys@0.8.0+7.4.4: compilation terminated.
[INFO] [stderr] warning: librocksdb-sys@0.8.0+7.4.4: c++: fatal error: Killed signal terminated program cc1plus
[INFO] [stderr] warning: librocksdb-sys@0.8.0+7.4.4: compilation terminated.
[INFO] [stderr] warning: librocksdb-sys@0.8.0+7.4.4: c++: fatal error: Killed signal terminated program cc1plus
[INFO] [stderr] warning: librocksdb-sys@0.8.0+7.4.4: compilation terminated.
[INFO] [stderr] 
[INFO] [stderr] error: failed to run custom build command for `librocksdb-sys v0.8.0+7.4.4`
[INFO] [stderr] note: To improve backtraces for build dependencies, set the CARGO_PROFILE_DEV_BUILD_OVERRIDE_DEBUG=true environment variable to enable debug information generation.
[INFO] [stderr] 
[INFO] [stderr] Caused by:
[INFO] [stderr]   process didn't exit successfully: `/opt/rustwide/target/debug/build/librocksdb-sys-c6db4bdafbd85781/build-script-build` (exit status: 1)
[INFO] [stderr]   --- stdout
[INFO] [stderr]   cargo:rerun-if-changed=rocksdb/
[INFO] [stderr]   TARGET = Some("x86_64-unknown-linux-gnu")
[INFO] [stderr]   OPT_LEVEL = Some("0")
[INFO] [stderr]   HOST = Some("x86_64-unknown-linux-gnu")
[INFO] [stderr]   cargo:rerun-if-env-changed=CXX_x86_64-unknown-linux-gnu
[INFO] [stderr]   CXX_x86_64-unknown-linux-gnu = None
[INFO] [stderr]   cargo:rerun-if-env-changed=CXX_x86_64_unknown_linux_gnu
[INFO] [stderr]   CXX_x86_64_unknown_linux_gnu = None
[INFO] [stderr]   cargo:rerun-if-env-changed=HOST_CXX
[INFO] [stderr]   HOST_CXX = None
[INFO] [stderr]   cargo:rerun-if-env-changed=CXX
[INFO] [stderr]   CXX = None
[INFO] [stderr]   cargo:rerun-if-env-changed=CXXFLAGS_x86_64-unknown-linux-gnu
[INFO] [stderr]   CXXFLAGS_x86_64-unknown-linux-gnu = None
[INFO] [stderr]   cargo:rerun-if-env-changed=CXXFLAGS_x86_64_unknown_linux_gnu
[INFO] [stderr]   CXXFLAGS_x86_64_unknown_linux_gnu = None
[INFO] [stderr]   cargo:rerun-if-env-changed=HOST_CXXFLAGS
[INFO] [stderr]   HOST_CXXFLAGS = None
[INFO] [stderr]   cargo:rerun-if-env-changed=CXXFLAGS
[INFO] [stderr]   CXXFLAGS = None
[INFO] [stderr]   cargo:rerun-if-env-changed=CRATE_CC_NO_DEFAULTS
[INFO] [stderr]   CRATE_CC_NO_DEFAULTS = None
[INFO] [stderr]   DEBUG = Some("true")
[INFO] [stderr]   CARGO_CFG_TARGET_FEATURE = Some("fxsr,sse,sse2")
[INFO] [stderr]   cargo:rerun-if-env-changed=CXX_x86_64-unknown-linux-gnu
[INFO] [stderr]   CXX_x86_64-unknown-linux-gnu = None
[INFO] [stderr]   cargo:rerun-if-env-changed=CXX_x86_64_unknown_linux_gnu
[INFO] [stderr]   CXX_x86_64_unknown_linux_gnu = None
[INFO] [stderr]   cargo:rerun-if-env-changed=HOST_CXX
[INFO] [stderr]   HOST_CXX = None
[INFO] [stderr]   cargo:rerun-if-env-changed=CXX
[INFO] [stderr]   CXX = None
[INFO] [stderr]   cargo:rerun-if-env-changed=CXXFLAGS_x86_64-unknown-linux-gnu
[INFO] [stderr]   CXXFLAGS_x86_64-unknown-linux-gnu = None
[INFO] [stderr]   cargo:rerun-if-env-changed=CXXFLAGS_x86_64_unknown_linux_gnu
[INFO] [stderr]   CXXFLAGS_x86_64_unknown_linux_gnu = None
[INFO] [stderr]   cargo:rerun-if-env-changed=HOST_CXXFLAGS
[INFO] [stderr]   HOST_CXXFLAGS = None
[INFO] [stderr]   cargo:rerun-if-env-changed=CXXFLAGS
[INFO] [stderr]   CXXFLAGS = None
[INFO] [stderr]   cargo:rerun-if-env-changed=CRATE_CC_NO_DEFAULTS
[INFO] [stderr]   CRATE_CC_NO_DEFAULTS = None
[INFO] [stderr]   CARGO_CFG_TARGET_FEATURE = Some("fxsr,sse,sse2")
[INFO] [stderr]   cargo:rerun-if-env-changed=CXX_x86_64-unknown-linux-gnu
[INFO] [stderr]   CXX_x86_64-unknown-linux-gnu = None
[INFO] [stderr]   cargo:rerun-if-env-changed=CXX_x86_64_unknown_linux_gnu
[INFO] [stderr]   CXX_x86_64_unknown_linux_gnu = None
[INFO] [stderr]   cargo:rerun-if-env-changed=HOST_CXX
[INFO] [stderr]   HOST_CXX = None
[INFO] [stderr]   cargo:rerun-if-env-changed=CXX
[INFO] [stderr]   CXX = None
[INFO] [stderr]   cargo:rerun-if-env-changed=CXXFLAGS_x86_64-unknown-linux-gnu
[INFO] [stderr]   CXXFLAGS_x86_64-unknown-linux-gnu = None
[INFO] [stderr]   cargo:rerun-if-env-changed=CXXFLAGS_x86_64_unknown_linux_gnu
[INFO] [stderr]   CXXFLAGS_x86_64_unknown_linux_gnu = None
[INFO] [stderr]   cargo:rerun-if-env-changed=HOST_CXXFLAGS
[INFO] [stderr]   HOST_CXXFLAGS = None
[INFO] [stderr]   cargo:rerun-if-env-changed=CXXFLAGS
[INFO] [stderr]   CXXFLAGS = None
[INFO] [stderr]   cargo:rerun-if-env-changed=CRATE_CC_NO_DEFAULTS
[INFO] [stderr]   CRATE_CC_NO_DEFAULTS = None
[INFO] [stderr]   CARGO_CFG_TARGET_FEATURE = Some("fxsr,sse,sse2")
[INFO] [stderr]   running: "c++" "-O0" "-ffunction-sections" "-fdata-sections" "-fPIC" "-gdwarf-4" "-fno-omit-frame-pointer" "-m64" "-I" "rocksdb/include/" "-I" "rocksdb/" "-I" "rocksdb/third-party/gtest-1.8.1/fused-src/" "-I" "snappy/" "-I" "lz4/lib/" "-I" "/opt/rustwide/cargo-home/registry/src/index.crates.io-6f17d22bba15001f/zstd-sys-2.0.4+zstd.1.5.2/zstd/lib" "-I" "/opt/rustwide/target/debug/build/libz-sys-c547d2f23f36426c/out/include" "-I" "/opt/rustwide/target/debug/build/bzip2-sys-4a6df0bb3c2428be/out/include" "-I" "." "-Wall" "-Wextra" "-std=c++17" "-Wsign-compare" "-Wshadow" "-Wno-unused-parameter" "-Wno-unused-variable" "-Woverloaded-virtual" "-Wnon-virtual-dtor" "-Wno-missing-field-initializers" "-Wno-strict-aliasing" "-Wno-invalid-offsetof" "-msse2" "-std=c++17" "-DSNAPPY=1" "-DLZ4=1" "-DZSTD=1" "-DZLIB=1" "-DBZIP2=1" "-DNDEBUG=1" "-DOS_LINUX" "-DROCKSDB_PLATFORM_POSIX" "-DROCKSDB_LIB_IO_POSIX" "-DROCKSDB_SUPPORT_THREAD_LOCAL" "-DHAVE_UINT128_EXTENSION=1" "-o" "/opt/rustwide/target/debug/build/librocksdb-sys-506438c7fed4dbba/out/rocksdb/cache/cache_entry_roles.o" "-c" "rocksdb/cache/cache_entry_roles.cc"
[INFO] [stderr]   running: "c++" "-O0" "-ffunction-sections" "-fdata-sections" "-fPIC" "-gdwarf-4" "-fno-omit-frame-pointer" "-m64" "-I" "rocksdb/include/" "-I" "rocksdb/" "-I" "rocksdb/third-party/gtest-1.8.1/fused-src/" "-I" "snappy/" "-I" "lz4/lib/" "-I" "/opt/rustwide/cargo-home/registry/src/index.crates.io-6f17d22bba15001f/zstd-sys-2.0.4+zstd.1.5.2/zstd/lib" "-I" "/opt/rustwide/target/debug/build/libz-sys-c547d2f23f36426c/out/include" "-I" "/opt/rustwide/target/debug/build/bzip2-sys-4a6df0bb3c2428be/out/include" "-I" "." "-Wall" "-Wextra" "-std=c++17" "-Wsign-compare" "-Wshadow" "-Wno-unused-parameter" "-Wno-unused-variable" "-Woverloaded-virtual" "-Wnon-virtual-dtor" "-Wno-missing-field-initializers" "-Wno-strict-aliasing" "-Wno-invalid-offsetof" "-msse2" "-std=c++17" "-DSNAPPY=1" "-DLZ4=1" "-DZSTD=1" "-DZLIB=1" "-DBZIP2=1" "-DNDEBUG=1" "-DOS_LINUX" "-DROCKSDB_PLATFORM_POSIX" "-DROCKSDB_LIB_IO_POSIX" "-DROCKSDB_SUPPORT_THREAD_LOCAL" "-DHAVE_UINT128_EXTENSION=1" "-o" "/opt/rustwide/target/debug/build/librocksdb-sys-506438c7fed4dbba/out/rocksdb/cache/clock_cache.o" "-c" "rocksdb/cache/clock_cache.cc"
[INFO] [stderr]   running: "c++" "-O0" "-ffunction-sections" "-fdata-sections" "-fPIC" "-gdwarf-4" "-fno-omit-frame-pointer" "-m64" "-I" "rocksdb/include/" "-I" "rocksdb/" "-I" "rocksdb/third-party/gtest-1.8.1/fused-src/" "-I" "snappy/" "-I" "lz4/lib/" "-I" "/opt/rustwide/cargo-home/registry/src/index.crates.io-6f17d22bba15001f/zstd-sys-2.0.4+zstd.1.5.2/zstd/lib" "-I" "/opt/rustwide/target/debug/build/libz-sys-c547d2f23f36426c/out/include" "-I" "/opt/rustwide/target/debug/build/bzip2-sys-4a6df0bb3c2428be/out/include" "-I" "." "-Wall" "-Wextra" "-std=c++17" "-Wsign-compare" "-Wshadow" "-Wno-unused-parameter" "-Wno-unused-variable" "-Woverloaded-virtual" "-Wnon-virtual-dtor" "-Wno-missing-field-initializers" "-Wno-strict-aliasing" "-Wno-invalid-offsetof" "-msse2" "-std=c++17" "-DSNAPPY=1" "-DLZ4=1" "-DZSTD=1" "-DZLIB=1" "-DBZIP2=1" "-DNDEBUG=1" "-DOS_LINUX" "-DROCKSDB_PLATFORM_POSIX" "-DROCKSDB_LIB_IO_POSIX" "-DROCKSDB_SUPPORT_THREAD_LOCAL" "-DHAVE_UINT128_EXTENSION=1" "-o" "/opt/rustwide/target/debug/build/librocksdb-sys-506438c7fed4dbba/out/rocksdb/cache/fast_lru_cache.o" "-c" "rocksdb/cache/fast_lru_cache.cc"
[INFO] [stderr]   running: "c++" "-O0" "-ffunction-sections" "-fdata-sections" "-fPIC" "-gdwarf-4" "-fno-omit-frame-pointer" "-m64" "-I" "rocksdb/include/" "-I" "rocksdb/" "-I" "rocksdb/third-party/gtest-1.8.1/fused-src/" "-I" "snappy/" "-I" "lz4/lib/" "-I" "/opt/rustwide/cargo-home/registry/src/index.crates.io-6f17d22bba15001f/zstd-sys-2.0.4+zstd.1.5.2/zstd/lib" "-I" "/opt/rustwide/target/debug/build/libz-sys-c547d2f23f36426c/out/include" "-I" "/opt/rustwide/target/debug/build/bzip2-sys-4a6df0bb3c2428be/out/include" "-I" "." "-Wall" "-Wextra" "-std=c++17" "-Wsign-compare" "-Wshadow" "-Wno-unused-parameter" "-Wno-unused-variable" "-Woverloaded-virtual" "-Wnon-virtual-dtor" "-Wno-missing-field-initializers" "-Wno-strict-aliasing" "-Wno-invalid-offsetof" "-msse2" "-std=c++17" "-DSNAPPY=1" "-DLZ4=1" "-DZSTD=1" "-DZLIB=1" "-DBZIP2=1" "-DNDEBUG=1" "-DOS_LINUX" "-DROCKSDB_PLATFORM_POSIX" "-DROCKSDB_LIB_IO_POSIX" "-DROCKSDB_SUPPORT_THREAD_LOCAL" "-DHAVE_UINT128_EXTENSION=1" "-o" "/opt/rustwide/target/debug/build/librocksdb-sys-506438c7fed4dbba/out/rocksdb/cache/cache_reservation_manager.o" "-c" "rocksdb/cache/cache_reservation_manager.cc"
[INFO] [stderr]   running: "c++" "-O0" "-ffunction-sections" "-fdata-sections" "-fPIC" "-gdwarf-4" "-fno-omit-frame-pointer" "-m64" "-I" "rocksdb/include/" "-I" "rocksdb/" "-I" "rocksdb/third-party/gtest-1.8.1/fused-src/" "-I" "snappy/" "-I" "lz4/lib/" "-I" "/opt/rustwide/cargo-home/registry/src/index.crates.io-6f17d22bba15001f/zstd-sys-2.0.4+zstd.1.5.2/zstd/lib" "-I" "/opt/rustwide/target/debug/build/libz-sys-c547d2f23f36426c/out/include" "-I" "/opt/rustwide/target/debug/build/bzip2-sys-4a6df0bb3c2428be/out/include" "-I" "." "-Wall" "-Wextra" "-std=c++17" "-Wsign-compare" "-Wshadow" "-Wno-unused-parameter" "-Wno-unused-variable" "-Woverloaded-virtual" "-Wnon-virtual-dtor" "-Wno-missing-field-initializers" "-Wno-strict-aliasing" "-Wno-invalid-offsetof" "-msse2" "-std=c++17" "-DSNAPPY=1" "-DLZ4=1" "-DZSTD=1" "-DZLIB=1" "-DBZIP2=1" "-DNDEBUG=1" "-DOS_LINUX" "-DROCKSDB_PLATFORM_POSIX" "-DROCKSDB_LIB_IO_POSIX" "-DROCKSDB_SUPPORT_THREAD_LOCAL" "-DHAVE_UINT128_EXTENSION=1" "-o" "/opt/rustwide/target/debug/build/librocksdb-sys-506438c7fed4dbba/out/rocksdb/cache/cache_key.o" "-c" "rocksdb/cache/cache_key.cc"
[INFO] [stderr]   running: "c++" "-O0" "-ffunction-sections" "-fdata-sections" "-fPIC" "-gdwarf-4" "-fno-omit-frame-pointer" "-m64" "-I" "rocksdb/include/" "-I" "rocksdb/" "-I" "rocksdb/third-party/gtest-1.8.1/fused-src/" "-I" "snappy/" "-I" "lz4/lib/" "-I" "/opt/rustwide/cargo-home/registry/src/index.crates.io-6f17d22bba15001f/zstd-sys-2.0.4+zstd.1.5.2/zstd/lib" "-I" "/opt/rustwide/target/debug/build/libz-sys-c547d2f23f36426c/out/include" "-I" "/opt/rustwide/target/debug/build/bzip2-sys-4a6df0bb3c2428be/out/include" "-I" "." "-Wall" "-Wextra" "-std=c++17" "-Wsign-compare" "-Wshadow" "-Wno-unused-parameter" "-Wno-unused-variable" "-Woverloaded-virtual" "-Wnon-virtual-dtor" "-Wno-missing-field-initializers" "-Wno-strict-aliasing" "-Wno-invalid-offsetof" "-msse2" "-std=c++17" "-DSNAPPY=1" "-DLZ4=1" "-DZSTD=1" "-DZLIB=1" "-DBZIP2=1" "-DNDEBUG=1" "-DOS_LINUX" "-DROCKSDB_PLATFORM_POSIX" "-DROCKSDB_LIB_IO_POSIX" "-DROCKSDB_SUPPORT_THREAD_LOCAL" "-DHAVE_UINT128_EXTENSION=1" "-o" "/opt/rustwide/target/debug/build/librocksdb-sys-506438c7fed4dbba/out/rocksdb/cache/lru_cache.o" "-c" "rocksdb/cache/lru_cache.cc"
[INFO] [stderr]   running: "c++" "-O0" "-ffunction-sections" "-fdata-sections" "-fPIC" "-gdwarf-4" "-fno-omit-frame-pointer" "-m64" "-I" "rocksdb/include/" "-I" "rocksdb/" "-I" "rocksdb/third-party/gtest-1.8.1/fused-src/" "-I" "snappy/" "-I" "lz4/lib/" "-I" "/opt/rustwide/cargo-home/registry/src/index.crates.io-6f17d22bba15001f/zstd-sys-2.0.4+zstd.1.5.2/zstd/lib" "-I" "/opt/rustwide/target/debug/build/libz-sys-c547d2f23f36426c/out/include" "-I" "/opt/rustwide/target/debug/build/bzip2-sys-4a6df0bb3c2428be/out/include" "-I" "." "-Wall" "-Wextra" "-std=c++17" "-Wsign-compare" "-Wshadow" "-Wno-unused-parameter" "-Wno-unused-variable" "-Woverloaded-virtual" "-Wnon-virtual-dtor" "-Wno-missing-field-initializers" "-Wno-strict-aliasing" "-Wno-invalid-offsetof" "-msse2" "-std=c++17" "-DSNAPPY=1" "-DLZ4=1" "-DZSTD=1" "-DZLIB=1" "-DBZIP2=1" "-DNDEBUG=1" "-DOS_LINUX" "-DROCKSDB_PLATFORM_POSIX" "-DROCKSDB_LIB_IO_POSIX" "-DROCKSDB_SUPPORT_THREAD_LOCAL" "-DHAVE_UINT128_EXTENSION=1" "-o" "/opt/rustwide/target/debug/build/librocksdb-sys-506438c7fed4dbba/out/rocksdb/cache/compressed_secondary_cache.o" "-c" "rocksdb/cache/compressed_secondary_cache.cc"
[INFO] [stderr]   running: "c++" "-O0" "-ffunction-sections" "-fdata-sections" "-fPIC" "-gdwarf-4" "-fno-omit-frame-pointer" "-m64" "-I" "rocksdb/include/" "-I" "rocksdb/" "-I" "rocksdb/third-party/gtest-1.8.1/fused-src/" "-I" "snappy/" "-I" "lz4/lib/" "-I" "/opt/rustwide/cargo-home/registry/src/index.crates.io-6f17d22bba15001f/zstd-sys-2.0.4+zstd.1.5.2/zstd/lib" "-I" "/opt/rustwide/target/debug/build/libz-sys-c547d2f23f36426c/out/include" "-I" "/opt/rustwide/target/debug/build/bzip2-sys-4a6df0bb3c2428be/out/include" "-I" "." "-Wall" "-Wextra" "-std=c++17" "-Wsign-compare" "-Wshadow" "-Wno-unused-parameter" "-Wno-unused-variable" "-Woverloaded-virtual" "-Wnon-virtual-dtor" "-Wno-missing-field-initializers" "-Wno-strict-aliasing" "-Wno-invalid-offsetof" "-msse2" "-std=c++17" "-DSNAPPY=1" "-DLZ4=1" "-DZSTD=1" "-DZLIB=1" "-DBZIP2=1" "-DNDEBUG=1" "-DOS_LINUX" "-DROCKSDB_PLATFORM_POSIX" "-DROCKSDB_LIB_IO_POSIX" "-DROCKSDB_SUPPORT_THREAD_LOCAL" "-DHAVE_UINT128_EXTENSION=1" "-o" "/opt/rustwide/target/debug/build/librocksdb-sys-506438c7fed4dbba/out/rocksdb/cache/cache.o" "-c" "rocksdb/cache/cache.cc"
[INFO] [stderr]   running: "c++" "-O0" "-ffunction-sections" "-fdata-sections" "-fPIC" "-gdwarf-4" "-fno-omit-frame-pointer" "-m64" "-I" "rocksdb/include/" "-I" "rocksdb/" "-I" "rocksdb/third-party/gtest-1.8.1/fused-src/" "-I" "snappy/" "-I" "lz4/lib/" "-I" "/opt/rustwide/cargo-home/registry/src/index.crates.io-6f17d22bba15001f/zstd-sys-2.0.4+zstd.1.5.2/zstd/lib" "-I" "/opt/rustwide/target/debug/build/libz-sys-c547d2f23f36426c/out/include" "-I" "/opt/rustwide/target/debug/build/bzip2-sys-4a6df0bb3c2428be/out/include" "-I" "." "-Wall" "-Wextra" "-std=c++17" "-Wsign-compare" "-Wshadow" "-Wno-unused-parameter" "-Wno-unused-variable" "-Woverloaded-virtual" "-Wnon-virtual-dtor" "-Wno-missing-field-initializers" "-Wno-strict-aliasing" "-Wno-invalid-offsetof" "-msse2" "-std=c++17" "-DSNAPPY=1" "-DLZ4=1" "-DZSTD=1" "-DZLIB=1" "-DBZIP2=1" "-DNDEBUG=1" "-DOS_LINUX" "-DROCKSDB_PLATFORM_POSIX" "-DROCKSDB_LIB_IO_POSIX" "-DROCKSDB_SUPPORT_THREAD_LOCAL" "-DHAVE_UINT128_EXTENSION=1" "-o" "/opt/rustwide/target/debug/build/librocksdb-sys-506438c7fed4dbba/out/rocksdb/cache/sharded_cache.o" "-c" "rocksdb/cache/sharded_cache.cc"
[INFO] [stderr]   running: "c++" "-O0" "-ffunction-sections" "-fdata-sections" "-fPIC" "-gdwarf-4" "-fno-omit-frame-pointer" "-m64" "-I" "rocksdb/include/" "-I" "rocksdb/" "-I" "rocksdb/third-party/gtest-1.8.1/fused-src/" "-I" "snappy/" "-I" "lz4/lib/" "-I" "/opt/rustwide/cargo-home/registry/src/index.crates.io-6f17d22bba15001f/zstd-sys-2.0.4+zstd.1.5.2/zstd/lib" "-I" "/opt/rustwide/target/debug/build/libz-sys-c547d2f23f36426c/out/include" "-I" "/opt/rustwide/target/debug/build/bzip2-sys-4a6df0bb3c2428be/out/include" "-I" "." "-Wall" "-Wextra" "-std=c++17" "-Wsign-compare" "-Wshadow" "-Wno-unused-parameter" "-Wno-unused-variable" "-Woverloaded-virtual" "-Wnon-virtual-dtor" "-Wno-missing-field-initializers" "-Wno-strict-aliasing" "-Wno-invalid-offsetof" "-msse2" "-std=c++17" "-DSNAPPY=1" "-DLZ4=1" "-DZSTD=1" "-DZLIB=1" "-DBZIP2=1" "-DNDEBUG=1" "-DOS_LINUX" "-DROCKSDB_PLATFORM_POSIX" "-DROCKSDB_LIB_IO_POSIX" "-DROCKSDB_SUPPORT_THREAD_LOCAL" "-DHAVE_UINT128_EXTENSION=1" "-o" "/opt/rustwide/target/debug/build/librocksdb-sys-506438c7fed4dbba/out/rocksdb/db/arena_wrapped_db_iter.o" "-c" "rocksdb/db/arena_wrapped_db_iter.cc"
[INFO] [stderr]   exit status: 0
[INFO] [stderr]   exit status: 0
[INFO] [stderr]   running: "c++" "-O0" "-ffunction-sections" "-fdata-sections" "-fPIC" "-gdwarf-4" "-fno-omit-frame-pointer" "-m64" "-I" "rocksdb/include/" "-I" "rocksdb/" "-I" "rocksdb/third-party/gtest-1.8.1/fused-src/" "-I" "snappy/" "-I" "lz4/lib/" "-I" "/opt/rustwide/cargo-home/registry/src/index.crates.io-6f17d22bba15001f/zstd-sys-2.0.4+zstd.1.5.2/zstd/lib" "-I" "/opt/rustwide/target/debug/build/libz-sys-c547d2f23f36426c/out/include" "-I" "/opt/rustwide/target/debug/build/bzip2-sys-4a6df0bb3c2428be/out/include" "-I" "." "-Wall" "-Wextra" "-std=c++17" "-Wsign-compare" "-Wshadow" "-Wno-unused-parameter" "-Wno-unused-variable" "-Woverloaded-virtual" "-Wnon-virtual-dtor" "-Wno-missing-field-initializers" "-Wno-strict-aliasing" "-Wno-invalid-offsetof" "-msse2" "-std=c++17" "-DSNAPPY=1" "-DLZ4=1" "-DZSTD=1" "-DZLIB=1" "-DBZIP2=1" "-DNDEBUG=1" "-DOS_LINUX" "-DROCKSDB_PLATFORM_POSIX" "-DROCKSDB_LIB_IO_POSIX" "-DROCKSDB_SUPPORT_THREAD_LOCAL" "-DHAVE_UINT128_EXTENSION=1" "-o" "/opt/rustwide/target/debug/build/librocksdb-sys-506438c7fed4dbba/out/rocksdb/db/blob/blob_fetcher.o" "-c" "rocksdb/db/blob/blob_fetcher.cc"
[INFO] [stderr]   running: "c++" "-O0" "-ffunction-sections" "-fdata-sections" "-fPIC" "-gdwarf-4" "-fno-omit-frame-pointer" "-m64" "-I" "rocksdb/include/" "-I" "rocksdb/" "-I" "rocksdb/third-party/gtest-1.8.1/fused-src/" "-I" "snappy/" "-I" "lz4/lib/" "-I" "/opt/rustwide/cargo-home/registry/src/index.crates.io-6f17d22bba15001f/zstd-sys-2.0.4+zstd.1.5.2/zstd/lib" "-I" "/opt/rustwide/target/debug/build/libz-sys-c547d2f23f36426c/out/include" "-I" "/opt/rustwide/target/debug/build/bzip2-sys-4a6df0bb3c2428be/out/include" "-I" "." "-Wall" "-Wextra" "-std=c++17" "-Wsign-compare" "-Wshadow" "-Wno-unused-parameter" "-Wno-unused-variable" "-Woverloaded-virtual" "-Wnon-virtual-dtor" "-Wno-missing-field-initializers" "-Wno-strict-aliasing" "-Wno-invalid-offsetof" "-msse2" "-std=c++17" "-DSNAPPY=1" "-DLZ4=1" "-DZSTD=1" "-DZLIB=1" "-DBZIP2=1" "-DNDEBUG=1" "-DOS_LINUX" "-DROCKSDB_PLATFORM_POSIX" "-DROCKSDB_LIB_IO_POSIX" "-DROCKSDB_SUPPORT_THREAD_LOCAL" "-DHAVE_UINT128_EXTENSION=1" "-o" "/opt/rustwide/target/debug/build/librocksdb-sys-506438c7fed4dbba/out/rocksdb/db/blob/blob_file_addition.o" "-c" "rocksdb/db/blob/blob_file_addition.cc"
[INFO] [stderr]   running: "c++" "-O0" "-ffunction-sections" "-fdata-sections" "-fPIC" "-gdwarf-4" "-fno-omit-frame-pointer" "-m64" "-I" "rocksdb/include/" "-I" "rocksdb/" "-I" "rocksdb/third-party/gtest-1.8.1/fused-src/" "-I" "snappy/" "-I" "lz4/lib/" "-I" "/opt/rustwide/cargo-home/registry/src/index.crates.io-6f17d22bba15001f/zstd-sys-2.0.4+zstd.1.5.2/zstd/lib" "-I" "/opt/rustwide/target/debug/build/libz-sys-c547d2f23f36426c/out/include" "-I" "/opt/rustwide/target/debug/build/bzip2-sys-4a6df0bb3c2428be/out/include" "-I" "." "-Wall" "-Wextra" "-std=c++17" "-Wsign-compare" "-Wshadow" "-Wno-unused-parameter" "-Wno-unused-variable" "-Woverloaded-virtual" "-Wnon-virtual-dtor" "-Wno-missing-field-initializers" "-Wno-strict-aliasing" "-Wno-invalid-offsetof" "-msse2" "-std=c++17" "-DSNAPPY=1" "-DLZ4=1" "-DZSTD=1" "-DZLIB=1" "-DBZIP2=1" "-DNDEBUG=1" "-DOS_LINUX" "-DROCKSDB_PLATFORM_POSIX" "-DROCKSDB_LIB_IO_POSIX" "-DROCKSDB_SUPPORT_THREAD_LOCAL" "-DHAVE_UINT128_EXTENSION=1" "-o" "/opt/rustwide/target/debug/build/librocksdb-sys-506438c7fed4dbba/out/rocksdb/db/blob/blob_file_builder.o" "-c" "rocksdb/db/blob/blob_file_builder.cc"
[INFO] [stderr]   exit status: 0
[INFO] [stderr]   running: "c++" "-O0" "-ffunction-sections" "-fdata-sections" "-fPIC" "-gdwarf-4" "-fno-omit-frame-pointer" "-m64" "-I" "rocksdb/include/" "-I" "rocksdb/" "-I" "rocksdb/third-party/gtest-1.8.1/fused-src/" "-I" "snappy/" "-I" "lz4/lib/" "-I" "/opt/rustwide/cargo-home/registry/src/index.crates.io-6f17d22bba15001f/zstd-sys-2.0.4+zstd.1.5.2/zstd/lib" "-I" "/opt/rustwide/target/debug/build/libz-sys-c547d2f23f36426c/out/include" "-I" "/opt/rustwide/target/debug/build/bzip2-sys-4a6df0bb3c2428be/out/include" "-I" "." "-Wall" "-Wextra" "-std=c++17" "-Wsign-compare" "-Wshadow" "-Wno-unused-parameter" "-Wno-unused-variable" "-Woverloaded-virtual" "-Wnon-virtual-dtor" "-Wno-missing-field-initializers" "-Wno-strict-aliasing" "-Wno-invalid-offsetof" "-msse2" "-std=c++17" "-DSNAPPY=1" "-DLZ4=1" "-DZSTD=1" "-DZLIB=1" "-DBZIP2=1" "-DNDEBUG=1" "-DOS_LINUX" "-DROCKSDB_PLATFORM_POSIX" "-DROCKSDB_LIB_IO_POSIX" "-DROCKSDB_SUPPORT_THREAD_LOCAL" "-DHAVE_UINT128_EXTENSION=1" "-o" "/opt/rustwide/target/debug/build/librocksdb-sys-506438c7fed4dbba/out/rocksdb/db/blob/blob_file_cache.o" "-c" "rocksdb/db/blob/blob_file_cache.cc"
[INFO] [stderr]   running: "c++" "-O0" "-ffunction-sections" "-fdata-sections" "-fPIC" "-gdwarf-4" "-fno-omit-frame-pointer" "-m64" "-I" "rocksdb/include/" "-I" "rocksdb/" "-I" "rocksdb/third-party/gtest-1.8.1/fused-src/" "-I" "snappy/" "-I" "lz4/lib/" "-I" "/opt/rustwide/cargo-home/registry/src/index.crates.io-6f17d22bba15001f/zstd-sys-2.0.4+zstd.1.5.2/zstd/lib" "-I" "/opt/rustwide/target/debug/build/libz-sys-c547d2f23f36426c/out/include" "-I" "/opt/rustwide/target/debug/build/bzip2-sys-4a6df0bb3c2428be/out/include" "-I" "." "-Wall" "-Wextra" "-std=c++17" "-Wsign-compare" "-Wshadow" "-Wno-unused-parameter" "-Wno-unused-variable" "-Woverloaded-virtual" "-Wnon-virtual-dtor" "-Wno-missing-field-initializers" "-Wno-strict-aliasing" "-Wno-invalid-offsetof" "-msse2" "-std=c++17" "-DSNAPPY=1" "-DLZ4=1" "-DZSTD=1" "-DZLIB=1" "-DBZIP2=1" "-DNDEBUG=1" "-DOS_LINUX" "-DROCKSDB_PLATFORM_POSIX" "-DROCKSDB_LIB_IO_POSIX" "-DROCKSDB_SUPPORT_THREAD_LOCAL" "-DHAVE_UINT128_EXTENSION=1" "-o" "/opt/rustwide/target/debug/build/librocksdb-sys-506438c7fed4dbba/out/rocksdb/db/blob/blob_file_garbage.o" "-c" "rocksdb/db/blob/blob_file_garbage.cc"
[INFO] [stderr]   exit status: 0
[INFO] [stderr]   exit status: 0
[INFO] [stderr]   running: "c++" "-O0" "-ffunction-sections" "-fdata-sections" "-fPIC" "-gdwarf-4" "-fno-omit-frame-pointer" "-m64" "-I" "rocksdb/include/" "-I" "rocksdb/" "-I" "rocksdb/third-party/gtest-1.8.1/fused-src/" "-I" "snappy/" "-I" "lz4/lib/" "-I" "/opt/rustwide/cargo-home/registry/src/index.crates.io-6f17d22bba15001f/zstd-sys-2.0.4+zstd.1.5.2/zstd/lib" "-I" "/opt/rustwide/target/debug/build/libz-sys-c547d2f23f36426c/out/include" "-I" "/opt/rustwide/target/debug/build/bzip2-sys-4a6df0bb3c2428be/out/include" "-I" "." "-Wall" "-Wextra" "-std=c++17" "-Wsign-compare" "-Wshadow" "-Wno-unused-parameter" "-Wno-unused-variable" "-Woverloaded-virtual" "-Wnon-virtual-dtor" "-Wno-missing-field-initializers" "-Wno-strict-aliasing" "-Wno-invalid-offsetof" "-msse2" "-std=c++17" "-DSNAPPY=1" "-DLZ4=1" "-DZSTD=1" "-DZLIB=1" "-DBZIP2=1" "-DNDEBUG=1" "-DOS_LINUX" "-DROCKSDB_PLATFORM_POSIX" "-DROCKSDB_LIB_IO_POSIX" "-DROCKSDB_SUPPORT_THREAD_LOCAL" "-DHAVE_UINT128_EXTENSION=1" "-o" "/opt/rustwide/target/debug/build/librocksdb-sys-506438c7fed4dbba/out/rocksdb/db/blob/blob_file_meta.o" "-c" "rocksdb/db/blob/blob_file_meta.cc"
[INFO] [stderr]   exit status: 0
[INFO] [stderr]   exit status: 0
[INFO] [stderr]   running: "c++" "-O0" "-ffunction-sections" "-fdata-sections" "-fPIC" "-gdwarf-4" "-fno-omit-frame-pointer" "-m64" "-I" "rocksdb/include/" "-I" "rocksdb/" "-I" "rocksdb/third-party/gtest-1.8.1/fused-src/" "-I" "snappy/" "-I" "lz4/lib/" "-I" "/opt/rustwide/cargo-home/registry/src/index.crates.io-6f17d22bba15001f/zstd-sys-2.0.4+zstd.1.5.2/zstd/lib" "-I" "/opt/rustwide/target/debug/build/libz-sys-c547d2f23f36426c/out/include" "-I" "/opt/rustwide/target/debug/build/bzip2-sys-4a6df0bb3c2428be/out/include" "-I" "." "-Wall" "-Wextra" "-std=c++17" "-Wsign-compare" "-Wshadow" "-Wno-unused-parameter" "-Wno-unused-variable" "-Woverloaded-virtual" "-Wnon-virtual-dtor" "-Wno-missing-field-initializers" "-Wno-strict-aliasing" "-Wno-invalid-offsetof" "-msse2" "-std=c++17" "-DSNAPPY=1" "-DLZ4=1" "-DZSTD=1" "-DZLIB=1" "-DBZIP2=1" "-DNDEBUG=1" "-DOS_LINUX" "-DROCKSDB_PLATFORM_POSIX" "-DROCKSDB_LIB_IO_POSIX" "-DROCKSDB_SUPPORT_THREAD_LOCAL" "-DHAVE_UINT128_EXTENSION=1" "-o" "/opt/rustwide/target/debug/build/librocksdb-sys-506438c7fed4dbba/out/rocksdb/db/blob/blob_file_reader.o" "-c" "rocksdb/db/blob/blob_file_reader.cc"
[INFO] [stderr]   running: "c++" "-O0" "-ffunction-sections" "-fdata-sections" "-fPIC" "-gdwarf-4" "-fno-omit-frame-pointer" "-m64" "-I" "rocksdb/include/" "-I" "rocksdb/" "-I" "rocksdb/third-party/gtest-1.8.1/fused-src/" "-I" "snappy/" "-I" "lz4/lib/" "-I" "/opt/rustwide/cargo-home/registry/src/index.crates.io-6f17d22bba15001f/zstd-sys-2.0.4+zstd.1.5.2/zstd/lib" "-I" "/opt/rustwide/target/debug/build/libz-sys-c547d2f23f36426c/out/include" "-I" "/opt/rustwide/target/debug/build/bzip2-sys-4a6df0bb3c2428be/out/include" "-I" "." "-Wall" "-Wextra" "-std=c++17" "-Wsign-compare" "-Wshadow" "-Wno-unused-parameter" "-Wno-unused-variable" "-Woverloaded-virtual" "-Wnon-virtual-dtor" "-Wno-missing-field-initializers" "-Wno-strict-aliasing" "-Wno-invalid-offsetof" "-msse2" "-std=c++17" "-DSNAPPY=1" "-DLZ4=1" "-DZSTD=1" "-DZLIB=1" "-DBZIP2=1" "-DNDEBUG=1" "-DOS_LINUX" "-DROCKSDB_PLATFORM_POSIX" "-DROCKSDB_LIB_IO_POSIX" "-DROCKSDB_SUPPORT_THREAD_LOCAL" "-DHAVE_UINT128_EXTENSION=1" "-o" "/opt/rustwide/target/debug/build/librocksdb-sys-506438c7fed4dbba/out/rocksdb/db/blob/blob_garbage_meter.o" "-c" "rocksdb/db/blob/blob_garbage_meter.cc"
[INFO] [stderr]   cargo:warning=c++: fatal error: Killed signal terminated program cc1plus
[INFO] [stderr]   cargo:warning=compilation terminated.
[INFO] [stderr]   exit status: 1
[INFO] [stderr]   running: "c++" "-O0" "-ffunction-sections" "-fdata-sections" "-fPIC" "-gdwarf-4" "-fno-omit-frame-pointer" "-m64" "-I" "rocksdb/include/" "-I" "rocksdb/" "-I" "rocksdb/third-party/gtest-1.8.1/fused-src/" "-I" "snappy/" "-I" "lz4/lib/" "-I" "/opt/rustwide/cargo-home/registry/src/index.crates.io-6f17d22bba15001f/zstd-sys-2.0.4+zstd.1.5.2/zstd/lib" "-I" "/opt/rustwide/target/debug/build/libz-sys-c547d2f23f36426c/out/include" "-I" "/opt/rustwide/target/debug/build/bzip2-sys-4a6df0bb3c2428be/out/include" "-I" "." "-Wall" "-Wextra" "-std=c++17" "-Wsign-compare" "-Wshadow" "-Wno-unused-parameter" "-Wno-unused-variable" "-Woverloaded-virtual" "-Wnon-virtual-dtor" "-Wno-missing-field-initializers" "-Wno-strict-aliasing" "-Wno-invalid-offsetof" "-msse2" "-std=c++17" "-DSNAPPY=1" "-DLZ4=1" "-DZSTD=1" "-DZLIB=1" "-DBZIP2=1" "-DNDEBUG=1" "-DOS_LINUX" "-DROCKSDB_PLATFORM_POSIX" "-DROCKSDB_LIB_IO_POSIX" "-DROCKSDB_SUPPORT_THREAD_LOCAL" "-DHAVE_UINT128_EXTENSION=1" "-o" "/opt/rustwide/target/debug/build/librocksdb-sys-506438c7fed4dbba/out/rocksdb/db/blob/blob_log_format.o" "-c" "rocksdb/db/blob/blob_log_format.cc"
[INFO] [stderr]   running: "c++" "-O0" "-ffunction-sections" "-fdata-sections" "-fPIC" "-gdwarf-4" "-fno-omit-frame-pointer" "-m64" "-I" "rocksdb/include/" "-I" "rocksdb/" "-I" "rocksdb/third-party/gtest-1.8.1/fused-src/" "-I" "snappy/" "-I" "lz4/lib/" "-I" "/opt/rustwide/cargo-home/registry/src/index.crates.io-6f17d22bba15001f/zstd-sys-2.0.4+zstd.1.5.2/zstd/lib" "-I" "/opt/rustwide/target/debug/build/libz-sys-c547d2f23f36426c/out/include" "-I" "/opt/rustwide/target/debug/build/bzip2-sys-4a6df0bb3c2428be/out/include" "-I" "." "-Wall" "-Wextra" "-std=c++17" "-Wsign-compare" "-Wshadow" "-Wno-unused-parameter" "-Wno-unused-variable" "-Woverloaded-virtual" "-Wnon-virtual-dtor" "-Wno-missing-field-initializers" "-Wno-strict-aliasing" "-Wno-invalid-offsetof" "-msse2" "-std=c++17" "-DSNAPPY=1" "-DLZ4=1" "-DZSTD=1" "-DZLIB=1" "-DBZIP2=1" "-DNDEBUG=1" "-DOS_LINUX" "-DROCKSDB_PLATFORM_POSIX" "-DROCKSDB_LIB_IO_POSIX" "-DROCKSDB_SUPPORT_THREAD_LOCAL" "-DHAVE_UINT128_EXTENSION=1" "-o" "/opt/rustwide/target/debug/build/librocksdb-sys-506438c7fed4dbba/out/rocksdb/db/blob/blob_log_sequential_reader.o" "-c" "rocksdb/db/blob/blob_log_sequential_reader.cc"
[INFO] [stderr]   cargo:warning=c++: fatal error: Killed signal terminated program cc1plus
[INFO] [stderr]   cargo:warning=compilation terminated.
[INFO] [stderr]   exit status: 1
[INFO] [stderr]   exit status: 0
[INFO] [stderr]   exit status: 0
[INFO] [stderr]   exit status: 0
[INFO] [stderr]   exit status: 0
[INFO] [stderr]   cargo:warning=c++: fatal error: Killed signal terminated program cc1plus
[INFO] [stderr]   cargo:warning=compilation terminated.
[INFO] [stderr]   exit status: 1
[INFO] [stderr]   exit status: 0
[INFO] [stderr]   exit status: 0
[INFO] [stderr]   exit status: 0
[INFO] [stderr]   exit status: 0
[INFO] [stderr]   exit status: 0
[INFO] [stderr]   exit status: 0
[INFO] [stderr] 
[INFO] [stderr]   --- stderr
[INFO] [stderr]   error: 'rustfmt' is not installed for the toolchain '1.75.0-x86_64-unknown-linux-gnu'
[INFO] [stderr]   To install, run `rustup component add rustfmt --toolchain 1.75.0-x86_64-unknown-linux-gnu`
[INFO] [stderr]   Failed to run rustfmt: Internal rustfmt error (non-fatal, continuing)
[INFO] [stderr] 
[INFO] [stderr] 
[INFO] [stderr]   error occurred: Command "c++" "-O0" "-ffunction-sections" "-fdata-sections" "-fPIC" "-gdwarf-4" "-fno-omit-frame-pointer" "-m64" "-I" "rocksdb/include/" "-I" "rocksdb/" "-I" "rocksdb/third-party/gtest-1.8.1/fused-src/" "-I" "snappy/" "-I" "lz4/lib/" "-I" "/opt/rustwide/cargo-home/registry/src/index.crates.io-6f17d22bba15001f/zstd-sys-2.0.4+zstd.1.5.2/zstd/lib" "-I" "/opt/rustwide/target/debug/build/libz-sys-c547d2f23f36426c/out/include" "-I" "/opt/rustwide/target/debug/build/bzip2-sys-4a6df0bb3c2428be/out/include" "-I" "." "-Wall" "-Wextra" "-std=c++17" "-Wsign-compare" "-Wshadow" "-Wno-unused-parameter" "-Wno-unused-variable" "-Woverloaded-virtual" "-Wnon-virtual-dtor" "-Wno-missing-field-initializers" "-Wno-strict-aliasing" "-Wno-invalid-offsetof" "-msse2" "-std=c++17" "-DSNAPPY=1" "-DLZ4=1" "-DZSTD=1" "-DZLIB=1" "-DBZIP2=1" "-DNDEBUG=1" "-DOS_LINUX" "-DROCKSDB_PLATFORM_POSIX" "-DROCKSDB_LIB_IO_POSIX" "-DROCKSDB_SUPPORT_THREAD_LOCAL" "-DHAVE_UINT128_EXTENSION=1" "-o" "/opt/rustwide/target/debug/build/librocksdb-sys-506438c7fed4dbba/out/rocksdb/cache/cache.o" "-c" "rocksdb/cache/cache.cc" with args "c++" did not execute successfully (status code exit status: 1).
[INFO] [stderr] 
[INFO] [stderr] 
[INFO] running `Command { std: "docker" "inspect" "1cf39dfeb6612a27af8062917bd8273d0e95b4180c9357274f9e17c682f12f59", kill_on_drop: false }`
[INFO] running `Command { std: "docker" "rm" "-f" "1cf39dfeb6612a27af8062917bd8273d0e95b4180c9357274f9e17c682f12f59", kill_on_drop: false }`
[INFO] [stdout] 1cf39dfeb6612a27af8062917bd8273d0e95b4180c9357274f9e17c682f12f59
[INFO] testing Catmanpooh/oort_hackathon against beta-2023-12-22 for beta-1.76-1
[INFO] running `Command { std: "git" "clone" "/workspace/cache/git-repos/https%3A%2F%2Fgithub.com%2FCatmanpooh%2Foort_hackathon" "/workspace/builds/worker-6-tc2/source", kill_on_drop: false }`
[INFO] [stderr] Cloning into '/workspace/builds/worker-6-tc2/source'...
[INFO] [stderr] done.
[INFO] validating manifest of git repo https://github.com/Catmanpooh/oort_hackathon on toolchain beta-2023-12-22
[INFO] running `Command { std: CARGO_HOME="/workspace/cargo-home" RUSTUP_HOME="/workspace/rustup-home" "/workspace/cargo-home/bin/cargo" "+beta-2023-12-22" "metadata" "--manifest-path" "Cargo.toml" "--no-deps", kill_on_drop: false }`
[INFO] started tweaking git repo https://github.com/Catmanpooh/oort_hackathon
[INFO] finished tweaking git repo https://github.com/Catmanpooh/oort_hackathon
[INFO] tweaked toml for git repo https://github.com/Catmanpooh/oort_hackathon written to /workspace/builds/worker-6-tc2/source/Cargo.toml
[INFO] crate git repo https://github.com/Catmanpooh/oort_hackathon already has a lockfile, it will not be regenerated
[INFO] running `Command { std: CARGO_HOME="/workspace/cargo-home" RUSTUP_HOME="/workspace/rustup-home" "/workspace/cargo-home/bin/cargo" "+beta-2023-12-22" "fetch" "--manifest-path" "Cargo.toml", kill_on_drop: false }`
[INFO] running `Command { std: "docker" "create" "-v" "/var/lib/crater-agent-workspace/builds/worker-6-tc2/target:/opt/rustwide/target:rw,Z" "-v" "/var/lib/crater-agent-workspace/builds/worker-6-tc2/source:/opt/rustwide/workdir:ro,Z" "-v" "/var/lib/crater-agent-workspace/cargo-home:/opt/rustwide/cargo-home:ro,Z" "-v" "/var/lib/crater-agent-workspace/rustup-home:/opt/rustwide/rustup-home:ro,Z" "-e" "SOURCE_DIR=/opt/rustwide/workdir" "-e" "CARGO_TARGET_DIR=/opt/rustwide/target" "-e" "CARGO_HOME=/opt/rustwide/cargo-home" "-e" "RUSTUP_HOME=/opt/rustwide/rustup-home" "-w" "/opt/rustwide/workdir" "-m" "1610612736" "--user" "0:0" "--network" "none" "ghcr.io/rust-lang/crates-build-env/linux@sha256:2788e3201cd34a07e3172128adcd8b3090168a8e3bcc40d7c032b9dda1df7d1c" "/opt/rustwide/cargo-home/bin/cargo" "+beta-2023-12-22" "metadata" "--no-deps" "--format-version=1", kill_on_drop: false }`
[INFO] [stdout] 062858c95bc71b491a29f9f373a15b017cab134c19908979f5b691b1c9c119ee
[INFO] running `Command { std: "docker" "start" "-a" "062858c95bc71b491a29f9f373a15b017cab134c19908979f5b691b1c9c119ee", kill_on_drop: false }`
[INFO] running `Command { std: "docker" "inspect" "062858c95bc71b491a29f9f373a15b017cab134c19908979f5b691b1c9c119ee", kill_on_drop: false }`
[INFO] running `Command { std: "docker" "rm" "-f" "062858c95bc71b491a29f9f373a15b017cab134c19908979f5b691b1c9c119ee", kill_on_drop: false }`
[INFO] [stdout] 062858c95bc71b491a29f9f373a15b017cab134c19908979f5b691b1c9c119ee
[INFO] running `Command { std: "docker" "create" "-v" "/var/lib/crater-agent-workspace/builds/worker-6-tc2/target:/opt/rustwide/target:rw,Z" "-v" "/var/lib/crater-agent-workspace/builds/worker-6-tc2/source:/opt/rustwide/workdir:ro,Z" "-v" "/var/lib/crater-agent-workspace/cargo-home:/opt/rustwide/cargo-home:ro,Z" "-v" "/var/lib/crater-agent-workspace/rustup-home:/opt/rustwide/rustup-home:ro,Z" "-e" "SOURCE_DIR=/opt/rustwide/workdir" "-e" "CARGO_TARGET_DIR=/opt/rustwide/target" "-e" "CARGO_INCREMENTAL=0" "-e" "RUST_BACKTRACE=full" "-e" "RUSTFLAGS=--cap-lints=warn" "-e" "RUSTDOCFLAGS=--cap-lints=warn" "-e" "CARGO_HOME=/opt/rustwide/cargo-home" "-e" "RUSTUP_HOME=/opt/rustwide/rustup-home" "-w" "/opt/rustwide/workdir" "-m" "1610612736" "--user" "0:0" "--network" "none" "ghcr.io/rust-lang/crates-build-env/linux@sha256:2788e3201cd34a07e3172128adcd8b3090168a8e3bcc40d7c032b9dda1df7d1c" "/opt/rustwide/cargo-home/bin/cargo" "+beta-2023-12-22" "build" "--frozen" "--message-format=json", kill_on_drop: false }`
[INFO] [stdout] 9a0f3b8442f7c340f172cea63527054c7e34d42843598ec45ec376dc21457c98
[INFO] running `Command { std: "docker" "start" "-a" "9a0f3b8442f7c340f172cea63527054c7e34d42843598ec45ec376dc21457c98", kill_on_drop: false }`
[INFO] [stderr]    Compiling libc v0.2.137
[INFO] [stderr]    Compiling syn v1.0.103
[INFO] [stderr]    Compiling futures-core v0.3.25
[INFO] [stderr]    Compiling once_cell v1.16.0
[INFO] [stderr]    Compiling log v0.4.17
[INFO] [stderr]    Compiling futures-io v0.3.25
[INFO] [stderr]    Compiling futures-sink v0.3.25
[INFO] [stderr]    Compiling bytes v1.3.0
[INFO] [stderr]    Compiling itoa v1.0.4
[INFO] [stderr]    Compiling indexmap v1.9.2
[INFO] [stderr]    Compiling libm v0.2.6
[INFO] [stderr]    Compiling futures-task v0.3.25
[INFO] [stderr]    Compiling futures-channel v0.3.25
[INFO] [stderr]    Compiling parking_lot_core v0.9.4
[INFO] [stderr]    Compiling futures-util v0.3.25
[INFO] [stderr]    Compiling tokio v1.22.0
[INFO] [stderr]    Compiling subtle v2.4.1
[INFO] [stderr]    Compiling percent-encoding v2.2.0
[INFO] [stderr]    Compiling semver v1.0.14
[INFO] [stderr]    Compiling tracing-core v0.1.30
[INFO] [stderr]    Compiling aho-corasick v0.7.20
[INFO] [stderr]    Compiling pkg-config v0.3.26
[INFO] [stderr]    Compiling serde_derive v1.0.147
[INFO] [stderr]    Compiling serde v1.0.147
[INFO] [stderr]    Compiling time-core v0.1.0
[INFO] [stderr]    Compiling base64 v0.13.1
[INFO] [stderr]    Compiling time v0.3.17
[INFO] [stderr]    Compiling untrusted v0.7.1
[INFO] [stderr]    Compiling spin v0.5.2
[INFO] [stderr]    Compiling clang-sys v1.4.0
[INFO] [stderr]    Compiling num-traits v0.2.15
[INFO] [stderr]    Compiling http v0.2.8
[INFO] [stderr]    Compiling rustc_version v0.4.0
[INFO] [stderr]    Compiling form_urlencoded v1.1.0
[INFO] [stderr]    Compiling tower-layer v0.3.2
[INFO] [stderr]    Compiling futures-lite v1.12.0
[INFO] [stderr]    Compiling bytes-utils v0.1.3
[INFO] [stderr]    Compiling block-buffer v0.10.3
[INFO] [stderr]    Compiling os_str_bytes v6.4.1
[INFO] [stderr]    Compiling regex-syntax v0.6.28
[INFO] [stderr]    Compiling jobserver v0.1.25
[INFO] [stderr]    Compiling socket2 v0.4.7
[INFO] [stderr]    Compiling num_cpus v1.14.0
[INFO] [stderr]    Compiling signal-hook-registry v1.4.0
[INFO] [stderr]    Compiling getrandom v0.2.8
[INFO] [stderr]    Compiling cc v1.0.77
[INFO] [stderr]    Compiling parking_lot v0.12.1
[INFO] [stderr]    Compiling rand_core v0.6.4
[INFO] [stderr]    Compiling atty v0.2.14
[INFO] [stderr]    Compiling termcolor v1.1.3
[INFO] [stderr]    Compiling cpufeatures v0.2.5
[INFO] [stderr]    Compiling rustls v0.20.7
[INFO] [stderr]    Compiling http-body v0.4.5
[INFO] [stderr]    Compiling clap_lex v0.2.4
[INFO] [stderr]    Compiling digest v0.10.6
[INFO] [stderr]    Compiling concurrent-queue v2.0.0
[INFO] [stderr]    Compiling libloading v0.7.4
[INFO] [stderr]    Compiling thiserror v1.0.37
[INFO] [stderr]    Compiling num-integer v0.1.45
[INFO] [stderr]    Compiling textwrap v0.16.0
[INFO] [stderr]    Compiling humantime v2.1.0
[INFO] [stderr]    Compiling bindgen v0.60.1
[INFO] [stderr]    Compiling which v4.3.0
[INFO] [stderr]    Compiling rustls-pemfile v1.0.1
[INFO] [stderr]    Compiling zeroize v1.5.7
[INFO] [stderr]    Compiling ppv-lite86 v0.2.17
[INFO] [stderr]    Compiling rustls-native-certs v0.6.2
[INFO] [stderr]    Compiling wasm-bindgen-shared v0.2.83
[INFO] [stderr]    Compiling async-channel v1.8.0
[INFO] [stderr]    Compiling async-lock v2.6.0
[INFO] [stderr]    Compiling clap v3.2.23
[INFO] [stderr]    Compiling aws-types v0.51.0
[INFO] [stderr]    Compiling polling v2.5.1
[INFO] [stderr]    Compiling universal-hash v0.4.1
[INFO] [stderr]    Compiling aws-smithy-types v0.51.0
[INFO] [stderr]    Compiling async-io v1.12.0
[INFO] [stderr]    Compiling bumpalo v3.11.1
[INFO] [stderr]    Compiling polyval v0.4.5
[INFO] [stderr]    Compiling rand_chacha v0.3.1
[INFO] [stderr]    Compiling unicode-normalization v0.1.22
[INFO] [stderr]    Compiling getrandom v0.1.16
[INFO] [stderr]    Compiling crypto-mac v0.10.1
[INFO] [stderr]    Compiling regex v1.7.0
[INFO] [stderr]    Compiling async-trait v0.1.58
[INFO] [stderr]    Compiling serde_json v1.0.88
[INFO] [stderr]    Compiling rand v0.8.5
[INFO] [stderr]    Compiling rand_core v0.5.1
[INFO] [stderr]    Compiling ring v0.16.20
[INFO] [stderr]    Compiling libz-sys v1.1.8
[INFO] [stderr]    Compiling libnghttp2-sys v0.1.7+1.45.0
[INFO] [stderr]    Compiling aws-smithy-eventstream v0.51.0
[INFO] [stderr]    Compiling openssl-sys v0.9.78
[INFO] [stderr]    Compiling curl-sys v0.4.59+curl-7.86.0
[INFO] [stderr]    Compiling idna v0.3.0
[INFO] [stderr]    Compiling zstd-sys v2.0.4+zstd.1.5.2
[INFO] [stderr]    Compiling bzip2-sys v0.1.11+1.0.8
[INFO] [stderr]    Compiling rquickjs-sys v0.1.7
[INFO] [stderr]    Compiling blocking v1.3.0
[INFO] [stderr]    Compiling hmac v0.10.1
[INFO] [stderr]    Compiling ghash v0.3.1
[INFO] [stderr]    Compiling async-executor v1.5.0
[INFO] [stderr]    Compiling heapless v0.7.16
[INFO] [stderr]    Compiling anyhow v1.0.66
[INFO] [stderr]    Compiling env_logger v0.9.3
[INFO] [stderr]    Compiling wasm-bindgen v0.2.83
[INFO] [stderr]    Compiling sha2 v0.9.9
[INFO] [stderr]    Compiling aes-gcm v0.8.0
[INFO] [stderr]    Compiling hkdf v0.10.0
[INFO] [stderr]    Compiling rand_chacha v0.2.2
[INFO] [stderr]    Compiling sha2 v0.10.6
[INFO] [stderr]    Compiling spinning_top v0.2.4
[INFO] [stderr]    Compiling base64ct v1.5.3
[INFO] [stderr]    Compiling urlencoding v2.1.2
[INFO] [stderr]    Compiling wasm-bindgen-backend v0.2.83
[INFO] [stderr]    Compiling darling_core v0.14.2
[INFO] [stderr]    Compiling password-hash v0.4.2
[INFO] [stderr]    Compiling rand v0.7.3
[INFO] [stderr]    Compiling flume v0.9.2
[INFO] [stderr]    Compiling proc-macro-error-attr v1.0.4
[INFO] [stderr]    Compiling wasm-bindgen-macro-support v0.2.83
[INFO] [stderr]    Compiling sluice v0.5.5
[INFO] [stderr]    Compiling nanorand v0.7.0
[INFO] [stderr]    Compiling crc32c v0.6.3
[INFO] [stderr]    Compiling xmlparser v0.13.5
[INFO] [stderr]    Compiling rstar v0.9.3
[INFO] [stderr]    Compiling proc-macro-error v1.0.4
[INFO] [stderr]    Compiling hmac v0.12.1
[INFO] [stderr]    Compiling md-5 v0.10.5
[INFO] [stderr]    Compiling approx v0.5.1
[INFO] [stderr]    Compiling aws-smithy-xml v0.51.0
[INFO] [stderr]    Compiling rand_xoshiro v0.6.0
[INFO] [stderr]    Compiling multer v2.0.4
[INFO] [stderr]    Compiling rmp v0.8.11
[INFO] [stderr]    Compiling imbl v1.0.1
[INFO] [stderr]    Compiling pbkdf2 v0.11.0
[INFO] [stderr]    Compiling num-bigint v0.4.3
[INFO] [stderr]    Compiling aws-smithy-query v0.51.0
[INFO] [stderr]    Compiling blowfish v0.9.1
[INFO] [stderr]    Compiling aws-smithy-json v0.51.0
[INFO] [stderr]    Compiling sha1 v0.10.5
[INFO] [stderr]    Compiling blake2 v0.10.5
[INFO] [stderr]    Compiling float_next_after v0.1.5
[INFO] [stderr]    Compiling time v0.1.45
[INFO] [stderr]    Compiling thread_local v1.1.4
[INFO] [stderr]    Compiling http-range-header v0.3.0
[INFO] [stderr]    Compiling psl-types v2.0.11
[INFO] [stderr]    Compiling iana-time-zone v0.1.53
[INFO] [stderr]    Compiling fuzzy-matcher v0.3.7
[INFO] [stderr]    Compiling addr v0.15.6
[INFO] [stderr]    Compiling argon2 v0.4.1
[INFO] [stderr]    Compiling scrypt v0.10.0
[INFO] [stderr]    Compiling sct v0.7.0
[INFO] [stderr]    Compiling webpki v0.22.0
[INFO] [stderr]    Compiling bcrypt v0.13.0
[INFO] [stderr]    Compiling dmp v0.1.1
[INFO] [stderr]    Compiling nanoid v0.4.0
[INFO] [stderr]    Compiling sha-1 v0.10.1
[INFO] [stderr]    Compiling sync_wrapper v0.1.1
[INFO] [stderr]    Compiling heck v0.4.0
[INFO] [stderr]    Compiling matchit v0.5.0
[INFO] [stderr]    Compiling toml v0.5.9
[INFO] [stderr]    Compiling ctor v0.1.26
[INFO] [stderr]    Compiling futures-macro v0.3.25
[INFO] [stderr]    Compiling tokio-macros v1.8.0
[INFO] [stderr]    Compiling tracing-attributes v0.1.23
[INFO] [stderr]    Compiling pin-project-internal v1.0.12
[INFO] [stderr]    Compiling thiserror-impl v1.0.37
[INFO] [stderr]    Compiling time-macros-impl v0.1.2
[INFO] [stderr]    Compiling wasm-bindgen-macro v0.2.83
[INFO] [stderr]    Compiling value-bag v1.0.0-alpha.9
[INFO] [stderr]    Compiling darling_macro v0.14.2
[INFO] [stderr]    Compiling async-recursion v1.0.0
[INFO] [stderr]    Compiling surrealdb-derive v0.4.0
[INFO] [stderr]    Compiling time-macros v0.1.1
[INFO] [stderr]    Compiling time v0.2.27
[INFO] [stderr]    Compiling mio v0.8.5
[INFO] [stderr]    Compiling want v0.3.0
[INFO] [stderr]    Compiling tracing v0.1.37
[INFO] [stderr]    Compiling pin-project v1.0.12
[INFO] [stderr]    Compiling kv-log-macro v1.0.7
[INFO] [stderr]    Compiling flume v0.10.14
[INFO] [stderr]    Compiling axum-macros v0.3.0
[INFO] [stderr]    Compiling tracing-futures v0.2.5
[INFO] [stderr]    Compiling cookie v0.14.4
[INFO] [stderr]    Compiling proc-macro-crate v1.2.1
[INFO] [stderr]    Compiling darling v0.14.2
[INFO] [stderr]    Compiling async-global-executor v2.3.1
[INFO] [stderr]    Compiling async-std v1.12.0
[INFO] [stderr]    Compiling js-sys v0.3.60
[INFO] [stderr]    Compiling librocksdb-sys v0.8.0+7.4.4
[INFO] [stderr]    Compiling curl v0.4.44
[INFO] [stderr]    Compiling isahc v0.9.14
[INFO] [stderr]    Compiling futures-executor v0.3.25
[INFO] [stderr]    Compiling futures v0.3.25
[INFO] [stderr]    Compiling axum-core v0.2.9
[INFO] [stderr]    Compiling web-sys v0.3.60
[INFO] [stderr]    Compiling tokio-util v0.7.4
[INFO] [stderr]    Compiling tower v0.4.13
[INFO] [stderr]    Compiling tokio-rustls v0.23.4
[INFO] [stderr]    Compiling tokio-stream v0.1.11
[INFO] [stderr]    Compiling echodb v0.3.0
[INFO] [stderr]    Compiling tower-http v0.3.5
[INFO] [stderr]    Compiling aws-smithy-async v0.51.0
[INFO] [stderr]    Compiling rquickjs-core v0.1.7
[INFO] [stderr]    Compiling h2 v0.3.15
[INFO] [stderr]    Compiling serde_urlencoded v0.7.1
[INFO] [stderr]    Compiling url v2.3.1
[INFO] [stderr]    Compiling serde_qs v0.8.5
[INFO] [stderr]    Compiling geo-types v0.7.8
[INFO] [stderr]    Compiling rmp-serde v1.1.1
[INFO] [stderr]    Compiling uuid v1.2.2
[INFO] [stderr]    Compiling storekey v0.3.0
[INFO] [stderr]    Compiling chrono v0.4.23
[INFO] [stderr]    Compiling bigdecimal v0.3.0
[INFO] [stderr]    Compiling geo v0.23.0
[INFO] [stderr]    Compiling http-types v2.12.0
[INFO] [stderr]    Compiling rquickjs-macro v0.1.7
[INFO] [stderr]    Compiling http-client v6.5.3
[INFO] [stderr] error: could not compile `h2` (lib)
[INFO] [stderr] 
[INFO] [stderr] Caused by:
[INFO] [stderr]   process didn't exit successfully: `/opt/rustwide/rustup-home/toolchains/beta-2023-12-22-x86_64-unknown-linux-gnu/bin/rustc --crate-name h2 --edition=2018 /opt/rustwide/cargo-home/registry/src/index.crates.io-6f17d22bba15001f/h2-0.3.15/src/lib.rs --error-format=json --json=diagnostic-rendered-ansi,artifacts,future-incompat --crate-type lib --emit=dep-info,metadata,link -C embed-bitcode=no -C debuginfo=2 -C metadata=dde057c4c06e0041 -C extra-filename=-dde057c4c06e0041 --out-dir /opt/rustwide/target/debug/deps -L dependency=/opt/rustwide/target/debug/deps --extern bytes=/opt/rustwide/target/debug/deps/libbytes-34a79b63f509580e.rmeta --extern fnv=/opt/rustwide/target/debug/deps/libfnv-953831fe314029b4.rmeta --extern futures_core=/opt/rustwide/target/debug/deps/libfutures_core-33f184b6951e8fbf.rmeta --extern futures_sink=/opt/rustwide/target/debug/deps/libfutures_sink-623c2952ee7aa955.rmeta --extern futures_util=/opt/rustwide/target/debug/deps/libfutures_util-131f2449cd11907a.rmeta --extern http=/opt/rustwide/target/debug/deps/libhttp-07b3defcd9f96bb3.rmeta --extern indexmap=/opt/rustwide/target/debug/deps/libindexmap-d71c326424e9d2fa.rmeta --extern slab=/opt/rustwide/target/debug/deps/libslab-ce952e4d8ebf26c9.rmeta --extern tokio=/opt/rustwide/target/debug/deps/libtokio-7b2084961f8d0508.rmeta --extern tokio_util=/opt/rustwide/target/debug/deps/libtokio_util-e81e1d676d44eeda.rmeta --extern tracing=/opt/rustwide/target/debug/deps/libtracing-f389bcce1b635b09.rmeta --cap-lints allow --cap-lints=warn` (signal: 9, SIGKILL: kill)
[INFO] [stderr] warning: build failed, waiting for other jobs to finish...
[INFO] [stderr] error: could not compile `http-types` (lib)
[INFO] [stderr] 
[INFO] [stderr] Caused by:
[INFO] [stderr]   process didn't exit successfully: `/opt/rustwide/rustup-home/toolchains/beta-2023-12-22-x86_64-unknown-linux-gnu/bin/rustc --crate-name http_types --edition=2018 /opt/rustwide/cargo-home/registry/src/index.crates.io-6f17d22bba15001f/http-types-2.12.0/src/lib.rs --error-format=json --json=diagnostic-rendered-ansi,artifacts,future-incompat --crate-type lib --emit=dep-info,metadata,link -C embed-bitcode=no -C debuginfo=2 --cfg 'feature="async-std"' --cfg 'feature="cookie"' --cfg 'feature="cookie-secure"' --cfg 'feature="cookies"' --cfg 'feature="default"' --cfg 'feature="fs"' -C metadata=9fefb1825ed09626 -C extra-filename=-9fefb1825ed09626 --out-dir /opt/rustwide/target/debug/deps -L dependency=/opt/rustwide/target/debug/deps --extern anyhow=/opt/rustwide/target/debug/deps/libanyhow-88856cc19a967ff9.rmeta --extern async_channel=/opt/rustwide/target/debug/deps/libasync_channel-c3b9a19216a8a391.rmeta --extern async_std=/opt/rustwide/target/debug/deps/libasync_std-4610d3177a344e65.rmeta --extern base64=/opt/rustwide/target/debug/deps/libbase64-fca76a9e376e88b4.rmeta --extern cookie=/opt/rustwide/target/debug/deps/libcookie-e02e4fd0281edb95.rmeta --extern futures_lite=/opt/rustwide/target/debug/deps/libfutures_lite-16554d13333dfbba.rmeta --extern infer=/opt/rustwide/target/debug/deps/libinfer-e19e0e58bffc2c58.rmeta --extern pin_project_lite=/opt/rustwide/target/debug/deps/libpin_project_lite-e8b15c1d45637ce8.rmeta --extern rand=/opt/rustwide/target/debug/deps/librand-d34df9c7783d782f.rmeta --extern serde=/opt/rustwide/target/debug/deps/libserde-20841e8f05cdf208.rmeta --extern serde_json=/opt/rustwide/target/debug/deps/libserde_json-4c308183e9fdff64.rmeta --extern serde_qs=/opt/rustwide/target/debug/deps/libserde_qs-a5d0d09cd34e0469.rmeta --extern serde_urlencoded=/opt/rustwide/target/debug/deps/libserde_urlencoded-2814861bab8be56e.rmeta --extern url=/opt/rustwide/target/debug/deps/liburl-b1a4c880c78261dc.rmeta --cap-lints allow --cap-lints=warn` (signal: 9, SIGKILL: kill)
[INFO] [stderr] error: could not compile `isahc` (lib)
[INFO] [stderr] 
[INFO] [stderr] Caused by:
[INFO] [stderr]   process didn't exit successfully: `/opt/rustwide/rustup-home/toolchains/beta-2023-12-22-x86_64-unknown-linux-gnu/bin/rustc --crate-name isahc --edition=2018 /opt/rustwide/cargo-home/registry/src/index.crates.io-6f17d22bba15001f/isahc-0.9.14/src/lib.rs --error-format=json --json=diagnostic-rendered-ansi,artifacts,future-incompat --crate-type lib --emit=dep-info,metadata,link -C embed-bitcode=no -C debuginfo=2 --cfg 'feature="http2"' -C metadata=2faee1784ef7c60b -C extra-filename=-2faee1784ef7c60b --out-dir /opt/rustwide/target/debug/deps -L dependency=/opt/rustwide/target/debug/deps --extern bytes=/opt/rustwide/target/debug/deps/libbytes-de5719fbf9674f6a.rmeta --extern crossbeam_utils=/opt/rustwide/target/debug/deps/libcrossbeam_utils-c1681066a3f92e0d.rmeta --extern curl=/opt/rustwide/target/debug/deps/libcurl-9c07e8608d5b5139.rmeta --extern curl_sys=/opt/rustwide/target/debug/deps/libcurl_sys-6f58a877a2ca6964.rmeta --extern flume=/opt/rustwide/target/debug/deps/libflume-4fc2803976f3bc44.rmeta --extern futures_lite=/opt/rustwide/target/debug/deps/libfutures_lite-16554d13333dfbba.rmeta --extern http=/opt/rustwide/target/debug/deps/libhttp-07b3defcd9f96bb3.rmeta --extern log=/opt/rustwide/target/debug/deps/liblog-a26d25b03a38d6e8.rmeta --extern once_cell=/opt/rustwide/target/debug/deps/libonce_cell-ef1409d54228c1c0.rmeta --extern slab=/opt/rustwide/target/debug/deps/libslab-ce952e4d8ebf26c9.rmeta --extern sluice=/opt/rustwide/target/debug/deps/libsluice-fdc2df4a6bb55254.rmeta --extern tracing=/opt/rustwide/target/debug/deps/libtracing-f389bcce1b635b09.rmeta --extern tracing_futures=/opt/rustwide/target/debug/deps/libtracing_futures-3d2eab2072a5fd61.rmeta --extern url=/opt/rustwide/target/debug/deps/liburl-b1a4c880c78261dc.rmeta --extern waker_fn=/opt/rustwide/target/debug/deps/libwaker_fn-c70ff5f06f747f8a.rmeta --cap-lints allow --cap-lints=warn -L native=/usr/lib/x86_64-linux-gnu -L native=/opt/rustwide/target/debug/build/libnghttp2-sys-8f6b1ab7278452d8/out/i/lib -L native=/opt/rustwide/target/debug/build/libz-sys-e6e92e785af968c5/out/lib -L native=/opt/rustwide/target/debug/build/libz-sys-e6e92e785af968c5/out/lib` (signal: 9, SIGKILL: kill)
[INFO] [stderr] error: could not compile `geo` (lib)
[INFO] [stderr] 
[INFO] [stderr] Caused by:
[INFO] [stderr]   process didn't exit successfully: `/opt/rustwide/rustup-home/toolchains/beta-2023-12-22-x86_64-unknown-linux-gnu/bin/rustc --crate-name geo --edition=2021 /opt/rustwide/cargo-home/registry/src/index.crates.io-6f17d22bba15001f/geo-0.23.0/src/lib.rs --error-format=json --json=diagnostic-rendered-ansi,artifacts,future-incompat --crate-type lib --emit=dep-info,metadata,link -C embed-bitcode=no -C debuginfo=2 --cfg 'feature="serde"' --cfg 'feature="use-serde"' -C metadata=6b1ac0ed3f33b8df -C extra-filename=-6b1ac0ed3f33b8df --out-dir /opt/rustwide/target/debug/deps -L dependency=/opt/rustwide/target/debug/deps --extern float_next_after=/opt/rustwide/target/debug/deps/libfloat_next_after-ae1e60e73b0ca565.rmeta --extern geo_types=/opt/rustwide/target/debug/deps/libgeo_types-9ce30522ff14cc84.rmeta --extern geographiclib_rs=/opt/rustwide/target/debug/deps/libgeographiclib_rs-b1f2f6327924b07a.rmeta --extern log=/opt/rustwide/target/debug/deps/liblog-a26d25b03a38d6e8.rmeta --extern num_traits=/opt/rustwide/target/debug/deps/libnum_traits-750bc792a11a749f.rmeta --extern robust=/opt/rustwide/target/debug/deps/librobust-986ec27c8da88f3a.rmeta --extern rstar=/opt/rustwide/target/debug/deps/librstar-51c5b6e0c253b3a0.rmeta --extern serde=/opt/rustwide/target/debug/deps/libserde-20841e8f05cdf208.rmeta --cap-lints allow --cap-lints=warn` (signal: 9, SIGKILL: kill)
[INFO] [stderr] error: could not compile `rquickjs-macro` (lib)
[INFO] [stderr] 
[INFO] [stderr] Caused by:
[INFO] [stderr]   process didn't exit successfully: `/opt/rustwide/rustup-home/toolchains/beta-2023-12-22-x86_64-unknown-linux-gnu/bin/rustc --crate-name rquickjs_macro --edition=2018 /opt/rustwide/cargo-home/registry/src/index.crates.io-6f17d22bba15001f/rquickjs-macro-0.1.7/src/lib.rs --error-format=json --json=diagnostic-rendered-ansi,artifacts,future-incompat --crate-type proc-macro --emit=dep-info,link -C prefer-dynamic -C embed-bitcode=no -C metadata=b0cc7fd8bf55f8ad -C extra-filename=-b0cc7fd8bf55f8ad --out-dir /opt/rustwide/target/debug/deps -L dependency=/opt/rustwide/target/debug/deps --extern darling=/opt/rustwide/target/debug/deps/libdarling-39b53413e0156dfc.rlib --extern fnv=/opt/rustwide/target/debug/deps/libfnv-953831fe314029b4.rlib --extern ident_case=/opt/rustwide/target/debug/deps/libident_case-30b0c5379ece2ce2.rlib --extern indexmap=/opt/rustwide/target/debug/deps/libindexmap-d71c326424e9d2fa.rlib --extern proc_macro_crate=/opt/rustwide/target/debug/deps/libproc_macro_crate-52eda110b27115bc.rlib --extern proc_macro_error=/opt/rustwide/target/debug/deps/libproc_macro_error-d0239d73c7e5c629.rlib --extern proc_macro2=/opt/rustwide/target/debug/deps/libproc_macro2-be0210885a44233a.rlib --extern quote=/opt/rustwide/target/debug/deps/libquote-f9dc5116976a76b9.rlib --extern rquickjs_core=/opt/rustwide/target/debug/deps/librquickjs_core-e572227724f36cb5.rlib --extern syn=/opt/rustwide/target/debug/deps/libsyn-8e58035d6805e40c.rlib --extern proc_macro --cap-lints allow --cap-lints=warn -L native=/opt/rustwide/target/debug/build/rquickjs-sys-4b1f107325013cd6/out` (signal: 9, SIGKILL: kill)
[INFO] [stderr] The following warnings were emitted during compilation:
[INFO] [stderr] 
[INFO] [stderr] warning: librocksdb-sys@0.8.0+7.4.4: c++: fatal error: Killed signal terminated program cc1plus
[INFO] [stderr] warning: librocksdb-sys@0.8.0+7.4.4: compilation terminated.
[INFO] [stderr] warning: librocksdb-sys@0.8.0+7.4.4: c++: fatal error: Killed signal terminated program cc1plus
[INFO] [stderr] warning: librocksdb-sys@0.8.0+7.4.4: compilation terminated.
[INFO] [stderr] warning: librocksdb-sys@0.8.0+7.4.4: c++: fatal error: Killed signal terminated program cc1plus
[INFO] [stderr] warning: librocksdb-sys@0.8.0+7.4.4: compilation terminated.
[INFO] [stderr] warning: librocksdb-sys@0.8.0+7.4.4: c++: fatal error: Killed signal terminated program cc1plus
[INFO] [stderr] warning: librocksdb-sys@0.8.0+7.4.4: compilation terminated.
[INFO] [stderr] 
[INFO] [stderr] error: failed to run custom build command for `librocksdb-sys v0.8.0+7.4.4`
[INFO] [stderr] note: To improve backtraces for build dependencies, set the CARGO_PROFILE_DEV_BUILD_OVERRIDE_DEBUG=true environment variable to enable debug information generation.
[INFO] [stderr] 
[INFO] [stderr] Caused by:
[INFO] [stderr]   process didn't exit successfully: `/opt/rustwide/target/debug/build/librocksdb-sys-f9eb717773cb4bf7/build-script-build` (exit status: 1)
[INFO] [stderr]   --- stdout
[INFO] [stderr]   cargo:rerun-if-changed=rocksdb/
[INFO] [stderr]   TARGET = Some("x86_64-unknown-linux-gnu")
[INFO] [stderr]   OPT_LEVEL = Some("0")
[INFO] [stderr]   HOST = Some("x86_64-unknown-linux-gnu")
[INFO] [stderr]   cargo:rerun-if-env-changed=CXX_x86_64-unknown-linux-gnu
[INFO] [stderr]   CXX_x86_64-unknown-linux-gnu = None
[INFO] [stderr]   cargo:rerun-if-env-changed=CXX_x86_64_unknown_linux_gnu
[INFO] [stderr]   CXX_x86_64_unknown_linux_gnu = None
[INFO] [stderr]   cargo:rerun-if-env-changed=HOST_CXX
[INFO] [stderr]   HOST_CXX = None
[INFO] [stderr]   cargo:rerun-if-env-changed=CXX
[INFO] [stderr]   CXX = None
[INFO] [stderr]   cargo:rerun-if-env-changed=CXXFLAGS_x86_64-unknown-linux-gnu
[INFO] [stderr]   CXXFLAGS_x86_64-unknown-linux-gnu = None
[INFO] [stderr]   cargo:rerun-if-env-changed=CXXFLAGS_x86_64_unknown_linux_gnu
[INFO] [stderr]   CXXFLAGS_x86_64_unknown_linux_gnu = None
[INFO] [stderr]   cargo:rerun-if-env-changed=HOST_CXXFLAGS
[INFO] [stderr]   HOST_CXXFLAGS = None
[INFO] [stderr]   cargo:rerun-if-env-changed=CXXFLAGS
[INFO] [stderr]   CXXFLAGS = None
[INFO] [stderr]   cargo:rerun-if-env-changed=CRATE_CC_NO_DEFAULTS
[INFO] [stderr]   CRATE_CC_NO_DEFAULTS = None
[INFO] [stderr]   DEBUG = Some("true")
[INFO] [stderr]   CARGO_CFG_TARGET_FEATURE = Some("fxsr,sse,sse2")
[INFO] [stderr]   cargo:rerun-if-env-changed=CXX_x86_64-unknown-linux-gnu
[INFO] [stderr]   CXX_x86_64-unknown-linux-gnu = None
[INFO] [stderr]   cargo:rerun-if-env-changed=CXX_x86_64_unknown_linux_gnu
[INFO] [stderr]   CXX_x86_64_unknown_linux_gnu = None
[INFO] [stderr]   cargo:rerun-if-env-changed=HOST_CXX
[INFO] [stderr]   HOST_CXX = None
[INFO] [stderr]   cargo:rerun-if-env-changed=CXX
[INFO] [stderr]   CXX = None
[INFO] [stderr]   cargo:rerun-if-env-changed=CXXFLAGS_x86_64-unknown-linux-gnu
[INFO] [stderr]   CXXFLAGS_x86_64-unknown-linux-gnu = None
[INFO] [stderr]   cargo:rerun-if-env-changed=CXXFLAGS_x86_64_unknown_linux_gnu
[INFO] [stderr]   CXXFLAGS_x86_64_unknown_linux_gnu = None
[INFO] [stderr]   cargo:rerun-if-env-changed=HOST_CXXFLAGS
[INFO] [stderr]   HOST_CXXFLAGS = None
[INFO] [stderr]   cargo:rerun-if-env-changed=CXXFLAGS
[INFO] [stderr]   CXXFLAGS = None
[INFO] [stderr]   cargo:rerun-if-env-changed=CRATE_CC_NO_DEFAULTS
[INFO] [stderr]   CRATE_CC_NO_DEFAULTS = None
[INFO] [stderr]   CARGO_CFG_TARGET_FEATURE = Some("fxsr,sse,sse2")
[INFO] [stderr]   cargo:rerun-if-env-changed=CXX_x86_64-unknown-linux-gnu
[INFO] [stderr]   CXX_x86_64-unknown-linux-gnu = None
[INFO] [stderr]   cargo:rerun-if-env-changed=CXX_x86_64_unknown_linux_gnu
[INFO] [stderr]   CXX_x86_64_unknown_linux_gnu = None
[INFO] [stderr]   cargo:rerun-if-env-changed=HOST_CXX
[INFO] [stderr]   HOST_CXX = None
[INFO] [stderr]   cargo:rerun-if-env-changed=CXX
[INFO] [stderr]   CXX = None
[INFO] [stderr]   cargo:rerun-if-env-changed=CXXFLAGS_x86_64-unknown-linux-gnu
[INFO] [stderr]   CXXFLAGS_x86_64-unknown-linux-gnu = None
[INFO] [stderr]   cargo:rerun-if-env-changed=CXXFLAGS_x86_64_unknown_linux_gnu
[INFO] [stderr]   CXXFLAGS_x86_64_unknown_linux_gnu = None
[INFO] [stderr]   cargo:rerun-if-env-changed=HOST_CXXFLAGS
[INFO] [stderr]   HOST_CXXFLAGS = None
[INFO] [stderr]   cargo:rerun-if-env-changed=CXXFLAGS
[INFO] [stderr]   CXXFLAGS = None
[INFO] [stderr]   cargo:rerun-if-env-changed=CRATE_CC_NO_DEFAULTS
[INFO] [stderr]   CRATE_CC_NO_DEFAULTS = None
[INFO] [stderr]   CARGO_CFG_TARGET_FEATURE = Some("fxsr,sse,sse2")
[INFO] [stderr]   running: "c++" "-O0" "-ffunction-sections" "-fdata-sections" "-fPIC" "-gdwarf-4" "-fno-omit-frame-pointer" "-m64" "-I" "rocksdb/include/" "-I" "rocksdb/" "-I" "rocksdb/third-party/gtest-1.8.1/fused-src/" "-I" "snappy/" "-I" "lz4/lib/" "-I" "/opt/rustwide/cargo-home/registry/src/index.crates.io-6f17d22bba15001f/zstd-sys-2.0.4+zstd.1.5.2/zstd/lib" "-I" "/opt/rustwide/target/debug/build/libz-sys-e6e92e785af968c5/out/include" "-I" "/opt/rustwide/target/debug/build/bzip2-sys-6b23e07e1ae729d1/out/include" "-I" "." "-Wall" "-Wextra" "-std=c++17" "-Wsign-compare" "-Wshadow" "-Wno-unused-parameter" "-Wno-unused-variable" "-Woverloaded-virtual" "-Wnon-virtual-dtor" "-Wno-missing-field-initializers" "-Wno-strict-aliasing" "-Wno-invalid-offsetof" "-msse2" "-std=c++17" "-DSNAPPY=1" "-DLZ4=1" "-DZSTD=1" "-DZLIB=1" "-DBZIP2=1" "-DNDEBUG=1" "-DOS_LINUX" "-DROCKSDB_PLATFORM_POSIX" "-DROCKSDB_LIB_IO_POSIX" "-DROCKSDB_SUPPORT_THREAD_LOCAL" "-DHAVE_UINT128_EXTENSION=1" "-o" "/opt/rustwide/target/debug/build/librocksdb-sys-5ff4270370c3c662/out/rocksdb/cache/cache.o" "-c" "rocksdb/cache/cache.cc"
[INFO] [stderr]   running: "c++" "-O0" "-ffunction-sections" "-fdata-sections" "-fPIC" "-gdwarf-4" "-fno-omit-frame-pointer" "-m64" "-I" "rocksdb/include/" "-I" "rocksdb/" "-I" "rocksdb/third-party/gtest-1.8.1/fused-src/" "-I" "snappy/" "-I" "lz4/lib/" "-I" "/opt/rustwide/cargo-home/registry/src/index.crates.io-6f17d22bba15001f/zstd-sys-2.0.4+zstd.1.5.2/zstd/lib" "-I" "/opt/rustwide/target/debug/build/libz-sys-e6e92e785af968c5/out/include" "-I" "/opt/rustwide/target/debug/build/bzip2-sys-6b23e07e1ae729d1/out/include" "-I" "." "-Wall" "-Wextra" "-std=c++17" "-Wsign-compare" "-Wshadow" "-Wno-unused-parameter" "-Wno-unused-variable" "-Woverloaded-virtual" "-Wnon-virtual-dtor" "-Wno-missing-field-initializers" "-Wno-strict-aliasing" "-Wno-invalid-offsetof" "-msse2" "-std=c++17" "-DSNAPPY=1" "-DLZ4=1" "-DZSTD=1" "-DZLIB=1" "-DBZIP2=1" "-DNDEBUG=1" "-DOS_LINUX" "-DROCKSDB_PLATFORM_POSIX" "-DROCKSDB_LIB_IO_POSIX" "-DROCKSDB_SUPPORT_THREAD_LOCAL" "-DHAVE_UINT128_EXTENSION=1" "-o" "/opt/rustwide/target/debug/build/librocksdb-sys-5ff4270370c3c662/out/rocksdb/cache/cache_reservation_manager.o" "-c" "rocksdb/cache/cache_reservation_manager.cc"
[INFO] [stderr]   running: "c++" "-O0" "-ffunction-sections" "-fdata-sections" "-fPIC" "-gdwarf-4" "-fno-omit-frame-pointer" "-m64" "-I" "rocksdb/include/" "-I" "rocksdb/" "-I" "rocksdb/third-party/gtest-1.8.1/fused-src/" "-I" "snappy/" "-I" "lz4/lib/" "-I" "/opt/rustwide/cargo-home/registry/src/index.crates.io-6f17d22bba15001f/zstd-sys-2.0.4+zstd.1.5.2/zstd/lib" "-I" "/opt/rustwide/target/debug/build/libz-sys-e6e92e785af968c5/out/include" "-I" "/opt/rustwide/target/debug/build/bzip2-sys-6b23e07e1ae729d1/out/include" "-I" "." "-Wall" "-Wextra" "-std=c++17" "-Wsign-compare" "-Wshadow" "-Wno-unused-parameter" "-Wno-unused-variable" "-Woverloaded-virtual" "-Wnon-virtual-dtor" "-Wno-missing-field-initializers" "-Wno-strict-aliasing" "-Wno-invalid-offsetof" "-msse2" "-std=c++17" "-DSNAPPY=1" "-DLZ4=1" "-DZSTD=1" "-DZLIB=1" "-DBZIP2=1" "-DNDEBUG=1" "-DOS_LINUX" "-DROCKSDB_PLATFORM_POSIX" "-DROCKSDB_LIB_IO_POSIX" "-DROCKSDB_SUPPORT_THREAD_LOCAL" "-DHAVE_UINT128_EXTENSION=1" "-o" "/opt/rustwide/target/debug/build/librocksdb-sys-5ff4270370c3c662/out/rocksdb/cache/fast_lru_cache.o" "-c" "rocksdb/cache/fast_lru_cache.cc"
[INFO] [stderr]   running: "c++" "-O0" "-ffunction-sections" "-fdata-sections" "-fPIC" "-gdwarf-4" "-fno-omit-frame-pointer" "-m64" "-I" "rocksdb/include/" "-I" "rocksdb/" "-I" "rocksdb/third-party/gtest-1.8.1/fused-src/" "-I" "snappy/" "-I" "lz4/lib/" "-I" "/opt/rustwide/cargo-home/registry/src/index.crates.io-6f17d22bba15001f/zstd-sys-2.0.4+zstd.1.5.2/zstd/lib" "-I" "/opt/rustwide/target/debug/build/libz-sys-e6e92e785af968c5/out/include" "-I" "/opt/rustwide/target/debug/build/bzip2-sys-6b23e07e1ae729d1/out/include" "-I" "." "-Wall" "-Wextra" "-std=c++17" "-Wsign-compare" "-Wshadow" "-Wno-unused-parameter" "-Wno-unused-variable" "-Woverloaded-virtual" "-Wnon-virtual-dtor" "-Wno-missing-field-initializers" "-Wno-strict-aliasing" "-Wno-invalid-offsetof" "-msse2" "-std=c++17" "-DSNAPPY=1" "-DLZ4=1" "-DZSTD=1" "-DZLIB=1" "-DBZIP2=1" "-DNDEBUG=1" "-DOS_LINUX" "-DROCKSDB_PLATFORM_POSIX" "-DROCKSDB_LIB_IO_POSIX" "-DROCKSDB_SUPPORT_THREAD_LOCAL" "-DHAVE_UINT128_EXTENSION=1" "-o" "/opt/rustwide/target/debug/build/librocksdb-sys-5ff4270370c3c662/out/rocksdb/cache/clock_cache.o" "-c" "rocksdb/cache/clock_cache.cc"
[INFO] [stderr]   running: "c++" "-O0" "-ffunction-sections" "-fdata-sections" "-fPIC" "-gdwarf-4" "-fno-omit-frame-pointer" "-m64" "-I" "rocksdb/include/" "-I" "rocksdb/" "-I" "rocksdb/third-party/gtest-1.8.1/fused-src/" "-I" "snappy/" "-I" "lz4/lib/" "-I" "/opt/rustwide/cargo-home/registry/src/index.crates.io-6f17d22bba15001f/zstd-sys-2.0.4+zstd.1.5.2/zstd/lib" "-I" "/opt/rustwide/target/debug/build/libz-sys-e6e92e785af968c5/out/include" "-I" "/opt/rustwide/target/debug/build/bzip2-sys-6b23e07e1ae729d1/out/include" "-I" "." "-Wall" "-Wextra" "-std=c++17" "-Wsign-compare" "-Wshadow" "-Wno-unused-parameter" "-Wno-unused-variable" "-Woverloaded-virtual" "-Wnon-virtual-dtor" "-Wno-missing-field-initializers" "-Wno-strict-aliasing" "-Wno-invalid-offsetof" "-msse2" "-std=c++17" "-DSNAPPY=1" "-DLZ4=1" "-DZSTD=1" "-DZLIB=1" "-DBZIP2=1" "-DNDEBUG=1" "-DOS_LINUX" "-DROCKSDB_PLATFORM_POSIX" "-DROCKSDB_LIB_IO_POSIX" "-DROCKSDB_SUPPORT_THREAD_LOCAL" "-DHAVE_UINT128_EXTENSION=1" "-o" "/opt/rustwide/target/debug/build/librocksdb-sys-5ff4270370c3c662/out/rocksdb/cache/lru_cache.o" "-c" "rocksdb/cache/lru_cache.cc"
[INFO] [stderr]   running: "c++" "-O0" "-ffunction-sections" "-fdata-sections" "-fPIC" "-gdwarf-4" "-fno-omit-frame-pointer" "-m64" "-I" "rocksdb/include/" "-I" "rocksdb/" "-I" "rocksdb/third-party/gtest-1.8.1/fused-src/" "-I" "snappy/" "-I" "lz4/lib/" "-I" "/opt/rustwide/cargo-home/registry/src/index.crates.io-6f17d22bba15001f/zstd-sys-2.0.4+zstd.1.5.2/zstd/lib" "-I" "/opt/rustwide/target/debug/build/libz-sys-e6e92e785af968c5/out/include" "-I" "/opt/rustwide/target/debug/build/bzip2-sys-6b23e07e1ae729d1/out/include" "-I" "." "-Wall" "-Wextra" "-std=c++17" "-Wsign-compare" "-Wshadow" "-Wno-unused-parameter" "-Wno-unused-variable" "-Woverloaded-virtual" "-Wnon-virtual-dtor" "-Wno-missing-field-initializers" "-Wno-strict-aliasing" "-Wno-invalid-offsetof" "-msse2" "-std=c++17" "-DSNAPPY=1" "-DLZ4=1" "-DZSTD=1" "-DZLIB=1" "-DBZIP2=1" "-DNDEBUG=1" "-DOS_LINUX" "-DROCKSDB_PLATFORM_POSIX" "-DROCKSDB_LIB_IO_POSIX" "-DROCKSDB_SUPPORT_THREAD_LOCAL" "-DHAVE_UINT128_EXTENSION=1" "-o" "/opt/rustwide/target/debug/build/librocksdb-sys-5ff4270370c3c662/out/rocksdb/cache/cache_key.o" "-c" "rocksdb/cache/cache_key.cc"
[INFO] [stderr]   running: "c++" "-O0" "-ffunction-sections" "-fdata-sections" "-fPIC" "-gdwarf-4" "-fno-omit-frame-pointer" "-m64" "-I" "rocksdb/include/" "-I" "rocksdb/" "-I" "rocksdb/third-party/gtest-1.8.1/fused-src/" "-I" "snappy/" "-I" "lz4/lib/" "-I" "/opt/rustwide/cargo-home/registry/src/index.crates.io-6f17d22bba15001f/zstd-sys-2.0.4+zstd.1.5.2/zstd/lib" "-I" "/opt/rustwide/target/debug/build/libz-sys-e6e92e785af968c5/out/include" "-I" "/opt/rustwide/target/debug/build/bzip2-sys-6b23e07e1ae729d1/out/include" "-I" "." "-Wall" "-Wextra" "-std=c++17" "-Wsign-compare" "-Wshadow" "-Wno-unused-parameter" "-Wno-unused-variable" "-Woverloaded-virtual" "-Wnon-virtual-dtor" "-Wno-missing-field-initializers" "-Wno-strict-aliasing" "-Wno-invalid-offsetof" "-msse2" "-std=c++17" "-DSNAPPY=1" "-DLZ4=1" "-DZSTD=1" "-DZLIB=1" "-DBZIP2=1" "-DNDEBUG=1" "-DOS_LINUX" "-DROCKSDB_PLATFORM_POSIX" "-DROCKSDB_LIB_IO_POSIX" "-DROCKSDB_SUPPORT_THREAD_LOCAL" "-DHAVE_UINT128_EXTENSION=1" "-o" "/opt/rustwide/target/debug/build/librocksdb-sys-5ff4270370c3c662/out/rocksdb/cache/compressed_secondary_cache.o" "-c" "rocksdb/cache/compressed_secondary_cache.cc"
[INFO] [stderr]   running: "c++" "-O0" "-ffunction-sections" "-fdata-sections" "-fPIC" "-gdwarf-4" "-fno-omit-frame-pointer" "-m64" "-I" "rocksdb/include/" "-I" "rocksdb/" "-I" "rocksdb/third-party/gtest-1.8.1/fused-src/" "-I" "snappy/" "-I" "lz4/lib/" "-I" "/opt/rustwide/cargo-home/registry/src/index.crates.io-6f17d22bba15001f/zstd-sys-2.0.4+zstd.1.5.2/zstd/lib" "-I" "/opt/rustwide/target/debug/build/libz-sys-e6e92e785af968c5/out/include" "-I" "/opt/rustwide/target/debug/build/bzip2-sys-6b23e07e1ae729d1/out/include" "-I" "." "-Wall" "-Wextra" "-std=c++17" "-Wsign-compare" "-Wshadow" "-Wno-unused-parameter" "-Wno-unused-variable" "-Woverloaded-virtual" "-Wnon-virtual-dtor" "-Wno-missing-field-initializers" "-Wno-strict-aliasing" "-Wno-invalid-offsetof" "-msse2" "-std=c++17" "-DSNAPPY=1" "-DLZ4=1" "-DZSTD=1" "-DZLIB=1" "-DBZIP2=1" "-DNDEBUG=1" "-DOS_LINUX" "-DROCKSDB_PLATFORM_POSIX" "-DROCKSDB_LIB_IO_POSIX" "-DROCKSDB_SUPPORT_THREAD_LOCAL" "-DHAVE_UINT128_EXTENSION=1" "-o" "/opt/rustwide/target/debug/build/librocksdb-sys-5ff4270370c3c662/out/rocksdb/cache/sharded_cache.o" "-c" "rocksdb/cache/sharded_cache.cc"
[INFO] [stderr]   running: "c++" "-O0" "-ffunction-sections" "-fdata-sections" "-fPIC" "-gdwarf-4" "-fno-omit-frame-pointer" "-m64" "-I" "rocksdb/include/" "-I" "rocksdb/" "-I" "rocksdb/third-party/gtest-1.8.1/fused-src/" "-I" "snappy/" "-I" "lz4/lib/" "-I" "/opt/rustwide/cargo-home/registry/src/index.crates.io-6f17d22bba15001f/zstd-sys-2.0.4+zstd.1.5.2/zstd/lib" "-I" "/opt/rustwide/target/debug/build/libz-sys-e6e92e785af968c5/out/include" "-I" "/opt/rustwide/target/debug/build/bzip2-sys-6b23e07e1ae729d1/out/include" "-I" "." "-Wall" "-Wextra" "-std=c++17" "-Wsign-compare" "-Wshadow" "-Wno-unused-parameter" "-Wno-unused-variable" "-Woverloaded-virtual" "-Wnon-virtual-dtor" "-Wno-missing-field-initializers" "-Wno-strict-aliasing" "-Wno-invalid-offsetof" "-msse2" "-std=c++17" "-DSNAPPY=1" "-DLZ4=1" "-DZSTD=1" "-DZLIB=1" "-DBZIP2=1" "-DNDEBUG=1" "-DOS_LINUX" "-DROCKSDB_PLATFORM_POSIX" "-DROCKSDB_LIB_IO_POSIX" "-DROCKSDB_SUPPORT_THREAD_LOCAL" "-DHAVE_UINT128_EXTENSION=1" "-o" "/opt/rustwide/target/debug/build/librocksdb-sys-5ff4270370c3c662/out/rocksdb/cache/cache_entry_roles.o" "-c" "rocksdb/cache/cache_entry_roles.cc"
[INFO] [stderr]   exit status: 0
[INFO] [stderr]   running: "c++" "-O0" "-ffunction-sections" "-fdata-sections" "-fPIC" "-gdwarf-4" "-fno-omit-frame-pointer" "-m64" "-I" "rocksdb/include/" "-I" "rocksdb/" "-I" "rocksdb/third-party/gtest-1.8.1/fused-src/" "-I" "snappy/" "-I" "lz4/lib/" "-I" "/opt/rustwide/cargo-home/registry/src/index.crates.io-6f17d22bba15001f/zstd-sys-2.0.4+zstd.1.5.2/zstd/lib" "-I" "/opt/rustwide/target/debug/build/libz-sys-e6e92e785af968c5/out/include" "-I" "/opt/rustwide/target/debug/build/bzip2-sys-6b23e07e1ae729d1/out/include" "-I" "." "-Wall" "-Wextra" "-std=c++17" "-Wsign-compare" "-Wshadow" "-Wno-unused-parameter" "-Wno-unused-variable" "-Woverloaded-virtual" "-Wnon-virtual-dtor" "-Wno-missing-field-initializers" "-Wno-strict-aliasing" "-Wno-invalid-offsetof" "-msse2" "-std=c++17" "-DSNAPPY=1" "-DLZ4=1" "-DZSTD=1" "-DZLIB=1" "-DBZIP2=1" "-DNDEBUG=1" "-DOS_LINUX" "-DROCKSDB_PLATFORM_POSIX" "-DROCKSDB_LIB_IO_POSIX" "-DROCKSDB_SUPPORT_THREAD_LOCAL" "-DHAVE_UINT128_EXTENSION=1" "-o" "/opt/rustwide/target/debug/build/librocksdb-sys-5ff4270370c3c662/out/rocksdb/db/arena_wrapped_db_iter.o" "-c" "rocksdb/db/arena_wrapped_db_iter.cc"
[INFO] [stderr]   exit status: 0
[INFO] [stderr]   exit status: 0
[INFO] [stderr]   running: "c++" "-O0" "-ffunction-sections" "-fdata-sections" "-fPIC" "-gdwarf-4" "-fno-omit-frame-pointer" "-m64" "-I" "rocksdb/include/" "-I" "rocksdb/" "-I" "rocksdb/third-party/gtest-1.8.1/fused-src/" "-I" "snappy/" "-I" "lz4/lib/" "-I" "/opt/rustwide/cargo-home/registry/src/index.crates.io-6f17d22bba15001f/zstd-sys-2.0.4+zstd.1.5.2/zstd/lib" "-I" "/opt/rustwide/target/debug/build/libz-sys-e6e92e785af968c5/out/include" "-I" "/opt/rustwide/target/debug/build/bzip2-sys-6b23e07e1ae729d1/out/include" "-I" "." "-Wall" "-Wextra" "-std=c++17" "-Wsign-compare" "-Wshadow" "-Wno-unused-parameter" "-Wno-unused-variable" "-Woverloaded-virtual" "-Wnon-virtual-dtor" "-Wno-missing-field-initializers" "-Wno-strict-aliasing" "-Wno-invalid-offsetof" "-msse2" "-std=c++17" "-DSNAPPY=1" "-DLZ4=1" "-DZSTD=1" "-DZLIB=1" "-DBZIP2=1" "-DNDEBUG=1" "-DOS_LINUX" "-DROCKSDB_PLATFORM_POSIX" "-DROCKSDB_LIB_IO_POSIX" "-DROCKSDB_SUPPORT_THREAD_LOCAL" "-DHAVE_UINT128_EXTENSION=1" "-o" "/opt/rustwide/target/debug/build/librocksdb-sys-5ff4270370c3c662/out/rocksdb/db/blob/blob_fetcher.o" "-c" "rocksdb/db/blob/blob_fetcher.cc"
[INFO] [stderr]   running: "c++" "-O0" "-ffunction-sections" "-fdata-sections" "-fPIC" "-gdwarf-4" "-fno-omit-frame-pointer" "-m64" "-I" "rocksdb/include/" "-I" "rocksdb/" "-I" "rocksdb/third-party/gtest-1.8.1/fused-src/" "-I" "snappy/" "-I" "lz4/lib/" "-I" "/opt/rustwide/cargo-home/registry/src/index.crates.io-6f17d22bba15001f/zstd-sys-2.0.4+zstd.1.5.2/zstd/lib" "-I" "/opt/rustwide/target/debug/build/libz-sys-e6e92e785af968c5/out/include" "-I" "/opt/rustwide/target/debug/build/bzip2-sys-6b23e07e1ae729d1/out/include" "-I" "." "-Wall" "-Wextra" "-std=c++17" "-Wsign-compare" "-Wshadow" "-Wno-unused-parameter" "-Wno-unused-variable" "-Woverloaded-virtual" "-Wnon-virtual-dtor" "-Wno-missing-field-initializers" "-Wno-strict-aliasing" "-Wno-invalid-offsetof" "-msse2" "-std=c++17" "-DSNAPPY=1" "-DLZ4=1" "-DZSTD=1" "-DZLIB=1" "-DBZIP2=1" "-DNDEBUG=1" "-DOS_LINUX" "-DROCKSDB_PLATFORM_POSIX" "-DROCKSDB_LIB_IO_POSIX" "-DROCKSDB_SUPPORT_THREAD_LOCAL" "-DHAVE_UINT128_EXTENSION=1" "-o" "/opt/rustwide/target/debug/build/librocksdb-sys-5ff4270370c3c662/out/rocksdb/db/blob/blob_file_addition.o" "-c" "rocksdb/db/blob/blob_file_addition.cc"
[INFO] [stderr]   running: "c++" "-O0" "-ffunction-sections" "-fdata-sections" "-fPIC" "-gdwarf-4" "-fno-omit-frame-pointer" "-m64" "-I" "rocksdb/include/" "-I" "rocksdb/" "-I" "rocksdb/third-party/gtest-1.8.1/fused-src/" "-I" "snappy/" "-I" "lz4/lib/" "-I" "/opt/rustwide/cargo-home/registry/src/index.crates.io-6f17d22bba15001f/zstd-sys-2.0.4+zstd.1.5.2/zstd/lib" "-I" "/opt/rustwide/target/debug/build/libz-sys-e6e92e785af968c5/out/include" "-I" "/opt/rustwide/target/debug/build/bzip2-sys-6b23e07e1ae729d1/out/include" "-I" "." "-Wall" "-Wextra" "-std=c++17" "-Wsign-compare" "-Wshadow" "-Wno-unused-parameter" "-Wno-unused-variable" "-Woverloaded-virtual" "-Wnon-virtual-dtor" "-Wno-missing-field-initializers" "-Wno-strict-aliasing" "-Wno-invalid-offsetof" "-msse2" "-std=c++17" "-DSNAPPY=1" "-DLZ4=1" "-DZSTD=1" "-DZLIB=1" "-DBZIP2=1" "-DNDEBUG=1" "-DOS_LINUX" "-DROCKSDB_PLATFORM_POSIX" "-DROCKSDB_LIB_IO_POSIX" "-DROCKSDB_SUPPORT_THREAD_LOCAL" "-DHAVE_UINT128_EXTENSION=1" "-o" "/opt/rustwide/target/debug/build/librocksdb-sys-5ff4270370c3c662/out/rocksdb/db/blob/blob_file_builder.o" "-c" "rocksdb/db/blob/blob_file_builder.cc"
[INFO] [stderr]   running: "c++" "-O0" "-ffunction-sections" "-fdata-sections" "-fPIC" "-gdwarf-4" "-fno-omit-frame-pointer" "-m64" "-I" "rocksdb/include/" "-I" "rocksdb/" "-I" "rocksdb/third-party/gtest-1.8.1/fused-src/" "-I" "snappy/" "-I" "lz4/lib/" "-I" "/opt/rustwide/cargo-home/registry/src/index.crates.io-6f17d22bba15001f/zstd-sys-2.0.4+zstd.1.5.2/zstd/lib" "-I" "/opt/rustwide/target/debug/build/libz-sys-e6e92e785af968c5/out/include" "-I" "/opt/rustwide/target/debug/build/bzip2-sys-6b23e07e1ae729d1/out/include" "-I" "." "-Wall" "-Wextra" "-std=c++17" "-Wsign-compare" "-Wshadow" "-Wno-unused-parameter" "-Wno-unused-variable" "-Woverloaded-virtual" "-Wnon-virtual-dtor" "-Wno-missing-field-initializers" "-Wno-strict-aliasing" "-Wno-invalid-offsetof" "-msse2" "-std=c++17" "-DSNAPPY=1" "-DLZ4=1" "-DZSTD=1" "-DZLIB=1" "-DBZIP2=1" "-DNDEBUG=1" "-DOS_LINUX" "-DROCKSDB_PLATFORM_POSIX" "-DROCKSDB_LIB_IO_POSIX" "-DROCKSDB_SUPPORT_THREAD_LOCAL" "-DHAVE_UINT128_EXTENSION=1" "-o" "/opt/rustwide/target/debug/build/librocksdb-sys-5ff4270370c3c662/out/rocksdb/db/blob/blob_file_cache.o" "-c" "rocksdb/db/blob/blob_file_cache.cc"
[INFO] [stderr]   running: "c++" "-O0" "-ffunction-sections" "-fdata-sections" "-fPIC" "-gdwarf-4" "-fno-omit-frame-pointer" "-m64" "-I" "rocksdb/include/" "-I" "rocksdb/" "-I" "rocksdb/third-party/gtest-1.8.1/fused-src/" "-I" "snappy/" "-I" "lz4/lib/" "-I" "/opt/rustwide/cargo-home/registry/src/index.crates.io-6f17d22bba15001f/zstd-sys-2.0.4+zstd.1.5.2/zstd/lib" "-I" "/opt/rustwide/target/debug/build/libz-sys-e6e92e785af968c5/out/include" "-I" "/opt/rustwide/target/debug/build/bzip2-sys-6b23e07e1ae729d1/out/include" "-I" "." "-Wall" "-Wextra" "-std=c++17" "-Wsign-compare" "-Wshadow" "-Wno-unused-parameter" "-Wno-unused-variable" "-Woverloaded-virtual" "-Wnon-virtual-dtor" "-Wno-missing-field-initializers" "-Wno-strict-aliasing" "-Wno-invalid-offsetof" "-msse2" "-std=c++17" "-DSNAPPY=1" "-DLZ4=1" "-DZSTD=1" "-DZLIB=1" "-DBZIP2=1" "-DNDEBUG=1" "-DOS_LINUX" "-DROCKSDB_PLATFORM_POSIX" "-DROCKSDB_LIB_IO_POSIX" "-DROCKSDB_SUPPORT_THREAD_LOCAL" "-DHAVE_UINT128_EXTENSION=1" "-o" "/opt/rustwide/target/debug/build/librocksdb-sys-5ff4270370c3c662/out/rocksdb/db/blob/blob_file_garbage.o" "-c" "rocksdb/db/blob/blob_file_garbage.cc"
[INFO] [stderr]   running: "c++" "-O0" "-ffunction-sections" "-fdata-sections" "-fPIC" "-gdwarf-4" "-fno-omit-frame-pointer" "-m64" "-I" "rocksdb/include/" "-I" "rocksdb/" "-I" "rocksdb/third-party/gtest-1.8.1/fused-src/" "-I" "snappy/" "-I" "lz4/lib/" "-I" "/opt/rustwide/cargo-home/registry/src/index.crates.io-6f17d22bba15001f/zstd-sys-2.0.4+zstd.1.5.2/zstd/lib" "-I" "/opt/rustwide/target/debug/build/libz-sys-e6e92e785af968c5/out/include" "-I" "/opt/rustwide/target/debug/build/bzip2-sys-6b23e07e1ae729d1/out/include" "-I" "." "-Wall" "-Wextra" "-std=c++17" "-Wsign-compare" "-Wshadow" "-Wno-unused-parameter" "-Wno-unused-variable" "-Woverloaded-virtual" "-Wnon-virtual-dtor" "-Wno-missing-field-initializers" "-Wno-strict-aliasing" "-Wno-invalid-offsetof" "-msse2" "-std=c++17" "-DSNAPPY=1" "-DLZ4=1" "-DZSTD=1" "-DZLIB=1" "-DBZIP2=1" "-DNDEBUG=1" "-DOS_LINUX" "-DROCKSDB_PLATFORM_POSIX" "-DROCKSDB_LIB_IO_POSIX" "-DROCKSDB_SUPPORT_THREAD_LOCAL" "-DHAVE_UINT128_EXTENSION=1" "-o" "/opt/rustwide/target/debug/build/librocksdb-sys-5ff4270370c3c662/out/rocksdb/db/blob/blob_file_meta.o" "-c" "rocksdb/db/blob/blob_file_meta.cc"
[INFO] [stderr]   exit status: 0
[INFO] [stderr]   running: "c++" "-O0" "-ffunction-sections" "-fdata-sections" "-fPIC" "-gdwarf-4" "-fno-omit-frame-pointer" "-m64" "-I" "rocksdb/include/" "-I" "rocksdb/" "-I" "rocksdb/third-party/gtest-1.8.1/fused-src/" "-I" "snappy/" "-I" "lz4/lib/" "-I" "/opt/rustwide/cargo-home/registry/src/index.crates.io-6f17d22bba15001f/zstd-sys-2.0.4+zstd.1.5.2/zstd/lib" "-I" "/opt/rustwide/target/debug/build/libz-sys-e6e92e785af968c5/out/include" "-I" "/opt/rustwide/target/debug/build/bzip2-sys-6b23e07e1ae729d1/out/include" "-I" "." "-Wall" "-Wextra" "-std=c++17" "-Wsign-compare" "-Wshadow" "-Wno-unused-parameter" "-Wno-unused-variable" "-Woverloaded-virtual" "-Wnon-virtual-dtor" "-Wno-missing-field-initializers" "-Wno-strict-aliasing" "-Wno-invalid-offsetof" "-msse2" "-std=c++17" "-DSNAPPY=1" "-DLZ4=1" "-DZSTD=1" "-DZLIB=1" "-DBZIP2=1" "-DNDEBUG=1" "-DOS_LINUX" "-DROCKSDB_PLATFORM_POSIX" "-DROCKSDB_LIB_IO_POSIX" "-DROCKSDB_SUPPORT_THREAD_LOCAL" "-DHAVE_UINT128_EXTENSION=1" "-o" "/opt/rustwide/target/debug/build/librocksdb-sys-5ff4270370c3c662/out/rocksdb/db/blob/blob_file_reader.o" "-c" "rocksdb/db/blob/blob_file_reader.cc"
[INFO] [stderr]   exit status: 0
[INFO] [stderr]   running: "c++" "-O0" "-ffunction-sections" "-fdata-sections" "-fPIC" "-gdwarf-4" "-fno-omit-frame-pointer" "-m64" "-I" "rocksdb/include/" "-I" "rocksdb/" "-I" "rocksdb/third-party/gtest-1.8.1/fused-src/" "-I" "snappy/" "-I" "lz4/lib/" "-I" "/opt/rustwide/cargo-home/registry/src/index.crates.io-6f17d22bba15001f/zstd-sys-2.0.4+zstd.1.5.2/zstd/lib" "-I" "/opt/rustwide/target/debug/build/libz-sys-e6e92e785af968c5/out/include" "-I" "/opt/rustwide/target/debug/build/bzip2-sys-6b23e07e1ae729d1/out/include" "-I" "." "-Wall" "-Wextra" "-std=c++17" "-Wsign-compare" "-Wshadow" "-Wno-unused-parameter" "-Wno-unused-variable" "-Woverloaded-virtual" "-Wnon-virtual-dtor" "-Wno-missing-field-initializers" "-Wno-strict-aliasing" "-Wno-invalid-offsetof" "-msse2" "-std=c++17" "-DSNAPPY=1" "-DLZ4=1" "-DZSTD=1" "-DZLIB=1" "-DBZIP2=1" "-DNDEBUG=1" "-DOS_LINUX" "-DROCKSDB_PLATFORM_POSIX" "-DROCKSDB_LIB_IO_POSIX" "-DROCKSDB_SUPPORT_THREAD_LOCAL" "-DHAVE_UINT128_EXTENSION=1" "-o" "/opt/rustwide/target/debug/build/librocksdb-sys-5ff4270370c3c662/out/rocksdb/db/blob/blob_garbage_meter.o" "-c" "rocksdb/db/blob/blob_garbage_meter.cc"
[INFO] [stderr]   exit status: 0
[INFO] [stderr]   running: "c++" "-O0" "-ffunction-sections" "-fdata-sections" "-fPIC" "-gdwarf-4" "-fno-omit-frame-pointer" "-m64" "-I" "rocksdb/include/" "-I" "rocksdb/" "-I" "rocksdb/third-party/gtest-1.8.1/fused-src/" "-I" "snappy/" "-I" "lz4/lib/" "-I" "/opt/rustwide/cargo-home/registry/src/index.crates.io-6f17d22bba15001f/zstd-sys-2.0.4+zstd.1.5.2/zstd/lib" "-I" "/opt/rustwide/target/debug/build/libz-sys-e6e92e785af968c5/out/include" "-I" "/opt/rustwide/target/debug/build/bzip2-sys-6b23e07e1ae729d1/out/include" "-I" "." "-Wall" "-Wextra" "-std=c++17" "-Wsign-compare" "-Wshadow" "-Wno-unused-parameter" "-Wno-unused-variable" "-Woverloaded-virtual" "-Wnon-virtual-dtor" "-Wno-missing-field-initializers" "-Wno-strict-aliasing" "-Wno-invalid-offsetof" "-msse2" "-std=c++17" "-DSNAPPY=1" "-DLZ4=1" "-DZSTD=1" "-DZLIB=1" "-DBZIP2=1" "-DNDEBUG=1" "-DOS_LINUX" "-DROCKSDB_PLATFORM_POSIX" "-DROCKSDB_LIB_IO_POSIX" "-DROCKSDB_SUPPORT_THREAD_LOCAL" "-DHAVE_UINT128_EXTENSION=1" "-o" "/opt/rustwide/target/debug/build/librocksdb-sys-5ff4270370c3c662/out/rocksdb/db/blob/blob_log_format.o" "-c" "rocksdb/db/blob/blob_log_format.cc"
[INFO] [stderr]   exit status: 0
[INFO] [stderr]   running: "c++" "-O0" "-ffunction-sections" "-fdata-sections" "-fPIC" "-gdwarf-4" "-fno-omit-frame-pointer" "-m64" "-I" "rocksdb/include/" "-I" "rocksdb/" "-I" "rocksdb/third-party/gtest-1.8.1/fused-src/" "-I" "snappy/" "-I" "lz4/lib/" "-I" "/opt/rustwide/cargo-home/registry/src/index.crates.io-6f17d22bba15001f/zstd-sys-2.0.4+zstd.1.5.2/zstd/lib" "-I" "/opt/rustwide/target/debug/build/libz-sys-e6e92e785af968c5/out/include" "-I" "/opt/rustwide/target/debug/build/bzip2-sys-6b23e07e1ae729d1/out/include" "-I" "." "-Wall" "-Wextra" "-std=c++17" "-Wsign-compare" "-Wshadow" "-Wno-unused-parameter" "-Wno-unused-variable" "-Woverloaded-virtual" "-Wnon-virtual-dtor" "-Wno-missing-field-initializers" "-Wno-strict-aliasing" "-Wno-invalid-offsetof" "-msse2" "-std=c++17" "-DSNAPPY=1" "-DLZ4=1" "-DZSTD=1" "-DZLIB=1" "-DBZIP2=1" "-DNDEBUG=1" "-DOS_LINUX" "-DROCKSDB_PLATFORM_POSIX" "-DROCKSDB_LIB_IO_POSIX" "-DROCKSDB_SUPPORT_THREAD_LOCAL" "-DHAVE_UINT128_EXTENSION=1" "-o" "/opt/rustwide/target/debug/build/librocksdb-sys-5ff4270370c3c662/out/rocksdb/db/blob/blob_log_sequential_reader.o" "-c" "rocksdb/db/blob/blob_log_sequential_reader.cc"
[INFO] [stderr]   running: "c++" "-O0" "-ffunction-sections" "-fdata-sections" "-fPIC" "-gdwarf-4" "-fno-omit-frame-pointer" "-m64" "-I" "rocksdb/include/" "-I" "rocksdb/" "-I" "rocksdb/third-party/gtest-1.8.1/fused-src/" "-I" "snappy/" "-I" "lz4/lib/" "-I" "/opt/rustwide/cargo-home/registry/src/index.crates.io-6f17d22bba15001f/zstd-sys-2.0.4+zstd.1.5.2/zstd/lib" "-I" "/opt/rustwide/target/debug/build/libz-sys-e6e92e785af968c5/out/include" "-I" "/opt/rustwide/target/debug/build/bzip2-sys-6b23e07e1ae729d1/out/include" "-I" "." "-Wall" "-Wextra" "-std=c++17" "-Wsign-compare" "-Wshadow" "-Wno-unused-parameter" "-Wno-unused-variable" "-Woverloaded-virtual" "-Wnon-virtual-dtor" "-Wno-missing-field-initializers" "-Wno-strict-aliasing" "-Wno-invalid-offsetof" "-msse2" "-std=c++17" "-DSNAPPY=1" "-DLZ4=1" "-DZSTD=1" "-DZLIB=1" "-DBZIP2=1" "-DNDEBUG=1" "-DOS_LINUX" "-DROCKSDB_PLATFORM_POSIX" "-DROCKSDB_LIB_IO_POSIX" "-DROCKSDB_SUPPORT_THREAD_LOCAL" "-DHAVE_UINT128_EXTENSION=1" "-o" "/opt/rustwide/target/debug/build/librocksdb-sys-5ff4270370c3c662/out/rocksdb/db/blob/blob_log_writer.o" "-c" "rocksdb/db/blob/blob_log_writer.cc"
[INFO] [stderr]   exit status: 0
[INFO] [stderr]   running: "c++" "-O0" "-ffunction-sections" "-fdata-sections" "-fPIC" "-gdwarf-4" "-fno-omit-frame-pointer" "-m64" "-I" "rocksdb/include/" "-I" "rocksdb/" "-I" "rocksdb/third-party/gtest-1.8.1/fused-src/" "-I" "snappy/" "-I" "lz4/lib/" "-I" "/opt/rustwide/cargo-home/registry/src/index.crates.io-6f17d22bba15001f/zstd-sys-2.0.4+zstd.1.5.2/zstd/lib" "-I" "/opt/rustwide/target/debug/build/libz-sys-e6e92e785af968c5/out/include" "-I" "/opt/rustwide/target/debug/build/bzip2-sys-6b23e07e1ae729d1/out/include" "-I" "." "-Wall" "-Wextra" "-std=c++17" "-Wsign-compare" "-Wshadow" "-Wno-unused-parameter" "-Wno-unused-variable" "-Woverloaded-virtual" "-Wnon-virtual-dtor" "-Wno-missing-field-initializers" "-Wno-strict-aliasing" "-Wno-invalid-offsetof" "-msse2" "-std=c++17" "-DSNAPPY=1" "-DLZ4=1" "-DZSTD=1" "-DZLIB=1" "-DBZIP2=1" "-DNDEBUG=1" "-DOS_LINUX" "-DROCKSDB_PLATFORM_POSIX" "-DROCKSDB_LIB_IO_POSIX" "-DROCKSDB_SUPPORT_THREAD_LOCAL" "-DHAVE_UINT128_EXTENSION=1" "-o" "/opt/rustwide/target/debug/build/librocksdb-sys-5ff4270370c3c662/out/rocksdb/db/blob/blob_source.o" "-c" "rocksdb/db/blob/blob_source.cc"
[INFO] [stderr]   cargo:warning=c++: fatal error: Killed signal terminated program cc1plus
[INFO] [stderr]   cargo:warning=compilation terminated.
[INFO] [stderr]   exit status: 1
[INFO] [stderr]   running: "c++" "-O0" "-ffunction-sections" "-fdata-sections" "-fPIC" "-gdwarf-4" "-fno-omit-frame-pointer" "-m64" "-I" "rocksdb/include/" "-I" "rocksdb/" "-I" "rocksdb/third-party/gtest-1.8.1/fused-src/" "-I" "snappy/" "-I" "lz4/lib/" "-I" "/opt/rustwide/cargo-home/registry/src/index.crates.io-6f17d22bba15001f/zstd-sys-2.0.4+zstd.1.5.2/zstd/lib" "-I" "/opt/rustwide/target/debug/build/libz-sys-e6e92e785af968c5/out/include" "-I" "/opt/rustwide/target/debug/build/bzip2-sys-6b23e07e1ae729d1/out/include" "-I" "." "-Wall" "-Wextra" "-std=c++17" "-Wsign-compare" "-Wshadow" "-Wno-unused-parameter" "-Wno-unused-variable" "-Woverloaded-virtual" "-Wnon-virtual-dtor" "-Wno-missing-field-initializers" "-Wno-strict-aliasing" "-Wno-invalid-offsetof" "-msse2" "-std=c++17" "-DSNAPPY=1" "-DLZ4=1" "-DZSTD=1" "-DZLIB=1" "-DBZIP2=1" "-DNDEBUG=1" "-DOS_LINUX" "-DROCKSDB_PLATFORM_POSIX" "-DROCKSDB_LIB_IO_POSIX" "-DROCKSDB_SUPPORT_THREAD_LOCAL" "-DHAVE_UINT128_EXTENSION=1" "-o" "/opt/rustwide/target/debug/build/librocksdb-sys-5ff4270370c3c662/out/rocksdb/db/blob/prefetch_buffer_collection.o" "-c" "rocksdb/db/blob/prefetch_buffer_collection.cc"
[INFO] [stderr]   cargo:warning=c++: fatal error: Killed signal terminated program cc1plus
[INFO] [stderr]   cargo:warning=compilation terminated.
[INFO] [stderr]   exit status: 1
[INFO] [stderr]   cargo:warning=c++: fatal error: Killed signal terminated program cc1plus
[INFO] [stderr]   cargo:warning=compilation terminated.
[INFO] [stderr]   exit status: 1
[INFO] [stderr]   exit status: 0
[INFO] [stderr]   cargo:warning=c++: fatal error: Killed signal terminated program cc1plus
[INFO] [stderr]   cargo:warning=compilation terminated.
[INFO] [stderr]   exit status: 1
[INFO] [stderr]   exit status: 0
[INFO] [stderr]   exit status: 0
[INFO] [stderr]   exit status: 0
[INFO] [stderr]   exit status: 0
[INFO] [stderr]   exit status: 0
[INFO] [stderr]   exit status: 0
[INFO] [stderr]   exit status: 0
[INFO] [stderr]   exit status: 0
[INFO] [stderr]   exit status: 0
[INFO] [stderr]   exit status: 0
[INFO] [stderr] 
[INFO] [stderr]   --- stderr
[INFO] [stderr]   error: 'rustfmt' is not installed for the toolchain 'beta-2023-12-22-x86_64-unknown-linux-gnu'
[INFO] [stderr]   To install, run `rustup component add rustfmt --toolchain beta-2023-12-22-x86_64-unknown-linux-gnu`
[INFO] [stderr]   Failed to run rustfmt: Internal rustfmt error (non-fatal, continuing)
[INFO] [stderr] 
[INFO] [stderr] 
[INFO] [stderr]   error occurred: Command "c++" "-O0" "-ffunction-sections" "-fdata-sections" "-fPIC" "-gdwarf-4" "-fno-omit-frame-pointer" "-m64" "-I" "rocksdb/include/" "-I" "rocksdb/" "-I" "rocksdb/third-party/gtest-1.8.1/fused-src/" "-I" "snappy/" "-I" "lz4/lib/" "-I" "/opt/rustwide/cargo-home/registry/src/index.crates.io-6f17d22bba15001f/zstd-sys-2.0.4+zstd.1.5.2/zstd/lib" "-I" "/opt/rustwide/target/debug/build/libz-sys-e6e92e785af968c5/out/include" "-I" "/opt/rustwide/target/debug/build/bzip2-sys-6b23e07e1ae729d1/out/include" "-I" "." "-Wall" "-Wextra" "-std=c++17" "-Wsign-compare" "-Wshadow" "-Wno-unused-parameter" "-Wno-unused-variable" "-Woverloaded-virtual" "-Wnon-virtual-dtor" "-Wno-missing-field-initializers" "-Wno-strict-aliasing" "-Wno-invalid-offsetof" "-msse2" "-std=c++17" "-DSNAPPY=1" "-DLZ4=1" "-DZSTD=1" "-DZLIB=1" "-DBZIP2=1" "-DNDEBUG=1" "-DOS_LINUX" "-DROCKSDB_PLATFORM_POSIX" "-DROCKSDB_LIB_IO_POSIX" "-DROCKSDB_SUPPORT_THREAD_LOCAL" "-DHAVE_UINT128_EXTENSION=1" "-o" "/opt/rustwide/target/debug/build/librocksdb-sys-5ff4270370c3c662/out/rocksdb/cache/lru_cache.o" "-c" "rocksdb/cache/lru_cache.cc" with args "c++" did not execute successfully (status code exit status: 1).
[INFO] [stderr] 
[INFO] [stderr] 
[INFO] running `Command { std: "docker" "inspect" "9a0f3b8442f7c340f172cea63527054c7e34d42843598ec45ec376dc21457c98", kill_on_drop: false }`
[INFO] running `Command { std: "docker" "rm" "-f" "9a0f3b8442f7c340f172cea63527054c7e34d42843598ec45ec376dc21457c98", kill_on_drop: false }`
[INFO] [stdout] 9a0f3b8442f7c340f172cea63527054c7e34d42843598ec45ec376dc21457c98
