[INFO] cloning repository https://github.com/Casvad/rust-graph
[INFO] running `Command { std: "git" "-c" "credential.helper=" "-c" "credential.helper=/workspace/cargo-home/bin/git-credential-null" "clone" "--bare" "https://github.com/Casvad/rust-graph" "/workspace/cache/git-repos/https%3A%2F%2Fgithub.com%2FCasvad%2Frust-graph", kill_on_drop: false }`
[INFO] [stderr] Cloning into bare repository '/workspace/cache/git-repos/https%3A%2F%2Fgithub.com%2FCasvad%2Frust-graph'...
[INFO] running `Command { std: "git" "rev-parse" "HEAD", kill_on_drop: false }`
[INFO] [stdout] 94e21d89133e7d8ccc9f26a3cb668744fea82f85
[INFO] testing Casvad/rust-graph against 1.75.0 for beta-1.76-1
[INFO] running `Command { std: "git" "clone" "/workspace/cache/git-repos/https%3A%2F%2Fgithub.com%2FCasvad%2Frust-graph" "/workspace/builds/worker-2-tc1/source", kill_on_drop: false }`
[INFO] [stderr] Cloning into '/workspace/builds/worker-2-tc1/source'...
[INFO] [stderr] done.
[INFO] validating manifest of git repo https://github.com/Casvad/rust-graph on toolchain 1.75.0
[INFO] running `Command { std: CARGO_HOME="/workspace/cargo-home" RUSTUP_HOME="/workspace/rustup-home" "/workspace/cargo-home/bin/cargo" "+1.75.0" "metadata" "--manifest-path" "Cargo.toml" "--no-deps", kill_on_drop: false }`
[INFO] started tweaking git repo https://github.com/Casvad/rust-graph
[INFO] finished tweaking git repo https://github.com/Casvad/rust-graph
[INFO] tweaked toml for git repo https://github.com/Casvad/rust-graph written to /workspace/builds/worker-2-tc1/source/Cargo.toml
[INFO] crate git repo https://github.com/Casvad/rust-graph already has a lockfile, it will not be regenerated
[INFO] running `Command { std: CARGO_HOME="/workspace/cargo-home" RUSTUP_HOME="/workspace/rustup-home" "/workspace/cargo-home/bin/cargo" "+1.75.0" "fetch" "--manifest-path" "Cargo.toml", kill_on_drop: false }`
[INFO] [stderr]  Downloading crates ...
[INFO] [stderr]   Downloaded juniper v0.15.11
[INFO] running `Command { std: "docker" "create" "-v" "/var/lib/crater-agent-workspace/builds/worker-2-tc1/target:/opt/rustwide/target:rw,Z" "-v" "/var/lib/crater-agent-workspace/builds/worker-2-tc1/source:/opt/rustwide/workdir:ro,Z" "-v" "/var/lib/crater-agent-workspace/cargo-home:/opt/rustwide/cargo-home:ro,Z" "-v" "/var/lib/crater-agent-workspace/rustup-home:/opt/rustwide/rustup-home:ro,Z" "-e" "SOURCE_DIR=/opt/rustwide/workdir" "-e" "CARGO_TARGET_DIR=/opt/rustwide/target" "-e" "CARGO_HOME=/opt/rustwide/cargo-home" "-e" "RUSTUP_HOME=/opt/rustwide/rustup-home" "-w" "/opt/rustwide/workdir" "-m" "1610612736" "--user" "0:0" "--network" "none" "ghcr.io/rust-lang/crates-build-env/linux@sha256:2788e3201cd34a07e3172128adcd8b3090168a8e3bcc40d7c032b9dda1df7d1c" "/opt/rustwide/cargo-home/bin/cargo" "+1.75.0" "metadata" "--no-deps" "--format-version=1", kill_on_drop: false }`
[INFO] [stdout] ad0bd4e7e922241808387e170eda69c3cebfbd817abdd4186849e39900dfde6f
[INFO] running `Command { std: "docker" "start" "-a" "ad0bd4e7e922241808387e170eda69c3cebfbd817abdd4186849e39900dfde6f", kill_on_drop: false }`
[INFO] running `Command { std: "docker" "inspect" "ad0bd4e7e922241808387e170eda69c3cebfbd817abdd4186849e39900dfde6f", kill_on_drop: false }`
[INFO] running `Command { std: "docker" "rm" "-f" "ad0bd4e7e922241808387e170eda69c3cebfbd817abdd4186849e39900dfde6f", kill_on_drop: false }`
[INFO] [stdout] ad0bd4e7e922241808387e170eda69c3cebfbd817abdd4186849e39900dfde6f
[INFO] running `Command { std: "docker" "create" "-v" "/var/lib/crater-agent-workspace/builds/worker-2-tc1/target:/opt/rustwide/target:rw,Z" "-v" "/var/lib/crater-agent-workspace/builds/worker-2-tc1/source:/opt/rustwide/workdir:ro,Z" "-v" "/var/lib/crater-agent-workspace/cargo-home:/opt/rustwide/cargo-home:ro,Z" "-v" "/var/lib/crater-agent-workspace/rustup-home:/opt/rustwide/rustup-home:ro,Z" "-e" "SOURCE_DIR=/opt/rustwide/workdir" "-e" "CARGO_TARGET_DIR=/opt/rustwide/target" "-e" "CARGO_INCREMENTAL=0" "-e" "RUST_BACKTRACE=full" "-e" "RUSTFLAGS=--cap-lints=warn" "-e" "RUSTDOCFLAGS=--cap-lints=warn" "-e" "CARGO_HOME=/opt/rustwide/cargo-home" "-e" "RUSTUP_HOME=/opt/rustwide/rustup-home" "-w" "/opt/rustwide/workdir" "-m" "1610612736" "--user" "0:0" "--network" "none" "ghcr.io/rust-lang/crates-build-env/linux@sha256:2788e3201cd34a07e3172128adcd8b3090168a8e3bcc40d7c032b9dda1df7d1c" "/opt/rustwide/cargo-home/bin/cargo" "+1.75.0" "build" "--frozen" "--message-format=json", kill_on_drop: false }`
[INFO] [stdout] e8a670d5164fb284e226063c1d86c66120d2528d6155b0f4fda4a7495dbb1757
[INFO] running `Command { std: "docker" "start" "-a" "e8a670d5164fb284e226063c1d86c66120d2528d6155b0f4fda4a7495dbb1757", kill_on_drop: false }`
[INFO] [stderr]    Compiling proc-macro2 v1.0.54
[INFO] [stderr]    Compiling libc v0.2.140
[INFO] [stderr]    Compiling serde_derive v1.0.159
[INFO] [stderr]    Compiling syn v1.0.109
[INFO] [stderr]    Compiling futures-core v0.3.27
[INFO] [stderr]    Compiling serde v1.0.159
[INFO] [stderr]    Compiling indexmap v1.9.3
[INFO] [stderr]    Compiling proc-macro-error-attr v1.0.4
[INFO] [stderr]    Compiling memchr v2.5.0
[INFO] [stderr]    Compiling futures-task v0.3.27
[INFO] [stderr]    Compiling proc-macro-error v1.0.4
[INFO] [stderr]    Compiling futures-util v0.3.27
[INFO] [stderr]    Compiling futures-sink v0.3.27
[INFO] [stderr]    Compiling futures-channel v0.3.27
[INFO] [stderr]    Compiling thiserror v1.0.40
[INFO] [stderr]    Compiling serde_json v1.0.95
[INFO] [stderr]    Compiling unicode-normalization v0.1.22
[INFO] [stderr]    Compiling smartstring v1.0.1
[INFO] [stderr]    Compiling unicode-bidi v0.3.13
[INFO] [stderr]    Compiling quote v1.0.26
[INFO] [stderr]    Compiling ascii v0.9.3
[INFO] [stderr]    Compiling byteorder v1.4.3
[INFO] [stderr]    Compiling syn v2.0.11
[INFO] [stderr]    Compiling getrandom v0.1.16
[INFO] [stderr]    Compiling rand_core v0.5.1
[INFO] [stderr]    Compiling time v0.1.45
[INFO] [stderr]    Compiling either v1.8.1
[INFO] [stderr]    Compiling percent-encoding v2.2.0
[INFO] [stderr]    Compiling rand_chacha v0.2.2
[INFO] [stderr]    Compiling async-trait v0.1.68
[INFO] [stderr]    Compiling iana-time-zone v0.1.54
[INFO] [stderr]    Compiling chrono v0.4.24
[INFO] [stderr]    Compiling rand v0.7.3
[INFO] [stderr]    Compiling combine v3.8.1
[INFO] [stderr]    Compiling form_urlencoded v1.1.0
[INFO] [stderr]    Compiling idna v0.3.0
[INFO] [stderr]    Compiling uuid v0.8.2
[INFO] [stderr]    Compiling base64 v0.13.1
[INFO] [stderr]    Compiling linked-hash-map v0.5.6
[INFO] [stderr]    Compiling futures-io v0.3.27
[INFO] [stderr]    Compiling url v2.3.1
[INFO] [stderr]    Compiling fnv v1.0.7
[INFO] [stderr]    Compiling futures v0.3.27
[INFO] [stderr]    Compiling thiserror-impl v1.0.40
[INFO] [stderr]    Compiling derive_utils v0.11.2
[INFO] [stderr]    Compiling juniper_codegen v0.15.9
[INFO] [stderr]    Compiling futures-enum v0.1.17
[INFO] [stderr]    Compiling graphql-parser v0.3.0
[INFO] [stderr]    Compiling bson v1.2.4
[INFO] [stderr]    Compiling juniper v0.15.11
[INFO] [stderr]    Compiling graph-example v0.1.0 (/opt/rustwide/workdir)
[INFO] [stdout] error[E0423]: expected value, found struct `QueryInternal`
[INFO] [stdout]  --> src/schema/schema.rs:7:19
[INFO] [stdout]   |
[INFO] [stdout] 7 |       RootNode::new(QueryInternal, EmptyMutation::<()>::new(), ());
[INFO] [stdout]   |                     ^^^^^^^^^^^^^ help: use struct literal syntax instead: `QueryInternal { everyone: val }`
[INFO] [stdout]   |
[INFO] [stdout]  ::: src/models/query.rs:5:1
[INFO] [stdout]   |
[INFO] [stdout] 5 | / pub(crate) struct QueryInternal {
[INFO] [stdout] 6 | |     everyone: Vec<Person>,
[INFO] [stdout] 7 | | }
[INFO] [stdout]   | |_- `QueryInternal` defined here
[INFO] [stdout] 
[INFO] [stdout] 
[INFO] [stdout] error[E0425]: cannot find value `debug_option` in this scope
[INFO] [stdout]   --> src/main.rs:16:31
[INFO] [stdout]    |
[INFO] [stdout] 16 |     println!("The key is {}", debug_option)
[INFO] [stdout]    |                               ^^^^^^^^^^^^ not found in this scope
[INFO] [stdout] 
[INFO] [stdout] 
[INFO] [stdout] warning: unused import: `OperationType`
[INFO] [stdout]  --> src/schema/schema.rs:1:30
[INFO] [stdout]   |
[INFO] [stdout] 1 | use juniper::{EmptyMutation, OperationType, RootNode};
[INFO] [stdout]   |                              ^^^^^^^^^^^^^
[INFO] [stdout]   |
[INFO] [stdout]   = note: `#[warn(unused_imports)]` on by default
[INFO] [stdout] 
[INFO] [stdout] 
[INFO] [stdout] warning: unused import: `crate::models::person::Person`
[INFO] [stdout]  --> src/schema/schema.rs:2:5
[INFO] [stdout]   |
[INFO] [stdout] 2 | use crate::models::person::Person;
[INFO] [stdout]   |     ^^^^^^^^^^^^^^^^^^^^^^^^^^^^^
[INFO] [stdout] 
[INFO] [stdout] 
[INFO] [stdout] warning: unused import: `std::fmt::format`
[INFO] [stdout]  --> src/repositories/person_repository.rs:1:5
[INFO] [stdout]   |
[INFO] [stdout] 1 | use std::fmt::format;
[INFO] [stdout]   |     ^^^^^^^^^^^^^^^^
[INFO] [stdout] 
[INFO] [stdout] 
[INFO] [stdout] warning: use of deprecated field `models::person::Person::email`: Use `emails`
[INFO] [stdout]   --> src/models/person.rs:22:9
[INFO] [stdout]    |
[INFO] [stdout] 22 |         self.email
[INFO] [stdout]    |         ^^^^^^^^^^
[INFO] [stdout]    |
[INFO] [stdout]    = note: `#[warn(deprecated)]` on by default
[INFO] [stdout] 
[INFO] [stdout] 
[INFO] [stdout] error[E0277]: the trait bound `(): GraphQLType` is not satisfied
[INFO] [stdout]    --> src/schema/schema.rs:7:62
[INFO] [stdout]     |
[INFO] [stdout] 7   |     RootNode::new(QueryInternal, EmptyMutation::<()>::new(), ());
[INFO] [stdout]     |     -------------                                            ^^ the trait `GraphQLType` is not implemented for `()`
[INFO] [stdout]     |     |
[INFO] [stdout]     |     required by a bound introduced by this call
[INFO] [stdout]     |
[INFO] [stdout]     = help: the following other types implement trait `GraphQLType<S>`:
[INFO] [stdout]               <bool as GraphQLType<S>>
[INFO] [stdout]               <i32 as GraphQLType<S>>
[INFO] [stdout]               <f64 as GraphQLType<S>>
[INFO] [stdout]               <Person as GraphQLType<__S>>
[INFO] [stdout]               <QueryInternal as GraphQLType<__S>>
[INFO] [stdout]               <Box<T> as GraphQLType<S>>
[INFO] [stdout]               <uuid::Uuid as GraphQLType<S>>
[INFO] [stdout]               <url::Url as GraphQLType<S>>
[INFO] [stdout]             and 26 others
[INFO] [stdout] note: required by a bound in `RootNode::<'a, QueryT, MutationT, SubscriptionT>::new`
[INFO] [stdout]    --> /opt/rustwide/cargo-home/registry/src/index.crates.io-6f17d22bba15001f/juniper-0.15.11/src/schema/model.rs:96:20
[INFO] [stdout]     |
[INFO] [stdout] 96  |     SubscriptionT: GraphQLType<DefaultScalarValue, TypeInfo = ()>,
[INFO] [stdout]     |                    ^^^^^^^^^^^^^^^^^^^^^^^^^^^^^^^^^^^^^^^^^^^^^^ required by this bound in `RootNode::<'a, QueryT, MutationT, SubscriptionT>::new`
[INFO] [stdout] ...
[INFO] [stdout] 100 |     pub fn new(query: QueryT, mutation: MutationT, subscription: SubscriptionT) -> Self {
[INFO] [stdout]     |            --- required by a bound in this associated function
[INFO] [stdout] 
[INFO] [stdout] 
[INFO] [stdout] error[E0277]: the trait bound `(): GraphQLType` is not satisfied
[INFO] [stdout]   --> src/schema/schema.rs:7:5
[INFO] [stdout]    |
[INFO] [stdout] 7  |     RootNode::new(QueryInternal, EmptyMutation::<()>::new(), ());
[INFO] [stdout]    |     ^^^^^^^^^^^^^^^^^^^^^^^^^^^^^^^^^^^^^^^^^^^^^^^^^^^^^^^^^^^^ the trait `GraphQLType` is not implemented for `()`
[INFO] [stdout]    |
[INFO] [stdout]    = help: the following other types implement trait `GraphQLType<S>`:
[INFO] [stdout]              <bool as GraphQLType<S>>
[INFO] [stdout]              <i32 as GraphQLType<S>>
[INFO] [stdout]              <f64 as GraphQLType<S>>
[INFO] [stdout]              <Person as GraphQLType<__S>>
[INFO] [stdout]              <QueryInternal as GraphQLType<__S>>
[INFO] [stdout]              <Box<T> as GraphQLType<S>>
[INFO] [stdout]              <uuid::Uuid as GraphQLType<S>>
[INFO] [stdout]              <url::Url as GraphQLType<S>>
[INFO] [stdout]            and 26 others
[INFO] [stdout] note: required by a bound in `RootNode`
[INFO] [stdout]   --> /opt/rustwide/cargo-home/registry/src/index.crates.io-6f17d22bba15001f/juniper-0.15.11/src/schema/model.rs:28:20
[INFO] [stdout]    |
[INFO] [stdout] 24 | pub struct RootNode<
[INFO] [stdout]    |            -------- required by a bound in this struct
[INFO] [stdout] ...
[INFO] [stdout] 28 |     SubscriptionT: GraphQLType<S>,
[INFO] [stdout]    |                    ^^^^^^^^^^^^^^ required by this bound in `RootNode`
[INFO] [stdout] 
[INFO] [stdout] 
[INFO] [stdout] error: aborting due to 4 previous errors; 4 warnings emitted
[INFO] [stdout] 
[INFO] [stdout] 
[INFO] [stdout] Some errors have detailed explanations: E0277, E0423, E0425.
[INFO] [stdout] 
[INFO] [stdout] For more information about an error, try `rustc --explain E0277`.
[INFO] [stdout] 
[INFO] [stderr] error: could not compile `graph-example` (bin "graph-example") due to 5 previous errors; 4 warnings emitted
[INFO] running `Command { std: "docker" "inspect" "e8a670d5164fb284e226063c1d86c66120d2528d6155b0f4fda4a7495dbb1757", kill_on_drop: false }`
[INFO] running `Command { std: "docker" "rm" "-f" "e8a670d5164fb284e226063c1d86c66120d2528d6155b0f4fda4a7495dbb1757", kill_on_drop: false }`
[INFO] [stdout] e8a670d5164fb284e226063c1d86c66120d2528d6155b0f4fda4a7495dbb1757
