[INFO] cloning repository https://github.com/Cartallum/rust-rls
[INFO] running `Command { std: "git" "-c" "credential.helper=" "-c" "credential.helper=/workspace/cargo-home/bin/git-credential-null" "clone" "--bare" "https://github.com/Cartallum/rust-rls" "/workspace/cache/git-repos/https%3A%2F%2Fgithub.com%2FCartallum%2Frust-rls", kill_on_drop: false }`
[INFO] [stderr] Cloning into bare repository '/workspace/cache/git-repos/https%3A%2F%2Fgithub.com%2FCartallum%2Frust-rls'...
[INFO] running `Command { std: "git" "rev-parse" "HEAD", kill_on_drop: false }`
[INFO] [stdout] 2bd7a8a7fa7d6d81a3bc6b56a850b29060ca1b97
[INFO] testing Cartallum/rust-rls against 1.75.0 for beta-1.76-1
[INFO] running `Command { std: "git" "clone" "/workspace/cache/git-repos/https%3A%2F%2Fgithub.com%2FCartallum%2Frust-rls" "/workspace/builds/worker-3-tc1/source", kill_on_drop: false }`
[INFO] [stderr] Cloning into '/workspace/builds/worker-3-tc1/source'...
[INFO] [stderr] done.
[INFO] validating manifest of git repo https://github.com/Cartallum/rust-rls on toolchain 1.75.0
[INFO] running `Command { std: CARGO_HOME="/workspace/cargo-home" RUSTUP_HOME="/workspace/rustup-home" "/workspace/cargo-home/bin/cargo" "+1.75.0" "metadata" "--manifest-path" "Cargo.toml" "--no-deps", kill_on_drop: false }`
[INFO] removed /workspace/builds/worker-3-tc1/source/rust-toolchain
[INFO] started tweaking git repo https://github.com/Cartallum/rust-rls
[INFO] finished tweaking git repo https://github.com/Cartallum/rust-rls
[INFO] tweaked toml for git repo https://github.com/Cartallum/rust-rls written to /workspace/builds/worker-3-tc1/source/Cargo.toml
[INFO] crate git repo https://github.com/Cartallum/rust-rls already has a lockfile, it will not be regenerated
[INFO] running `Command { std: CARGO_HOME="/workspace/cargo-home" RUSTUP_HOME="/workspace/rustup-home" "/workspace/cargo-home/bin/cargo" "+1.75.0" "fetch" "--manifest-path" "Cargo.toml", kill_on_drop: false }`
[INFO] [stderr]     Updating git repository `https://github.com/rust-lang/cargo`
[INFO] [stderr] warning: skipping duplicate package `cargo-list-test-fixture` found at `/workspace/cargo-home/git/checkouts/cargo-e7ff1db891893a9e/3f052d8/tests/testsuite/cargo_add/overwrite_rename_with_no_rename/in`
[INFO] [stderr] warning: skipping duplicate package `cargo-list-test-fixture-dependency` found at `/workspace/cargo-home/git/checkouts/cargo-e7ff1db891893a9e/3f052d8/tests/testsuite/cargo_add/invalid_path_name/in/dependency`
[INFO] [stderr] warning: skipping duplicate package `cargo-list-test-fixture` found at `/workspace/cargo-home/git/checkouts/cargo-e7ff1db891893a9e/3f052d8/tests/testsuite/cargo_add/invalid_path_name/in/primary`
[INFO] [stderr] warning: skipping duplicate package `cargo-list-test-fixture-dependency` found at `/workspace/cargo-home/git/checkouts/cargo-e7ff1db891893a9e/3f052d8/tests/testsuite/cargo_add/build_prefer_existing_version/in/dependency`
[INFO] [stderr] warning: skipping duplicate package `cargo-list-test-fixture` found at `/workspace/cargo-home/git/checkouts/cargo-e7ff1db891893a9e/3f052d8/tests/testsuite/cargo_add/registry/in`
[INFO] [stderr] warning: skipping duplicate package `cargo-list-test-fixture-dependency` found at `/workspace/cargo-home/git/checkouts/cargo-e7ff1db891893a9e/3f052d8/tests/testsuite/cargo_add/workspace_path_dev/in/dependency`
[INFO] [stderr] warning: skipping duplicate package `cargo-list-test-fixture` found at `/workspace/cargo-home/git/checkouts/cargo-e7ff1db891893a9e/3f052d8/tests/testsuite/cargo_add/workspace_path_dev/in/primary`
[INFO] [stderr] warning: skipping duplicate package `cargo-list-test-fixture` found at `/workspace/cargo-home/git/checkouts/cargo-e7ff1db891893a9e/3f052d8/tests/testsuite/cargo_add/overwrite_features/in`
[INFO] [stderr] warning: skipping duplicate package `foo` found at `/workspace/cargo-home/git/checkouts/cargo-e7ff1db891893a9e/3f052d8/tests/testsuite/cargo_add/overwrite_inherit_noop/in/dependency`
[INFO] [stderr] warning: skipping duplicate package `bar` found at `/workspace/cargo-home/git/checkouts/cargo-e7ff1db891893a9e/3f052d8/tests/testsuite/cargo_add/overwrite_inherit_noop/in/primary`
[INFO] [stderr] warning: skipping duplicate package `cargo-list-test-fixture` found at `/workspace/cargo-home/git/checkouts/cargo-e7ff1db891893a9e/3f052d8/tests/testsuite/cargo_add/overwrite_no_default_features_with_default_features/in`
[INFO] [stderr] warning: skipping duplicate package `cargo-list-test-fixture-dependency` found at `/workspace/cargo-home/git/checkouts/cargo-e7ff1db891893a9e/3f052d8/tests/testsuite/cargo_add/workspace_name/in/dependency`
[INFO] [stderr] warning: skipping duplicate package `cargo-list-test-fixture` found at `/workspace/cargo-home/git/checkouts/cargo-e7ff1db891893a9e/3f052d8/tests/testsuite/cargo_add/workspace_name/in/primary`
[INFO] [stderr] warning: skipping duplicate package `foo` found at `/workspace/cargo-home/git/checkouts/cargo-e7ff1db891893a9e/3f052d8/tests/testsuite/cargo_add/overwrite_workspace_dep_features/in/dependency`
[INFO] [stderr] warning: skipping duplicate package `bar` found at `/workspace/cargo-home/git/checkouts/cargo-e7ff1db891893a9e/3f052d8/tests/testsuite/cargo_add/overwrite_workspace_dep_features/in/primary`
[INFO] [stderr] warning: skipping duplicate package `cargo-list-test-fixture` found at `/workspace/cargo-home/git/checkouts/cargo-e7ff1db891893a9e/3f052d8/tests/testsuite/cargo_add/overwrite_rename_with_rename/in`
[INFO] [stderr] warning: skipping duplicate package `cargo-list-test-fixture` found at `/workspace/cargo-home/git/checkouts/cargo-e7ff1db891893a9e/3f052d8/tests/testsuite/cargo_add/add-basic.in`
[INFO] [stderr] warning: skipping duplicate package `cargo-list-test-fixture-dependency` found at `/workspace/cargo-home/git/checkouts/cargo-e7ff1db891893a9e/3f052d8/tests/testsuite/cargo_add/manifest_path_package/in/dependency`
[INFO] [stderr] warning: skipping duplicate package `cargo-list-test-fixture` found at `/workspace/cargo-home/git/checkouts/cargo-e7ff1db891893a9e/3f052d8/tests/testsuite/cargo_add/manifest_path_package/in/primary`
[INFO] [stderr] warning: skipping duplicate package `cargo-list-test-fixture` found at `/workspace/cargo-home/git/checkouts/cargo-e7ff1db891893a9e/3f052d8/tests/testsuite/cargo_add/preserve_sorted/in`
[INFO] [stderr] warning: skipping duplicate package `foo` found at `/workspace/cargo-home/git/checkouts/cargo-e7ff1db891893a9e/3f052d8/tests/testsuite/cargo_add/invalid_key_overwrite_inherit_dependency/in/dependency`
[INFO] [stderr] warning: skipping duplicate package `bar` found at `/workspace/cargo-home/git/checkouts/cargo-e7ff1db891893a9e/3f052d8/tests/testsuite/cargo_add/invalid_key_overwrite_inherit_dependency/in/primary`
[INFO] [stderr] warning: skipping duplicate package `cargo-list-test-fixture-dependency` found at `/workspace/cargo-home/git/checkouts/cargo-e7ff1db891893a9e/3f052d8/tests/testsuite/cargo_add/overwrite_git_with_path/in/dependency`
[INFO] [stderr] warning: skipping duplicate package `cargo-list-test-fixture` found at `/workspace/cargo-home/git/checkouts/cargo-e7ff1db891893a9e/3f052d8/tests/testsuite/cargo_add/overwrite_git_with_path/in/primary`
[INFO] [stderr] warning: skipping duplicate package `cargo-list-test-fixture` found at `/workspace/cargo-home/git/checkouts/cargo-e7ff1db891893a9e/3f052d8/tests/testsuite/cargo_add/deprecated_section/in`
[INFO] [stderr] warning: skipping duplicate package `cargo-list-test-fixture` found at `/workspace/cargo-home/git/checkouts/cargo-e7ff1db891893a9e/3f052d8/tests/testsuite/cargo_add/overwrite_optional_with_no_optional/in`
[INFO] [stderr] warning: skipping duplicate package `foo` found at `/workspace/cargo-home/git/checkouts/cargo-e7ff1db891893a9e/3f052d8/tests/testsuite/cargo_add/detect_workspace_inherit_features/in/dependency`
[INFO] [stderr] warning: skipping duplicate package `bar` found at `/workspace/cargo-home/git/checkouts/cargo-e7ff1db891893a9e/3f052d8/tests/testsuite/cargo_add/detect_workspace_inherit_features/in/primary`
[INFO] [stderr] warning: skipping duplicate package `cargo-list-test-fixture` found at `/workspace/cargo-home/git/checkouts/cargo-e7ff1db891893a9e/3f052d8/tests/testsuite/cargo_add/overwrite_optional/in`
[INFO] [stderr] warning: skipping duplicate package `cargo-list-test-fixture-dependency` found at `/workspace/cargo-home/git/checkouts/cargo-e7ff1db891893a9e/3f052d8/tests/testsuite/cargo_add/path_normalized_name/in/dependency`
[INFO] [stderr] warning: skipping duplicate package `cargo-list-test-fixture` found at `/workspace/cargo-home/git/checkouts/cargo-e7ff1db891893a9e/3f052d8/tests/testsuite/cargo_add/path_normalized_name/in/primary`
[INFO] [stderr] warning: skipping duplicate package `your-face` found at `/workspace/cargo-home/git/checkouts/cargo-e7ff1db891893a9e/3f052d8/tests/testsuite/cargo_add/overwrite_name_dev_noop/in/dependency`
[INFO] [stderr] warning: skipping duplicate package `foo` found at `/workspace/cargo-home/git/checkouts/cargo-e7ff1db891893a9e/3f052d8/tests/testsuite/cargo_add/merge_activated_features/in/dependency`
[INFO] [stderr] warning: skipping duplicate package `bar` found at `/workspace/cargo-home/git/checkouts/cargo-e7ff1db891893a9e/3f052d8/tests/testsuite/cargo_add/merge_activated_features/in/primary`
[INFO] [stderr] warning: skipping duplicate package `foo` found at `/workspace/cargo-home/git/checkouts/cargo-e7ff1db891893a9e/3f052d8/tests/testsuite/cargo_add/detect_workspace_inherit/in/dependency`
[INFO] [stderr] warning: skipping duplicate package `bar` found at `/workspace/cargo-home/git/checkouts/cargo-e7ff1db891893a9e/3f052d8/tests/testsuite/cargo_add/detect_workspace_inherit/in/primary`
[INFO] [stderr] warning: skipping duplicate package `cargo-list-test-fixture` found at `/workspace/cargo-home/git/checkouts/cargo-e7ff1db891893a9e/3f052d8/tests/testsuite/cargo_add/list_features_path_no_default/in/primary`
[INFO] [stderr] warning: skipping duplicate package `cargo-list-test-fixture` found at `/workspace/cargo-home/git/checkouts/cargo-e7ff1db891893a9e/3f052d8/tests/testsuite/cargo_add/overwrite_no_optional_with_optional/in`
[INFO] [stderr] warning: skipping duplicate package `your-face` found at `/workspace/cargo-home/git/checkouts/cargo-e7ff1db891893a9e/3f052d8/tests/testsuite/cargo_add/list_features_path/in/dependency`
[INFO] [stderr] warning: skipping duplicate package `optional-dep` found at `/workspace/cargo-home/git/checkouts/cargo-e7ff1db891893a9e/3f052d8/tests/testsuite/cargo_add/list_features_path/in/optional`
[INFO] [stderr] warning: skipping duplicate package `cargo-list-test-fixture` found at `/workspace/cargo-home/git/checkouts/cargo-e7ff1db891893a9e/3f052d8/tests/testsuite/cargo_add/list_features_path/in/primary`
[INFO] [stderr] warning: skipping duplicate package `cargo-list-test-fixture-dependency` found at `/workspace/cargo-home/git/checkouts/cargo-e7ff1db891893a9e/3f052d8/tests/testsuite/cargo_add/workspace_path/in/dependency`
[INFO] [stderr] warning: skipping duplicate package `cargo-list-test-fixture` found at `/workspace/cargo-home/git/checkouts/cargo-e7ff1db891893a9e/3f052d8/tests/testsuite/cargo_add/workspace_path/in/primary`
[INFO] [stderr] warning: skipping duplicate package `cargo-list-test-fixture` found at `/workspace/cargo-home/git/checkouts/cargo-e7ff1db891893a9e/3f052d8/tests/testsuite/cargo_add/overwrite_no_optional/in`
[INFO] [stderr] warning: skipping duplicate package `foo` found at `/workspace/cargo-home/git/checkouts/cargo-e7ff1db891893a9e/3f052d8/tests/testsuite/cargo_add/overwrite_inherit_optional_noop/in/dependency`
[INFO] [stderr] warning: skipping duplicate package `bar` found at `/workspace/cargo-home/git/checkouts/cargo-e7ff1db891893a9e/3f052d8/tests/testsuite/cargo_add/overwrite_inherit_optional_noop/in/primary`
[INFO] [stderr] warning: skipping duplicate package `your-face` found at `/workspace/cargo-home/git/checkouts/cargo-e7ff1db891893a9e/3f052d8/tests/testsuite/cargo_add/path_inferred_name_conflicts_full_feature/in/dependency`
[INFO] [stderr] warning: skipping duplicate package `optional-dep` found at `/workspace/cargo-home/git/checkouts/cargo-e7ff1db891893a9e/3f052d8/tests/testsuite/cargo_add/path_inferred_name_conflicts_full_feature/in/optional`
[INFO] [stderr] warning: skipping duplicate package `cargo-list-test-fixture` found at `/workspace/cargo-home/git/checkouts/cargo-e7ff1db891893a9e/3f052d8/tests/testsuite/cargo_add/path_inferred_name_conflicts_full_feature/in/primary`
[INFO] [stderr] warning: skipping duplicate package `cargo-list-test-fixture-dependency` found at `/workspace/cargo-home/git/checkouts/cargo-e7ff1db891893a9e/3f052d8/tests/testsuite/cargo_add/path/in/dependency`
[INFO] [stderr] warning: skipping duplicate package `cargo-list-test-fixture` found at `/workspace/cargo-home/git/checkouts/cargo-e7ff1db891893a9e/3f052d8/tests/testsuite/cargo_add/path/in/primary`
[INFO] [stderr] warning: skipping duplicate package `foo` found at `/workspace/cargo-home/git/checkouts/cargo-e7ff1db891893a9e/3f052d8/tests/testsuite/cargo_add/detect_workspace_inherit_optional/in/dependency`
[INFO] [stderr] warning: skipping duplicate package `bar` found at `/workspace/cargo-home/git/checkouts/cargo-e7ff1db891893a9e/3f052d8/tests/testsuite/cargo_add/detect_workspace_inherit_optional/in/primary`
[INFO] [stderr] warning: skipping duplicate package `cargo-list-test-fixture` found at `/workspace/cargo-home/git/checkouts/cargo-e7ff1db891893a9e/3f052d8/tests/testsuite/cargo_add/deprecated_default_features/in`
[INFO] [stderr] warning: skipping duplicate package `foo` found at `/workspace/cargo-home/git/checkouts/cargo-e7ff1db891893a9e/3f052d8/tests/testsuite/cargo_add/invalid_key_rename_inherit_dependency/in/dependency`
[INFO] [stderr] warning: skipping duplicate package `bar` found at `/workspace/cargo-home/git/checkouts/cargo-e7ff1db891893a9e/3f052d8/tests/testsuite/cargo_add/invalid_key_rename_inherit_dependency/in/primary`
[INFO] [stderr] warning: skipping duplicate package `cargo-list-test-fixture` found at `/workspace/cargo-home/git/checkouts/cargo-e7ff1db891893a9e/3f052d8/tests/testsuite/cargo_add/git_registry/in`
[INFO] [stderr] warning: skipping duplicate package `cargo-list-test-fixture` found at `/workspace/cargo-home/git/checkouts/cargo-e7ff1db891893a9e/3f052d8/tests/testsuite/cargo_add/overwrite_default_features/in`
[INFO] [stderr] warning: skipping duplicate package `cargo-list-test-fixture` found at `/workspace/cargo-home/git/checkouts/cargo-e7ff1db891893a9e/3f052d8/tests/testsuite/cargo_add/features_preserve/in`
[INFO] [stderr] warning: skipping duplicate package `foo` found at `/workspace/cargo-home/git/checkouts/cargo-e7ff1db891893a9e/3f052d8/tests/testsuite/cargo_add/invalid_key_inherit_dependency/in/dependency`
[INFO] [stderr] warning: skipping duplicate package `bar` found at `/workspace/cargo-home/git/checkouts/cargo-e7ff1db891893a9e/3f052d8/tests/testsuite/cargo_add/invalid_key_inherit_dependency/in/primary`
[INFO] [stderr] warning: skipping duplicate package `cargo-list-test-fixture` found at `/workspace/cargo-home/git/checkouts/cargo-e7ff1db891893a9e/3f052d8/tests/testsuite/cargo_add/change_rename_target/in`
[INFO] [stderr] warning: skipping duplicate package `cargo-list-test-fixture-dependency` found at `/workspace/cargo-home/git/checkouts/cargo-e7ff1db891893a9e/3f052d8/tests/testsuite/cargo_add/path_dev/in/dependency`
[INFO] [stderr] warning: skipping duplicate package `cargo-list-test-fixture` found at `/workspace/cargo-home/git/checkouts/cargo-e7ff1db891893a9e/3f052d8/tests/testsuite/cargo_add/path_dev/in/primary`
[INFO] [stderr] warning: skipping duplicate package `cargo-list-test-fixture` found at `/workspace/cargo-home/git/checkouts/cargo-e7ff1db891893a9e/3f052d8/tests/testsuite/cargo_add/overwrite_rename_with_rename_noop/in`
[INFO] [stderr] warning: skipping duplicate package `cargo-list-test-fixture` found at `/workspace/cargo-home/git/checkouts/cargo-e7ff1db891893a9e/3f052d8/tests/testsuite/cargo_add/overwrite_inline_features/in`
[INFO] [stderr] warning: skipping duplicate package `cargo-list-test-fixture` found at `/workspace/cargo-home/git/checkouts/cargo-e7ff1db891893a9e/3f052d8/tests/testsuite/cargo_add/overwrite_no_default_features/in`
[INFO] [stderr] warning: skipping duplicate package `cargo-list-test-fixture` found at `/workspace/cargo-home/git/checkouts/cargo-e7ff1db891893a9e/3f052d8/tests/testsuite/cargo_add/preserve_unsorted/in`
[INFO] [stderr] warning: skipping duplicate package `cargo-list-test-fixture-dependency` found at `/workspace/cargo-home/git/checkouts/cargo-e7ff1db891893a9e/3f052d8/tests/testsuite/cargo_add/overwrite_path_with_version/in/dependency`
[INFO] [stderr] warning: skipping duplicate package `cargo-list-test-fixture` found at `/workspace/cargo-home/git/checkouts/cargo-e7ff1db891893a9e/3f052d8/tests/testsuite/cargo_add/overwrite_path_with_version/in/primary`
[INFO] [stderr] warning: skipping duplicate package `cargo-list-test-fixture` found at `/workspace/cargo-home/git/checkouts/cargo-e7ff1db891893a9e/3f052d8/tests/testsuite/cargo_add/require_weak/in`
[INFO] [stderr] warning: skipping duplicate package `cargo-list-test-fixture` found at `/workspace/cargo-home/git/checkouts/cargo-e7ff1db891893a9e/3f052d8/tests/testsuite/cargo_add/overwrite_with_rename/in`
[INFO] [stderr] warning: skipping duplicate package `foo` found at `/workspace/cargo-home/git/checkouts/cargo-e7ff1db891893a9e/3f052d8/tests/testsuite/cargo_add/unknown_inherited_feature/in/dependency`
[INFO] [stderr] warning: skipping duplicate package `bar` found at `/workspace/cargo-home/git/checkouts/cargo-e7ff1db891893a9e/3f052d8/tests/testsuite/cargo_add/unknown_inherited_feature/in/primary`
[INFO] [stderr] warning: skipping duplicate package `cargo-list-test-fixture-dependency` found at `/workspace/cargo-home/git/checkouts/cargo-e7ff1db891893a9e/3f052d8/tests/testsuite/cargo_add/path_inferred_name/in/dependency`
[INFO] [stderr] warning: skipping duplicate package `cargo-list-test-fixture` found at `/workspace/cargo-home/git/checkouts/cargo-e7ff1db891893a9e/3f052d8/tests/testsuite/cargo_add/path_inferred_name/in/primary`
[INFO] [stderr] warning: skipping duplicate package `foo` found at `/workspace/cargo-home/git/checkouts/cargo-e7ff1db891893a9e/3f052d8/tests/testsuite/cargo_add/overwrite_inherit_features_noop/in/dependency`
[INFO] [stderr] warning: skipping duplicate package `bar` found at `/workspace/cargo-home/git/checkouts/cargo-e7ff1db891893a9e/3f052d8/tests/testsuite/cargo_add/overwrite_inherit_features_noop/in/primary`
[INFO] [stderr] warning: skipping duplicate package `cargo-list-test-fixture` found at `/workspace/cargo-home/git/checkouts/cargo-e7ff1db891893a9e/3f052d8/tests/testsuite/cargo_add/overwrite_version_with_git/in`
[INFO] [stderr] warning: skipping duplicate package `your-face` found at `/workspace/cargo-home/git/checkouts/cargo-e7ff1db891893a9e/3f052d8/tests/testsuite/cargo_add/overwrite_name_noop/in/dependency`
[INFO] [stderr] warning: skipping duplicate package `cargo-list-test-fixture-dependency` found at `/workspace/cargo-home/git/checkouts/cargo-e7ff1db891893a9e/3f052d8/tests/testsuite/cargo_add/overwrite_version_with_path/in/dependency`
[INFO] [stderr] warning: skipping duplicate package `cargo-list-test-fixture` found at `/workspace/cargo-home/git/checkouts/cargo-e7ff1db891893a9e/3f052d8/tests/testsuite/cargo_add/overwrite_version_with_path/in/primary`
[INFO] [stderr] warning: skipping duplicate package `case` found at `/workspace/cargo-home/git/checkouts/cargo-e7ff1db891893a9e/3f052d8/tests/testsuite/init/bin_already_exists_implicit_namesrc/out`
[INFO] [stderr] warning: skipping duplicate package `case` found at `/workspace/cargo-home/git/checkouts/cargo-e7ff1db891893a9e/3f052d8/tests/testsuite/init/simple_git/out`
[INFO] [stderr] warning: skipping duplicate package `case` found at `/workspace/cargo-home/git/checkouts/cargo-e7ff1db891893a9e/3f052d8/tests/testsuite/init/simple_hg/out`
[INFO] [stderr] warning: skipping duplicate package `case` found at `/workspace/cargo-home/git/checkouts/cargo-e7ff1db891893a9e/3f052d8/tests/testsuite/init/mercurial_autodetect/out`
[INFO] [stderr] warning: skipping duplicate package `case` found at `/workspace/cargo-home/git/checkouts/cargo-e7ff1db891893a9e/3f052d8/tests/testsuite/init/ignores_failure_to_format_source/out`
[INFO] [stderr] warning: skipping duplicate package `case` found at `/workspace/cargo-home/git/checkouts/cargo-e7ff1db891893a9e/3f052d8/tests/testsuite/init/bin_already_exists_implicit_namenosrc/out`
[INFO] [stderr] warning: skipping duplicate package `case` found at `/workspace/cargo-home/git/checkouts/cargo-e7ff1db891893a9e/3f052d8/tests/testsuite/init/auto_git/out`
[INFO] [stderr] warning: skipping duplicate package `case` found at `/workspace/cargo-home/git/checkouts/cargo-e7ff1db891893a9e/3f052d8/tests/testsuite/init/inferred_lib_with_git/out`
[INFO] [stderr] warning: skipping duplicate package `case` found at `/workspace/cargo-home/git/checkouts/cargo-e7ff1db891893a9e/3f052d8/tests/testsuite/init/lib_already_exists_src/out`
[INFO] [stderr] warning: skipping duplicate package `case` found at `/workspace/cargo-home/git/checkouts/cargo-e7ff1db891893a9e/3f052d8/tests/testsuite/init/inferred_bin_with_git/out`
[INFO] [stderr] warning: skipping duplicate package `case` found at `/workspace/cargo-home/git/checkouts/cargo-e7ff1db891893a9e/3f052d8/tests/testsuite/init/creates_binary_when_instructed_and_has_lib_file/out`
[INFO] [stderr] warning: skipping duplicate package `case` found at `/workspace/cargo-home/git/checkouts/cargo-e7ff1db891893a9e/3f052d8/tests/testsuite/init/creates_library_when_instructed_and_has_bin_file/out`
[INFO] [stderr] warning: skipping duplicate package `case` found at `/workspace/cargo-home/git/checkouts/cargo-e7ff1db891893a9e/3f052d8/tests/testsuite/init/bin_already_exists_explicit/out`
[INFO] [stderr] warning: skipping duplicate package `case` found at `/workspace/cargo-home/git/checkouts/cargo-e7ff1db891893a9e/3f052d8/tests/testsuite/init/explicit_bin_with_git/out`
[INFO] [stderr] warning: skipping duplicate package `case` found at `/workspace/cargo-home/git/checkouts/cargo-e7ff1db891893a9e/3f052d8/tests/testsuite/init/creates_binary_when_both_binlib_present/out`
[INFO] [stderr] warning: skipping duplicate package `case` found at `/workspace/cargo-home/git/checkouts/cargo-e7ff1db891893a9e/3f052d8/tests/testsuite/init/git_ignore_exists_no_conflicting_entries/out`
[INFO] [stderr] warning: skipping duplicate package `case` found at `/workspace/cargo-home/git/checkouts/cargo-e7ff1db891893a9e/3f052d8/tests/testsuite/init/bin_already_exists_explicit_nosrc/out`
[INFO] [stderr] warning: skipping duplicate package `foo` found at `/workspace/cargo-home/git/checkouts/cargo-e7ff1db891893a9e/3f052d8/tests/testsuite/init/git_autodetect/out`
[INFO] [stderr] warning: skipping duplicate package `case` found at `/workspace/cargo-home/git/checkouts/cargo-e7ff1db891893a9e/3f052d8/tests/testsuite/init/lib_already_exists_nosrc/out`
[INFO] [stderr] warning: skipping duplicate package `case` found at `/workspace/cargo-home/git/checkouts/cargo-e7ff1db891893a9e/3f052d8/tests/testsuite/init/formats_source/out`
[INFO] [stderr] warning: skipping duplicate package `case` found at `/workspace/cargo-home/git/checkouts/cargo-e7ff1db891893a9e/3f052d8/tests/testsuite/init/bin_already_exists_implicit_nosrc/out`
[INFO] [stderr] warning: skipping duplicate package `case` found at `/workspace/cargo-home/git/checkouts/cargo-e7ff1db891893a9e/3f052d8/tests/testsuite/init/simple_hg_ignore_exists/out`
[INFO] [stderr] warning: skipping duplicate package `case` found at `/workspace/cargo-home/git/checkouts/cargo-e7ff1db891893a9e/3f052d8/tests/testsuite/init/simple_lib/out`
[INFO] [stderr] warning: skipping duplicate package `case` found at `/workspace/cargo-home/git/checkouts/cargo-e7ff1db891893a9e/3f052d8/tests/testsuite/init/bin_already_exists_implicit/out`
[INFO] [stderr] warning: skipping duplicate package `case` found at `/workspace/cargo-home/git/checkouts/cargo-e7ff1db891893a9e/3f052d8/tests/testsuite/init/simple_git_ignore_exists/out`
[INFO] [stderr] warning: skipping duplicate package `case` found at `/workspace/cargo-home/git/checkouts/cargo-e7ff1db891893a9e/3f052d8/tests/testsuite/init/simple_bin/out`
[INFO] [stderr] warning: skipping duplicate package `case` found at `/workspace/cargo-home/git/checkouts/cargo-e7ff1db891893a9e/3f052d8/tests/testsuite/init/pijul_autodetect/out`
[INFO] [stderr]     Updating git repository `https://github.com/rust-lang/rust-clippy`
[INFO] [stderr] warning: skipping duplicate package `fail` found at `/workspace/cargo-home/git/checkouts/rust-clippy-4b72815e96774b3d/496f26c/tests/ui-cargo/module_style/fail_no_mod`
[INFO] [stderr] warning: skipping duplicate package `fail` found at `/workspace/cargo-home/git/checkouts/rust-clippy-4b72815e96774b3d/496f26c/tests/ui-cargo/module_style/fail_mod`
[INFO] [stderr] warning: skipping duplicate package `cargo_common_metadata` found at `/workspace/cargo-home/git/checkouts/rust-clippy-4b72815e96774b3d/496f26c/tests/ui-cargo/cargo_common_metadata/fail_publish_true`
[INFO] [stderr]     Updating crates.io index
[INFO] [stderr]     Updating git repository `https://github.com/rust-lang/rustfmt`
[INFO] [stderr]  Downloading crates ...
[INFO] [stderr]   Downloaded annotate-snippets v0.9.1
[INFO] [stderr]   Downloaded rls-data v0.19.1
[INFO] [stderr]   Downloaded crypto-hash v0.3.4
[INFO] [stderr]   Downloaded ordslice v0.3.0
[INFO] [stderr]   Downloaded rustc_tools_util v0.2.0
[INFO] [stderr]   Downloaded quine-mc_cluskey v0.2.4
[INFO] [stderr]   Downloaded os_info v3.1.0
[INFO] [stderr]   Downloaded crc32fast v1.2.2
[INFO] [stderr]   Downloaded rustc-semver v1.1.0
[INFO] [stderr]   Downloaded git2-curl v0.15.0
[INFO] [stderr]   Downloaded rustfix v0.6.0
[INFO] [stderr]   Downloaded openssl-sys v0.9.71
[INFO] [stderr]   Downloaded lsp-types v0.60.0
[INFO] [stderr]   Downloaded pulldown-cmark v0.9.0
[INFO] [stderr]   Downloaded clap v3.1.2
[INFO] [stderr]   Downloaded im-rc v15.0.0
[INFO] [stderr]   Downloaded curl v0.4.41
[INFO] [stderr]   Downloaded serde_json v1.0.71
[INFO] [stderr]   Downloaded curl-sys v0.4.51+curl-7.80.0
[INFO] [stderr]   Downloaded lsp-codec v0.3.0
[INFO] [stderr]   Downloaded rls-vfs v0.8.0
[INFO] [stderr]   Downloaded rls-span v0.5.4
[INFO] [stderr]   Downloaded serde_ignored v0.1.2
[INFO] running `Command { std: "docker" "create" "-v" "/var/lib/crater-agent-workspace/builds/worker-3-tc1/target:/opt/rustwide/target:rw,Z" "-v" "/var/lib/crater-agent-workspace/builds/worker-3-tc1/source:/opt/rustwide/workdir:ro,Z" "-v" "/var/lib/crater-agent-workspace/cargo-home:/opt/rustwide/cargo-home:ro,Z" "-v" "/var/lib/crater-agent-workspace/rustup-home:/opt/rustwide/rustup-home:ro,Z" "-e" "SOURCE_DIR=/opt/rustwide/workdir" "-e" "CARGO_TARGET_DIR=/opt/rustwide/target" "-e" "CARGO_HOME=/opt/rustwide/cargo-home" "-e" "RUSTUP_HOME=/opt/rustwide/rustup-home" "-w" "/opt/rustwide/workdir" "-m" "1610612736" "--user" "0:0" "--network" "none" "ghcr.io/rust-lang/crates-build-env/linux@sha256:2788e3201cd34a07e3172128adcd8b3090168a8e3bcc40d7c032b9dda1df7d1c" "/opt/rustwide/cargo-home/bin/cargo" "+1.75.0" "metadata" "--no-deps" "--format-version=1", kill_on_drop: false }`
[INFO] [stdout] 37f68e665cc67bda6143d52bbce1b151f521900d37a634b95b1b7e28b2f061b9
[INFO] running `Command { std: "docker" "start" "-a" "37f68e665cc67bda6143d52bbce1b151f521900d37a634b95b1b7e28b2f061b9", kill_on_drop: false }`
[INFO] running `Command { std: "docker" "inspect" "37f68e665cc67bda6143d52bbce1b151f521900d37a634b95b1b7e28b2f061b9", kill_on_drop: false }`
[INFO] running `Command { std: "docker" "rm" "-f" "37f68e665cc67bda6143d52bbce1b151f521900d37a634b95b1b7e28b2f061b9", kill_on_drop: false }`
[INFO] [stdout] 37f68e665cc67bda6143d52bbce1b151f521900d37a634b95b1b7e28b2f061b9
[INFO] running `Command { std: "docker" "create" "-v" "/var/lib/crater-agent-workspace/builds/worker-3-tc1/target:/opt/rustwide/target:rw,Z" "-v" "/var/lib/crater-agent-workspace/builds/worker-3-tc1/source:/opt/rustwide/workdir:ro,Z" "-v" "/var/lib/crater-agent-workspace/cargo-home:/opt/rustwide/cargo-home:ro,Z" "-v" "/var/lib/crater-agent-workspace/rustup-home:/opt/rustwide/rustup-home:ro,Z" "-e" "SOURCE_DIR=/opt/rustwide/workdir" "-e" "CARGO_TARGET_DIR=/opt/rustwide/target" "-e" "CARGO_INCREMENTAL=0" "-e" "RUST_BACKTRACE=full" "-e" "RUSTFLAGS=--cap-lints=warn" "-e" "RUSTDOCFLAGS=--cap-lints=warn" "-e" "CARGO_HOME=/opt/rustwide/cargo-home" "-e" "RUSTUP_HOME=/opt/rustwide/rustup-home" "-w" "/opt/rustwide/workdir" "-m" "1610612736" "--user" "0:0" "--network" "none" "ghcr.io/rust-lang/crates-build-env/linux@sha256:2788e3201cd34a07e3172128adcd8b3090168a8e3bcc40d7c032b9dda1df7d1c" "/opt/rustwide/cargo-home/bin/cargo" "+1.75.0" "build" "--frozen" "--message-format=json", kill_on_drop: false }`
[INFO] [stdout] 207faca97b1d618963d7ccde499b518820231d661944ea2ec6cc11d0e4343427
[INFO] running `Command { std: "docker" "start" "-a" "207faca97b1d618963d7ccde499b518820231d661944ea2ec6cc11d0e4343427", kill_on_drop: false }`
[INFO] [stderr] warning: skipping duplicate package `cargo-list-test-fixture` found at `/opt/rustwide/cargo-home/git/checkouts/cargo-e7ff1db891893a9e/3f052d8/tests/testsuite/cargo_add/overwrite_rename_with_no_rename/in`
[INFO] [stderr] warning: skipping duplicate package `cargo-list-test-fixture-dependency` found at `/opt/rustwide/cargo-home/git/checkouts/cargo-e7ff1db891893a9e/3f052d8/tests/testsuite/cargo_add/invalid_path_name/in/dependency`
[INFO] [stderr] warning: skipping duplicate package `cargo-list-test-fixture` found at `/opt/rustwide/cargo-home/git/checkouts/cargo-e7ff1db891893a9e/3f052d8/tests/testsuite/cargo_add/invalid_path_name/in/primary`
[INFO] [stderr] warning: skipping duplicate package `cargo-list-test-fixture-dependency` found at `/opt/rustwide/cargo-home/git/checkouts/cargo-e7ff1db891893a9e/3f052d8/tests/testsuite/cargo_add/build_prefer_existing_version/in/dependency`
[INFO] [stderr] warning: skipping duplicate package `cargo-list-test-fixture` found at `/opt/rustwide/cargo-home/git/checkouts/cargo-e7ff1db891893a9e/3f052d8/tests/testsuite/cargo_add/registry/in`
[INFO] [stderr] warning: skipping duplicate package `cargo-list-test-fixture-dependency` found at `/opt/rustwide/cargo-home/git/checkouts/cargo-e7ff1db891893a9e/3f052d8/tests/testsuite/cargo_add/workspace_path_dev/in/dependency`
[INFO] [stderr] warning: skipping duplicate package `cargo-list-test-fixture` found at `/opt/rustwide/cargo-home/git/checkouts/cargo-e7ff1db891893a9e/3f052d8/tests/testsuite/cargo_add/workspace_path_dev/in/primary`
[INFO] [stderr] warning: skipping duplicate package `cargo-list-test-fixture` found at `/opt/rustwide/cargo-home/git/checkouts/cargo-e7ff1db891893a9e/3f052d8/tests/testsuite/cargo_add/overwrite_features/in`
[INFO] [stderr] warning: skipping duplicate package `foo` found at `/opt/rustwide/cargo-home/git/checkouts/cargo-e7ff1db891893a9e/3f052d8/tests/testsuite/cargo_add/overwrite_inherit_noop/in/dependency`
[INFO] [stderr] warning: skipping duplicate package `bar` found at `/opt/rustwide/cargo-home/git/checkouts/cargo-e7ff1db891893a9e/3f052d8/tests/testsuite/cargo_add/overwrite_inherit_noop/in/primary`
[INFO] [stderr] warning: skipping duplicate package `cargo-list-test-fixture` found at `/opt/rustwide/cargo-home/git/checkouts/cargo-e7ff1db891893a9e/3f052d8/tests/testsuite/cargo_add/overwrite_no_default_features_with_default_features/in`
[INFO] [stderr] warning: skipping duplicate package `cargo-list-test-fixture-dependency` found at `/opt/rustwide/cargo-home/git/checkouts/cargo-e7ff1db891893a9e/3f052d8/tests/testsuite/cargo_add/workspace_name/in/dependency`
[INFO] [stderr] warning: skipping duplicate package `cargo-list-test-fixture` found at `/opt/rustwide/cargo-home/git/checkouts/cargo-e7ff1db891893a9e/3f052d8/tests/testsuite/cargo_add/workspace_name/in/primary`
[INFO] [stderr] warning: skipping duplicate package `foo` found at `/opt/rustwide/cargo-home/git/checkouts/cargo-e7ff1db891893a9e/3f052d8/tests/testsuite/cargo_add/overwrite_workspace_dep_features/in/dependency`
[INFO] [stderr] warning: skipping duplicate package `bar` found at `/opt/rustwide/cargo-home/git/checkouts/cargo-e7ff1db891893a9e/3f052d8/tests/testsuite/cargo_add/overwrite_workspace_dep_features/in/primary`
[INFO] [stderr] warning: skipping duplicate package `cargo-list-test-fixture` found at `/opt/rustwide/cargo-home/git/checkouts/cargo-e7ff1db891893a9e/3f052d8/tests/testsuite/cargo_add/overwrite_rename_with_rename/in`
[INFO] [stderr] warning: skipping duplicate package `cargo-list-test-fixture` found at `/opt/rustwide/cargo-home/git/checkouts/cargo-e7ff1db891893a9e/3f052d8/tests/testsuite/cargo_add/add-basic.in`
[INFO] [stderr] warning: skipping duplicate package `cargo-list-test-fixture-dependency` found at `/opt/rustwide/cargo-home/git/checkouts/cargo-e7ff1db891893a9e/3f052d8/tests/testsuite/cargo_add/manifest_path_package/in/dependency`
[INFO] [stderr] warning: skipping duplicate package `cargo-list-test-fixture` found at `/opt/rustwide/cargo-home/git/checkouts/cargo-e7ff1db891893a9e/3f052d8/tests/testsuite/cargo_add/manifest_path_package/in/primary`
[INFO] [stderr] warning: skipping duplicate package `cargo-list-test-fixture` found at `/opt/rustwide/cargo-home/git/checkouts/cargo-e7ff1db891893a9e/3f052d8/tests/testsuite/cargo_add/preserve_sorted/in`
[INFO] [stderr] warning: skipping duplicate package `foo` found at `/opt/rustwide/cargo-home/git/checkouts/cargo-e7ff1db891893a9e/3f052d8/tests/testsuite/cargo_add/invalid_key_overwrite_inherit_dependency/in/dependency`
[INFO] [stderr] warning: skipping duplicate package `bar` found at `/opt/rustwide/cargo-home/git/checkouts/cargo-e7ff1db891893a9e/3f052d8/tests/testsuite/cargo_add/invalid_key_overwrite_inherit_dependency/in/primary`
[INFO] [stderr] warning: skipping duplicate package `cargo-list-test-fixture-dependency` found at `/opt/rustwide/cargo-home/git/checkouts/cargo-e7ff1db891893a9e/3f052d8/tests/testsuite/cargo_add/overwrite_git_with_path/in/dependency`
[INFO] [stderr] warning: skipping duplicate package `cargo-list-test-fixture` found at `/opt/rustwide/cargo-home/git/checkouts/cargo-e7ff1db891893a9e/3f052d8/tests/testsuite/cargo_add/overwrite_git_with_path/in/primary`
[INFO] [stderr] warning: skipping duplicate package `cargo-list-test-fixture` found at `/opt/rustwide/cargo-home/git/checkouts/cargo-e7ff1db891893a9e/3f052d8/tests/testsuite/cargo_add/deprecated_section/in`
[INFO] [stderr] warning: skipping duplicate package `cargo-list-test-fixture` found at `/opt/rustwide/cargo-home/git/checkouts/cargo-e7ff1db891893a9e/3f052d8/tests/testsuite/cargo_add/overwrite_optional_with_no_optional/in`
[INFO] [stderr] warning: skipping duplicate package `foo` found at `/opt/rustwide/cargo-home/git/checkouts/cargo-e7ff1db891893a9e/3f052d8/tests/testsuite/cargo_add/detect_workspace_inherit_features/in/dependency`
[INFO] [stderr] warning: skipping duplicate package `bar` found at `/opt/rustwide/cargo-home/git/checkouts/cargo-e7ff1db891893a9e/3f052d8/tests/testsuite/cargo_add/detect_workspace_inherit_features/in/primary`
[INFO] [stderr] warning: skipping duplicate package `cargo-list-test-fixture` found at `/opt/rustwide/cargo-home/git/checkouts/cargo-e7ff1db891893a9e/3f052d8/tests/testsuite/cargo_add/overwrite_optional/in`
[INFO] [stderr] warning: skipping duplicate package `cargo-list-test-fixture-dependency` found at `/opt/rustwide/cargo-home/git/checkouts/cargo-e7ff1db891893a9e/3f052d8/tests/testsuite/cargo_add/path_normalized_name/in/dependency`
[INFO] [stderr] warning: skipping duplicate package `cargo-list-test-fixture` found at `/opt/rustwide/cargo-home/git/checkouts/cargo-e7ff1db891893a9e/3f052d8/tests/testsuite/cargo_add/path_normalized_name/in/primary`
[INFO] [stderr] warning: skipping duplicate package `your-face` found at `/opt/rustwide/cargo-home/git/checkouts/cargo-e7ff1db891893a9e/3f052d8/tests/testsuite/cargo_add/overwrite_name_dev_noop/in/dependency`
[INFO] [stderr] warning: skipping duplicate package `foo` found at `/opt/rustwide/cargo-home/git/checkouts/cargo-e7ff1db891893a9e/3f052d8/tests/testsuite/cargo_add/merge_activated_features/in/dependency`
[INFO] [stderr] warning: skipping duplicate package `bar` found at `/opt/rustwide/cargo-home/git/checkouts/cargo-e7ff1db891893a9e/3f052d8/tests/testsuite/cargo_add/merge_activated_features/in/primary`
[INFO] [stderr] warning: skipping duplicate package `foo` found at `/opt/rustwide/cargo-home/git/checkouts/cargo-e7ff1db891893a9e/3f052d8/tests/testsuite/cargo_add/detect_workspace_inherit/in/dependency`
[INFO] [stderr] warning: skipping duplicate package `bar` found at `/opt/rustwide/cargo-home/git/checkouts/cargo-e7ff1db891893a9e/3f052d8/tests/testsuite/cargo_add/detect_workspace_inherit/in/primary`
[INFO] [stderr] warning: skipping duplicate package `cargo-list-test-fixture` found at `/opt/rustwide/cargo-home/git/checkouts/cargo-e7ff1db891893a9e/3f052d8/tests/testsuite/cargo_add/list_features_path_no_default/in/primary`
[INFO] [stderr] warning: skipping duplicate package `cargo-list-test-fixture` found at `/opt/rustwide/cargo-home/git/checkouts/cargo-e7ff1db891893a9e/3f052d8/tests/testsuite/cargo_add/overwrite_no_optional_with_optional/in`
[INFO] [stderr] warning: skipping duplicate package `your-face` found at `/opt/rustwide/cargo-home/git/checkouts/cargo-e7ff1db891893a9e/3f052d8/tests/testsuite/cargo_add/list_features_path/in/dependency`
[INFO] [stderr] warning: skipping duplicate package `optional-dep` found at `/opt/rustwide/cargo-home/git/checkouts/cargo-e7ff1db891893a9e/3f052d8/tests/testsuite/cargo_add/list_features_path/in/optional`
[INFO] [stderr] warning: skipping duplicate package `cargo-list-test-fixture` found at `/opt/rustwide/cargo-home/git/checkouts/cargo-e7ff1db891893a9e/3f052d8/tests/testsuite/cargo_add/list_features_path/in/primary`
[INFO] [stderr] warning: skipping duplicate package `cargo-list-test-fixture-dependency` found at `/opt/rustwide/cargo-home/git/checkouts/cargo-e7ff1db891893a9e/3f052d8/tests/testsuite/cargo_add/workspace_path/in/dependency`
[INFO] [stderr] warning: skipping duplicate package `cargo-list-test-fixture` found at `/opt/rustwide/cargo-home/git/checkouts/cargo-e7ff1db891893a9e/3f052d8/tests/testsuite/cargo_add/workspace_path/in/primary`
[INFO] [stderr] warning: skipping duplicate package `cargo-list-test-fixture` found at `/opt/rustwide/cargo-home/git/checkouts/cargo-e7ff1db891893a9e/3f052d8/tests/testsuite/cargo_add/overwrite_no_optional/in`
[INFO] [stderr] warning: skipping duplicate package `foo` found at `/opt/rustwide/cargo-home/git/checkouts/cargo-e7ff1db891893a9e/3f052d8/tests/testsuite/cargo_add/overwrite_inherit_optional_noop/in/dependency`
[INFO] [stderr] warning: skipping duplicate package `bar` found at `/opt/rustwide/cargo-home/git/checkouts/cargo-e7ff1db891893a9e/3f052d8/tests/testsuite/cargo_add/overwrite_inherit_optional_noop/in/primary`
[INFO] [stderr] warning: skipping duplicate package `your-face` found at `/opt/rustwide/cargo-home/git/checkouts/cargo-e7ff1db891893a9e/3f052d8/tests/testsuite/cargo_add/path_inferred_name_conflicts_full_feature/in/dependency`
[INFO] [stderr] warning: skipping duplicate package `optional-dep` found at `/opt/rustwide/cargo-home/git/checkouts/cargo-e7ff1db891893a9e/3f052d8/tests/testsuite/cargo_add/path_inferred_name_conflicts_full_feature/in/optional`
[INFO] [stderr] warning: skipping duplicate package `cargo-list-test-fixture` found at `/opt/rustwide/cargo-home/git/checkouts/cargo-e7ff1db891893a9e/3f052d8/tests/testsuite/cargo_add/path_inferred_name_conflicts_full_feature/in/primary`
[INFO] [stderr] warning: skipping duplicate package `cargo-list-test-fixture-dependency` found at `/opt/rustwide/cargo-home/git/checkouts/cargo-e7ff1db891893a9e/3f052d8/tests/testsuite/cargo_add/path/in/dependency`
[INFO] [stderr] warning: skipping duplicate package `cargo-list-test-fixture` found at `/opt/rustwide/cargo-home/git/checkouts/cargo-e7ff1db891893a9e/3f052d8/tests/testsuite/cargo_add/path/in/primary`
[INFO] [stderr] warning: skipping duplicate package `foo` found at `/opt/rustwide/cargo-home/git/checkouts/cargo-e7ff1db891893a9e/3f052d8/tests/testsuite/cargo_add/detect_workspace_inherit_optional/in/dependency`
[INFO] [stderr] warning: skipping duplicate package `bar` found at `/opt/rustwide/cargo-home/git/checkouts/cargo-e7ff1db891893a9e/3f052d8/tests/testsuite/cargo_add/detect_workspace_inherit_optional/in/primary`
[INFO] [stderr] warning: skipping duplicate package `cargo-list-test-fixture` found at `/opt/rustwide/cargo-home/git/checkouts/cargo-e7ff1db891893a9e/3f052d8/tests/testsuite/cargo_add/deprecated_default_features/in`
[INFO] [stderr] warning: skipping duplicate package `foo` found at `/opt/rustwide/cargo-home/git/checkouts/cargo-e7ff1db891893a9e/3f052d8/tests/testsuite/cargo_add/invalid_key_rename_inherit_dependency/in/dependency`
[INFO] [stderr] warning: skipping duplicate package `bar` found at `/opt/rustwide/cargo-home/git/checkouts/cargo-e7ff1db891893a9e/3f052d8/tests/testsuite/cargo_add/invalid_key_rename_inherit_dependency/in/primary`
[INFO] [stderr] warning: skipping duplicate package `cargo-list-test-fixture` found at `/opt/rustwide/cargo-home/git/checkouts/cargo-e7ff1db891893a9e/3f052d8/tests/testsuite/cargo_add/git_registry/in`
[INFO] [stderr] warning: skipping duplicate package `cargo-list-test-fixture` found at `/opt/rustwide/cargo-home/git/checkouts/cargo-e7ff1db891893a9e/3f052d8/tests/testsuite/cargo_add/overwrite_default_features/in`
[INFO] [stderr] warning: skipping duplicate package `cargo-list-test-fixture` found at `/opt/rustwide/cargo-home/git/checkouts/cargo-e7ff1db891893a9e/3f052d8/tests/testsuite/cargo_add/features_preserve/in`
[INFO] [stderr] warning: skipping duplicate package `foo` found at `/opt/rustwide/cargo-home/git/checkouts/cargo-e7ff1db891893a9e/3f052d8/tests/testsuite/cargo_add/invalid_key_inherit_dependency/in/dependency`
[INFO] [stderr] warning: skipping duplicate package `bar` found at `/opt/rustwide/cargo-home/git/checkouts/cargo-e7ff1db891893a9e/3f052d8/tests/testsuite/cargo_add/invalid_key_inherit_dependency/in/primary`
[INFO] [stderr] warning: skipping duplicate package `cargo-list-test-fixture` found at `/opt/rustwide/cargo-home/git/checkouts/cargo-e7ff1db891893a9e/3f052d8/tests/testsuite/cargo_add/change_rename_target/in`
[INFO] [stderr] warning: skipping duplicate package `cargo-list-test-fixture-dependency` found at `/opt/rustwide/cargo-home/git/checkouts/cargo-e7ff1db891893a9e/3f052d8/tests/testsuite/cargo_add/path_dev/in/dependency`
[INFO] [stderr] warning: skipping duplicate package `cargo-list-test-fixture` found at `/opt/rustwide/cargo-home/git/checkouts/cargo-e7ff1db891893a9e/3f052d8/tests/testsuite/cargo_add/path_dev/in/primary`
[INFO] [stderr] warning: skipping duplicate package `cargo-list-test-fixture` found at `/opt/rustwide/cargo-home/git/checkouts/cargo-e7ff1db891893a9e/3f052d8/tests/testsuite/cargo_add/overwrite_rename_with_rename_noop/in`
[INFO] [stderr] warning: skipping duplicate package `cargo-list-test-fixture` found at `/opt/rustwide/cargo-home/git/checkouts/cargo-e7ff1db891893a9e/3f052d8/tests/testsuite/cargo_add/overwrite_inline_features/in`
[INFO] [stderr] warning: skipping duplicate package `cargo-list-test-fixture` found at `/opt/rustwide/cargo-home/git/checkouts/cargo-e7ff1db891893a9e/3f052d8/tests/testsuite/cargo_add/overwrite_no_default_features/in`
[INFO] [stderr] warning: skipping duplicate package `cargo-list-test-fixture` found at `/opt/rustwide/cargo-home/git/checkouts/cargo-e7ff1db891893a9e/3f052d8/tests/testsuite/cargo_add/preserve_unsorted/in`
[INFO] [stderr] warning: skipping duplicate package `cargo-list-test-fixture-dependency` found at `/opt/rustwide/cargo-home/git/checkouts/cargo-e7ff1db891893a9e/3f052d8/tests/testsuite/cargo_add/overwrite_path_with_version/in/dependency`
[INFO] [stderr] warning: skipping duplicate package `cargo-list-test-fixture` found at `/opt/rustwide/cargo-home/git/checkouts/cargo-e7ff1db891893a9e/3f052d8/tests/testsuite/cargo_add/overwrite_path_with_version/in/primary`
[INFO] [stderr] warning: skipping duplicate package `cargo-list-test-fixture` found at `/opt/rustwide/cargo-home/git/checkouts/cargo-e7ff1db891893a9e/3f052d8/tests/testsuite/cargo_add/require_weak/in`
[INFO] [stderr] warning: skipping duplicate package `cargo-list-test-fixture` found at `/opt/rustwide/cargo-home/git/checkouts/cargo-e7ff1db891893a9e/3f052d8/tests/testsuite/cargo_add/overwrite_with_rename/in`
[INFO] [stderr] warning: skipping duplicate package `foo` found at `/opt/rustwide/cargo-home/git/checkouts/cargo-e7ff1db891893a9e/3f052d8/tests/testsuite/cargo_add/unknown_inherited_feature/in/dependency`
[INFO] [stderr] warning: skipping duplicate package `bar` found at `/opt/rustwide/cargo-home/git/checkouts/cargo-e7ff1db891893a9e/3f052d8/tests/testsuite/cargo_add/unknown_inherited_feature/in/primary`
[INFO] [stderr] warning: skipping duplicate package `cargo-list-test-fixture-dependency` found at `/opt/rustwide/cargo-home/git/checkouts/cargo-e7ff1db891893a9e/3f052d8/tests/testsuite/cargo_add/path_inferred_name/in/dependency`
[INFO] [stderr] warning: skipping duplicate package `cargo-list-test-fixture` found at `/opt/rustwide/cargo-home/git/checkouts/cargo-e7ff1db891893a9e/3f052d8/tests/testsuite/cargo_add/path_inferred_name/in/primary`
[INFO] [stderr] warning: skipping duplicate package `foo` found at `/opt/rustwide/cargo-home/git/checkouts/cargo-e7ff1db891893a9e/3f052d8/tests/testsuite/cargo_add/overwrite_inherit_features_noop/in/dependency`
[INFO] [stderr] warning: skipping duplicate package `bar` found at `/opt/rustwide/cargo-home/git/checkouts/cargo-e7ff1db891893a9e/3f052d8/tests/testsuite/cargo_add/overwrite_inherit_features_noop/in/primary`
[INFO] [stderr] warning: skipping duplicate package `cargo-list-test-fixture` found at `/opt/rustwide/cargo-home/git/checkouts/cargo-e7ff1db891893a9e/3f052d8/tests/testsuite/cargo_add/overwrite_version_with_git/in`
[INFO] [stderr] warning: skipping duplicate package `your-face` found at `/opt/rustwide/cargo-home/git/checkouts/cargo-e7ff1db891893a9e/3f052d8/tests/testsuite/cargo_add/overwrite_name_noop/in/dependency`
[INFO] [stderr] warning: skipping duplicate package `cargo-list-test-fixture-dependency` found at `/opt/rustwide/cargo-home/git/checkouts/cargo-e7ff1db891893a9e/3f052d8/tests/testsuite/cargo_add/overwrite_version_with_path/in/dependency`
[INFO] [stderr] warning: skipping duplicate package `cargo-list-test-fixture` found at `/opt/rustwide/cargo-home/git/checkouts/cargo-e7ff1db891893a9e/3f052d8/tests/testsuite/cargo_add/overwrite_version_with_path/in/primary`
[INFO] [stderr] warning: skipping duplicate package `case` found at `/opt/rustwide/cargo-home/git/checkouts/cargo-e7ff1db891893a9e/3f052d8/tests/testsuite/init/bin_already_exists_implicit_namesrc/out`
[INFO] [stderr] warning: skipping duplicate package `case` found at `/opt/rustwide/cargo-home/git/checkouts/cargo-e7ff1db891893a9e/3f052d8/tests/testsuite/init/simple_git/out`
[INFO] [stderr] warning: skipping duplicate package `case` found at `/opt/rustwide/cargo-home/git/checkouts/cargo-e7ff1db891893a9e/3f052d8/tests/testsuite/init/simple_hg/out`
[INFO] [stderr] warning: skipping duplicate package `case` found at `/opt/rustwide/cargo-home/git/checkouts/cargo-e7ff1db891893a9e/3f052d8/tests/testsuite/init/mercurial_autodetect/out`
[INFO] [stderr] warning: skipping duplicate package `case` found at `/opt/rustwide/cargo-home/git/checkouts/cargo-e7ff1db891893a9e/3f052d8/tests/testsuite/init/ignores_failure_to_format_source/out`
[INFO] [stderr] warning: skipping duplicate package `case` found at `/opt/rustwide/cargo-home/git/checkouts/cargo-e7ff1db891893a9e/3f052d8/tests/testsuite/init/bin_already_exists_implicit_namenosrc/out`
[INFO] [stderr] warning: skipping duplicate package `case` found at `/opt/rustwide/cargo-home/git/checkouts/cargo-e7ff1db891893a9e/3f052d8/tests/testsuite/init/auto_git/out`
[INFO] [stderr] warning: skipping duplicate package `case` found at `/opt/rustwide/cargo-home/git/checkouts/cargo-e7ff1db891893a9e/3f052d8/tests/testsuite/init/inferred_lib_with_git/out`
[INFO] [stderr] warning: skipping duplicate package `case` found at `/opt/rustwide/cargo-home/git/checkouts/cargo-e7ff1db891893a9e/3f052d8/tests/testsuite/init/lib_already_exists_src/out`
[INFO] [stderr] warning: skipping duplicate package `case` found at `/opt/rustwide/cargo-home/git/checkouts/cargo-e7ff1db891893a9e/3f052d8/tests/testsuite/init/inferred_bin_with_git/out`
[INFO] [stderr] warning: skipping duplicate package `case` found at `/opt/rustwide/cargo-home/git/checkouts/cargo-e7ff1db891893a9e/3f052d8/tests/testsuite/init/creates_binary_when_instructed_and_has_lib_file/out`
[INFO] [stderr] warning: skipping duplicate package `case` found at `/opt/rustwide/cargo-home/git/checkouts/cargo-e7ff1db891893a9e/3f052d8/tests/testsuite/init/creates_library_when_instructed_and_has_bin_file/out`
[INFO] [stderr] warning: skipping duplicate package `case` found at `/opt/rustwide/cargo-home/git/checkouts/cargo-e7ff1db891893a9e/3f052d8/tests/testsuite/init/bin_already_exists_explicit/out`
[INFO] [stderr] warning: skipping duplicate package `case` found at `/opt/rustwide/cargo-home/git/checkouts/cargo-e7ff1db891893a9e/3f052d8/tests/testsuite/init/explicit_bin_with_git/out`
[INFO] [stderr] warning: skipping duplicate package `case` found at `/opt/rustwide/cargo-home/git/checkouts/cargo-e7ff1db891893a9e/3f052d8/tests/testsuite/init/creates_binary_when_both_binlib_present/out`
[INFO] [stderr] warning: skipping duplicate package `case` found at `/opt/rustwide/cargo-home/git/checkouts/cargo-e7ff1db891893a9e/3f052d8/tests/testsuite/init/git_ignore_exists_no_conflicting_entries/out`
[INFO] [stderr] warning: skipping duplicate package `case` found at `/opt/rustwide/cargo-home/git/checkouts/cargo-e7ff1db891893a9e/3f052d8/tests/testsuite/init/bin_already_exists_explicit_nosrc/out`
[INFO] [stderr] warning: skipping duplicate package `foo` found at `/opt/rustwide/cargo-home/git/checkouts/cargo-e7ff1db891893a9e/3f052d8/tests/testsuite/init/git_autodetect/out`
[INFO] [stderr] warning: skipping duplicate package `case` found at `/opt/rustwide/cargo-home/git/checkouts/cargo-e7ff1db891893a9e/3f052d8/tests/testsuite/init/lib_already_exists_nosrc/out`
[INFO] [stderr] warning: skipping duplicate package `case` found at `/opt/rustwide/cargo-home/git/checkouts/cargo-e7ff1db891893a9e/3f052d8/tests/testsuite/init/formats_source/out`
[INFO] [stderr] warning: skipping duplicate package `case` found at `/opt/rustwide/cargo-home/git/checkouts/cargo-e7ff1db891893a9e/3f052d8/tests/testsuite/init/bin_already_exists_implicit_nosrc/out`
[INFO] [stderr] warning: skipping duplicate package `case` found at `/opt/rustwide/cargo-home/git/checkouts/cargo-e7ff1db891893a9e/3f052d8/tests/testsuite/init/simple_hg_ignore_exists/out`
[INFO] [stderr] warning: skipping duplicate package `case` found at `/opt/rustwide/cargo-home/git/checkouts/cargo-e7ff1db891893a9e/3f052d8/tests/testsuite/init/simple_lib/out`
[INFO] [stderr] warning: skipping duplicate package `case` found at `/opt/rustwide/cargo-home/git/checkouts/cargo-e7ff1db891893a9e/3f052d8/tests/testsuite/init/bin_already_exists_implicit/out`
[INFO] [stderr] warning: skipping duplicate package `case` found at `/opt/rustwide/cargo-home/git/checkouts/cargo-e7ff1db891893a9e/3f052d8/tests/testsuite/init/simple_git_ignore_exists/out`
[INFO] [stderr] warning: skipping duplicate package `case` found at `/opt/rustwide/cargo-home/git/checkouts/cargo-e7ff1db891893a9e/3f052d8/tests/testsuite/init/simple_bin/out`
[INFO] [stderr] warning: skipping duplicate package `case` found at `/opt/rustwide/cargo-home/git/checkouts/cargo-e7ff1db891893a9e/3f052d8/tests/testsuite/init/pijul_autodetect/out`
[INFO] [stderr] warning: skipping duplicate package `fail` found at `/opt/rustwide/cargo-home/git/checkouts/rust-clippy-4b72815e96774b3d/496f26c/tests/ui-cargo/module_style/fail_no_mod`
[INFO] [stderr] warning: skipping duplicate package `fail` found at `/opt/rustwide/cargo-home/git/checkouts/rust-clippy-4b72815e96774b3d/496f26c/tests/ui-cargo/module_style/fail_mod`
[INFO] [stderr] warning: skipping duplicate package `cargo_common_metadata` found at `/opt/rustwide/cargo-home/git/checkouts/rust-clippy-4b72815e96774b3d/496f26c/tests/ui-cargo/cargo_common_metadata/fail_publish_true`
[INFO] [stderr]    Compiling libc v0.2.108
[INFO] [stderr]    Compiling proc-macro2 v1.0.32
[INFO] [stderr]    Compiling unicode-xid v0.2.2
[INFO] [stderr]    Compiling syn v1.0.81
[INFO] [stderr]    Compiling serde_derive v1.0.130
[INFO] [stderr]    Compiling serde v1.0.130
[INFO] [stderr]    Compiling memchr v2.4.1
[INFO] [stderr]    Compiling log v0.4.14
[INFO] [stderr]    Compiling pkg-config v0.3.22
[INFO] [stderr]    Compiling ryu v1.0.5
[INFO] [stderr]    Compiling serde_json v1.0.71
[INFO] [stderr]    Compiling itoa v0.4.8
[INFO] [stderr]    Compiling once_cell v1.8.0
[INFO] [stderr]    Compiling futures-core v0.3.18
[INFO] [stderr]    Compiling getrandom v0.1.16
[INFO] [stderr]    Compiling pin-project-lite v0.2.7
[INFO] [stderr]    Compiling matches v0.1.9
[INFO] [stderr]    Compiling futures-channel v0.3.18
[INFO] [stderr]    Compiling aho-corasick v0.7.18
[INFO] [stderr]    Compiling quote v1.0.10
[INFO] [stderr]    Compiling regex-syntax v0.6.25
[INFO] [stderr]    Compiling futures-sink v0.3.18
[INFO] [stderr]    Compiling ppv-lite86 v0.2.15
[INFO] [stderr]    Compiling futures-task v0.3.18
[INFO] [stderr]    Compiling jobserver v0.1.24
[INFO] [stderr]    Compiling num_cpus v1.13.0
[INFO] [stderr]    Compiling futures-util v0.3.18
[INFO] [stderr]    Compiling cc v1.0.72
[INFO] [stderr]    Compiling rand_core v0.5.1
[INFO] [stderr]    Compiling futures v0.1.31
[INFO] [stderr]    Compiling futures-io v0.3.18
[INFO] [stderr]    Compiling regex-automata v0.1.10
[INFO] [stderr]    Compiling tokio v1.14.0
[INFO] [stderr]    Compiling signal-hook-registry v1.4.0
[INFO] [stderr]    Compiling bstr v0.2.17
[INFO] [stderr]    Compiling mio v0.7.14
[INFO] [stderr]    Compiling fnv v1.0.7
[INFO] [stderr]    Compiling crossbeam-utils v0.8.5
[INFO] [stderr]    Compiling rand_chacha v0.2.2
[INFO] [stderr]    Compiling openssl-sys v0.9.71
[INFO] [stderr]    Compiling libz-sys v1.1.3
[INFO] [stderr]    Compiling libnghttp2-sys v0.1.7+1.45.0
[INFO] [stderr]    Compiling regex v1.5.4
[INFO] [stderr]    Compiling libssh2-sys v0.2.23
[INFO] [stderr]    Compiling curl-sys v0.4.51+curl-7.80.0
[INFO] [stderr]    Compiling atty v0.2.14
[INFO] [stderr]    Compiling unicase v2.6.0
[INFO] [stderr]    Compiling parking_lot_core v0.8.5
[INFO] [stderr]    Compiling globset v0.4.8
[INFO] [stderr]    Compiling rand v0.7.3
[INFO] [stderr]    Compiling getrandom v0.2.3
[INFO] [stderr]    Compiling proc-macro-error-attr v1.0.4
[INFO] [stderr]    Compiling termcolor v1.1.2
[INFO] [stderr]    Compiling anyhow v1.0.48
[INFO] [stderr]    Compiling form_urlencoded v1.0.1
[INFO] [stderr]    Compiling rand_core v0.6.3
[INFO] [stderr]    Compiling parking_lot v0.11.2
[INFO] [stderr]    Compiling libgit2-sys v0.13.2+1.4.2
[INFO] [stderr]    Compiling idna v0.2.3
[INFO] [stderr]    Compiling proc-macro-error v1.0.4
[INFO] [stderr]    Compiling indexmap v1.8.0
[INFO] [stderr]    Compiling memoffset v0.6.4
[INFO] [stderr]    Compiling convert_case v0.4.0
[INFO] [stderr]    Compiling crc32fast v1.2.2
[INFO] [stderr]    Compiling typenum v1.14.0
[INFO] [stderr]    Compiling rand_chacha v0.3.1
[INFO] [stderr]    Compiling idna v0.1.5
[INFO] [stderr]    Compiling filetime v0.2.15
[INFO] [stderr]    Compiling crossbeam-epoch v0.9.5
[INFO] [stderr]    Compiling same-file v1.0.6
[INFO] [stderr]    Compiling curl v0.4.41
[INFO] [stderr]    Compiling semver v1.0.4
[INFO] [stderr]    Compiling openssl v0.10.38
[INFO] [stderr]    Compiling openssl-probe v0.1.4
[INFO] [stderr]    Compiling percent-encoding v1.0.1
[INFO] [stderr]    Compiling hashbrown v0.11.2
[INFO] [stderr]    Compiling url v1.7.2
[INFO] [stderr]    Compiling foreign-types v0.3.2
[INFO] [stderr]    Compiling tokio-stream v0.1.8
[INFO] [stderr]    Compiling tokio-util v0.6.9
[INFO] [stderr]    Compiling walkdir v2.3.2
[INFO] [stderr]    Compiling rand v0.8.4
[INFO] [stderr]    Compiling itertools v0.10.1
[INFO] [stderr]    Compiling socket2 v0.4.2
[INFO] [stderr]    Compiling camino v1.0.5
[INFO] [stderr]    Compiling heck v0.4.0
[INFO] [stderr]    Compiling bitmaps v2.1.0
[INFO] [stderr]    Compiling flate2 v1.0.22
[INFO] [stderr]    Compiling tar v0.4.37
[INFO] [stderr]    Compiling futures-macro v0.3.18
[INFO] [stderr]    Compiling derive_more v0.99.16
[INFO] [stderr]    Compiling clap_derive v3.1.18
[INFO] [stderr]    Compiling env_logger v0.9.0
[INFO] [stderr]    Compiling vte_generate_state_changes v0.1.1
[INFO] [stderr]    Compiling dirs-sys-next v0.1.2
[INFO] [stderr]    Compiling os_str_bytes v6.0.0
[INFO] [stderr]    Compiling thread_local v1.1.3
[INFO] [stderr]    Compiling im-rc v15.0.0
[INFO] [stderr]    Compiling tower-service v0.3.1
[INFO] [stderr]    Compiling static_assertions v1.1.0
[INFO] [stderr]    Compiling fst v0.4.7
[INFO] [stderr]    Compiling textwrap v0.14.2
[INFO] [stderr]    Compiling quick-error v1.2.3
[INFO] [stderr]    Compiling hex v0.3.2
[INFO] [stderr]    Compiling utf8parse v0.2.0
[INFO] [stderr]    Compiling arrayvec v0.5.2
[INFO] [stderr]    Compiling remove_dir_all v0.5.3
[INFO] [stderr]    Compiling vte v0.10.1
[INFO] [stderr]    Compiling tempfile v3.2.0
[INFO] [stderr]    Compiling crypto-hash v0.3.4
[INFO] [stderr]    Compiling humantime v1.3.0
[INFO] [stderr]    Compiling clap v3.1.2
[INFO] [stderr]    Compiling kstring v2.0.0
[INFO] [stderr]    Compiling ignore v0.4.18
[INFO] [stderr]    Compiling dirs-next v2.0.0
[INFO] [stderr]    Compiling cargo v0.63.0 (https://github.com/rust-lang/cargo?rev=3f052d8eed98c6a24f8b332fb2e6e6249d12d8c1#3f052d8e)
[INFO] [stderr]    Compiling sized-chunks v0.6.5
[INFO] [stderr]    Compiling thiserror-impl v1.0.30
[INFO] [stderr]    Compiling derive-new v0.5.9
[INFO] [stderr]    Compiling crossbeam-deque v0.8.1
[INFO] [stderr]    Compiling crossbeam-channel v0.5.1
[INFO] [stderr]    Compiling futures-executor v0.3.18
[INFO] [stderr]    Compiling rand_xoshiro v0.4.0
[INFO] [stderr]    Compiling combine v4.6.3
[INFO] [stderr]    Compiling futures v0.3.18
[INFO] [stderr]    Compiling parity-tokio-ipc v0.9.0
[INFO] [stderr]    Compiling dirs-sys v0.3.6
[INFO] [stderr]    Compiling yansi-term v0.1.2
[INFO] [stderr]    Compiling rustfmt-nightly v1.4.38 (https://github.com/rust-lang/rustfmt?rev=8a4c05865be17bac75b8d53eae5be18d749a0f5c#8a4c0586)
[INFO] [stderr]    Compiling lazycell v1.3.0
[INFO] [stderr]    Compiling rustc-workspace-hack v1.0.0
[INFO] [stderr]    Compiling unicode-segmentation v1.9.0
[INFO] [stderr]    Compiling rustc_tools_util v0.2.0
[INFO] [stderr]    Compiling shell-escape v0.1.5
[INFO] [stderr]    Compiling ansi_term v0.11.0
[INFO] [stderr]    Compiling cargo-util v0.1.3 (https://github.com/rust-lang/cargo?rev=3f052d8eed98c6a24f8b332fb2e6e6249d12d8c1#3f052d8e)
[INFO] [stderr]    Compiling thiserror v1.0.30
[INFO] [stderr]    Compiling clap v2.33.3
[INFO] [stderr]    Compiling annotate-snippets v0.9.1
[INFO] [stderr]    Compiling rls v1.41.0 (/opt/rustwide/workdir)
[INFO] [stderr]    Compiling dirs v4.0.0
[INFO] [stderr]    Compiling rayon-core v1.9.1
[INFO] [stderr]    Compiling strip-ansi-escapes v0.1.1
[INFO] [stderr]    Compiling term v0.7.0
[INFO] [stderr]    Compiling env_logger v0.7.1
[INFO] [stderr]    Compiling serde_repr v0.1.7
[INFO] [stderr]    Compiling rustfmt-config_proc_macro v0.2.0 (https://github.com/rust-lang/rustfmt?rev=8a4c05865be17bac75b8d53eae5be18d749a0f5c#8a4c0586)
[INFO] [stderr]    Compiling getopts v0.2.21
[INFO] [stderr]    Compiling rls-span v0.5.4
[INFO] [stderr]    Compiling url v2.2.2
[INFO] [stderr]    Compiling toml v0.5.8
[INFO] [stderr]    Compiling rls-data v0.19.1
[INFO] [stderr]    Compiling cargo-platform v0.1.2
[INFO] [stderr]    Compiling jsonrpc-core v18.0.0
[INFO] [stderr]    Compiling proc-macro-crate v0.1.5
[INFO] [stderr]    Compiling racer-interner v0.1.0 (/opt/rustwide/workdir/racer/interner)
[INFO] [stderr]    Compiling cargo_metadata v0.14.1
[INFO] [stderr]    Compiling jsonrpc-server-utils v18.0.0
[INFO] [stderr]    Compiling jsonrpc-pubsub v18.0.0
[INFO] [stderr]    Compiling racer-cargo-metadata v0.1.2 (/opt/rustwide/workdir/racer/metadata)
[INFO] [stderr]    Compiling jsonrpc-client-transports v18.0.0
[INFO] [stderr]    Compiling jsonrpc-ipc-server v18.0.0
[INFO] [stderr]    Compiling rustfix v0.6.0
[INFO] [stderr]    Compiling jsonrpc-derive v18.0.0
[INFO] [stderr]    Compiling jsonrpc-core-client v18.0.0
[INFO] [stderr]    Compiling toml_edit v0.14.4
[INFO] [stderr]    Compiling os_info v3.1.0
[INFO] [stderr]    Compiling cargo-platform v0.1.2 (https://github.com/rust-lang/cargo?rev=3f052d8eed98c6a24f8b332fb2e6e6249d12d8c1#3f052d8e)
[INFO] [stderr]    Compiling serde_ignored v0.1.2
[INFO] [stderr]    Compiling opener v0.5.0
[INFO] [stderr]    Compiling pathdiff v0.2.1
[INFO] [stderr]    Compiling bytecount v0.6.2
[INFO] [stderr]    Compiling unicode_categories v0.1.1
[INFO] [stderr]    Compiling home v0.5.3
[INFO] [stderr]    Compiling diff v0.1.12
[INFO] [stderr]    Compiling json v0.12.4
[INFO] [stderr]    Compiling glob v0.3.0
[INFO] [stderr]    Compiling bytesize v1.1.0
[INFO] [stderr]    Compiling racer v2.2.2 (/opt/rustwide/workdir/racer)
[INFO] [stdout] error[E0463]: can't find crate for `rustc_ast`
[INFO] [stdout]   --> racer/src/racer/lib.rs:16:1
[INFO] [stdout]    |
[INFO] [stdout] 16 | extern crate rustc_ast;
[INFO] [stdout]    | ^^^^^^^^^^^^^^^^^^^^^^^ can't find crate
[INFO] [stdout]    |
[INFO] [stdout]    = help: maybe you need to install the missing components with: `rustup component add rust-src rustc-dev llvm-tools-preview`
[INFO] [stdout] 
[INFO] [stdout] 
[INFO] [stdout] error[E0463]: can't find crate for `rustc_ast_pretty`
[INFO] [stdout]   --> racer/src/racer/lib.rs:17:1
[INFO] [stdout]    |
[INFO] [stdout] 17 | extern crate rustc_ast_pretty;
[INFO] [stdout]    | ^^^^^^^^^^^^^^^^^^^^^^^^^^^^^^ can't find crate
[INFO] [stdout]    |
[INFO] [stdout]    = help: maybe you need to install the missing components with: `rustup component add rust-src rustc-dev llvm-tools-preview`
[INFO] [stdout] 
[INFO] [stdout] 
[INFO] [stdout] error[E0463]: can't find crate for `rustc_data_structures`
[INFO] [stdout]   --> racer/src/racer/lib.rs:18:1
[INFO] [stdout]    |
[INFO] [stdout] 18 | extern crate rustc_data_structures;
[INFO] [stdout]    | ^^^^^^^^^^^^^^^^^^^^^^^^^^^^^^^^^^^ can't find crate
[INFO] [stdout]    |
[INFO] [stdout]    = help: maybe you need to install the missing components with: `rustup component add rust-src rustc-dev llvm-tools-preview`
[INFO] [stdout] 
[INFO] [stdout] 
[INFO] [stdout] error[E0463]: can't find crate for `rustc_errors`
[INFO] [stdout]   --> racer/src/racer/lib.rs:19:1
[INFO] [stdout]    |
[INFO] [stdout] 19 | extern crate rustc_errors;
[INFO] [stdout]    | ^^^^^^^^^^^^^^^^^^^^^^^^^^ can't find crate
[INFO] [stdout]    |
[INFO] [stdout]    = help: maybe you need to install the missing components with: `rustup component add rust-src rustc-dev llvm-tools-preview`
[INFO] [stdout] 
[INFO] [stdout] 
[INFO] [stdout] error[E0463]: can't find crate for `rustc_parse`
[INFO] [stdout]   --> racer/src/racer/lib.rs:20:1
[INFO] [stdout]    |
[INFO] [stdout] 20 | extern crate rustc_parse;
[INFO] [stdout]    | ^^^^^^^^^^^^^^^^^^^^^^^^^ can't find crate
[INFO] [stdout]    |
[INFO] [stdout]    = help: maybe you need to install the missing components with: `rustup component add rust-src rustc-dev llvm-tools-preview`
[INFO] [stdout] 
[INFO] [stdout] 
[INFO] [stdout] error[E0463]: can't find crate for `rustc_session`
[INFO] [stdout]   --> racer/src/racer/lib.rs:21:1
[INFO] [stdout]    |
[INFO] [stdout] 21 | extern crate rustc_session;
[INFO] [stdout]    | ^^^^^^^^^^^^^^^^^^^^^^^^^^^ can't find crate
[INFO] [stdout]    |
[INFO] [stdout]    = help: maybe you need to install the missing components with: `rustup component add rust-src rustc-dev llvm-tools-preview`
[INFO] [stdout] 
[INFO] [stdout] 
[INFO] [stdout] error[E0463]: can't find crate for `rustc_span`
[INFO] [stdout]   --> racer/src/racer/lib.rs:22:1
[INFO] [stdout]    |
[INFO] [stdout] 22 | extern crate rustc_span;
[INFO] [stdout]    | ^^^^^^^^^^^^^^^^^^^^^^^^ can't find crate
[INFO] [stdout]    |
[INFO] [stdout]    = help: maybe you need to install the missing components with: `rustup component add rust-src rustc-dev llvm-tools-preview`
[INFO] [stdout] 
[INFO] [stdout] 
[INFO] [stderr]    Compiling lsp-types v0.60.0
[INFO] [stdout] error[E0463]: can't find crate for `rustc_ast`
[INFO] [stdout]   --> /opt/rustwide/cargo-home/git/checkouts/rustfmt-c4b65366788d3254/8a4c058/src/lib.rs:16:1
[INFO] [stdout]    |
[INFO] [stdout] 16 | extern crate rustc_ast;
[INFO] [stdout]    | ^^^^^^^^^^^^^^^^^^^^^^^ can't find crate
[INFO] [stdout]    |
[INFO] [stdout]    = help: maybe you need to install the missing components with: `rustup component add rust-src rustc-dev llvm-tools-preview`
[INFO] [stdout] 
[INFO] [stdout] 
[INFO] [stdout] error[E0463]: can't find crate for `rustc_ast_pretty`
[INFO] [stdout]   --> /opt/rustwide/cargo-home/git/checkouts/rustfmt-c4b65366788d3254/8a4c058/src/lib.rs:17:1
[INFO] [stdout]    |
[INFO] [stdout] 17 | extern crate rustc_ast_pretty;
[INFO] [stdout]    | ^^^^^^^^^^^^^^^^^^^^^^^^^^^^^^ can't find crate
[INFO] [stdout]    |
[INFO] [stdout]    = help: maybe you need to install the missing components with: `rustup component add rust-src rustc-dev llvm-tools-preview`
[INFO] [stdout] 
[INFO] [stdout] 
[INFO] [stdout] error[E0463]: can't find crate for `rustc_builtin_macros`
[INFO] [stdout]   --> /opt/rustwide/cargo-home/git/checkouts/rustfmt-c4b65366788d3254/8a4c058/src/lib.rs:18:1
[INFO] [stdout]    |
[INFO] [stdout] 18 | extern crate rustc_builtin_macros;
[INFO] [stdout]    | ^^^^^^^^^^^^^^^^^^^^^^^^^^^^^^^^^^ can't find crate
[INFO] [stdout]    |
[INFO] [stdout]    = help: maybe you need to install the missing components with: `rustup component add rust-src rustc-dev llvm-tools-preview`
[INFO] [stdout] 
[INFO] [stdout] 
[INFO] [stdout] error[E0463]: can't find crate for `rustc_data_structures`
[INFO] [stdout]   --> /opt/rustwide/cargo-home/git/checkouts/rustfmt-c4b65366788d3254/8a4c058/src/lib.rs:19:1
[INFO] [stdout]    |
[INFO] [stdout] 19 | extern crate rustc_data_structures;
[INFO] [stdout]    | ^^^^^^^^^^^^^^^^^^^^^^^^^^^^^^^^^^^ can't find crate
[INFO] [stdout]    |
[INFO] [stdout]    = help: maybe you need to install the missing components with: `rustup component add rust-src rustc-dev llvm-tools-preview`
[INFO] [stdout] 
[INFO] [stdout] 
[INFO] [stdout] error[E0463]: can't find crate for `rustc_errors`
[INFO] [stdout]   --> /opt/rustwide/cargo-home/git/checkouts/rustfmt-c4b65366788d3254/8a4c058/src/lib.rs:20:1
[INFO] [stdout]    |
[INFO] [stdout] 20 | extern crate rustc_errors;
[INFO] [stdout]    | ^^^^^^^^^^^^^^^^^^^^^^^^^^ can't find crate
[INFO] [stdout]    |
[INFO] [stdout]    = help: maybe you need to install the missing components with: `rustup component add rust-src rustc-dev llvm-tools-preview`
[INFO] [stdout] 
[INFO] [stdout] 
[INFO] [stdout] error[E0463]: can't find crate for `rustc_expand`
[INFO] [stdout]   --> /opt/rustwide/cargo-home/git/checkouts/rustfmt-c4b65366788d3254/8a4c058/src/lib.rs:21:1
[INFO] [stdout]    |
[INFO] [stdout] 21 | extern crate rustc_expand;
[INFO] [stdout]    | ^^^^^^^^^^^^^^^^^^^^^^^^^^ can't find crate
[INFO] [stdout]    |
[INFO] [stdout]    = help: maybe you need to install the missing components with: `rustup component add rust-src rustc-dev llvm-tools-preview`
[INFO] [stdout] 
[INFO] [stdout] 
[INFO] [stdout] error[E0463]: can't find crate for `rustc_parse`
[INFO] [stdout]   --> /opt/rustwide/cargo-home/git/checkouts/rustfmt-c4b65366788d3254/8a4c058/src/lib.rs:22:1
[INFO] [stdout]    |
[INFO] [stdout] 22 | extern crate rustc_parse;
[INFO] [stdout]    | ^^^^^^^^^^^^^^^^^^^^^^^^^ can't find crate
[INFO] [stdout]    |
[INFO] [stdout]    = help: maybe you need to install the missing components with: `rustup component add rust-src rustc-dev llvm-tools-preview`
[INFO] [stdout] 
[INFO] [stdout] 
[INFO] [stdout] error[E0463]: can't find crate for `rustc_session`
[INFO] [stdout]   --> /opt/rustwide/cargo-home/git/checkouts/rustfmt-c4b65366788d3254/8a4c058/src/lib.rs:23:1
[INFO] [stdout]    |
[INFO] [stdout] 23 | extern crate rustc_session;
[INFO] [stdout]    | ^^^^^^^^^^^^^^^^^^^^^^^^^^^ can't find crate
[INFO] [stdout]    |
[INFO] [stdout]    = help: maybe you need to install the missing components with: `rustup component add rust-src rustc-dev llvm-tools-preview`
[INFO] [stdout] 
[INFO] [stdout] 
[INFO] [stdout] error[E0463]: can't find crate for `rustc_span`
[INFO] [stdout]   --> /opt/rustwide/cargo-home/git/checkouts/rustfmt-c4b65366788d3254/8a4c058/src/lib.rs:24:1
[INFO] [stdout]    |
[INFO] [stdout] 24 | extern crate rustc_span;
[INFO] [stdout]    | ^^^^^^^^^^^^^^^^^^^^^^^^ can't find crate
[INFO] [stdout]    |
[INFO] [stdout]    = help: maybe you need to install the missing components with: `rustup component add rust-src rustc-dev llvm-tools-preview`
[INFO] [stdout] 
[INFO] [stdout] 
[INFO] [stdout] error[E0554]: `#![feature]` may not be used on the stable release channel
[INFO] [stdout]  --> racer/src/racer/lib.rs:2:1
[INFO] [stdout]   |
[INFO] [stdout] 2 | #![feature(control_flow_enum)]
[INFO] [stdout]   | ^^^^^^^^^^^^^^^^^^^^^^^^^^^^^^
[INFO] [stdout] 
[INFO] [stdout] 
[INFO] [stdout] error[E0554]: `#![feature]` may not be used on the stable release channel
[INFO] [stdout]  --> racer/src/racer/lib.rs:3:1
[INFO] [stdout]   |
[INFO] [stdout] 3 | #![feature(try_trait_v2)]
[INFO] [stdout]   | ^^^^^^^^^^^^^^^^^^^^^^^^^
[INFO] [stdout] 
[INFO] [stdout] 
[INFO] [stdout] error[E0554]: `#![feature]` may not be used on the stable release channel
[INFO] [stdout]  --> racer/src/racer/lib.rs:4:1
[INFO] [stdout]   |
[INFO] [stdout] 4 | #![feature(rustc_private)]
[INFO] [stdout]   | ^^^^^^^^^^^^^^^^^^^^^^^^^^
[INFO] [stdout] 
[INFO] [stdout] 
[INFO] [stdout] error[E0554]: `#![feature]` may not be used on the stable release channel
[INFO] [stdout]  --> racer/src/racer/lib.rs:2:12
[INFO] [stdout]   |
[INFO] [stdout] 2 | #![feature(control_flow_enum)]
[INFO] [stdout]   |            ^^^^^^^^^^^^^^^^^
[INFO] [stdout] 
[INFO] [stdout] 
[INFO] [stdout] error[E0554]: `#![feature]` may not be used on the stable release channel
[INFO] [stdout]  --> racer/src/racer/lib.rs:3:12
[INFO] [stdout]   |
[INFO] [stdout] 3 | #![feature(try_trait_v2)]
[INFO] [stdout]   |            ^^^^^^^^^^^^
[INFO] [stdout] 
[INFO] [stdout] 
[INFO] [stderr]    Compiling rls-vfs v0.8.0
[INFO] [stdout] error: aborting due to 12 previous errors
[INFO] [stdout] 
[INFO] [stdout] 
[INFO] [stdout] Some errors have detailed explanations: E0463, E0554.
[INFO] [stdout] 
[INFO] [stdout] For more information about an error, try `rustc --explain E0463`.
[INFO] [stdout] 
[INFO] [stderr] error: could not compile `racer` (lib) due to 13 previous errors
[INFO] [stderr] warning: build failed, waiting for other jobs to finish...
[INFO] [stdout] error[E0432]: unresolved imports `crate::ast::AssocItemKind::*`, `ast::AssocConstraintKind::Bound`, `ast::AssocConstraintKind::Equality`
[INFO] [stdout]    --> /opt/rustwide/cargo-home/git/checkouts/rustfmt-c4b65366788d3254/8a4c058/src/items.rs:592:17
[INFO] [stdout]     |
[INFO] [stdout] 592 |             use crate::ast::AssocItemKind::*;
[INFO] [stdout]     |                 ^^^^^^^^^^^^^^^^^^^^^^^^^^^^
[INFO] [stdout]     |
[INFO] [stdout]    ::: /opt/rustwide/cargo-home/git/checkouts/rustfmt-c4b65366788d3254/8a4c058/src/types.rs:181:40
[INFO] [stdout]     |
[INFO] [stdout] 181 |         use ast::AssocConstraintKind::{Bound, Equality};
[INFO] [stdout]     |                                        ^^^^^  ^^^^^^^^
[INFO] [stdout] 
[INFO] [stdout] 
[INFO] [stdout] error[E0531]: cannot find tuple struct or tuple variant `TyAlias` in this scope
[INFO] [stdout]    --> /opt/rustwide/cargo-home/git/checkouts/rustfmt-c4b65366788d3254/8a4c058/src/items.rs:598:18
[INFO] [stdout]     |
[INFO] [stdout] 598 |                 (TyAlias(lty), TyAlias(rty))
[INFO] [stdout]     |                  ^^^^^^^ not found in this scope
[INFO] [stdout] 
[INFO] [stdout] 
[INFO] [stdout] error[E0531]: cannot find tuple struct or tuple variant `TyAlias` in this scope
[INFO] [stdout]    --> /opt/rustwide/cargo-home/git/checkouts/rustfmt-c4b65366788d3254/8a4c058/src/items.rs:598:32
[INFO] [stdout]     |
[INFO] [stdout] 598 |                 (TyAlias(lty), TyAlias(rty))
[INFO] [stdout]     |                                ^^^^^^^ not found in this scope
[INFO] [stdout] 
[INFO] [stdout] 
[INFO] [stdout] error[E0531]: cannot find tuple struct or tuple variant `Const` in this scope
[INFO] [stdout]    --> /opt/rustwide/cargo-home/git/checkouts/rustfmt-c4b65366788d3254/8a4c058/src/items.rs:603:18
[INFO] [stdout]     |
[INFO] [stdout] 603 |                 (Const(..), Const(..)) => false,
[INFO] [stdout]     |                  ^^^^^ not found in this scope
[INFO] [stdout]     |
[INFO] [stdout] help: consider importing this tuple variant
[INFO] [stdout]     |
[INFO] [stdout] 3   + use crate::types::SegmentParam::Const;
[INFO] [stdout]     |
[INFO] [stdout] 
[INFO] [stdout] 
[INFO] [stdout] error[E0531]: cannot find tuple struct or tuple variant `Const` in this scope
[INFO] [stdout]    --> /opt/rustwide/cargo-home/git/checkouts/rustfmt-c4b65366788d3254/8a4c058/src/items.rs:603:29
[INFO] [stdout]     |
[INFO] [stdout] 603 |                 (Const(..), Const(..)) => false,
[INFO] [stdout]     |                             ^^^^^ not found in this scope
[INFO] [stdout]     |
[INFO] [stdout] help: consider importing this tuple variant
[INFO] [stdout]     |
[INFO] [stdout] 3   + use crate::types::SegmentParam::Const;
[INFO] [stdout]     |
[INFO] [stdout] 
[INFO] [stdout] 
[INFO] [stdout] error[E0531]: cannot find tuple struct or tuple variant `TyAlias` in this scope
[INFO] [stdout]    --> /opt/rustwide/cargo-home/git/checkouts/rustfmt-c4b65366788d3254/8a4c058/src/items.rs:616:18
[INFO] [stdout]     |
[INFO] [stdout] 616 |                 (TyAlias(lty), TyAlias(rty))
[INFO] [stdout]     |                  ^^^^^^^ not found in this scope
[INFO] [stdout] 
[INFO] [stdout] 
[INFO] [stdout] error[E0531]: cannot find tuple struct or tuple variant `TyAlias` in this scope
[INFO] [stdout]    --> /opt/rustwide/cargo-home/git/checkouts/rustfmt-c4b65366788d3254/8a4c058/src/items.rs:616:32
[INFO] [stdout]     |
[INFO] [stdout] 616 |                 (TyAlias(lty), TyAlias(rty))
[INFO] [stdout]     |                                ^^^^^^^ not found in this scope
[INFO] [stdout] 
[INFO] [stdout] 
[INFO] [stdout] error[E0531]: cannot find tuple struct or tuple variant `Const` in this scope
[INFO] [stdout]    --> /opt/rustwide/cargo-home/git/checkouts/rustfmt-c4b65366788d3254/8a4c058/src/items.rs:621:18
[INFO] [stdout]     |
[INFO] [stdout] 621 |                 (Const(..), Const(..)) | (MacCall(..), MacCall(..)) => {
[INFO] [stdout]     |                  ^^^^^ not found in this scope
[INFO] [stdout]     |
[INFO] [stdout] help: consider importing this tuple variant
[INFO] [stdout]     |
[INFO] [stdout] 3   + use crate::types::SegmentParam::Const;
[INFO] [stdout]     |
[INFO] [stdout] 
[INFO] [stdout] 
[INFO] [stdout] error[E0531]: cannot find tuple struct or tuple variant `Const` in this scope
[INFO] [stdout]    --> /opt/rustwide/cargo-home/git/checkouts/rustfmt-c4b65366788d3254/8a4c058/src/items.rs:621:29
[INFO] [stdout]     |
[INFO] [stdout] 621 |                 (Const(..), Const(..)) | (MacCall(..), MacCall(..)) => {
[INFO] [stdout]     |                             ^^^^^ not found in this scope
[INFO] [stdout]     |
[INFO] [stdout] help: consider importing this tuple variant
[INFO] [stdout]     |
[INFO] [stdout] 3   + use crate::types::SegmentParam::Const;
[INFO] [stdout]     |
[INFO] [stdout] 
[INFO] [stdout] 
[INFO] [stdout] error[E0531]: cannot find tuple struct or tuple variant `MacCall` in this scope
[INFO] [stdout]    --> /opt/rustwide/cargo-home/git/checkouts/rustfmt-c4b65366788d3254/8a4c058/src/items.rs:621:43
[INFO] [stdout]     |
[INFO] [stdout] 621 |                 (Const(..), Const(..)) | (MacCall(..), MacCall(..)) => {
[INFO] [stdout]     |                                           ^^^^^^^ not found in this scope
[INFO] [stdout] 
[INFO] [stdout] 
[INFO] [stdout] error[E0531]: cannot find tuple struct or tuple variant `MacCall` in this scope
[INFO] [stdout]    --> /opt/rustwide/cargo-home/git/checkouts/rustfmt-c4b65366788d3254/8a4c058/src/items.rs:621:56
[INFO] [stdout]     |
[INFO] [stdout] 621 |                 (Const(..), Const(..)) | (MacCall(..), MacCall(..)) => {
[INFO] [stdout]     |                                                        ^^^^^^^ not found in this scope
[INFO] [stdout] 
[INFO] [stdout] 
[INFO] [stdout] error[E0532]: expected tuple struct or tuple variant, found trait `Fn`
[INFO] [stdout]    --> /opt/rustwide/cargo-home/git/checkouts/rustfmt-c4b65366788d3254/8a4c058/src/items.rs:624:18
[INFO] [stdout]     |
[INFO] [stdout] 624 |                 (Fn(..), Fn(..)) => a.span.lo().cmp(&b.span.lo()),
[INFO] [stdout]     |                  ^^ not a tuple struct or tuple variant
[INFO] [stdout] 
[INFO] [stdout] 
[INFO] [stdout] error[E0532]: expected tuple struct or tuple variant, found trait `Fn`
[INFO] [stdout]    --> /opt/rustwide/cargo-home/git/checkouts/rustfmt-c4b65366788d3254/8a4c058/src/items.rs:624:26
[INFO] [stdout]     |
[INFO] [stdout] 624 |                 (Fn(..), Fn(..)) => a.span.lo().cmp(&b.span.lo()),
[INFO] [stdout]     |                          ^^ not a tuple struct or tuple variant
[INFO] [stdout] 
[INFO] [stdout] 
[INFO] [stdout] error[E0531]: cannot find tuple struct or tuple variant `TyAlias` in this scope
[INFO] [stdout]    --> /opt/rustwide/cargo-home/git/checkouts/rustfmt-c4b65366788d3254/8a4c058/src/items.rs:625:18
[INFO] [stdout]     |
[INFO] [stdout] 625 |                 (TyAlias(ty), _) if is_type(&ty.ty) => Ordering::Less,
[INFO] [stdout]     |                  ^^^^^^^ not found in this scope
[INFO] [stdout] 
[INFO] [stdout] 
[INFO] [stdout] error[E0531]: cannot find tuple struct or tuple variant `TyAlias` in this scope
[INFO] [stdout]    --> /opt/rustwide/cargo-home/git/checkouts/rustfmt-c4b65366788d3254/8a4c058/src/items.rs:626:21
[INFO] [stdout]     |
[INFO] [stdout] 626 |                 (_, TyAlias(ty)) if is_type(&ty.ty) => Ordering::Greater,
[INFO] [stdout]     |                     ^^^^^^^ not found in this scope
[INFO] [stdout] 
[INFO] [stdout] 
[INFO] [stdout] error[E0531]: cannot find tuple struct or tuple variant `TyAlias` in this scope
[INFO] [stdout]    --> /opt/rustwide/cargo-home/git/checkouts/rustfmt-c4b65366788d3254/8a4c058/src/items.rs:627:18
[INFO] [stdout]     |
[INFO] [stdout] 627 |                 (TyAlias(..), _) => Ordering::Less,
[INFO] [stdout]     |                  ^^^^^^^ not found in this scope
[INFO] [stdout] 
[INFO] [stdout] 
[INFO] [stdout] error[E0531]: cannot find tuple struct or tuple variant `TyAlias` in this scope
[INFO] [stdout]    --> /opt/rustwide/cargo-home/git/checkouts/rustfmt-c4b65366788d3254/8a4c058/src/items.rs:628:21
[INFO] [stdout]     |
[INFO] [stdout] 628 |                 (_, TyAlias(..)) => Ordering::Greater,
[INFO] [stdout]     |                     ^^^^^^^ not found in this scope
[INFO] [stdout] 
[INFO] [stdout] 
[INFO] [stdout] error[E0531]: cannot find tuple struct or tuple variant `Const` in this scope
[INFO] [stdout]    --> /opt/rustwide/cargo-home/git/checkouts/rustfmt-c4b65366788d3254/8a4c058/src/items.rs:629:18
[INFO] [stdout]     |
[INFO] [stdout] 629 |                 (Const(..), _) => Ordering::Less,
[INFO] [stdout]     |                  ^^^^^ not found in this scope
[INFO] [stdout]     |
[INFO] [stdout] help: consider importing this tuple variant
[INFO] [stdout]     |
[INFO] [stdout] 3   + use crate::types::SegmentParam::Const;
[INFO] [stdout]     |
[INFO] [stdout] 
[INFO] [stdout] 
[INFO] [stdout] error[E0531]: cannot find tuple struct or tuple variant `Const` in this scope
[INFO] [stdout]    --> /opt/rustwide/cargo-home/git/checkouts/rustfmt-c4b65366788d3254/8a4c058/src/items.rs:630:21
[INFO] [stdout]     |
[INFO] [stdout] 630 |                 (_, Const(..)) => Ordering::Greater,
[INFO] [stdout]     |                     ^^^^^ not found in this scope
[INFO] [stdout]     |
[INFO] [stdout] help: consider importing this tuple variant
[INFO] [stdout]     |
[INFO] [stdout] 3   + use crate::types::SegmentParam::Const;
[INFO] [stdout]     |
[INFO] [stdout] 
[INFO] [stdout] 
[INFO] [stdout] error[E0531]: cannot find tuple struct or tuple variant `MacCall` in this scope
[INFO] [stdout]    --> /opt/rustwide/cargo-home/git/checkouts/rustfmt-c4b65366788d3254/8a4c058/src/items.rs:631:18
[INFO] [stdout]     |
[INFO] [stdout] 631 |                 (MacCall(..), _) => Ordering::Less,
[INFO] [stdout]     |                  ^^^^^^^ not found in this scope
[INFO] [stdout] 
[INFO] [stdout] 
[INFO] [stdout] error[E0531]: cannot find tuple struct or tuple variant `MacCall` in this scope
[INFO] [stdout]    --> /opt/rustwide/cargo-home/git/checkouts/rustfmt-c4b65366788d3254/8a4c058/src/items.rs:632:21
[INFO] [stdout]     |
[INFO] [stdout] 632 |                 (_, MacCall(..)) => Ordering::Greater,
[INFO] [stdout]     |                     ^^^^^^^ not found in this scope
[INFO] [stdout] 
[INFO] [stdout] 
[INFO] [stdout] error[E0554]: `#![feature]` may not be used on the stable release channel
[INFO] [stdout]  --> /opt/rustwide/cargo-home/git/checkouts/rustfmt-c4b65366788d3254/8a4c058/src/lib.rs:1:1
[INFO] [stdout]   |
[INFO] [stdout] 1 | #![feature(rustc_private)]
[INFO] [stdout]   | ^^^^^^^^^^^^^^^^^^^^^^^^^^
[INFO] [stdout] 
[INFO] [stdout] 
[INFO] [stdout] error: aborting due to 31 previous errors
[INFO] [stdout] 
[INFO] [stdout] 
[INFO] [stdout] Some errors have detailed explanations: E0432, E0463, E0531, E0532, E0554.
[INFO] [stdout] 
[INFO] [stdout] For more information about an error, try `rustc --explain E0432`.
[INFO] [stdout] 
[INFO] [stderr] error: could not compile `rustfmt-nightly` (lib) due to 32 previous errors
[INFO] running `Command { std: "docker" "inspect" "207faca97b1d618963d7ccde499b518820231d661944ea2ec6cc11d0e4343427", kill_on_drop: false }`
[INFO] running `Command { std: "docker" "rm" "-f" "207faca97b1d618963d7ccde499b518820231d661944ea2ec6cc11d0e4343427", kill_on_drop: false }`
[INFO] [stdout] 207faca97b1d618963d7ccde499b518820231d661944ea2ec6cc11d0e4343427
