[INFO] cloning repository https://github.com/CantelopePeel/TedBot
[INFO] running `Command { std: "git" "-c" "credential.helper=" "-c" "credential.helper=/workspace/cargo-home/bin/git-credential-null" "clone" "--bare" "https://github.com/CantelopePeel/TedBot" "/workspace/cache/git-repos/https%3A%2F%2Fgithub.com%2FCantelopePeel%2FTedBot", kill_on_drop: false }`
[INFO] [stderr] Cloning into bare repository '/workspace/cache/git-repos/https%3A%2F%2Fgithub.com%2FCantelopePeel%2FTedBot'...
[INFO] running `Command { std: "git" "rev-parse" "HEAD", kill_on_drop: false }`
[INFO] [stdout] c79cf15fa800d87d9e190f5fd7d46c62b501663e
[INFO] testing CantelopePeel/TedBot against 1.75.0 for beta-1.76-1
[INFO] running `Command { std: "git" "clone" "/workspace/cache/git-repos/https%3A%2F%2Fgithub.com%2FCantelopePeel%2FTedBot" "/workspace/builds/worker-7-tc1/source", kill_on_drop: false }`
[INFO] [stderr] Cloning into '/workspace/builds/worker-7-tc1/source'...
[INFO] [stderr] done.
[INFO] validating manifest of git repo https://github.com/CantelopePeel/TedBot on toolchain 1.75.0
[INFO] running `Command { std: CARGO_HOME="/workspace/cargo-home" RUSTUP_HOME="/workspace/rustup-home" "/workspace/cargo-home/bin/cargo" "+1.75.0" "metadata" "--manifest-path" "Cargo.toml" "--no-deps", kill_on_drop: false }`
[INFO] started tweaking git repo https://github.com/CantelopePeel/TedBot
[INFO] finished tweaking git repo https://github.com/CantelopePeel/TedBot
[INFO] tweaked toml for git repo https://github.com/CantelopePeel/TedBot written to /workspace/builds/worker-7-tc1/source/Cargo.toml
[INFO] running `Command { std: CARGO_HOME="/workspace/cargo-home" RUSTUP_HOME="/workspace/rustup-home" "/workspace/cargo-home/bin/cargo" "+1.75.0" "generate-lockfile" "--manifest-path" "Cargo.toml", kill_on_drop: false }`
[INFO] [stderr]     Updating crates.io index
[INFO] running `Command { std: CARGO_HOME="/workspace/cargo-home" RUSTUP_HOME="/workspace/rustup-home" "/workspace/cargo-home/bin/cargo" "+1.75.0" "fetch" "--manifest-path" "Cargo.toml", kill_on_drop: false }`
[INFO] [stderr]  Downloading crates ...
[INFO] [stderr]   Downloaded fail v0.3.0
[INFO] [stderr]   Downloaded owned-read v0.4.1
[INFO] [stderr]   Downloaded tantivy-query-grammar v0.11.0
[INFO] [stderr]   Downloaded levenshtein_automata v0.1.1
[INFO] [stderr]   Downloaded stopwords v0.1.1
[INFO] [stderr]   Downloaded fst v0.3.5
[INFO] [stderr]   Downloaded tantivy-fst v0.1.0
[INFO] [stderr]   Downloaded tantivy v0.11.3
[INFO] running `Command { std: "docker" "create" "-v" "/var/lib/crater-agent-workspace/builds/worker-7-tc1/target:/opt/rustwide/target:rw,Z" "-v" "/var/lib/crater-agent-workspace/builds/worker-7-tc1/source:/opt/rustwide/workdir:ro,Z" "-v" "/var/lib/crater-agent-workspace/cargo-home:/opt/rustwide/cargo-home:ro,Z" "-v" "/var/lib/crater-agent-workspace/rustup-home:/opt/rustwide/rustup-home:ro,Z" "-e" "SOURCE_DIR=/opt/rustwide/workdir" "-e" "CARGO_TARGET_DIR=/opt/rustwide/target" "-e" "CARGO_HOME=/opt/rustwide/cargo-home" "-e" "RUSTUP_HOME=/opt/rustwide/rustup-home" "-w" "/opt/rustwide/workdir" "-m" "1610612736" "--user" "0:0" "--network" "none" "ghcr.io/rust-lang/crates-build-env/linux@sha256:2788e3201cd34a07e3172128adcd8b3090168a8e3bcc40d7c032b9dda1df7d1c" "/opt/rustwide/cargo-home/bin/cargo" "+1.75.0" "metadata" "--no-deps" "--format-version=1", kill_on_drop: false }`
[INFO] [stdout] ab40e41223ef35e1d825bb3faa940f7b51dfede495da90488b63dc0cc1114f1e
[INFO] running `Command { std: "docker" "start" "-a" "ab40e41223ef35e1d825bb3faa940f7b51dfede495da90488b63dc0cc1114f1e", kill_on_drop: false }`
[INFO] running `Command { std: "docker" "inspect" "ab40e41223ef35e1d825bb3faa940f7b51dfede495da90488b63dc0cc1114f1e", kill_on_drop: false }`
[INFO] running `Command { std: "docker" "rm" "-f" "ab40e41223ef35e1d825bb3faa940f7b51dfede495da90488b63dc0cc1114f1e", kill_on_drop: false }`
[INFO] [stdout] ab40e41223ef35e1d825bb3faa940f7b51dfede495da90488b63dc0cc1114f1e
[INFO] running `Command { std: "docker" "create" "-v" "/var/lib/crater-agent-workspace/builds/worker-7-tc1/target:/opt/rustwide/target:rw,Z" "-v" "/var/lib/crater-agent-workspace/builds/worker-7-tc1/source:/opt/rustwide/workdir:ro,Z" "-v" "/var/lib/crater-agent-workspace/cargo-home:/opt/rustwide/cargo-home:ro,Z" "-v" "/var/lib/crater-agent-workspace/rustup-home:/opt/rustwide/rustup-home:ro,Z" "-e" "SOURCE_DIR=/opt/rustwide/workdir" "-e" "CARGO_TARGET_DIR=/opt/rustwide/target" "-e" "CARGO_INCREMENTAL=0" "-e" "RUST_BACKTRACE=full" "-e" "RUSTFLAGS=--cap-lints=warn" "-e" "RUSTDOCFLAGS=--cap-lints=warn" "-e" "CARGO_HOME=/opt/rustwide/cargo-home" "-e" "RUSTUP_HOME=/opt/rustwide/rustup-home" "-w" "/opt/rustwide/workdir" "-m" "1610612736" "--user" "0:0" "--network" "none" "ghcr.io/rust-lang/crates-build-env/linux@sha256:2788e3201cd34a07e3172128adcd8b3090168a8e3bcc40d7c032b9dda1df7d1c" "/opt/rustwide/cargo-home/bin/cargo" "+1.75.0" "build" "--frozen" "--message-format=json", kill_on_drop: false }`
[INFO] [stdout] 9d6021015a41a3cfadc6487831080f8c884388a26e4fadd6097e839def00e6a8
[INFO] running `Command { std: "docker" "start" "-a" "9d6021015a41a3cfadc6487831080f8c884388a26e4fadd6097e839def00e6a8", kill_on_drop: false }`
[INFO] [stderr]    Compiling autocfg v1.1.0
[INFO] [stderr]    Compiling libc v0.2.151
[INFO] [stderr]    Compiling proc-macro2 v1.0.75
[INFO] [stderr]    Compiling unicode-ident v1.0.12
[INFO] [stderr]    Compiling cfg-if v1.0.0
[INFO] [stderr]    Compiling cfg-if v0.1.10
[INFO] [stderr]    Compiling lazy_static v1.4.0
[INFO] [stderr]    Compiling rand_core v0.4.2
[INFO] [stderr]    Compiling memchr v2.7.1
[INFO] [stderr]    Compiling maybe-uninit v2.0.0
[INFO] [stderr]    Compiling byteorder v1.5.0
[INFO] [stderr]    Compiling crossbeam-utils v0.8.18
[INFO] [stderr]    Compiling autocfg v0.1.8
[INFO] [stderr]    Compiling rand_core v0.3.1
[INFO] [stderr]    Compiling void v1.0.2
[INFO] [stderr]    Compiling rustix v0.38.28
[INFO] [stderr]    Compiling serde v1.0.194
[INFO] [stderr]    Compiling syn v1.0.109
[INFO] [stderr]    Compiling slab v0.4.9
[INFO] [stderr]    Compiling crossbeam-utils v0.7.2
[INFO] [stderr]    Compiling memoffset v0.5.6
[INFO] [stderr]    Compiling crossbeam-epoch v0.8.2
[INFO] [stderr]    Compiling quote v1.0.35
[INFO] [stderr]    Compiling syn v2.0.48
[INFO] [stderr]    Compiling rand_pcg v0.1.2
[INFO] [stderr]    Compiling rand_chacha v0.1.1
[INFO] [stderr]    Compiling bitflags v2.4.1
[INFO] [stderr]    Compiling futures-sink v0.3.30
[INFO] [stderr]    Compiling bitflags v1.3.2
[INFO] [stderr]    Compiling futures-core v0.3.30
[INFO] [stderr]    Compiling log v0.4.20
[INFO] [stderr]    Compiling linux-raw-sys v0.4.12
[INFO] [stderr]    Compiling either v1.9.0
[INFO] [stderr]    Compiling futures-channel v0.3.30
[INFO] [stderr]    Compiling crossbeam-epoch v0.9.17
[INFO] [stderr]    Compiling rand v0.6.5
[INFO] [stderr]    Compiling num-traits v0.2.17
[INFO] [stderr]    Compiling pin-project-lite v0.2.13
[INFO] [stderr]    Compiling adler v1.0.2
[INFO] [stderr]    Compiling cc v1.0.83
[INFO] [stderr]    Compiling iovec v0.1.4
[INFO] [stderr]    Compiling rand v0.4.6
[INFO] [stderr]    Compiling net2 v0.2.39
[INFO] [stderr]    Compiling rayon-core v1.12.0
[INFO] [stderr]    Compiling unicode-xid v0.2.4
[INFO] [stderr]    Compiling gimli v0.28.1
[INFO] [stderr]    Compiling nix v0.14.1
[INFO] [stderr]    Compiling futures-io v0.3.30
[INFO] [stderr]    Compiling pin-utils v0.1.0
[INFO] [stderr]    Compiling crunchy v0.2.2
[INFO] [stderr]    Compiling scopeguard v1.2.0
[INFO] [stderr]    Compiling futures-task v0.3.30
[INFO] [stderr]    Compiling failure_derive v0.1.8
[INFO] [stderr]    Compiling backtrace v0.3.69
[INFO] [stderr]    Compiling mio v0.6.23
[INFO] [stderr]    Compiling synstructure v0.12.6
[INFO] [stderr]    Compiling miniz_oxide v0.7.1
[INFO] [stderr]    Compiling num_cpus v1.16.0
[INFO] [stderr]    Compiling rand_os v0.1.3
[INFO] [stderr]    Compiling inotify-sys v0.1.5
[INFO] [stderr]    Compiling crossbeam-deque v0.8.4
[INFO] [stderr]    Compiling addr2line v0.21.0
[INFO] [stderr]    Compiling object v0.32.2
[INFO] [stderr]    Compiling unreachable v1.0.0
[INFO] [stderr]    Compiling rand_xorshift v0.1.1
[INFO] [stderr]    Compiling rand_isaac v0.1.1
[INFO] [stderr]    Compiling rand_hc v0.1.0
[INFO] [stderr]    Compiling fst v0.3.5
[INFO] [stderr]    Compiling rand_jitter v0.1.4
[INFO] [stderr]    Compiling crc32fast v1.3.2
[INFO] [stderr]    Compiling regex-syntax v0.8.2
[INFO] [stderr]    Compiling thiserror v1.0.56
[INFO] [stderr]    Compiling ascii v0.9.3
[INFO] [stderr]    Compiling same-file v1.0.6
[INFO] [stderr]    Compiling stable_deref_trait v1.2.0
[INFO] [stderr]    Compiling serde_json v1.0.111
[INFO] [stderr]    Compiling lazycell v1.3.0
[INFO] [stderr]    Compiling rustc-demangle v0.1.23
[INFO] [stderr]    Compiling remove_dir_all v0.5.3
[INFO] [stderr]    Compiling combine v3.8.1
[INFO] [stderr]    Compiling tempdir v0.3.7
[INFO] [stderr]    Compiling levenshtein_automata v0.1.1
[INFO] [stderr]    Compiling mio-extras v2.0.6
[INFO] [stderr]    Compiling walkdir v2.4.0
[INFO] [stderr]    Compiling futures-macro v0.3.30
[INFO] [stderr]    Compiling regex-automata v0.4.3
[INFO] [stderr]    Compiling serde_derive v1.0.194
[INFO] [stderr]    Compiling thiserror-impl v1.0.56
[INFO] [stderr]    Compiling futures-util v0.3.30
[INFO] [stderr]    Compiling inotify v0.7.1
[INFO] [stderr]    Compiling crossbeam-deque v0.7.4
[INFO] [stderr]    Compiling filetime v0.2.23
[INFO] [stderr]    Compiling getrandom v0.2.11
[INFO] [stderr]    Compiling crossbeam-queue v0.2.3
[INFO] [stderr]    Compiling crossbeam-channel v0.4.4
[INFO] [stderr]    Compiling ryu v1.0.16
[INFO] [stderr]    Compiling fastrand v2.0.1
[INFO] [stderr]    Compiling iana-time-zone v0.1.59
[INFO] [stderr]    Compiling regex-syntax v0.4.2
[INFO] [stderr]    Compiling utf8-ranges v1.0.5
[INFO] [stderr]    Compiling itoa v1.0.10
[INFO] [stderr]    Compiling crossbeam v0.7.3
[INFO] [stderr]    Compiling chrono v0.4.31
[INFO] [stderr]    Compiling futures-executor v0.3.30
[INFO] [stderr]    Compiling tempfile v3.9.0
[INFO] [stderr]    Compiling futures v0.3.30
[INFO] [stderr]    Compiling tantivy-fst v0.1.0
[INFO] [stderr]    Compiling uuid v0.8.2
[INFO] [stderr]    Compiling notify v4.0.17
[INFO] [stderr]    Compiling rust-stemmers v1.2.0
[INFO] [stderr]    Compiling atomicwrites v0.2.5
[INFO] [stderr]    Compiling bitpacking v0.8.4
[INFO] [stderr]    Compiling tantivy-query-grammar v0.11.0
[INFO] [stderr]    Compiling failure v0.1.8
[INFO] [stderr]    Compiling regex v1.10.2
[INFO] [stderr]    Compiling rayon v1.8.0
[INFO] [stderr]    Compiling fail v0.3.0
[INFO] [stderr]    Compiling owned-read v0.4.1
[INFO] [stderr]    Compiling owning_ref v0.4.1
[INFO] [stderr]    Compiling is-terminal v0.4.10
[INFO] [stderr]    Compiling fs2 v0.4.3
[INFO] [stderr]    Compiling memmap v0.7.0
[INFO] [stderr]    Compiling itertools v0.8.2
[INFO] [stderr]    Compiling snap v0.2.5
[INFO] [stderr]    Compiling murmurhash32 v0.2.0
[INFO] [stderr]    Compiling base64 v0.11.0
[INFO] [stderr]    Compiling census v0.4.1
[INFO] [stderr]    Compiling fnv v1.0.7
[INFO] [stderr]    Compiling once_cell v1.19.0
[INFO] [stderr]    Compiling downcast-rs v1.2.0
[INFO] [stderr]    Compiling htmlescape v0.3.1
[INFO] [stderr]    Compiling smallvec v1.11.2
[INFO] [stderr]    Compiling colored v1.9.4
[INFO] [stderr]    Compiling stopwords v0.1.1
[INFO] [stderr]    Compiling rand v0.3.23
[INFO] [stderr]    Compiling tantivy v0.11.3
[INFO] [stdout] error[E0432]: unresolved import `serde::export`
[INFO] [stdout]  --> /opt/rustwide/cargo-home/registry/src/index.crates.io-6f17d22bba15001f/tantivy-0.11.3/src/collector/top_collector.rs:6:12
[INFO] [stdout]   |
[INFO] [stdout] 6 | use serde::export::PhantomData;
[INFO] [stdout]   |            ^^^^^^ could not find `export` in `serde`
[INFO] [stdout] 
[INFO] [stdout] 
[INFO] [stdout] error[E0392]: parameter `TScore` is never used
[INFO] [stdout]  --> /opt/rustwide/cargo-home/registry/src/index.crates.io-6f17d22bba15001f/tantivy-0.11.3/src/collector/custom_score_top_collector.rs:6:58
[INFO] [stdout]   |
[INFO] [stdout] 6 | pub(crate) struct CustomScoreTopCollector<TCustomScorer, TScore = Score> {
[INFO] [stdout]   |                                                          ^^^^^^^^^^^^^^ unused parameter
[INFO] [stdout]   |
[INFO] [stdout]   = help: consider removing `TScore`, referring to it in a field, or using a marker such as `PhantomData`
[INFO] [stdout]   = help: if you intended `TScore` to be a const parameter, use `const TScore: usize` instead
[INFO] [stdout] 
[INFO] [stdout] 
[INFO] [stdout] error[E0392]: parameter `TScore` is never used
[INFO] [stdout]  --> /opt/rustwide/cargo-home/registry/src/index.crates.io-6f17d22bba15001f/tantivy-0.11.3/src/collector/tweak_score_top_collector.rs:6:59
[INFO] [stdout]   |
[INFO] [stdout] 6 | pub(crate) struct TweakedScoreTopCollector<TScoreTweaker, TScore = Score> {
[INFO] [stdout]   |                                                           ^^^^^^^^^^^^^^ unused parameter
[INFO] [stdout]   |
[INFO] [stdout]   = help: consider removing `TScore`, referring to it in a field, or using a marker such as `PhantomData`
[INFO] [stdout]   = help: if you intended `TScore` to be a const parameter, use `const TScore: usize` instead
[INFO] [stdout] 
[INFO] [stdout] 
[INFO] [stdout] error[E0283]: type annotations needed
[INFO] [stdout]    --> /opt/rustwide/cargo-home/registry/src/index.crates.io-6f17d22bba15001f/tantivy-0.11.3/src/collector/top_score_collector.rs:374:9
[INFO] [stdout]     |
[INFO] [stdout] 374 |         CustomScoreTopCollector::new(custom_score, self.0.limit())
[INFO] [stdout]     |         ^^^^^^^^^^^^^^^^^^^^^^^^^^^^ cannot infer type of the type parameter `TScore` declared on the struct `CustomScoreTopCollector`
[INFO] [stdout]     |
[INFO] [stdout]     = note: cannot satisfy `_: Clone`
[INFO] [stdout] note: required by a bound in `CustomScoreTopCollector::<TCustomScorer, TScore>::new`
[INFO] [stdout]    --> /opt/rustwide/cargo-home/registry/src/index.crates.io-6f17d22bba15001f/tantivy-0.11.3/src/collector/custom_score_top_collector.rs:13:13
[INFO] [stdout]     |
[INFO] [stdout] 13  |     TScore: Clone + PartialOrd,
[INFO] [stdout]     |             ^^^^^ required by this bound in `CustomScoreTopCollector::<TCustomScorer, TScore>::new`
[INFO] [stdout] 14  | {
[INFO] [stdout] 15  |     pub fn new(
[INFO] [stdout]     |            --- required by a bound in this associated function
[INFO] [stdout] help: consider specifying the generic arguments
[INFO] [stdout]     |
[INFO] [stdout] 374 |         CustomScoreTopCollector::<TCustomScorer, TScore>::new(custom_score, self.0.limit())
[INFO] [stdout]     |                                +++++++++++++++++++++++++
[INFO] [stdout] 
[INFO] [stdout] 
[INFO] [stdout] error[E0283]: type annotations needed
[INFO] [stdout]    --> /opt/rustwide/cargo-home/registry/src/index.crates.io-6f17d22bba15001f/tantivy-0.11.3/src/collector/top_score_collector.rs:260:9
[INFO] [stdout]     |
[INFO] [stdout] 260 |         TweakedScoreTopCollector::new(score_tweaker, self.0.limit())
[INFO] [stdout]     |         ^^^^^^^^^^^^^^^^^^^^^^^^^^^^^ cannot infer type of the type parameter `TScore` declared on the struct `TweakedScoreTopCollector`
[INFO] [stdout]     |
[INFO] [stdout]     = note: cannot satisfy `_: Clone`
[INFO] [stdout] note: required by a bound in `TweakedScoreTopCollector::<TScoreTweaker, TScore>::new`
[INFO] [stdout]    --> /opt/rustwide/cargo-home/registry/src/index.crates.io-6f17d22bba15001f/tantivy-0.11.3/src/collector/tweak_score_top_collector.rs:13:13
[INFO] [stdout]     |
[INFO] [stdout] 13  |     TScore: Clone + PartialOrd,
[INFO] [stdout]     |             ^^^^^ required by this bound in `TweakedScoreTopCollector::<TScoreTweaker, TScore>::new`
[INFO] [stdout] 14  | {
[INFO] [stdout] 15  |     pub fn new(
[INFO] [stdout]     |            --- required by a bound in this associated function
[INFO] [stdout] help: consider specifying the generic arguments
[INFO] [stdout]     |
[INFO] [stdout] 260 |         TweakedScoreTopCollector::<TScoreTweaker, TScore>::new(score_tweaker, self.0.limit())
[INFO] [stdout]     |                                 +++++++++++++++++++++++++
[INFO] [stdout] 
[INFO] [stdout] 
[INFO] [stdout] error: aborting due to 5 previous errors
[INFO] [stdout] 
[INFO] [stdout] 
[INFO] [stdout] Some errors have detailed explanations: E0283, E0392, E0432.
[INFO] [stdout] 
[INFO] [stdout] For more information about an error, try `rustc --explain E0283`.
[INFO] [stdout] 
[INFO] [stderr] error: could not compile `tantivy` (lib) due to 6 previous errors
[INFO] running `Command { std: "docker" "inspect" "9d6021015a41a3cfadc6487831080f8c884388a26e4fadd6097e839def00e6a8", kill_on_drop: false }`
[INFO] running `Command { std: "docker" "rm" "-f" "9d6021015a41a3cfadc6487831080f8c884388a26e4fadd6097e839def00e6a8", kill_on_drop: false }`
[INFO] [stdout] 9d6021015a41a3cfadc6487831080f8c884388a26e4fadd6097e839def00e6a8
