[INFO] cloning repository https://github.com/Canop/coolor
[INFO] running `Command { std: "git" "-c" "credential.helper=" "-c" "credential.helper=/workspace/cargo-home/bin/git-credential-null" "clone" "--bare" "https://github.com/Canop/coolor" "/workspace/cache/git-repos/https%3A%2F%2Fgithub.com%2FCanop%2Fcoolor", kill_on_drop: false }`
[INFO] [stderr] Cloning into bare repository '/workspace/cache/git-repos/https%3A%2F%2Fgithub.com%2FCanop%2Fcoolor'...
[INFO] running `Command { std: "git" "rev-parse" "HEAD", kill_on_drop: false }`
[INFO] [stdout] 4fb511640a9c71765ddd5d125b7c5866f8935883
[INFO] testing Canop/coolor against 1.75.0 for beta-1.76-1
[INFO] running `Command { std: "git" "clone" "/workspace/cache/git-repos/https%3A%2F%2Fgithub.com%2FCanop%2Fcoolor" "/workspace/builds/worker-6-tc1/source", kill_on_drop: false }`
[INFO] [stderr] Cloning into '/workspace/builds/worker-6-tc1/source'...
[INFO] [stderr] done.
[INFO] validating manifest of git repo https://github.com/Canop/coolor on toolchain 1.75.0
[INFO] running `Command { std: CARGO_HOME="/workspace/cargo-home" RUSTUP_HOME="/workspace/rustup-home" "/workspace/cargo-home/bin/cargo" "+1.75.0" "metadata" "--manifest-path" "Cargo.toml" "--no-deps", kill_on_drop: false }`
[INFO] started tweaking git repo https://github.com/Canop/coolor
[INFO] finished tweaking git repo https://github.com/Canop/coolor
[INFO] tweaked toml for git repo https://github.com/Canop/coolor written to /workspace/builds/worker-6-tc1/source/Cargo.toml
[INFO] running `Command { std: CARGO_HOME="/workspace/cargo-home" RUSTUP_HOME="/workspace/rustup-home" "/workspace/cargo-home/bin/cargo" "+1.75.0" "generate-lockfile" "--manifest-path" "Cargo.toml", kill_on_drop: false }`
[INFO] [stderr]     Updating crates.io index
[INFO] running `Command { std: CARGO_HOME="/workspace/cargo-home" RUSTUP_HOME="/workspace/rustup-home" "/workspace/cargo-home/bin/cargo" "+1.75.0" "fetch" "--manifest-path" "Cargo.toml", kill_on_drop: false }`
[INFO] running `Command { std: "docker" "create" "-v" "/var/lib/crater-agent-workspace/builds/worker-6-tc1/target:/opt/rustwide/target:rw,Z" "-v" "/var/lib/crater-agent-workspace/builds/worker-6-tc1/source:/opt/rustwide/workdir:ro,Z" "-v" "/var/lib/crater-agent-workspace/cargo-home:/opt/rustwide/cargo-home:ro,Z" "-v" "/var/lib/crater-agent-workspace/rustup-home:/opt/rustwide/rustup-home:ro,Z" "-e" "SOURCE_DIR=/opt/rustwide/workdir" "-e" "CARGO_TARGET_DIR=/opt/rustwide/target" "-e" "CARGO_HOME=/opt/rustwide/cargo-home" "-e" "RUSTUP_HOME=/opt/rustwide/rustup-home" "-w" "/opt/rustwide/workdir" "-m" "1610612736" "--user" "0:0" "--network" "none" "ghcr.io/rust-lang/crates-build-env/linux@sha256:2788e3201cd34a07e3172128adcd8b3090168a8e3bcc40d7c032b9dda1df7d1c" "/opt/rustwide/cargo-home/bin/cargo" "+1.75.0" "metadata" "--no-deps" "--format-version=1", kill_on_drop: false }`
[INFO] [stdout] 679c2a7ebcf2b5abf20cb3bf8e3fcde19b5fe6aa342c01023d6e920d139021f1
[INFO] running `Command { std: "docker" "start" "-a" "679c2a7ebcf2b5abf20cb3bf8e3fcde19b5fe6aa342c01023d6e920d139021f1", kill_on_drop: false }`
[INFO] running `Command { std: "docker" "inspect" "679c2a7ebcf2b5abf20cb3bf8e3fcde19b5fe6aa342c01023d6e920d139021f1", kill_on_drop: false }`
[INFO] running `Command { std: "docker" "rm" "-f" "679c2a7ebcf2b5abf20cb3bf8e3fcde19b5fe6aa342c01023d6e920d139021f1", kill_on_drop: false }`
[INFO] [stdout] 679c2a7ebcf2b5abf20cb3bf8e3fcde19b5fe6aa342c01023d6e920d139021f1
[INFO] running `Command { std: "docker" "create" "-v" "/var/lib/crater-agent-workspace/builds/worker-6-tc1/target:/opt/rustwide/target:rw,Z" "-v" "/var/lib/crater-agent-workspace/builds/worker-6-tc1/source:/opt/rustwide/workdir:ro,Z" "-v" "/var/lib/crater-agent-workspace/cargo-home:/opt/rustwide/cargo-home:ro,Z" "-v" "/var/lib/crater-agent-workspace/rustup-home:/opt/rustwide/rustup-home:ro,Z" "-e" "SOURCE_DIR=/opt/rustwide/workdir" "-e" "CARGO_TARGET_DIR=/opt/rustwide/target" "-e" "CARGO_INCREMENTAL=0" "-e" "RUST_BACKTRACE=full" "-e" "RUSTFLAGS=--cap-lints=warn" "-e" "RUSTDOCFLAGS=--cap-lints=warn" "-e" "CARGO_HOME=/opt/rustwide/cargo-home" "-e" "RUSTUP_HOME=/opt/rustwide/rustup-home" "-w" "/opt/rustwide/workdir" "-m" "1610612736" "--user" "0:0" "--network" "none" "ghcr.io/rust-lang/crates-build-env/linux@sha256:2788e3201cd34a07e3172128adcd8b3090168a8e3bcc40d7c032b9dda1df7d1c" "/opt/rustwide/cargo-home/bin/cargo" "+1.75.0" "build" "--frozen" "--message-format=json", kill_on_drop: false }`
[INFO] [stdout] 5acc6d04bc1233b505d2ea4eb2cd65ff0c6a93ed8635faec4328e8625f0b4f7d
[INFO] running `Command { std: "docker" "start" "-a" "5acc6d04bc1233b505d2ea4eb2cd65ff0c6a93ed8635faec4328e8625f0b4f7d", kill_on_drop: false }`
[INFO] [stderr]    Compiling coolor v0.8.0 (/opt/rustwide/workdir)
[INFO] [stderr]     Finished dev [unoptimized + debuginfo] target(s) in 0.11s
[INFO] running `Command { std: "docker" "inspect" "5acc6d04bc1233b505d2ea4eb2cd65ff0c6a93ed8635faec4328e8625f0b4f7d", kill_on_drop: false }`
[INFO] running `Command { std: "docker" "rm" "-f" "5acc6d04bc1233b505d2ea4eb2cd65ff0c6a93ed8635faec4328e8625f0b4f7d", kill_on_drop: false }`
[INFO] [stdout] 5acc6d04bc1233b505d2ea4eb2cd65ff0c6a93ed8635faec4328e8625f0b4f7d
[INFO] running `Command { std: "docker" "create" "-v" "/var/lib/crater-agent-workspace/builds/worker-6-tc1/target:/opt/rustwide/target:rw,Z" "-v" "/var/lib/crater-agent-workspace/builds/worker-6-tc1/source:/opt/rustwide/workdir:ro,Z" "-v" "/var/lib/crater-agent-workspace/cargo-home:/opt/rustwide/cargo-home:ro,Z" "-v" "/var/lib/crater-agent-workspace/rustup-home:/opt/rustwide/rustup-home:ro,Z" "-e" "SOURCE_DIR=/opt/rustwide/workdir" "-e" "CARGO_TARGET_DIR=/opt/rustwide/target" "-e" "CARGO_INCREMENTAL=0" "-e" "RUST_BACKTRACE=full" "-e" "RUSTFLAGS=--cap-lints=warn" "-e" "RUSTDOCFLAGS=--cap-lints=warn" "-e" "CARGO_HOME=/opt/rustwide/cargo-home" "-e" "RUSTUP_HOME=/opt/rustwide/rustup-home" "-w" "/opt/rustwide/workdir" "-m" "1610612736" "--user" "0:0" "--network" "none" "ghcr.io/rust-lang/crates-build-env/linux@sha256:2788e3201cd34a07e3172128adcd8b3090168a8e3bcc40d7c032b9dda1df7d1c" "/opt/rustwide/cargo-home/bin/cargo" "+1.75.0" "test" "--frozen" "--no-run" "--message-format=json", kill_on_drop: false }`
[INFO] [stdout] fec80423b2e5b331c790746a4c6f54063dfeb1323a5354be50bfeb2d818cb1d6
[INFO] running `Command { std: "docker" "start" "-a" "fec80423b2e5b331c790746a4c6f54063dfeb1323a5354be50bfeb2d818cb1d6", kill_on_drop: false }`
[INFO] [stderr]    Compiling libc v0.2.151
[INFO] [stderr]    Compiling proc-macro2 v1.0.75
[INFO] [stderr]    Compiling unicode-ident v1.0.12
[INFO] [stderr]    Compiling cfg-if v1.0.0
[INFO] [stderr]    Compiling autocfg v1.1.0
[INFO] [stderr]    Compiling pkg-config v0.3.28
[INFO] [stderr]    Compiling serde v1.0.194
[INFO] [stderr]    Compiling memchr v2.7.1
[INFO] [stderr]    Compiling log v0.4.20
[INFO] [stderr]    Compiling crossbeam-utils v0.8.18
[INFO] [stderr]    Compiling smallvec v1.11.2
[INFO] [stderr]    Compiling parking_lot_core v0.9.9
[INFO] [stderr]    Compiling signal-hook v0.3.17
[INFO] [stderr]    Compiling bitflags v1.3.2
[INFO] [stderr]    Compiling scopeguard v1.2.0
[INFO] [stderr]    Compiling vcpkg v0.2.15
[INFO] [stderr]    Compiling thiserror v1.0.56
[INFO] [stderr]    Compiling regex-syntax v0.8.2
[INFO] [stderr]    Compiling tinyvec_macros v0.1.1
[INFO] [stderr]    Compiling tinyvec v1.6.0
[INFO] [stderr]    Compiling rustix v0.38.28
[INFO] [stderr]    Compiling bitflags v2.4.1
[INFO] [stderr]    Compiling linux-raw-sys v0.4.12
[INFO] [stderr]    Compiling itoa v1.0.10
[INFO] [stderr]    Compiling iana-time-zone v0.1.59
[INFO] [stderr]    Compiling percent-encoding v2.3.1
[INFO] [stderr]    Compiling lock_api v0.4.11
[INFO] [stderr]    Compiling num-traits v0.2.17
[INFO] [stderr]    Compiling unicode-bidi v0.3.14
[INFO] [stderr]    Compiling aho-corasick v1.1.2
[INFO] [stderr]    Compiling ahash v0.4.8
[INFO] [stderr]    Compiling ryu v1.0.16
[INFO] [stderr]    Compiling once_cell v1.19.0
[INFO] [stderr]    Compiling anyhow v1.0.79
[INFO] [stderr]    Compiling hashbrown v0.9.1
[INFO] [stderr]    Compiling quote v1.0.35
[INFO] [stderr]    Compiling unicode-normalization v0.1.22
[INFO] [stderr]    Compiling crossbeam-epoch v0.9.17
[INFO] [stderr]    Compiling crossbeam-channel v0.5.10
[INFO] [stderr]    Compiling crossbeam-queue v0.3.10
[INFO] [stderr]    Compiling syn v2.0.48
[INFO] [stderr]    Compiling form_urlencoded v1.2.1
[INFO] [stderr]    Compiling csv-core v0.1.11
[INFO] [stderr]    Compiling fastrand v2.0.1
[INFO] [stderr]    Compiling jobserver v0.1.27
[INFO] [stderr]    Compiling signal-hook-registry v1.4.1
[INFO] [stderr]    Compiling mio v0.8.10
[INFO] [stderr]    Compiling cc v1.0.83
[INFO] [stderr]    Compiling idna v0.5.0
[INFO] [stderr]    Compiling crossbeam-deque v0.8.4
[INFO] [stderr]    Compiling getrandom v0.2.11
[INFO] [stderr]    Compiling dirs-sys-next v0.1.2
[INFO] [stderr]    Compiling parking_lot v0.12.1
[INFO] [stderr]    Compiling file-size v1.0.3
[INFO] [stderr]    Compiling signal-hook-mio v0.2.3
[INFO] [stderr]    Compiling pathdiff v0.2.1
[INFO] [stderr]    Compiling serde_json v1.0.111
[INFO] [stderr]    Compiling crossbeam v0.8.3
[INFO] [stderr]    Compiling open v1.7.1
[INFO] [stderr]    Compiling directories-next v2.0.0
[INFO] [stderr]    Compiling rand_core v0.6.4
[INFO] [stderr]    Compiling hashlink v0.6.0
[INFO] [stderr]    Compiling crossterm v0.23.2
[INFO] [stderr]    Compiling url v2.5.0
[INFO] [stderr]    Compiling minimad v0.13.0
[INFO] [stderr]    Compiling fallible-iterator v0.2.0
[INFO] [stderr]    Compiling svg v0.13.1
[INFO] [stderr]    Compiling ppv-lite86 v0.2.17
[INFO] [stderr]    Compiling unicode-width v0.1.11
[INFO] [stderr]    Compiling fallible-streaming-iterator v0.1.9
[INFO] [stderr]    Compiling lazy_static v1.4.0
[INFO] [stderr]    Compiling regex-automata v0.4.3
[INFO] [stderr]    Compiling base64 v0.13.1
[INFO] [stderr]    Compiling rand_chacha v0.3.1
[INFO] [stderr]    Compiling tempfile v3.9.0
[INFO] [stderr]    Compiling coolor v0.8.0
[INFO] [stderr]    Compiling libz-sys v1.1.12
[INFO] [stderr]    Compiling libsqlite3-sys v0.20.1
[INFO] [stderr]    Compiling libgit2-sys v0.13.5+1.4.5
[INFO] [stderr]    Compiling rand v0.8.5
[INFO] [stderr]    Compiling regex v1.10.2
[INFO] [stderr]    Compiling serde_derive v1.0.194
[INFO] [stderr]    Compiling thiserror-impl v1.0.56
[INFO] [stderr]    Compiling lazy-regex-proc_macros v3.1.0
[INFO] [stderr]    Compiling proc-status v0.1.1
[INFO] [stderr]    Compiling lazy-regex v3.1.0
[INFO] [stderr]    Compiling git2 v0.14.4
[INFO] [stderr]    Compiling argh_shared v0.1.12
[INFO] [stderr]    Compiling chrono v0.4.31
[INFO] [stderr]    Compiling csv v1.3.0
[INFO] [stderr]    Compiling termimad v0.25.7
[INFO] [stderr]    Compiling argh_derive v0.1.12
[INFO] [stderr]    Compiling rusqlite v0.24.2
[INFO] [stderr]    Compiling cli-log v2.0.0
[INFO] [stderr]    Compiling argh v0.1.12
[INFO] [stderr]    Compiling csv2svg v0.1.12
[INFO] [stderr]    Compiling glassbench v0.3.6
[INFO] [stderr]    Compiling coolor v0.8.0 (/opt/rustwide/workdir)
[INFO] [stdout] error[E0433]: failed to resolve: use of undeclared crate or module `crossterm`
[INFO] [stdout]  --> examples/ansi-grey/main.rs:5:5
[INFO] [stdout]   |
[INFO] [stdout] 5 |     crossterm::style::{Color as CC, Stylize},
[INFO] [stdout]   |     ^^^^^^^^^ use of undeclared crate or module `crossterm`
[INFO] [stdout] 
[INFO] [stdout] 
[INFO] [stdout] error[E0433]: failed to resolve: use of undeclared crate or module `crossterm`
[INFO] [stdout]  --> examples/ansi-variations/main.rs:5:5
[INFO] [stdout]   |
[INFO] [stdout] 5 |     crossterm::style::{Color, Stylize},
[INFO] [stdout]   |     ^^^^^^^^^ use of undeclared crate or module `crossterm`
[INFO] [stdout] 
[INFO] [stdout] 
[INFO] [stdout] error[E0433]: failed to resolve: use of undeclared crate or module `crossterm`
[INFO] [stdout]  --> examples/rgb-to-ansi/main.rs:5:5
[INFO] [stdout]   |
[INFO] [stdout] 5 |     crossterm::style::{Color as CC, Stylize},
[INFO] [stdout]   |     ^^^^^^^^^ use of undeclared crate or module `crossterm`
[INFO] [stdout] 
[INFO] [stdout] 
[INFO] [stdout] error[E0433]: failed to resolve: use of undeclared crate or module `crossterm`
[INFO] [stdout]  --> examples/ansi-mix/main.rs:5:5
[INFO] [stdout]   |
[INFO] [stdout] 5 |     crossterm::style::{self, Stylize},
[INFO] [stdout]   |     ^^^^^^^^^ use of undeclared crate or module `crossterm`
[INFO] [stdout] 
[INFO] [stdout] 
[INFO] [stdout] error[E0432]: unresolved import `crossterm`
[INFO] [stdout]  --> examples/ansi-mix/main.rs:5:5
[INFO] [stdout]   |
[INFO] [stdout] 5 |     crossterm::style::{self, Stylize},
[INFO] [stdout]   |     ^^^^^^^^^ use of undeclared crate or module `crossterm`
[INFO] [stdout] 
[INFO] [stdout] 
[INFO] [stdout] error[E0599]: no method named `with` found for reference `&'static str` in the current scope
[INFO] [stdout]  --> examples/ansi-variations/main.rs:9:22
[INFO] [stdout]   |
[INFO] [stdout] 9 |     print!("{}", "█".with(Color::AnsiValue(ansi.code)));
[INFO] [stdout]   |                      ^^^^ method not found in `&str`
[INFO] [stdout] 
[INFO] [stdout] 
[INFO] [stdout] error[E0599]: no method named `with` found for reference `&'static str` in the current scope
[INFO] [stdout]   --> examples/ansi-grey/main.rs:15:27
[INFO] [stdout]    |
[INFO] [stdout] 15 |     print!("{}", "██████".with(cc));
[INFO] [stdout]    |                           ^^^^ method not found in `&str`
[INFO] [stdout] 
[INFO] [stdout] 
[INFO] [stdout] error[E0599]: no method named `with` found for reference `&'static str` in the current scope
[INFO] [stdout]   --> examples/rgb-to-ansi/main.rs:16:27
[INFO] [stdout]    |
[INFO] [stdout] 16 |     print!("{}", "██████".with(cc));
[INFO] [stdout]    |                           ^^^^ method not found in `&str`
[INFO] [stdout] 
[INFO] [stdout] 
[INFO] [stdout] error: aborting due to 2 previous errors
[INFO] [stdout] 
[INFO] [stdout] 
[INFO] [stdout] Some errors have detailed explanations: E0433, E0599.
[INFO] [stdout] 
[INFO] [stdout] For more information about an error, try `rustc --explain E0433`.
[INFO] [stdout] 
[INFO] [stdout] error: aborting due to 2 previous errors
[INFO] [stdout] 
[INFO] [stdout] 
[INFO] [stdout] Some errors have detailed explanations: E0433, E0599.
[INFO] [stdout] 
[INFO] [stdout] For more information about an error, try `rustc --explain E0433`.
[INFO] [stdout] 
[INFO] [stdout] error: aborting due to 2 previous errors
[INFO] [stdout] 
[INFO] [stdout] 
[INFO] [stdout] Some errors have detailed explanations: E0433, E0599.
[INFO] [stdout] 
[INFO] [stdout] For more information about an error, try `rustc --explain E0433`.
[INFO] [stdout] 
[INFO] [stderr] error: could not compile `coolor` (example "ansi-variations") due to 3 previous errors
[INFO] [stderr] warning: build failed, waiting for other jobs to finish...
[INFO] [stderr] error: could not compile `coolor` (example "ansi-grey") due to 3 previous errors
[INFO] [stderr] error: could not compile `coolor` (example "rgb-to-ansi") due to 3 previous errors
[INFO] [stdout] error[E0599]: no method named `with` found for reference `&'static str` in the current scope
[INFO] [stdout]   --> examples/ansi-mix/main.rs:17:22
[INFO] [stdout]    |
[INFO] [stdout] 17 |     print!("{}", "█".with(style::Color::AnsiValue(ansi.code)));
[INFO] [stdout]    |                      ^^^^ method not found in `&str`
[INFO] [stdout]    |
[INFO] [stdout]    = help: items from traits can only be used if the trait is in scope
[INFO] [stdout] help: the following trait is implemented but not in scope; perhaps add a `use` for it:
[INFO] [stdout]    |
[INFO] [stdout] 3  + use crossterm::style::Stylize;
[INFO] [stdout]    |
[INFO] [stdout] 
[INFO] [stdout] 
[INFO] [stdout] error: aborting due to 3 previous errors
[INFO] [stdout] 
[INFO] [stdout] 
[INFO] [stdout] Some errors have detailed explanations: E0432, E0433, E0599.
[INFO] [stdout] 
[INFO] [stdout] For more information about an error, try `rustc --explain E0432`.
[INFO] [stdout] 
[INFO] [stderr] error: could not compile `coolor` (example "ansi-mix") due to 4 previous errors
[INFO] running `Command { std: "docker" "inspect" "fec80423b2e5b331c790746a4c6f54063dfeb1323a5354be50bfeb2d818cb1d6", kill_on_drop: false }`
[INFO] running `Command { std: "docker" "rm" "-f" "fec80423b2e5b331c790746a4c6f54063dfeb1323a5354be50bfeb2d818cb1d6", kill_on_drop: false }`
[INFO] [stdout] fec80423b2e5b331c790746a4c6f54063dfeb1323a5354be50bfeb2d818cb1d6
[INFO] testing Canop/coolor against beta-2023-12-22 for beta-1.76-1
[INFO] running `Command { std: "git" "clone" "/workspace/cache/git-repos/https%3A%2F%2Fgithub.com%2FCanop%2Fcoolor" "/workspace/builds/worker-6-tc2/source", kill_on_drop: false }`
[INFO] [stderr] Cloning into '/workspace/builds/worker-6-tc2/source'...
[INFO] [stderr] done.
[INFO] validating manifest of git repo https://github.com/Canop/coolor on toolchain beta-2023-12-22
[INFO] running `Command { std: CARGO_HOME="/workspace/cargo-home" RUSTUP_HOME="/workspace/rustup-home" "/workspace/cargo-home/bin/cargo" "+beta-2023-12-22" "metadata" "--manifest-path" "Cargo.toml" "--no-deps", kill_on_drop: false }`
[INFO] started tweaking git repo https://github.com/Canop/coolor
[INFO] finished tweaking git repo https://github.com/Canop/coolor
[INFO] tweaked toml for git repo https://github.com/Canop/coolor written to /workspace/builds/worker-6-tc2/source/Cargo.toml
[INFO] running `Command { std: CARGO_HOME="/workspace/cargo-home" RUSTUP_HOME="/workspace/rustup-home" "/workspace/cargo-home/bin/cargo" "+beta-2023-12-22" "generate-lockfile" "--manifest-path" "Cargo.toml", kill_on_drop: false }`
[INFO] [stderr]     Updating crates.io index
[INFO] running `Command { std: CARGO_HOME="/workspace/cargo-home" RUSTUP_HOME="/workspace/rustup-home" "/workspace/cargo-home/bin/cargo" "+beta-2023-12-22" "fetch" "--manifest-path" "Cargo.toml", kill_on_drop: false }`
[INFO] running `Command { std: "docker" "create" "-v" "/var/lib/crater-agent-workspace/builds/worker-6-tc2/target:/opt/rustwide/target:rw,Z" "-v" "/var/lib/crater-agent-workspace/builds/worker-6-tc2/source:/opt/rustwide/workdir:ro,Z" "-v" "/var/lib/crater-agent-workspace/cargo-home:/opt/rustwide/cargo-home:ro,Z" "-v" "/var/lib/crater-agent-workspace/rustup-home:/opt/rustwide/rustup-home:ro,Z" "-e" "SOURCE_DIR=/opt/rustwide/workdir" "-e" "CARGO_TARGET_DIR=/opt/rustwide/target" "-e" "CARGO_HOME=/opt/rustwide/cargo-home" "-e" "RUSTUP_HOME=/opt/rustwide/rustup-home" "-w" "/opt/rustwide/workdir" "-m" "1610612736" "--user" "0:0" "--network" "none" "ghcr.io/rust-lang/crates-build-env/linux@sha256:2788e3201cd34a07e3172128adcd8b3090168a8e3bcc40d7c032b9dda1df7d1c" "/opt/rustwide/cargo-home/bin/cargo" "+beta-2023-12-22" "metadata" "--no-deps" "--format-version=1", kill_on_drop: false }`
[INFO] [stdout] 1fbd8dd3376f451adfdd74e0318b522246cb5659d839c4c7028cbe7ebbfe5f31
[INFO] running `Command { std: "docker" "start" "-a" "1fbd8dd3376f451adfdd74e0318b522246cb5659d839c4c7028cbe7ebbfe5f31", kill_on_drop: false }`
[INFO] running `Command { std: "docker" "inspect" "1fbd8dd3376f451adfdd74e0318b522246cb5659d839c4c7028cbe7ebbfe5f31", kill_on_drop: false }`
[INFO] running `Command { std: "docker" "rm" "-f" "1fbd8dd3376f451adfdd74e0318b522246cb5659d839c4c7028cbe7ebbfe5f31", kill_on_drop: false }`
[INFO] [stdout] 1fbd8dd3376f451adfdd74e0318b522246cb5659d839c4c7028cbe7ebbfe5f31
[INFO] running `Command { std: "docker" "create" "-v" "/var/lib/crater-agent-workspace/builds/worker-6-tc2/target:/opt/rustwide/target:rw,Z" "-v" "/var/lib/crater-agent-workspace/builds/worker-6-tc2/source:/opt/rustwide/workdir:ro,Z" "-v" "/var/lib/crater-agent-workspace/cargo-home:/opt/rustwide/cargo-home:ro,Z" "-v" "/var/lib/crater-agent-workspace/rustup-home:/opt/rustwide/rustup-home:ro,Z" "-e" "SOURCE_DIR=/opt/rustwide/workdir" "-e" "CARGO_TARGET_DIR=/opt/rustwide/target" "-e" "CARGO_INCREMENTAL=0" "-e" "RUST_BACKTRACE=full" "-e" "RUSTFLAGS=--cap-lints=warn" "-e" "RUSTDOCFLAGS=--cap-lints=warn" "-e" "CARGO_HOME=/opt/rustwide/cargo-home" "-e" "RUSTUP_HOME=/opt/rustwide/rustup-home" "-w" "/opt/rustwide/workdir" "-m" "1610612736" "--user" "0:0" "--network" "none" "ghcr.io/rust-lang/crates-build-env/linux@sha256:2788e3201cd34a07e3172128adcd8b3090168a8e3bcc40d7c032b9dda1df7d1c" "/opt/rustwide/cargo-home/bin/cargo" "+beta-2023-12-22" "build" "--frozen" "--message-format=json", kill_on_drop: false }`
[INFO] [stdout] 7692839b574fe220611ef1b7182cb02b51cf15519b7ea47ec0d09fade11d17b4
[INFO] running `Command { std: "docker" "start" "-a" "7692839b574fe220611ef1b7182cb02b51cf15519b7ea47ec0d09fade11d17b4", kill_on_drop: false }`
[INFO] [stderr]    Compiling coolor v0.8.0 (/opt/rustwide/workdir)
[INFO] [stderr]     Finished dev [unoptimized + debuginfo] target(s) in 0.12s
[INFO] running `Command { std: "docker" "inspect" "7692839b574fe220611ef1b7182cb02b51cf15519b7ea47ec0d09fade11d17b4", kill_on_drop: false }`
[INFO] running `Command { std: "docker" "rm" "-f" "7692839b574fe220611ef1b7182cb02b51cf15519b7ea47ec0d09fade11d17b4", kill_on_drop: false }`
[INFO] [stdout] 7692839b574fe220611ef1b7182cb02b51cf15519b7ea47ec0d09fade11d17b4
[INFO] running `Command { std: "docker" "create" "-v" "/var/lib/crater-agent-workspace/builds/worker-6-tc2/target:/opt/rustwide/target:rw,Z" "-v" "/var/lib/crater-agent-workspace/builds/worker-6-tc2/source:/opt/rustwide/workdir:ro,Z" "-v" "/var/lib/crater-agent-workspace/cargo-home:/opt/rustwide/cargo-home:ro,Z" "-v" "/var/lib/crater-agent-workspace/rustup-home:/opt/rustwide/rustup-home:ro,Z" "-e" "SOURCE_DIR=/opt/rustwide/workdir" "-e" "CARGO_TARGET_DIR=/opt/rustwide/target" "-e" "CARGO_INCREMENTAL=0" "-e" "RUST_BACKTRACE=full" "-e" "RUSTFLAGS=--cap-lints=warn" "-e" "RUSTDOCFLAGS=--cap-lints=warn" "-e" "CARGO_HOME=/opt/rustwide/cargo-home" "-e" "RUSTUP_HOME=/opt/rustwide/rustup-home" "-w" "/opt/rustwide/workdir" "-m" "1610612736" "--user" "0:0" "--network" "none" "ghcr.io/rust-lang/crates-build-env/linux@sha256:2788e3201cd34a07e3172128adcd8b3090168a8e3bcc40d7c032b9dda1df7d1c" "/opt/rustwide/cargo-home/bin/cargo" "+beta-2023-12-22" "test" "--frozen" "--no-run" "--message-format=json", kill_on_drop: false }`
[INFO] [stdout] 3f022628234f012932b993c569dd3f72dd28350fb0a1c5f362945a849c845bea
[INFO] running `Command { std: "docker" "start" "-a" "3f022628234f012932b993c569dd3f72dd28350fb0a1c5f362945a849c845bea", kill_on_drop: false }`
[INFO] [stderr]    Compiling libc v0.2.151
[INFO] [stderr]    Compiling proc-macro2 v1.0.75
[INFO] [stderr]    Compiling unicode-ident v1.0.12
[INFO] [stderr]    Compiling cfg-if v1.0.0
[INFO] [stderr]    Compiling autocfg v1.1.0
[INFO] [stderr]    Compiling pkg-config v0.3.28
[INFO] [stderr]    Compiling serde v1.0.194
[INFO] [stderr]    Compiling memchr v2.7.1
[INFO] [stderr]    Compiling log v0.4.20
[INFO] [stderr]    Compiling crossbeam-utils v0.8.18
[INFO] [stderr]    Compiling smallvec v1.11.2
[INFO] [stderr]    Compiling parking_lot_core v0.9.9
[INFO] [stderr]    Compiling signal-hook v0.3.17
[INFO] [stderr]    Compiling bitflags v1.3.2
[INFO] [stderr]    Compiling scopeguard v1.2.0
[INFO] [stderr]    Compiling thiserror v1.0.56
[INFO] [stderr]    Compiling vcpkg v0.2.15
[INFO] [stderr]    Compiling regex-syntax v0.8.2
[INFO] [stderr]    Compiling tinyvec_macros v0.1.1
[INFO] [stderr]    Compiling rustix v0.38.28
[INFO] [stderr]    Compiling tinyvec v1.6.0
[INFO] [stderr]    Compiling ahash v0.4.8
[INFO] [stderr]    Compiling unicode-bidi v0.3.14
[INFO] [stderr]    Compiling iana-time-zone v0.1.59
[INFO] [stderr]    Compiling itoa v1.0.10
[INFO] [stderr]    Compiling anyhow v1.0.79
[INFO] [stderr]    Compiling linux-raw-sys v0.4.12
[INFO] [stderr]    Compiling lock_api v0.4.11
[INFO] [stderr]    Compiling num-traits v0.2.17
[INFO] [stderr]    Compiling ryu v1.0.16
[INFO] [stderr]    Compiling aho-corasick v1.1.2
[INFO] [stderr]    Compiling percent-encoding v2.3.1
[INFO] [stderr]    Compiling bitflags v2.4.1
[INFO] [stderr]    Compiling once_cell v1.19.0
[INFO] [stderr]    Compiling crossbeam-epoch v0.9.17
[INFO] [stderr]    Compiling quote v1.0.35
[INFO] [stderr]    Compiling crossbeam-channel v0.5.10
[INFO] [stderr]    Compiling crossbeam-queue v0.3.10
[INFO] [stderr]    Compiling syn v2.0.48
[INFO] [stderr]    Compiling unicode-normalization v0.1.22
[INFO] [stderr]    Compiling crossbeam-deque v0.8.4
[INFO] [stderr]    Compiling jobserver v0.1.27
[INFO] [stderr]    Compiling signal-hook-registry v1.4.1
[INFO] [stderr]    Compiling mio v0.8.10
[INFO] [stderr]    Compiling getrandom v0.2.11
[INFO] [stderr]    Compiling dirs-sys-next v0.1.2
[INFO] [stderr]    Compiling form_urlencoded v1.2.1
[INFO] [stderr]    Compiling csv-core v0.1.11
[INFO] [stderr]    Compiling cc v1.0.83
[INFO] [stderr]    Compiling parking_lot v0.12.1
[INFO] [stderr]    Compiling hashbrown v0.9.1
[INFO] [stderr]    Compiling idna v0.5.0
[INFO] [stderr]    Compiling fastrand v2.0.1
[INFO] [stderr]    Compiling serde_json v1.0.111
[INFO] [stderr]    Compiling signal-hook-mio v0.2.3
[INFO] [stderr]    Compiling pathdiff v0.2.1
[INFO] [stderr]    Compiling file-size v1.0.3
[INFO] [stderr]    Compiling crossterm v0.23.2
[INFO] [stderr]    Compiling open v1.7.1
[INFO] [stderr]    Compiling directories-next v2.0.0
[INFO] [stderr]    Compiling rand_core v0.6.4
[INFO] [stderr]    Compiling crossbeam v0.8.3
[INFO] [stderr]    Compiling hashlink v0.6.0
[INFO] [stderr]    Compiling minimad v0.13.0
[INFO] [stderr]    Compiling regex-automata v0.4.3
[INFO] [stderr]    Compiling url v2.5.0
[INFO] [stderr]    Compiling unicode-width v0.1.11
[INFO] [stderr]    Compiling fallible-streaming-iterator v0.1.9
[INFO] [stderr]    Compiling ppv-lite86 v0.2.17
[INFO] [stderr]    Compiling svg v0.13.1
[INFO] [stderr]    Compiling fallible-iterator v0.2.0
[INFO] [stderr]    Compiling lazy_static v1.4.0
[INFO] [stderr]    Compiling coolor v0.8.0
[INFO] [stderr]    Compiling base64 v0.13.1
[INFO] [stderr]    Compiling rand_chacha v0.3.1
[INFO] [stderr]    Compiling tempfile v3.9.0
[INFO] [stderr]    Compiling rand v0.8.5
[INFO] [stderr]    Compiling libz-sys v1.1.12
[INFO] [stderr]    Compiling libgit2-sys v0.13.5+1.4.5
[INFO] [stderr]    Compiling libsqlite3-sys v0.20.1
[INFO] [stderr]    Compiling regex v1.10.2
[INFO] [stderr]    Compiling serde_derive v1.0.194
[INFO] [stderr]    Compiling thiserror-impl v1.0.56
[INFO] [stderr]    Compiling lazy-regex-proc_macros v3.1.0
[INFO] [stderr]    Compiling proc-status v0.1.1
[INFO] [stderr]    Compiling lazy-regex v3.1.0
[INFO] [stderr]    Compiling git2 v0.14.4
[INFO] [stderr]    Compiling argh_shared v0.1.12
[INFO] [stderr]    Compiling chrono v0.4.31
[INFO] [stderr]    Compiling csv v1.3.0
[INFO] [stderr]    Compiling termimad v0.25.7
[INFO] [stderr]    Compiling argh_derive v0.1.12
[INFO] [stderr]    Compiling rusqlite v0.24.2
[INFO] [stderr]    Compiling cli-log v2.0.0
[INFO] [stderr]    Compiling argh v0.1.12
[INFO] [stderr]    Compiling csv2svg v0.1.12
[INFO] [stderr]    Compiling glassbench v0.3.6
[INFO] [stderr]    Compiling coolor v0.8.0 (/opt/rustwide/workdir)
[INFO] [stdout] error[E0433]: failed to resolve: use of undeclared crate or module `crossterm`
[INFO] [stdout]  --> examples/ansi-variations/main.rs:5:5
[INFO] [stdout]   |
[INFO] [stdout] 5 |     crossterm::style::{Color, Stylize},
[INFO] [stdout]   |     ^^^^^^^^^ use of undeclared crate or module `crossterm`
[INFO] [stdout] 
[INFO] [stdout] 
[INFO] [stdout] error[E0433]: failed to resolve: use of undeclared crate or module `crossterm`
[INFO] [stdout]  --> examples/ansi-grey/main.rs:5:5
[INFO] [stdout]   |
[INFO] [stdout] 5 |     crossterm::style::{Color as CC, Stylize},
[INFO] [stdout]   |     ^^^^^^^^^ use of undeclared crate or module `crossterm`
[INFO] [stdout] 
[INFO] [stdout] 
[INFO] [stdout] error[E0433]: failed to resolve: use of undeclared crate or module `crossterm`
[INFO] [stdout]  --> examples/rgb-to-ansi/main.rs:5:5
[INFO] [stdout]   |
[INFO] [stdout] 5 |     crossterm::style::{Color as CC, Stylize},
[INFO] [stdout]   |     ^^^^^^^^^ use of undeclared crate or module `crossterm`
[INFO] [stdout] 
[INFO] [stdout] 
[INFO] [stdout] error[E0433]: failed to resolve: use of undeclared crate or module `crossterm`
[INFO] [stdout]  --> examples/ansi-mix/main.rs:5:5
[INFO] [stdout]   |
[INFO] [stdout] 5 |     crossterm::style::{self, Stylize},
[INFO] [stdout]   |     ^^^^^^^^^ use of undeclared crate or module `crossterm`
[INFO] [stdout] 
[INFO] [stdout] 
[INFO] [stdout] error[E0432]: unresolved import `crossterm`
[INFO] [stdout]  --> examples/ansi-mix/main.rs:5:5
[INFO] [stdout]   |
[INFO] [stdout] 5 |     crossterm::style::{self, Stylize},
[INFO] [stdout]   |     ^^^^^^^^^ use of undeclared crate or module `crossterm`
[INFO] [stdout] 
[INFO] [stdout] 
[INFO] [stdout] error[E0599]: no method named `with` found for reference `&'static str` in the current scope
[INFO] [stdout]  --> examples/ansi-variations/main.rs:9:22
[INFO] [stdout]   |
[INFO] [stdout] 9 |     print!("{}", "█".with(Color::AnsiValue(ansi.code)));
[INFO] [stdout]   |                      ^^^^ method not found in `&str`
[INFO] [stdout] 
[INFO] [stdout] 
[INFO] [stdout] error[E0599]: no method named `with` found for reference `&'static str` in the current scope
[INFO] [stdout]   --> examples/ansi-grey/main.rs:15:27
[INFO] [stdout]    |
[INFO] [stdout] 15 |     print!("{}", "██████".with(cc));
[INFO] [stdout]    |                           ^^^^ method not found in `&str`
[INFO] [stdout] 
[INFO] [stdout] 
[INFO] [stdout] error[E0599]: no method named `with` found for reference `&'static str` in the current scope
[INFO] [stdout]   --> examples/rgb-to-ansi/main.rs:16:27
[INFO] [stdout]    |
[INFO] [stdout] 16 |     print!("{}", "██████".with(cc));
[INFO] [stdout]    |                           ^^^^ method not found in `&str`
[INFO] [stdout] 
[INFO] [stdout] 
[INFO] [stdout] error: aborting due to 2 previous errors
[INFO] [stdout] 
[INFO] [stdout] 
[INFO] [stdout] Some errors have detailed explanations: E0433, E0599.
[INFO] [stdout] 
[INFO] [stdout] For more information about an error, try `rustc --explain E0433`.
[INFO] [stdout] 
[INFO] [stdout] error: aborting due to 2 previous errors
[INFO] [stdout] 
[INFO] [stdout] 
[INFO] [stdout] Some errors have detailed explanations: E0433, E0599.
[INFO] [stdout] 
[INFO] [stdout] For more information about an error, try `rustc --explain E0433`.
[INFO] [stdout] 
[INFO] [stdout] error: aborting due to 2 previous errors
[INFO] [stdout] 
[INFO] [stdout] 
[INFO] [stdout] Some errors have detailed explanations: E0433, E0599.
[INFO] [stdout] 
[INFO] [stdout] For more information about an error, try `rustc --explain E0433`.
[INFO] [stdout] 
[INFO] [stderr] error: could not compile `coolor` (example "ansi-grey") due to 3 previous errors
[INFO] [stderr] warning: build failed, waiting for other jobs to finish...
[INFO] [stderr] error: could not compile `coolor` (example "ansi-variations") due to 3 previous errors
[INFO] [stderr] error: could not compile `coolor` (example "rgb-to-ansi") due to 3 previous errors
[INFO] [stdout] error[E0599]: no method named `with` found for reference `&'static str` in the current scope
[INFO] [stdout]   --> examples/ansi-mix/main.rs:17:22
[INFO] [stdout]    |
[INFO] [stdout] 17 |     print!("{}", "█".with(style::Color::AnsiValue(ansi.code)));
[INFO] [stdout]    |                      ^^^^ method not found in `&str`
[INFO] [stdout]    |
[INFO] [stdout]    = help: items from traits can only be used if the trait is in scope
[INFO] [stdout] help: the following trait is implemented but not in scope; perhaps add a `use` for it:
[INFO] [stdout]    |
[INFO] [stdout] 3  + use crossterm::style::Stylize;
[INFO] [stdout]    |
[INFO] [stdout] 
[INFO] [stdout] 
[INFO] [stdout] error: aborting due to 3 previous errors
[INFO] [stdout] 
[INFO] [stdout] 
[INFO] [stdout] Some errors have detailed explanations: E0432, E0433, E0599.
[INFO] [stdout] 
[INFO] [stdout] For more information about an error, try `rustc --explain E0432`.
[INFO] [stdout] 
[INFO] [stderr] error: could not compile `coolor` (example "ansi-mix") due to 4 previous errors
[INFO] running `Command { std: "docker" "inspect" "3f022628234f012932b993c569dd3f72dd28350fb0a1c5f362945a849c845bea", kill_on_drop: false }`
[INFO] running `Command { std: "docker" "rm" "-f" "3f022628234f012932b993c569dd3f72dd28350fb0a1c5f362945a849c845bea", kill_on_drop: false }`
[INFO] [stdout] 3f022628234f012932b993c569dd3f72dd28350fb0a1c5f362945a849c845bea
