[INFO] cloning repository https://github.com/CamJN/jsonqrst
[INFO] running `Command { std: "git" "-c" "credential.helper=" "-c" "credential.helper=/workspace/cargo-home/bin/git-credential-null" "clone" "--bare" "https://github.com/CamJN/jsonqrst" "/workspace/cache/git-repos/https%3A%2F%2Fgithub.com%2FCamJN%2Fjsonqrst", kill_on_drop: false }`
[INFO] [stderr] Cloning into bare repository '/workspace/cache/git-repos/https%3A%2F%2Fgithub.com%2FCamJN%2Fjsonqrst'...
[INFO] running `Command { std: "git" "rev-parse" "HEAD", kill_on_drop: false }`
[INFO] [stdout] ed5e92701a1cf084896e583da3217d06a413c3a6
[INFO] testing CamJN/jsonqrst against 1.75.0 for beta-1.76-1
[INFO] running `Command { std: "git" "clone" "/workspace/cache/git-repos/https%3A%2F%2Fgithub.com%2FCamJN%2Fjsonqrst" "/workspace/builds/worker-6-tc1/source", kill_on_drop: false }`
[INFO] [stderr] Cloning into '/workspace/builds/worker-6-tc1/source'...
[INFO] [stderr] done.
[INFO] validating manifest of git repo https://github.com/CamJN/jsonqrst on toolchain 1.75.0
[INFO] running `Command { std: CARGO_HOME="/workspace/cargo-home" RUSTUP_HOME="/workspace/rustup-home" "/workspace/cargo-home/bin/cargo" "+1.75.0" "metadata" "--manifest-path" "Cargo.toml" "--no-deps", kill_on_drop: false }`
[INFO] started tweaking git repo https://github.com/CamJN/jsonqrst
[INFO] finished tweaking git repo https://github.com/CamJN/jsonqrst
[INFO] tweaked toml for git repo https://github.com/CamJN/jsonqrst written to /workspace/builds/worker-6-tc1/source/Cargo.toml
[INFO] crate git repo https://github.com/CamJN/jsonqrst already has a lockfile, it will not be regenerated
[INFO] running `Command { std: CARGO_HOME="/workspace/cargo-home" RUSTUP_HOME="/workspace/rustup-home" "/workspace/cargo-home/bin/cargo" "+1.75.0" "fetch" "--manifest-path" "Cargo.toml", kill_on_drop: false }`
[INFO] [stderr]  Downloading crates ...
[INFO] [stderr]   Downloaded num-traits v0.1.40
[INFO] [stderr]   Downloaded atty v0.2.2
[INFO] [stderr]   Downloaded memchr v1.0.1
[INFO] [stderr]   Downloaded serde v1.0.10
[INFO] [stderr]   Downloaded libc v0.2.26
[INFO] [stderr]   Downloaded nom v3.1.0
[INFO] running `Command { std: "docker" "create" "-v" "/var/lib/crater-agent-workspace/builds/worker-6-tc1/target:/opt/rustwide/target:rw,Z" "-v" "/var/lib/crater-agent-workspace/builds/worker-6-tc1/source:/opt/rustwide/workdir:ro,Z" "-v" "/var/lib/crater-agent-workspace/cargo-home:/opt/rustwide/cargo-home:ro,Z" "-v" "/var/lib/crater-agent-workspace/rustup-home:/opt/rustwide/rustup-home:ro,Z" "-e" "SOURCE_DIR=/opt/rustwide/workdir" "-e" "CARGO_TARGET_DIR=/opt/rustwide/target" "-e" "CARGO_HOME=/opt/rustwide/cargo-home" "-e" "RUSTUP_HOME=/opt/rustwide/rustup-home" "-w" "/opt/rustwide/workdir" "-m" "1610612736" "--user" "0:0" "--network" "none" "ghcr.io/rust-lang/crates-build-env/linux@sha256:2788e3201cd34a07e3172128adcd8b3090168a8e3bcc40d7c032b9dda1df7d1c" "/opt/rustwide/cargo-home/bin/cargo" "+1.75.0" "metadata" "--no-deps" "--format-version=1", kill_on_drop: false }`
[INFO] [stdout] fa58d3b3639827802408f582901487e4b4e5f8daf19a65ece0fc0224eba5186f
[INFO] running `Command { std: "docker" "start" "-a" "fa58d3b3639827802408f582901487e4b4e5f8daf19a65ece0fc0224eba5186f", kill_on_drop: false }`
[INFO] running `Command { std: "docker" "inspect" "fa58d3b3639827802408f582901487e4b4e5f8daf19a65ece0fc0224eba5186f", kill_on_drop: false }`
[INFO] running `Command { std: "docker" "rm" "-f" "fa58d3b3639827802408f582901487e4b4e5f8daf19a65ece0fc0224eba5186f", kill_on_drop: false }`
[INFO] [stdout] fa58d3b3639827802408f582901487e4b4e5f8daf19a65ece0fc0224eba5186f
[INFO] running `Command { std: "docker" "create" "-v" "/var/lib/crater-agent-workspace/builds/worker-6-tc1/target:/opt/rustwide/target:rw,Z" "-v" "/var/lib/crater-agent-workspace/builds/worker-6-tc1/source:/opt/rustwide/workdir:ro,Z" "-v" "/var/lib/crater-agent-workspace/cargo-home:/opt/rustwide/cargo-home:ro,Z" "-v" "/var/lib/crater-agent-workspace/rustup-home:/opt/rustwide/rustup-home:ro,Z" "-e" "SOURCE_DIR=/opt/rustwide/workdir" "-e" "CARGO_TARGET_DIR=/opt/rustwide/target" "-e" "CARGO_INCREMENTAL=0" "-e" "RUST_BACKTRACE=full" "-e" "RUSTFLAGS=--cap-lints=warn" "-e" "RUSTDOCFLAGS=--cap-lints=warn" "-e" "CARGO_HOME=/opt/rustwide/cargo-home" "-e" "RUSTUP_HOME=/opt/rustwide/rustup-home" "-w" "/opt/rustwide/workdir" "-m" "1610612736" "--user" "0:0" "--network" "none" "ghcr.io/rust-lang/crates-build-env/linux@sha256:2788e3201cd34a07e3172128adcd8b3090168a8e3bcc40d7c032b9dda1df7d1c" "/opt/rustwide/cargo-home/bin/cargo" "+1.75.0" "build" "--frozen" "--message-format=json", kill_on_drop: false }`
[INFO] [stdout] d33ac6bd00f7b4fc403a799e4b755f1d9d713461a7979d3d83d162d7083cf028
[INFO] running `Command { std: "docker" "start" "-a" "d33ac6bd00f7b4fc403a799e4b755f1d9d713461a7979d3d83d162d7083cf028", kill_on_drop: false }`
[INFO] [stderr]    Compiling libc v0.2.26
[INFO] [stderr]    Compiling num-traits v0.1.40
[INFO] [stderr]    Compiling dtoa v0.4.1
[INFO] [stderr]    Compiling serde v1.0.10
[INFO] [stderr]    Compiling itoa v0.3.1
[INFO] [stderr]    Compiling memchr v1.0.1
[INFO] [stderr]    Compiling atty v0.2.2
[INFO] [stderr]    Compiling nom v3.1.0
[INFO] [stderr]    Compiling serde_json v1.0.2
[INFO] [stderr]    Compiling jsonqrst v0.1.0 (/opt/rustwide/workdir)
[INFO] [stderr]     Finished dev [unoptimized + debuginfo] target(s) in 5.43s
[INFO] [stderr] warning: the following packages contain code that will be rejected by a future version of Rust: nom v3.1.0
[INFO] [stderr] note: to see what the problems were, use the option `--future-incompat-report`, or run `cargo report future-incompatibilities --id 1`
[INFO] running `Command { std: "docker" "inspect" "d33ac6bd00f7b4fc403a799e4b755f1d9d713461a7979d3d83d162d7083cf028", kill_on_drop: false }`
[INFO] running `Command { std: "docker" "rm" "-f" "d33ac6bd00f7b4fc403a799e4b755f1d9d713461a7979d3d83d162d7083cf028", kill_on_drop: false }`
[INFO] [stdout] d33ac6bd00f7b4fc403a799e4b755f1d9d713461a7979d3d83d162d7083cf028
[INFO] running `Command { std: "docker" "create" "-v" "/var/lib/crater-agent-workspace/builds/worker-6-tc1/target:/opt/rustwide/target:rw,Z" "-v" "/var/lib/crater-agent-workspace/builds/worker-6-tc1/source:/opt/rustwide/workdir:ro,Z" "-v" "/var/lib/crater-agent-workspace/cargo-home:/opt/rustwide/cargo-home:ro,Z" "-v" "/var/lib/crater-agent-workspace/rustup-home:/opt/rustwide/rustup-home:ro,Z" "-e" "SOURCE_DIR=/opt/rustwide/workdir" "-e" "CARGO_TARGET_DIR=/opt/rustwide/target" "-e" "CARGO_INCREMENTAL=0" "-e" "RUST_BACKTRACE=full" "-e" "RUSTFLAGS=--cap-lints=warn" "-e" "RUSTDOCFLAGS=--cap-lints=warn" "-e" "CARGO_HOME=/opt/rustwide/cargo-home" "-e" "RUSTUP_HOME=/opt/rustwide/rustup-home" "-w" "/opt/rustwide/workdir" "-m" "1610612736" "--user" "0:0" "--network" "none" "ghcr.io/rust-lang/crates-build-env/linux@sha256:2788e3201cd34a07e3172128adcd8b3090168a8e3bcc40d7c032b9dda1df7d1c" "/opt/rustwide/cargo-home/bin/cargo" "+1.75.0" "test" "--frozen" "--no-run" "--message-format=json", kill_on_drop: false }`
[INFO] [stdout] 42a9f80704037ac9afd8c69d417ae353f4a431671697a4322aac372f3a41cfaa
[INFO] running `Command { std: "docker" "start" "-a" "42a9f80704037ac9afd8c69d417ae353f4a431671697a4322aac372f3a41cfaa", kill_on_drop: false }`
[INFO] [stderr]    Compiling jsonqrst v0.1.0 (/opt/rustwide/workdir)
[INFO] [stdout] error[E0599]: no method named `unwrap` found for enum `Value` in the current scope
[INFO] [stdout]    --> src/main.rs:143:73
[INFO] [stdout]     |
[INFO] [stdout] 143 |         assert_eq!(json!("+44 1234567"), apply_query(data1, "phones.0").unwrap());
[INFO] [stdout]     |                                                                         ^^^^^^ method not found in `Value`
[INFO] [stdout] 
[INFO] [stdout] 
[INFO] [stdout] error[E0599]: no method named `unwrap` found for enum `Value` in the current scope
[INFO] [stdout]    --> src/main.rs:144:66
[INFO] [stdout]     |
[INFO] [stdout] 144 |         assert_eq!(json!("John Doe"), apply_query(data2, "name").unwrap());
[INFO] [stdout]     |                                                                  ^^^^^^ method not found in `Value`
[INFO] [stdout] 
[INFO] [stdout] 
[INFO] [stdout] error: aborting due to 2 previous errors
[INFO] [stdout] 
[INFO] [stdout] 
[INFO] [stdout] For more information about this error, try `rustc --explain E0599`.
[INFO] [stdout] 
[INFO] [stderr] error: could not compile `jsonqrst` (bin "jsq" test) due to 3 previous errors
[INFO] running `Command { std: "docker" "inspect" "42a9f80704037ac9afd8c69d417ae353f4a431671697a4322aac372f3a41cfaa", kill_on_drop: false }`
[INFO] running `Command { std: "docker" "rm" "-f" "42a9f80704037ac9afd8c69d417ae353f4a431671697a4322aac372f3a41cfaa", kill_on_drop: false }`
[INFO] [stdout] 42a9f80704037ac9afd8c69d417ae353f4a431671697a4322aac372f3a41cfaa
[INFO] testing CamJN/jsonqrst against beta-2023-12-22 for beta-1.76-1
[INFO] running `Command { std: "git" "clone" "/workspace/cache/git-repos/https%3A%2F%2Fgithub.com%2FCamJN%2Fjsonqrst" "/workspace/builds/worker-6-tc2/source", kill_on_drop: false }`
[INFO] [stderr] Cloning into '/workspace/builds/worker-6-tc2/source'...
[INFO] [stderr] done.
[INFO] validating manifest of git repo https://github.com/CamJN/jsonqrst on toolchain beta-2023-12-22
[INFO] running `Command { std: CARGO_HOME="/workspace/cargo-home" RUSTUP_HOME="/workspace/rustup-home" "/workspace/cargo-home/bin/cargo" "+beta-2023-12-22" "metadata" "--manifest-path" "Cargo.toml" "--no-deps", kill_on_drop: false }`
[INFO] started tweaking git repo https://github.com/CamJN/jsonqrst
[INFO] finished tweaking git repo https://github.com/CamJN/jsonqrst
[INFO] tweaked toml for git repo https://github.com/CamJN/jsonqrst written to /workspace/builds/worker-6-tc2/source/Cargo.toml
[INFO] crate git repo https://github.com/CamJN/jsonqrst already has a lockfile, it will not be regenerated
[INFO] running `Command { std: CARGO_HOME="/workspace/cargo-home" RUSTUP_HOME="/workspace/rustup-home" "/workspace/cargo-home/bin/cargo" "+beta-2023-12-22" "fetch" "--manifest-path" "Cargo.toml", kill_on_drop: false }`
[INFO] running `Command { std: "docker" "create" "-v" "/var/lib/crater-agent-workspace/builds/worker-6-tc2/target:/opt/rustwide/target:rw,Z" "-v" "/var/lib/crater-agent-workspace/builds/worker-6-tc2/source:/opt/rustwide/workdir:ro,Z" "-v" "/var/lib/crater-agent-workspace/cargo-home:/opt/rustwide/cargo-home:ro,Z" "-v" "/var/lib/crater-agent-workspace/rustup-home:/opt/rustwide/rustup-home:ro,Z" "-e" "SOURCE_DIR=/opt/rustwide/workdir" "-e" "CARGO_TARGET_DIR=/opt/rustwide/target" "-e" "CARGO_HOME=/opt/rustwide/cargo-home" "-e" "RUSTUP_HOME=/opt/rustwide/rustup-home" "-w" "/opt/rustwide/workdir" "-m" "1610612736" "--user" "0:0" "--network" "none" "ghcr.io/rust-lang/crates-build-env/linux@sha256:2788e3201cd34a07e3172128adcd8b3090168a8e3bcc40d7c032b9dda1df7d1c" "/opt/rustwide/cargo-home/bin/cargo" "+beta-2023-12-22" "metadata" "--no-deps" "--format-version=1", kill_on_drop: false }`
[INFO] [stdout] d0ef6ccf627119eb4e185ee3fdc897694ea9ce350925c948730e169ddfb335b0
[INFO] running `Command { std: "docker" "start" "-a" "d0ef6ccf627119eb4e185ee3fdc897694ea9ce350925c948730e169ddfb335b0", kill_on_drop: false }`
[INFO] running `Command { std: "docker" "inspect" "d0ef6ccf627119eb4e185ee3fdc897694ea9ce350925c948730e169ddfb335b0", kill_on_drop: false }`
[INFO] running `Command { std: "docker" "rm" "-f" "d0ef6ccf627119eb4e185ee3fdc897694ea9ce350925c948730e169ddfb335b0", kill_on_drop: false }`
[INFO] [stdout] d0ef6ccf627119eb4e185ee3fdc897694ea9ce350925c948730e169ddfb335b0
[INFO] running `Command { std: "docker" "create" "-v" "/var/lib/crater-agent-workspace/builds/worker-6-tc2/target:/opt/rustwide/target:rw,Z" "-v" "/var/lib/crater-agent-workspace/builds/worker-6-tc2/source:/opt/rustwide/workdir:ro,Z" "-v" "/var/lib/crater-agent-workspace/cargo-home:/opt/rustwide/cargo-home:ro,Z" "-v" "/var/lib/crater-agent-workspace/rustup-home:/opt/rustwide/rustup-home:ro,Z" "-e" "SOURCE_DIR=/opt/rustwide/workdir" "-e" "CARGO_TARGET_DIR=/opt/rustwide/target" "-e" "CARGO_INCREMENTAL=0" "-e" "RUST_BACKTRACE=full" "-e" "RUSTFLAGS=--cap-lints=warn" "-e" "RUSTDOCFLAGS=--cap-lints=warn" "-e" "CARGO_HOME=/opt/rustwide/cargo-home" "-e" "RUSTUP_HOME=/opt/rustwide/rustup-home" "-w" "/opt/rustwide/workdir" "-m" "1610612736" "--user" "0:0" "--network" "none" "ghcr.io/rust-lang/crates-build-env/linux@sha256:2788e3201cd34a07e3172128adcd8b3090168a8e3bcc40d7c032b9dda1df7d1c" "/opt/rustwide/cargo-home/bin/cargo" "+beta-2023-12-22" "build" "--frozen" "--message-format=json", kill_on_drop: false }`
[INFO] [stdout] c513f0aa6eb4b90dbc5f643a9d087a0fb86a3f92b2cb0de9112fcf93899610d8
[INFO] running `Command { std: "docker" "start" "-a" "c513f0aa6eb4b90dbc5f643a9d087a0fb86a3f92b2cb0de9112fcf93899610d8", kill_on_drop: false }`
[INFO] [stderr]    Compiling libc v0.2.26
[INFO] [stderr]    Compiling num-traits v0.1.40
[INFO] [stderr]    Compiling serde v1.0.10
[INFO] [stderr]    Compiling dtoa v0.4.1
[INFO] [stderr]    Compiling itoa v0.3.1
[INFO] [stderr]    Compiling memchr v1.0.1
[INFO] [stderr]    Compiling atty v0.2.2
[INFO] [stderr]    Compiling nom v3.1.0
[INFO] [stderr]    Compiling serde_json v1.0.2
[INFO] [stderr]    Compiling jsonqrst v0.1.0 (/opt/rustwide/workdir)
[INFO] [stderr]     Finished dev [unoptimized + debuginfo] target(s) in 5.75s
[INFO] [stderr] warning: the following packages contain code that will be rejected by a future version of Rust: nom v3.1.0
[INFO] [stderr] note: to see what the problems were, use the option `--future-incompat-report`, or run `cargo report future-incompatibilities --id 1`
[INFO] running `Command { std: "docker" "inspect" "c513f0aa6eb4b90dbc5f643a9d087a0fb86a3f92b2cb0de9112fcf93899610d8", kill_on_drop: false }`
[INFO] running `Command { std: "docker" "rm" "-f" "c513f0aa6eb4b90dbc5f643a9d087a0fb86a3f92b2cb0de9112fcf93899610d8", kill_on_drop: false }`
[INFO] [stdout] c513f0aa6eb4b90dbc5f643a9d087a0fb86a3f92b2cb0de9112fcf93899610d8
[INFO] running `Command { std: "docker" "create" "-v" "/var/lib/crater-agent-workspace/builds/worker-6-tc2/target:/opt/rustwide/target:rw,Z" "-v" "/var/lib/crater-agent-workspace/builds/worker-6-tc2/source:/opt/rustwide/workdir:ro,Z" "-v" "/var/lib/crater-agent-workspace/cargo-home:/opt/rustwide/cargo-home:ro,Z" "-v" "/var/lib/crater-agent-workspace/rustup-home:/opt/rustwide/rustup-home:ro,Z" "-e" "SOURCE_DIR=/opt/rustwide/workdir" "-e" "CARGO_TARGET_DIR=/opt/rustwide/target" "-e" "CARGO_INCREMENTAL=0" "-e" "RUST_BACKTRACE=full" "-e" "RUSTFLAGS=--cap-lints=warn" "-e" "RUSTDOCFLAGS=--cap-lints=warn" "-e" "CARGO_HOME=/opt/rustwide/cargo-home" "-e" "RUSTUP_HOME=/opt/rustwide/rustup-home" "-w" "/opt/rustwide/workdir" "-m" "1610612736" "--user" "0:0" "--network" "none" "ghcr.io/rust-lang/crates-build-env/linux@sha256:2788e3201cd34a07e3172128adcd8b3090168a8e3bcc40d7c032b9dda1df7d1c" "/opt/rustwide/cargo-home/bin/cargo" "+beta-2023-12-22" "test" "--frozen" "--no-run" "--message-format=json", kill_on_drop: false }`
[INFO] [stdout] f20fa3355214d02c752ab9e112f33ac7921ec723afc6b59fd12a7532c012a3d9
[INFO] running `Command { std: "docker" "start" "-a" "f20fa3355214d02c752ab9e112f33ac7921ec723afc6b59fd12a7532c012a3d9", kill_on_drop: false }`
[INFO] [stderr]    Compiling jsonqrst v0.1.0 (/opt/rustwide/workdir)
[INFO] [stdout] error[E0599]: no method named `unwrap` found for enum `Value` in the current scope
[INFO] [stdout]    --> src/main.rs:143:73
[INFO] [stdout]     |
[INFO] [stdout] 143 |         assert_eq!(json!("+44 1234567"), apply_query(data1, "phones.0").unwrap());
[INFO] [stdout]     |                                                                         ^^^^^^ method not found in `Value`
[INFO] [stdout] 
[INFO] [stdout] 
[INFO] [stdout] error[E0599]: no method named `unwrap` found for enum `Value` in the current scope
[INFO] [stdout]    --> src/main.rs:144:66
[INFO] [stdout]     |
[INFO] [stdout] 144 |         assert_eq!(json!("John Doe"), apply_query(data2, "name").unwrap());
[INFO] [stdout]     |                                                                  ^^^^^^ method not found in `Value`
[INFO] [stdout] 
[INFO] [stdout] 
[INFO] [stdout] error: aborting due to 2 previous errors
[INFO] [stdout] 
[INFO] [stdout] 
[INFO] [stdout] For more information about this error, try `rustc --explain E0599`.
[INFO] [stdout] 
[INFO] [stderr] error: could not compile `jsonqrst` (bin "jsq" test) due to 3 previous errors
[INFO] running `Command { std: "docker" "inspect" "f20fa3355214d02c752ab9e112f33ac7921ec723afc6b59fd12a7532c012a3d9", kill_on_drop: false }`
[INFO] running `Command { std: "docker" "rm" "-f" "f20fa3355214d02c752ab9e112f33ac7921ec723afc6b59fd12a7532c012a3d9", kill_on_drop: false }`
[INFO] [stdout] f20fa3355214d02c752ab9e112f33ac7921ec723afc6b59fd12a7532c012a3d9
