[INFO] cloning repository https://github.com/Calcoph/gw2-player-list
[INFO] running `Command { std: "git" "-c" "credential.helper=" "-c" "credential.helper=/workspace/cargo-home/bin/git-credential-null" "clone" "--bare" "https://github.com/Calcoph/gw2-player-list" "/workspace/cache/git-repos/https%3A%2F%2Fgithub.com%2FCalcoph%2Fgw2-player-list", kill_on_drop: false }`
[INFO] [stderr] Cloning into bare repository '/workspace/cache/git-repos/https%3A%2F%2Fgithub.com%2FCalcoph%2Fgw2-player-list'...
[INFO] running `Command { std: "git" "rev-parse" "HEAD", kill_on_drop: false }`
[INFO] [stdout] f8118ad4979575c5540229c64bf8ba1741737b14
[INFO] testing Calcoph/gw2-player-list against 1.75.0 for beta-1.76-1
[INFO] running `Command { std: "git" "clone" "/workspace/cache/git-repos/https%3A%2F%2Fgithub.com%2FCalcoph%2Fgw2-player-list" "/workspace/builds/worker-7-tc1/source", kill_on_drop: false }`
[INFO] [stderr] Cloning into '/workspace/builds/worker-7-tc1/source'...
[INFO] [stderr] done.
[INFO] validating manifest of git repo https://github.com/Calcoph/gw2-player-list on toolchain 1.75.0
[INFO] running `Command { std: CARGO_HOME="/workspace/cargo-home" RUSTUP_HOME="/workspace/rustup-home" "/workspace/cargo-home/bin/cargo" "+1.75.0" "metadata" "--manifest-path" "Cargo.toml" "--no-deps", kill_on_drop: false }`
[INFO] started tweaking git repo https://github.com/Calcoph/gw2-player-list
[INFO] finished tweaking git repo https://github.com/Calcoph/gw2-player-list
[INFO] tweaked toml for git repo https://github.com/Calcoph/gw2-player-list written to /workspace/builds/worker-7-tc1/source/Cargo.toml
[INFO] crate git repo https://github.com/Calcoph/gw2-player-list already has a lockfile, it will not be regenerated
[INFO] running `Command { std: CARGO_HOME="/workspace/cargo-home" RUSTUP_HOME="/workspace/rustup-home" "/workspace/cargo-home/bin/cargo" "+1.75.0" "fetch" "--manifest-path" "Cargo.toml", kill_on_drop: false }`
[INFO] [stderr]     Updating git repository `https://github.com/zerthox/arcdps-bindings`
[INFO] [stderr]     Updating crates.io index
[INFO] [stderr]     Blocking waiting for file lock on package cache
[INFO] [stderr]  Downloading crates ...
[INFO] [stderr]   Downloaded arcdps-imgui-sys v0.8.0
[INFO] [stderr]   Downloaded arcdps-imgui v0.8.0
[INFO] running `Command { std: "docker" "create" "-v" "/var/lib/crater-agent-workspace/builds/worker-7-tc1/target:/opt/rustwide/target:rw,Z" "-v" "/var/lib/crater-agent-workspace/builds/worker-7-tc1/source:/opt/rustwide/workdir:ro,Z" "-v" "/var/lib/crater-agent-workspace/cargo-home:/opt/rustwide/cargo-home:ro,Z" "-v" "/var/lib/crater-agent-workspace/rustup-home:/opt/rustwide/rustup-home:ro,Z" "-e" "SOURCE_DIR=/opt/rustwide/workdir" "-e" "CARGO_TARGET_DIR=/opt/rustwide/target" "-e" "CARGO_HOME=/opt/rustwide/cargo-home" "-e" "RUSTUP_HOME=/opt/rustwide/rustup-home" "-w" "/opt/rustwide/workdir" "-m" "1610612736" "--user" "0:0" "--network" "none" "ghcr.io/rust-lang/crates-build-env/linux@sha256:2788e3201cd34a07e3172128adcd8b3090168a8e3bcc40d7c032b9dda1df7d1c" "/opt/rustwide/cargo-home/bin/cargo" "+1.75.0" "metadata" "--no-deps" "--format-version=1", kill_on_drop: false }`
[INFO] [stdout] 8d9b0c9055b83fbe13f7ed9fe81b8ef44b8282e35d686f4527b4ddc3d25d92df
[INFO] running `Command { std: "docker" "start" "-a" "8d9b0c9055b83fbe13f7ed9fe81b8ef44b8282e35d686f4527b4ddc3d25d92df", kill_on_drop: false }`
[INFO] running `Command { std: "docker" "inspect" "8d9b0c9055b83fbe13f7ed9fe81b8ef44b8282e35d686f4527b4ddc3d25d92df", kill_on_drop: false }`
[INFO] running `Command { std: "docker" "rm" "-f" "8d9b0c9055b83fbe13f7ed9fe81b8ef44b8282e35d686f4527b4ddc3d25d92df", kill_on_drop: false }`
[INFO] [stdout] 8d9b0c9055b83fbe13f7ed9fe81b8ef44b8282e35d686f4527b4ddc3d25d92df
[INFO] running `Command { std: "docker" "create" "-v" "/var/lib/crater-agent-workspace/builds/worker-7-tc1/target:/opt/rustwide/target:rw,Z" "-v" "/var/lib/crater-agent-workspace/builds/worker-7-tc1/source:/opt/rustwide/workdir:ro,Z" "-v" "/var/lib/crater-agent-workspace/cargo-home:/opt/rustwide/cargo-home:ro,Z" "-v" "/var/lib/crater-agent-workspace/rustup-home:/opt/rustwide/rustup-home:ro,Z" "-e" "SOURCE_DIR=/opt/rustwide/workdir" "-e" "CARGO_TARGET_DIR=/opt/rustwide/target" "-e" "CARGO_INCREMENTAL=0" "-e" "RUST_BACKTRACE=full" "-e" "RUSTFLAGS=--cap-lints=warn" "-e" "RUSTDOCFLAGS=--cap-lints=warn" "-e" "CARGO_HOME=/opt/rustwide/cargo-home" "-e" "RUSTUP_HOME=/opt/rustwide/rustup-home" "-w" "/opt/rustwide/workdir" "-m" "1610612736" "--user" "0:0" "--network" "none" "ghcr.io/rust-lang/crates-build-env/linux@sha256:2788e3201cd34a07e3172128adcd8b3090168a8e3bcc40d7c032b9dda1df7d1c" "/opt/rustwide/cargo-home/bin/cargo" "+1.75.0" "build" "--frozen" "--message-format=json", kill_on_drop: false }`
[INFO] [stdout] 073cf56f57b73b5888e4d01ef94512fa8c78c13a97ea3147d8be2e9ac4ee01fe
[INFO] running `Command { std: "docker" "start" "-a" "073cf56f57b73b5888e4d01ef94512fa8c78c13a97ea3147d8be2e9ac4ee01fe", kill_on_drop: false }`
[INFO] [stderr]    Compiling hashbrown v0.14.0
[INFO] [stderr]    Compiling equivalent v1.0.1
[INFO] [stderr]    Compiling proc-macro2 v1.0.66
[INFO] [stderr]    Compiling libc v0.2.147
[INFO] [stderr]    Compiling unicode-ident v1.0.11
[INFO] [stderr]    Compiling winnow v0.5.0
[INFO] [stderr]    Compiling toml_datetime v0.6.3
[INFO] [stderr]    Compiling serde v1.0.171
[INFO] [stderr]    Compiling lock_api v0.4.10
[INFO] [stderr]    Compiling parking_lot_core v0.8.6
[INFO] [stderr]    Compiling once_cell v1.18.0
[INFO] [stderr]    Compiling windows_x86_64_gnu v0.48.0
[INFO] [stderr]    Compiling cc v1.0.79
[INFO] [stderr]    Compiling num-traits v0.2.15
[INFO] [stderr]    Compiling paste v1.0.14
[INFO] [stderr]    Compiling smallvec v1.11.0
[INFO] [stderr]    Compiling scopeguard v1.2.0
[INFO] [stderr]    Compiling chlorine v1.0.10
[INFO] [stderr]    Compiling iana-time-zone v0.1.57
[INFO] [stderr]    Compiling windows-targets v0.48.1
[INFO] [stderr]    Compiling windows v0.48.0
[INFO] [stderr]    Compiling quote v1.0.31
[INFO] [stderr]    Compiling indexmap v2.0.0
[INFO] [stderr]    Compiling arcdps-imgui-sys v0.8.0
[INFO] [stderr]    Compiling syn v2.0.26
[INFO] [stderr]    Compiling time v0.1.45
[INFO] [stderr]    Compiling chrono v0.4.26
[INFO] [stderr]    Compiling parking_lot v0.11.2
[INFO] [stderr]    Compiling toml_edit v0.19.14
[INFO] [stderr]    Compiling proc-macro-crate v1.3.1
[INFO] [stderr]    Compiling serde_spanned v0.6.3
[INFO] [stderr]    Compiling num_enum_derive v0.6.1
[INFO] [stderr]    Compiling arcdps_codegen v0.10.0 (https://github.com/zerthox/arcdps-bindings?rev=0.11.0#f13a9d08)
[INFO] [stderr]    Compiling toml v0.7.6
[INFO] [stderr]    Compiling num_enum v0.6.1
[INFO] [stderr]    Compiling arcdps_evtc v0.5.0 (https://github.com/zerthox/arcdps-bindings?rev=0.11.0#f13a9d08)
[INFO] [stderr]    Compiling arcdps-imgui v0.8.0
[INFO] [stderr]    Compiling arcdps v0.11.0 (https://github.com/zerthox/arcdps-bindings?rev=0.11.0#f13a9d08)
[INFO] [stdout] error[E0433]: failed to resolve: could not find `windows` in `os`
[INFO] [stdout]   --> /opt/rustwide/cargo-home/git/checkouts/arcdps-bindings-4f1c3cd7d797f137/f13a9d0/arcdps/src/exports/mod.rs:20:9
[INFO] [stdout]    |
[INFO] [stdout] 20 |     os::windows::prelude::*,
[INFO] [stdout]    |         ^^^^^^^ could not find `windows` in `os`
[INFO] [stdout] 
[INFO] [stdout] 
[INFO] [stdout] error[E0433]: failed to resolve: could not find `windows` in `os`
[INFO] [stdout]  --> /opt/rustwide/cargo-home/git/checkouts/arcdps-bindings-4f1c3cd7d797f137/f13a9d0/arcdps/src/util.rs:6:23
[INFO] [stdout]   |
[INFO] [stdout] 6 |     os::{raw::c_char, windows::prelude::OsStrExt},
[INFO] [stdout]   |                       ^^^^^^^ could not find `windows` in `os`
[INFO] [stdout] 
[INFO] [stdout] 
[INFO] [stdout] error[E0599]: no function or associated item named `from_wide` found for struct `OsString` in the current scope
[INFO] [stdout]   --> /opt/rustwide/cargo-home/git/checkouts/arcdps-bindings-4f1c3cd7d797f137/f13a9d0/arcdps/src/exports/mod.rs:63:32
[INFO] [stdout]    |
[INFO] [stdout] 63 |         let string = OsString::from_wide(slice);
[INFO] [stdout]    |                                ^^^^^^^^^ function or associated item not found in `OsString`
[INFO] [stdout]    |
[INFO] [stdout] note: if you're trying to build a new `OsString` consider using one of the following associated functions:
[INFO] [stdout]       OsString::new
[INFO] [stdout]       OsString::from_encoded_bytes_unchecked
[INFO] [stdout]       OsString::with_capacity
[INFO] [stdout]   --> /rustc/82e1608dfa6e0b5569232559e3d385fea5a93112/library/std/src/ffi/os_str.rs:140:5
[INFO] [stdout] 
[INFO] [stdout] 
[INFO] [stdout] error[E0599]: no method named `encode_wide` found for reference `&OsStr` in the current scope
[INFO] [stdout]   --> /opt/rustwide/cargo-home/git/checkouts/arcdps-bindings-4f1c3cd7d797f137/f13a9d0/arcdps/src/util.rs:53:10
[INFO] [stdout]    |
[INFO] [stdout] 52 | /     OsStr::new(string.as_ref())
[INFO] [stdout] 53 | |         .encode_wide()
[INFO] [stdout]    | |         -^^^^^^^^^^^ method not found in `&OsStr`
[INFO] [stdout]    | |_________|
[INFO] [stdout]    | 
[INFO] [stdout] 
[INFO] [stdout] 
[INFO] [stdout] error: aborting due to 4 previous errors
[INFO] [stdout] 
[INFO] [stdout] 
[INFO] [stdout] Some errors have detailed explanations: E0433, E0599.
[INFO] [stdout] 
[INFO] [stdout] For more information about an error, try `rustc --explain E0433`.
[INFO] [stdout] 
[INFO] [stderr] error: could not compile `arcdps` (lib) due to 5 previous errors
[INFO] [stderr] warning: build failed, waiting for other jobs to finish...
[INFO] running `Command { std: "docker" "inspect" "073cf56f57b73b5888e4d01ef94512fa8c78c13a97ea3147d8be2e9ac4ee01fe", kill_on_drop: false }`
[INFO] running `Command { std: "docker" "rm" "-f" "073cf56f57b73b5888e4d01ef94512fa8c78c13a97ea3147d8be2e9ac4ee01fe", kill_on_drop: false }`
[INFO] [stdout] 073cf56f57b73b5888e4d01ef94512fa8c78c13a97ea3147d8be2e9ac4ee01fe
[INFO] testing Calcoph/gw2-player-list against beta-2023-12-22 for beta-1.76-1
[INFO] running `Command { std: "git" "clone" "/workspace/cache/git-repos/https%3A%2F%2Fgithub.com%2FCalcoph%2Fgw2-player-list" "/workspace/builds/worker-7-tc2/source", kill_on_drop: false }`
[INFO] [stderr] Cloning into '/workspace/builds/worker-7-tc2/source'...
[INFO] [stderr] done.
[INFO] validating manifest of git repo https://github.com/Calcoph/gw2-player-list on toolchain beta-2023-12-22
[INFO] running `Command { std: CARGO_HOME="/workspace/cargo-home" RUSTUP_HOME="/workspace/rustup-home" "/workspace/cargo-home/bin/cargo" "+beta-2023-12-22" "metadata" "--manifest-path" "Cargo.toml" "--no-deps", kill_on_drop: false }`
[INFO] started tweaking git repo https://github.com/Calcoph/gw2-player-list
[INFO] finished tweaking git repo https://github.com/Calcoph/gw2-player-list
[INFO] tweaked toml for git repo https://github.com/Calcoph/gw2-player-list written to /workspace/builds/worker-7-tc2/source/Cargo.toml
[INFO] crate git repo https://github.com/Calcoph/gw2-player-list already has a lockfile, it will not be regenerated
[INFO] running `Command { std: CARGO_HOME="/workspace/cargo-home" RUSTUP_HOME="/workspace/rustup-home" "/workspace/cargo-home/bin/cargo" "+beta-2023-12-22" "fetch" "--manifest-path" "Cargo.toml", kill_on_drop: false }`
[INFO] running `Command { std: "docker" "create" "-v" "/var/lib/crater-agent-workspace/builds/worker-7-tc2/target:/opt/rustwide/target:rw,Z" "-v" "/var/lib/crater-agent-workspace/builds/worker-7-tc2/source:/opt/rustwide/workdir:ro,Z" "-v" "/var/lib/crater-agent-workspace/cargo-home:/opt/rustwide/cargo-home:ro,Z" "-v" "/var/lib/crater-agent-workspace/rustup-home:/opt/rustwide/rustup-home:ro,Z" "-e" "SOURCE_DIR=/opt/rustwide/workdir" "-e" "CARGO_TARGET_DIR=/opt/rustwide/target" "-e" "CARGO_HOME=/opt/rustwide/cargo-home" "-e" "RUSTUP_HOME=/opt/rustwide/rustup-home" "-w" "/opt/rustwide/workdir" "-m" "1610612736" "--user" "0:0" "--network" "none" "ghcr.io/rust-lang/crates-build-env/linux@sha256:2788e3201cd34a07e3172128adcd8b3090168a8e3bcc40d7c032b9dda1df7d1c" "/opt/rustwide/cargo-home/bin/cargo" "+beta-2023-12-22" "metadata" "--no-deps" "--format-version=1", kill_on_drop: false }`
[INFO] [stdout] 7b97f4b4247d1ee71519061f82fa33fd7a69456894af7880bea6f831f075c6b1
[INFO] running `Command { std: "docker" "start" "-a" "7b97f4b4247d1ee71519061f82fa33fd7a69456894af7880bea6f831f075c6b1", kill_on_drop: false }`
[INFO] running `Command { std: "docker" "inspect" "7b97f4b4247d1ee71519061f82fa33fd7a69456894af7880bea6f831f075c6b1", kill_on_drop: false }`
[INFO] running `Command { std: "docker" "rm" "-f" "7b97f4b4247d1ee71519061f82fa33fd7a69456894af7880bea6f831f075c6b1", kill_on_drop: false }`
[INFO] [stdout] 7b97f4b4247d1ee71519061f82fa33fd7a69456894af7880bea6f831f075c6b1
[INFO] running `Command { std: "docker" "create" "-v" "/var/lib/crater-agent-workspace/builds/worker-7-tc2/target:/opt/rustwide/target:rw,Z" "-v" "/var/lib/crater-agent-workspace/builds/worker-7-tc2/source:/opt/rustwide/workdir:ro,Z" "-v" "/var/lib/crater-agent-workspace/cargo-home:/opt/rustwide/cargo-home:ro,Z" "-v" "/var/lib/crater-agent-workspace/rustup-home:/opt/rustwide/rustup-home:ro,Z" "-e" "SOURCE_DIR=/opt/rustwide/workdir" "-e" "CARGO_TARGET_DIR=/opt/rustwide/target" "-e" "CARGO_INCREMENTAL=0" "-e" "RUST_BACKTRACE=full" "-e" "RUSTFLAGS=--cap-lints=warn" "-e" "RUSTDOCFLAGS=--cap-lints=warn" "-e" "CARGO_HOME=/opt/rustwide/cargo-home" "-e" "RUSTUP_HOME=/opt/rustwide/rustup-home" "-w" "/opt/rustwide/workdir" "-m" "1610612736" "--user" "0:0" "--network" "none" "ghcr.io/rust-lang/crates-build-env/linux@sha256:2788e3201cd34a07e3172128adcd8b3090168a8e3bcc40d7c032b9dda1df7d1c" "/opt/rustwide/cargo-home/bin/cargo" "+beta-2023-12-22" "build" "--frozen" "--message-format=json", kill_on_drop: false }`
[INFO] [stdout] 20c29261e7f6d637c11334977c0bae20bbbdf9da51b46caf06c74b2fbfc6b6bc
[INFO] running `Command { std: "docker" "start" "-a" "20c29261e7f6d637c11334977c0bae20bbbdf9da51b46caf06c74b2fbfc6b6bc", kill_on_drop: false }`
[INFO] [stderr]    Compiling equivalent v1.0.1
[INFO] [stderr]    Compiling hashbrown v0.14.0
[INFO] [stderr]    Compiling proc-macro2 v1.0.66
[INFO] [stderr]    Compiling unicode-ident v1.0.11
[INFO] [stderr]    Compiling libc v0.2.147
[INFO] [stderr]    Compiling winnow v0.5.0
[INFO] [stderr]    Compiling serde v1.0.171
[INFO] [stderr]    Compiling toml_datetime v0.6.3
[INFO] [stderr]    Compiling lock_api v0.4.10
[INFO] [stderr]    Compiling parking_lot_core v0.8.6
[INFO] [stderr]    Compiling windows_x86_64_gnu v0.48.0
[INFO] [stderr]    Compiling cc v1.0.79
[INFO] [stderr]    Compiling once_cell v1.18.0
[INFO] [stderr]    Compiling num-traits v0.2.15
[INFO] [stderr]    Compiling smallvec v1.11.0
[INFO] [stderr]    Compiling paste v1.0.14
[INFO] [stderr]    Compiling scopeguard v1.2.0
[INFO] [stderr]    Compiling chlorine v1.0.10
[INFO] [stderr]    Compiling iana-time-zone v0.1.57
[INFO] [stderr]    Compiling windows-targets v0.48.1
[INFO] [stderr]    Compiling windows v0.48.0
[INFO] [stderr]    Compiling indexmap v2.0.0
[INFO] [stderr]    Compiling quote v1.0.31
[INFO] [stderr]    Compiling arcdps-imgui-sys v0.8.0
[INFO] [stderr]    Compiling time v0.1.45
[INFO] [stderr]    Compiling syn v2.0.26
[INFO] [stderr]    Compiling parking_lot v0.11.2
[INFO] [stderr]    Compiling chrono v0.4.26
[INFO] [stderr]    Compiling toml_edit v0.19.14
[INFO] [stderr]    Compiling serde_spanned v0.6.3
[INFO] [stderr]    Compiling proc-macro-crate v1.3.1
[INFO] [stderr]    Compiling num_enum_derive v0.6.1
[INFO] [stderr]    Compiling arcdps_codegen v0.10.0 (https://github.com/zerthox/arcdps-bindings?rev=0.11.0#f13a9d08)
[INFO] [stderr]    Compiling toml v0.7.6
[INFO] [stderr]    Compiling num_enum v0.6.1
[INFO] [stderr]    Compiling arcdps_evtc v0.5.0 (https://github.com/zerthox/arcdps-bindings?rev=0.11.0#f13a9d08)
[INFO] [stderr]    Compiling arcdps-imgui v0.8.0
[INFO] [stderr]    Compiling arcdps v0.11.0 (https://github.com/zerthox/arcdps-bindings?rev=0.11.0#f13a9d08)
[INFO] [stdout] error[E0433]: failed to resolve: could not find `windows` in `os`
[INFO] [stdout]   --> /opt/rustwide/cargo-home/git/checkouts/arcdps-bindings-4f1c3cd7d797f137/f13a9d0/arcdps/src/exports/mod.rs:20:9
[INFO] [stdout]    |
[INFO] [stdout] 20 |     os::windows::prelude::*,
[INFO] [stdout]    |         ^^^^^^^ could not find `windows` in `os`
[INFO] [stdout] 
[INFO] [stdout] 
[INFO] [stdout] error[E0433]: failed to resolve: could not find `windows` in `os`
[INFO] [stdout]  --> /opt/rustwide/cargo-home/git/checkouts/arcdps-bindings-4f1c3cd7d797f137/f13a9d0/arcdps/src/util.rs:6:23
[INFO] [stdout]   |
[INFO] [stdout] 6 |     os::{raw::c_char, windows::prelude::OsStrExt},
[INFO] [stdout]   |                       ^^^^^^^ could not find `windows` in `os`
[INFO] [stdout] 
[INFO] [stdout] 
[INFO] [stdout] error[E0599]: no function or associated item named `from_wide` found for struct `OsString` in the current scope
[INFO] [stdout]   --> /opt/rustwide/cargo-home/git/checkouts/arcdps-bindings-4f1c3cd7d797f137/f13a9d0/arcdps/src/exports/mod.rs:63:32
[INFO] [stdout]    |
[INFO] [stdout] 63 |         let string = OsString::from_wide(slice);
[INFO] [stdout]    |                                ^^^^^^^^^ function or associated item not found in `OsString`
[INFO] [stdout]    |
[INFO] [stdout] note: if you're trying to build a new `OsString` consider using one of the following associated functions:
[INFO] [stdout]       OsString::new
[INFO] [stdout]       OsString::from_encoded_bytes_unchecked
[INFO] [stdout]       OsString::with_capacity
[INFO] [stdout]   --> /rustc/0e09125c6c3c2fd70d7de961bcf0e51575235fad/library/std/src/ffi/os_str.rs:141:5
[INFO] [stdout] 
[INFO] [stdout] 
[INFO] [stdout] error[E0599]: no method named `encode_wide` found for reference `&OsStr` in the current scope
[INFO] [stdout]   --> /opt/rustwide/cargo-home/git/checkouts/arcdps-bindings-4f1c3cd7d797f137/f13a9d0/arcdps/src/util.rs:53:10
[INFO] [stdout]    |
[INFO] [stdout] 52 | /     OsStr::new(string.as_ref())
[INFO] [stdout] 53 | |         .encode_wide()
[INFO] [stdout]    | |         -^^^^^^^^^^^ method not found in `&OsStr`
[INFO] [stdout]    | |_________|
[INFO] [stdout]    | 
[INFO] [stdout] 
[INFO] [stdout] 
[INFO] [stdout] error: aborting due to 4 previous errors
[INFO] [stdout] 
[INFO] [stdout] 
[INFO] [stdout] Some errors have detailed explanations: E0433, E0599.
[INFO] [stdout] 
[INFO] [stdout] For more information about an error, try `rustc --explain E0433`.
[INFO] [stdout] 
[INFO] [stderr] error: could not compile `arcdps` (lib) due to 5 previous errors
[INFO] running `Command { std: "docker" "inspect" "20c29261e7f6d637c11334977c0bae20bbbdf9da51b46caf06c74b2fbfc6b6bc", kill_on_drop: false }`
[INFO] running `Command { std: "docker" "rm" "-f" "20c29261e7f6d637c11334977c0bae20bbbdf9da51b46caf06c74b2fbfc6b6bc", kill_on_drop: false }`
[INFO] [stdout] 20c29261e7f6d637c11334977c0bae20bbbdf9da51b46caf06c74b2fbfc6b6bc
