[INFO] cloning repository https://github.com/Caellian/voxel_renderer
[INFO] running `Command { std: "git" "-c" "credential.helper=" "-c" "credential.helper=/workspace/cargo-home/bin/git-credential-null" "clone" "--bare" "https://github.com/Caellian/voxel_renderer" "/workspace/cache/git-repos/https%3A%2F%2Fgithub.com%2FCaellian%2Fvoxel_renderer", kill_on_drop: false }`
[INFO] [stderr] Cloning into bare repository '/workspace/cache/git-repos/https%3A%2F%2Fgithub.com%2FCaellian%2Fvoxel_renderer'...
[INFO] running `Command { std: "git" "rev-parse" "HEAD", kill_on_drop: false }`
[INFO] [stdout] 22373496281debc26773a0758c85b3ed04212da8
[INFO] testing Caellian/voxel_renderer against 1.75.0 for beta-1.76-1
[INFO] running `Command { std: "git" "clone" "/workspace/cache/git-repos/https%3A%2F%2Fgithub.com%2FCaellian%2Fvoxel_renderer" "/workspace/builds/worker-1-tc1/source", kill_on_drop: false }`
[INFO] [stderr] Cloning into '/workspace/builds/worker-1-tc1/source'...
[INFO] [stderr] done.
[INFO] validating manifest of git repo https://github.com/Caellian/voxel_renderer on toolchain 1.75.0
[INFO] running `Command { std: CARGO_HOME="/workspace/cargo-home" RUSTUP_HOME="/workspace/rustup-home" "/workspace/cargo-home/bin/cargo" "+1.75.0" "metadata" "--manifest-path" "Cargo.toml" "--no-deps", kill_on_drop: false }`
[INFO] started tweaking git repo https://github.com/Caellian/voxel_renderer
[INFO] finished tweaking git repo https://github.com/Caellian/voxel_renderer
[INFO] tweaked toml for git repo https://github.com/Caellian/voxel_renderer written to /workspace/builds/worker-1-tc1/source/Cargo.toml
[INFO] crate git repo https://github.com/Caellian/voxel_renderer already has a lockfile, it will not be regenerated
[INFO] running `Command { std: CARGO_HOME="/workspace/cargo-home" RUSTUP_HOME="/workspace/rustup-home" "/workspace/cargo-home/bin/cargo" "+1.75.0" "fetch" "--manifest-path" "Cargo.toml", kill_on_drop: false }`
[INFO] [stderr]  Downloading crates ...
[INFO] [stderr]   Downloaded enum-kinds v0.5.1
[INFO] [stderr]   Downloaded bincode v2.0.0-rc.2
[INFO] [stderr]   Downloaded bincode_derive v2.0.0-rc.2
[INFO] [stderr]   Downloaded virtue v0.0.8
[INFO] [stderr]   Downloaded profiling v1.0.1
[INFO] running `Command { std: "docker" "create" "-v" "/var/lib/crater-agent-workspace/builds/worker-1-tc1/target:/opt/rustwide/target:rw,Z" "-v" "/var/lib/crater-agent-workspace/builds/worker-1-tc1/source:/opt/rustwide/workdir:ro,Z" "-v" "/var/lib/crater-agent-workspace/cargo-home:/opt/rustwide/cargo-home:ro,Z" "-v" "/var/lib/crater-agent-workspace/rustup-home:/opt/rustwide/rustup-home:ro,Z" "-e" "SOURCE_DIR=/opt/rustwide/workdir" "-e" "CARGO_TARGET_DIR=/opt/rustwide/target" "-e" "CARGO_HOME=/opt/rustwide/cargo-home" "-e" "RUSTUP_HOME=/opt/rustwide/rustup-home" "-w" "/opt/rustwide/workdir" "-m" "1610612736" "--user" "0:0" "--network" "none" "ghcr.io/rust-lang/crates-build-env/linux@sha256:2788e3201cd34a07e3172128adcd8b3090168a8e3bcc40d7c032b9dda1df7d1c" "/opt/rustwide/cargo-home/bin/cargo" "+1.75.0" "metadata" "--no-deps" "--format-version=1", kill_on_drop: false }`
[INFO] [stdout] 3c41c68e4ae0a505c2d2e7a75e66a311ffe924e28130ecb4eace220fcf5fecf5
[INFO] running `Command { std: "docker" "start" "-a" "3c41c68e4ae0a505c2d2e7a75e66a311ffe924e28130ecb4eace220fcf5fecf5", kill_on_drop: false }`
[INFO] running `Command { std: "docker" "inspect" "3c41c68e4ae0a505c2d2e7a75e66a311ffe924e28130ecb4eace220fcf5fecf5", kill_on_drop: false }`
[INFO] running `Command { std: "docker" "rm" "-f" "3c41c68e4ae0a505c2d2e7a75e66a311ffe924e28130ecb4eace220fcf5fecf5", kill_on_drop: false }`
[INFO] [stdout] 3c41c68e4ae0a505c2d2e7a75e66a311ffe924e28130ecb4eace220fcf5fecf5
[INFO] running `Command { std: "docker" "create" "-v" "/var/lib/crater-agent-workspace/builds/worker-1-tc1/target:/opt/rustwide/target:rw,Z" "-v" "/var/lib/crater-agent-workspace/builds/worker-1-tc1/source:/opt/rustwide/workdir:ro,Z" "-v" "/var/lib/crater-agent-workspace/cargo-home:/opt/rustwide/cargo-home:ro,Z" "-v" "/var/lib/crater-agent-workspace/rustup-home:/opt/rustwide/rustup-home:ro,Z" "-e" "SOURCE_DIR=/opt/rustwide/workdir" "-e" "CARGO_TARGET_DIR=/opt/rustwide/target" "-e" "CARGO_INCREMENTAL=0" "-e" "RUST_BACKTRACE=full" "-e" "RUSTFLAGS=--cap-lints=warn" "-e" "RUSTDOCFLAGS=--cap-lints=warn" "-e" "CARGO_HOME=/opt/rustwide/cargo-home" "-e" "RUSTUP_HOME=/opt/rustwide/rustup-home" "-w" "/opt/rustwide/workdir" "-m" "1610612736" "--user" "0:0" "--network" "none" "ghcr.io/rust-lang/crates-build-env/linux@sha256:2788e3201cd34a07e3172128adcd8b3090168a8e3bcc40d7c032b9dda1df7d1c" "/opt/rustwide/cargo-home/bin/cargo" "+1.75.0" "build" "--frozen" "--message-format=json", kill_on_drop: false }`
[INFO] [stdout] a6d96a8c9da00f8c36034ddb58c6146a24d31507e2011c1059f86d670fba302f
[INFO] running `Command { std: "docker" "start" "-a" "a6d96a8c9da00f8c36034ddb58c6146a24d31507e2011c1059f86d670fba302f", kill_on_drop: false }`
[INFO] [stderr]    Compiling proc-macro2 v1.0.47
[INFO] [stderr]    Compiling unicode-ident v1.0.5
[INFO] [stderr]    Compiling autocfg v1.0.1
[INFO] [stderr]    Compiling syn v1.0.105
[INFO] [stderr]    Compiling libc v0.2.137
[INFO] [stderr]    Compiling pkg-config v0.3.19
[INFO] [stderr]    Compiling once_cell v1.16.0
[INFO] [stderr]    Compiling version_check v0.9.3
[INFO] [stderr]    Compiling log v0.4.14
[INFO] [stderr]    Compiling serde_derive v1.0.126
[INFO] [stderr]    Compiling serde v1.0.126
[INFO] [stderr]    Compiling smallvec v1.10.0
[INFO] [stderr]    Compiling cc v1.0.77
[INFO] [stderr]    Compiling memchr v2.4.0
[INFO] [stderr]    Compiling libloading v0.7.0
[INFO] [stderr]    Compiling xml-rs v0.8.3
[INFO] [stderr]    Compiling parking_lot_core v0.9.5
[INFO] [stderr]    Compiling dlib v0.5.0
[INFO] [stderr]    Compiling ahash v0.7.6
[INFO] [stderr]    Compiling pin-project-lite v0.2.6
[INFO] [stderr]    Compiling num-traits v0.2.14
[INFO] [stderr]    Compiling memoffset v0.6.4
[INFO] [stderr]    Compiling crc32fast v1.2.1
[INFO] [stderr]    Compiling downcast-rs v1.2.0
[INFO] [stderr]    Compiling futures-core v0.3.15
[INFO] [stderr]    Compiling lock_api v0.4.6
[INFO] [stderr]    Compiling wayland-sys v0.29.5
[INFO] [stderr]    Compiling indexmap v1.9.2
[INFO] [stderr]    Compiling num-integer v0.1.44
[INFO] [stderr]    Compiling cmake v0.1.49
[INFO] [stderr]    Compiling nom v6.1.2
[INFO] [stderr]    Compiling quote v1.0.9
[INFO] [stderr]    Compiling crossbeam-utils v0.8.14
[INFO] [stderr]    Compiling miniz_oxide v0.6.2
[INFO] [stderr]    Compiling servo-fontconfig-sys v5.1.0
[INFO] [stderr]    Compiling wayland-scanner v0.29.5
[INFO] [stderr]    Compiling slotmap v1.0.6
[INFO] [stderr]    Compiling tracing-core v0.1.30
[INFO] [stderr]    Compiling scoped-tls v1.0.0
[INFO] [stderr]    Compiling byteorder v1.4.3
[INFO] [stderr]    Compiling cty v0.2.2
[INFO] [stderr]    Compiling gcc v0.3.55
[INFO] [stderr]    Compiling flate2 v1.0.25
[INFO] [stderr]    Compiling num-bigint v0.4.3
[INFO] [stderr]    Compiling slab v0.4.7
[INFO] [stderr]    Compiling freetype-sys v0.13.1
[INFO] [stderr]    Compiling expat-sys v2.1.6
[INFO] [stderr]    Compiling event-listener v2.5.3
[INFO] [stderr]    Compiling unicode-width v0.1.8
[INFO] [stderr]    Compiling parking v2.0.0
[INFO] [stderr]    Compiling khronos-egl v4.1.0
[INFO] [stderr]    Compiling waker-fn v1.1.0
[INFO] [stderr]    Compiling fastrand v1.8.0
[INFO] [stderr]    Compiling getrandom v0.2.8
[INFO] [stderr]    Compiling nix v0.24.3
[INFO] [stderr]    Compiling futures-io v0.3.25
[INFO] [stderr]    Compiling bit-vec v0.6.3
[INFO] [stderr]    Compiling ash v0.37.1+1.3.235
[INFO] [stderr]    Compiling parking_lot v0.12.1
[INFO] [stderr]    Compiling fasthash-sys v0.3.2
[INFO] [stderr]    Compiling termcolor v1.1.2
[INFO] [stderr]    Compiling futures-lite v1.12.0
[INFO] [stderr]    Compiling png v0.17.7
[INFO] [stderr]    Compiling spirv v0.2.0+1.5.4
[INFO] [stderr]    Compiling bit-set v0.5.2
[INFO] [stderr]    Compiling wayland-client v0.29.5
[INFO] [stderr]    Compiling wayland-protocols v0.29.5
[INFO] [stderr]    Compiling codespan-reporting v0.11.1
[INFO] [stderr]    Compiling fxhash v0.2.1
[INFO] [stderr]    Compiling concurrent-queue v2.0.0
[INFO] [stderr]    Compiling raw-window-handle v0.5.0
[INFO] [stderr]    Compiling crossfont v0.5.1
[INFO] [stderr]    Compiling smithay-client-toolkit v0.16.0
[INFO] [stderr]    Compiling num-rational v0.4.1
[INFO] [stderr]    Compiling gpu-alloc-types v0.2.0
[INFO] [stderr]    Compiling gpu-descriptor-types v0.1.1
[INFO] [stderr]    Compiling instant v0.1.9
[INFO] [stderr]    Compiling xcursor v0.3.3
[INFO] [stderr]    Compiling vec_map v0.8.2
[INFO] [stderr]    Compiling hexf-parse v0.2.1
[INFO] [stderr]    Compiling cfg_aliases v0.1.1
[INFO] [stderr]    Compiling rustc-hash v1.1.0
[INFO] [stderr]    Compiling foreign-types-shared v0.3.1
[INFO] [stderr]    Compiling arrayref v0.3.6
[INFO] [stderr]    Compiling maybe-uninit v2.0.0
[INFO] [stderr]    Compiling unicode-xid v0.2.4
[INFO] [stderr]    Compiling erased-serde v0.3.23
[INFO] [stderr]    Compiling rustversion v1.0.9
[INFO] [stderr]    Compiling wgpu-core v0.14.2
[INFO] [stderr]    Compiling gpu-alloc v0.5.3
[INFO] [stderr]    Compiling async-lock v2.6.0
[INFO] [stderr]    Compiling uuid v1.2.2
[INFO] [stderr]    Compiling servo-fontconfig v0.5.1
[INFO] [stderr]    Compiling freetype-rs v0.26.0
[INFO] [stderr]    Compiling rand_core v0.6.4
[INFO] [stderr]    Compiling memmap2 v0.5.8
[INFO] [stderr]    Compiling toml v0.5.8
[INFO] [stderr]    Compiling rand v0.4.6
[INFO] [stderr]    Compiling x11-dl v2.18.5
[INFO] [stderr]    Compiling num-iter v0.1.43
[INFO] [stderr]    Compiling wgpu-types v0.14.1
[INFO] [stderr]    Compiling renderdoc-sys v0.7.1
[INFO] [stderr]    Compiling cache-padded v1.2.0
[INFO] [stderr]    Compiling wayland-commons v0.29.5
[INFO] [stderr]    Compiling profiling v1.0.1
[INFO] [stderr]    Compiling arrayvec v0.5.2
[INFO] [stderr]    Compiling seahash v3.0.7
[INFO] [stderr]    Compiling glow v0.11.2
[INFO] [stderr]    Compiling arrayvec v0.7.2
[INFO] [stderr]    Compiling ppv-lite86 v0.2.17
[INFO] [stderr]    Compiling async-task v4.3.0
[INFO] [stderr]    Compiling xoroshiro128 v0.3.0
[INFO] [stderr]    Compiling async-executor v1.5.0
[INFO] [stderr]    Compiling concurrent-queue v1.2.4
[INFO] [stderr]    Compiling rand_chacha v0.3.1
[INFO] [stderr]    Compiling async-channel v1.8.0
[INFO] [stderr]    Compiling thread_local v1.1.4
[INFO] [stderr]    Compiling bevy_macro_utils v0.9.1
[INFO] [stderr]    Compiling bevy_ptr v0.9.1
[INFO] [stderr]    Compiling virtue v0.0.8
[INFO] [stderr]    Compiling overload v0.1.1
[INFO] [stderr]    Compiling fixedbitset v0.4.2
[INFO] [stderr]    Compiling heck v0.4.0
[INFO] [stderr]    Compiling nu-ansi-term v0.46.0
[INFO] [stderr]    Compiling bevy_tasks v0.9.1
[INFO] [stderr]    Compiling rand v0.8.5
[INFO] [stderr]    Compiling mio v0.8.5
[INFO] [stderr]    Compiling num-complex v0.4.2
[INFO] [stderr]    Compiling tracing-log v0.1.3
[INFO] [stderr]    Compiling bincode_derive v2.0.0-rc.2
[INFO] [stderr]    Compiling raw-window-handle v0.4.3
[INFO] [stderr]    Compiling static_assertions v1.1.0
[INFO] [stderr]    Compiling percent-encoding v2.1.0
[INFO] [stderr]    Compiling color_quant v1.1.0
[INFO] [stderr]    Compiling strum v0.24.1
[INFO] [stderr]    Compiling tracing-subscriber v0.3.16
[INFO] [stderr]    Compiling pollster v0.2.5
[INFO] [stderr]    Compiling num v0.4.0
[INFO] [stderr]    Compiling wayland-cursor v0.29.5
[INFO] [stderr]    Compiling bincode v2.0.0-rc.2
[INFO] [stderr]    Compiling thiserror-impl v1.0.25
[INFO] [stderr]    Compiling bytemuck_derive v1.3.0
[INFO] [stderr]    Compiling foreign-types-macros v0.2.2
[INFO] [stderr]    Compiling tracing-attributes v0.1.23
[INFO] [stderr]    Compiling bevy_reflect_derive v0.9.1
[INFO] [stderr]    Compiling strum_macros v0.24.3
[INFO] [stderr]    Compiling bevy_ecs_macros v0.9.1
[INFO] [stderr]    Compiling enum-kinds v0.5.1
[INFO] [stderr]    Compiling serde_repr v0.1.9
[INFO] [stderr]    Compiling foreign-types v0.5.0
[INFO] [stderr]    Compiling fasthash v0.4.0
[INFO] [stderr]    Compiling bytemuck v1.12.3
[INFO] [stderr]    Compiling thiserror v1.0.25
[INFO] [stderr]    Compiling tiny-skia-path v0.7.0
[INFO] [stderr]    Compiling calloop v0.10.2
[INFO] [stderr]    Compiling safe_arch v0.5.2
[INFO] [stderr]    Compiling proc-macro-crate v1.2.1
[INFO] [stderr]    Compiling glam v0.22.0
[INFO] [stderr]    Compiling image v0.24.5
[INFO] [stderr]    Compiling num_enum_derive v0.5.7
[INFO] [stderr]    Compiling tracing v0.1.35
[INFO] [stderr]    Compiling tiny-skia v0.7.0
[INFO] [stderr]    Compiling macros v0.1.0 (/opt/rustwide/workdir/macros)
[INFO] [stdout] warning: unused import: `Field`
[INFO] [stdout]  --> macros/src/static_buffer.rs:4:56
[INFO] [stdout]   |
[INFO] [stdout] 4 | use syn::{parse::Parse, punctuated::Punctuated, token, Field, Token};
[INFO] [stdout]   |                                                        ^^^^^
[INFO] [stdout]   |
[INFO] [stdout]   = note: `#[warn(unused_imports)]` on by default
[INFO] [stdout] 
[INFO] [stdout] 
[INFO] [stdout] warning: unused variable: `leading`
[INFO] [stdout]    --> macros/src/util.rs:121:7
[INFO] [stdout]     |
[INFO] [stdout] 121 |   let leading = if path.leading_colon.is_some() {
[INFO] [stdout]     |       ^^^^^^^ help: if this is intentional, prefix it with an underscore: `_leading`
[INFO] [stdout]     |
[INFO] [stdout]     = note: `#[warn(unused_variables)]` on by default
[INFO] [stdout] 
[INFO] [stdout] 
[INFO] [stdout] warning: variant `UnexpectedPathSegment` is never constructed
[INFO] [stdout]   --> macros/src/error.rs:14:3
[INFO] [stdout]    |
[INFO] [stdout] 10 | pub enum CaptureError {
[INFO] [stdout]    |          ------------ variant in this enum
[INFO] [stdout] ...
[INFO] [stdout] 14 |   UnexpectedPathSegment(syn::Ident),
[INFO] [stdout]    |   ^^^^^^^^^^^^^^^^^^^^^
[INFO] [stdout]    |
[INFO] [stdout]    = note: `CaptureError` has a derived impl for the trait `Debug`, but this is intentionally ignored during dead code analysis
[INFO] [stdout]    = note: `#[warn(dead_code)]` on by default
[INFO] [stdout] 
[INFO] [stdout] 
[INFO] [stdout] warning: variant `PathParseError` is never constructed
[INFO] [stdout]   --> macros/src/error.rs:22:3
[INFO] [stdout]    |
[INFO] [stdout] 20 | pub enum ParseError {
[INFO] [stdout]    |          ---------- variant in this enum
[INFO] [stdout] 21 |   #[error("unable to parse path: {0}")]
[INFO] [stdout] 22 |   PathParseError(String),
[INFO] [stdout]    |   ^^^^^^^^^^^^^^
[INFO] [stdout]    |
[INFO] [stdout]    = note: `ParseError` has a derived impl for the trait `Debug`, but this is intentionally ignored during dead code analysis
[INFO] [stdout] 
[INFO] [stdout] 
[INFO] [stdout] warning: function `not_static` is never used
[INFO] [stdout]  --> macros/src/static_buffer.rs:6:4
[INFO] [stdout]   |
[INFO] [stdout] 6 | fn not_static() {
[INFO] [stdout]   |    ^^^^^^^^^^
[INFO] [stdout] 
[INFO] [stdout] 
[INFO] [stdout] warning: field `brace` is never read
[INFO] [stdout]   --> macros/src/static_buffer.rs:11:3
[INFO] [stdout]    |
[INFO] [stdout] 10 | pub struct StaticVertex {
[INFO] [stdout]    |            ------------ field in this struct
[INFO] [stdout] 11 |   brace: token::Brace,
[INFO] [stdout]    |   ^^^^^
[INFO] [stdout] 
[INFO] [stdout] 
[INFO] [stdout] warning: fields `static_lit`, `colon`, `eq`, and `bracket` are never read
[INFO] [stdout]   --> macros/src/static_buffer.rs:27:3
[INFO] [stdout]    |
[INFO] [stdout] 25 | pub struct StaticBuffer {
[INFO] [stdout]    |            ------------ fields in this struct
[INFO] [stdout] 26 |   public: Option<Token![pub]>,
[INFO] [stdout] 27 |   static_lit: Token![static],
[INFO] [stdout]    |   ^^^^^^^^^^
[INFO] [stdout] 28 |   ident: syn::Ident,
[INFO] [stdout] 29 |   colon: Token![:],
[INFO] [stdout]    |   ^^^^^
[INFO] [stdout] 30 |   ty: syn::Type,
[INFO] [stdout] 31 |   eq: Token![=],
[INFO] [stdout]    |   ^^
[INFO] [stdout] 32 |   bracket: token::Bracket,
[INFO] [stdout]    |   ^^^^^^^
[INFO] [stdout] 
[INFO] [stdout] 
[INFO] [stdout] warning: function `path_match_tail` is never used
[INFO] [stdout]   --> macros/src/util.rs:16:8
[INFO] [stdout]    |
[INFO] [stdout] 16 | pub fn path_match_tail<S: AsRef<str>, T: AsRef<[S]>>(
[INFO] [stdout]    |        ^^^^^^^^^^^^^^^
[INFO] [stdout] 
[INFO] [stdout] 
[INFO] [stderr]    Compiling num_enum v0.5.7
[INFO] [stdout] warning: 8 warnings emitted
[INFO] [stdout] 
[INFO] [stdout] 
[INFO] [stderr]    Compiling hashbrown v0.12.3
[INFO] [stderr]    Compiling gpu-descriptor v0.2.3
[INFO] [stderr]    Compiling bevy_utils v0.9.1
[INFO] [stderr]    Compiling bevy_reflect v0.9.1
[INFO] [stderr]    Compiling naga v0.10.0
[INFO] [stderr]    Compiling petgraph v0.6.2
[INFO] [stderr]    Compiling bevy_ecs v0.9.1
[INFO] [stderr]    Compiling wgpu-hal v0.14.1
[INFO] [stderr]    Compiling wgpu v0.14.2
[INFO] [stderr]    Compiling sctk-adwaita v0.4.3
[INFO] [stderr]    Compiling winit v0.27.5
[INFO] [stderr]    Compiling earth_oxide v0.1.0 (/opt/rustwide/workdir)
[INFO] [stdout] warning: unused import: `std::default`
[INFO] [stdout]  --> src/content/chunk.rs:1:5
[INFO] [stdout]   |
[INFO] [stdout] 1 | use std::default;
[INFO] [stdout]   |     ^^^^^^^^^^^^
[INFO] [stdout]   |
[INFO] [stdout]   = note: `#[warn(unused_imports)]` on by default
[INFO] [stdout] 
[INFO] [stdout] 
[INFO] [stdout] warning: unused imports: `mem::MaybeUninit`, `ops::Range`
[INFO] [stdout]  --> src/content/world.rs:1:11
[INFO] [stdout]   |
[INFO] [stdout] 1 | use std::{mem::MaybeUninit, ops::Range};
[INFO] [stdout]   |           ^^^^^^^^^^^^^^^^  ^^^^^^^^^^
[INFO] [stdout] 
[INFO] [stdout] 
[INFO] [stdout] warning: unused imports: `BufRead`, `RwLockReadGuard`, `RwLock`, `marker::StructuralEq`
[INFO] [stdout]  --> src/content/resouces.rs:5:10
[INFO] [stdout]   |
[INFO] [stdout] 5 |     io::{BufRead, BufReader, Read, Write},
[INFO] [stdout]   |          ^^^^^^^
[INFO] [stdout] 6 |     marker::StructuralEq,
[INFO] [stdout]   |     ^^^^^^^^^^^^^^^^^^^^
[INFO] [stdout] 7 |     path::{Path, PathBuf},
[INFO] [stdout] 8 |     sync::{RwLock, RwLockReadGuard, RwLockWriteGuard},
[INFO] [stdout]   |            ^^^^^^  ^^^^^^^^^^^^^^^
[INFO] [stdout] 
[INFO] [stdout] 
[INFO] [stdout] warning: unused import: `byteorder::LE`
[INFO] [stdout]   --> src/content/resouces.rs:11:5
[INFO] [stdout]    |
[INFO] [stdout] 11 | use byteorder::LE;
[INFO] [stdout]    |     ^^^^^^^^^^^^^
[INFO] [stdout] 
[INFO] [stdout] 
[INFO] [stdout] error[E0658]: use of unstable library feature 'structural_match'
[INFO] [stdout]  --> src/content/resouces.rs:6:5
[INFO] [stdout]   |
[INFO] [stdout] 6 |     marker::StructuralEq,
[INFO] [stdout]   |     ^^^^^^^^^^^^^^^^^^^^
[INFO] [stdout]   |
[INFO] [stdout]   = note: see issue #31434 <https://github.com/rust-lang/rust/issues/31434> for more information
[INFO] [stdout] 
[INFO] [stdout] 
[INFO] [stdout] error[E0599]: no variant or associated item named `InvalidResourceKind` found for enum `ResourceError` in the current scope
[INFO] [stdout]   --> src/content/resouces.rs:61:68
[INFO] [stdout]    |
[INFO] [stdout] 61 |             ResourceKind::try_from(tag).map_err(|_| ResourceError::InvalidResourceKind(tag))?;
[INFO] [stdout]    |                                                                    ^^^^^^^^^^^^^^^^^^^ variant or associated item not found in `ResourceError`
[INFO] [stdout]    |
[INFO] [stdout]   ::: src/error.rs:12:1
[INFO] [stdout]    |
[INFO] [stdout] 12 | pub enum ResourceError {
[INFO] [stdout]    | ---------------------- variant or associated item `InvalidResourceKind` not found for this enum
[INFO] [stdout] 
[INFO] [stdout] 
[INFO] [stdout] error[E0599]: no associated item named `Path` found for struct `ResourceBank` in the current scope
[INFO] [stdout]   --> src/content/resouces.rs:78:23
[INFO] [stdout]    |
[INFO] [stdout] 70 | pub struct ResourceBank<R: Storable> {
[INFO] [stdout]    | ------------------------------------ associated item `Path` not found for this struct
[INFO] [stdout] ...
[INFO] [stdout] 78 |         ResourceBank::Path(path)
[INFO] [stdout]    |                       ^^^^ associated item not found in `ResourceBank<_>`
[INFO] [stdout]    |
[INFO] [stdout] note: if you're trying to build a new `ResourceBank<_>` consider using one of the following associated functions:
[INFO] [stdout]       ResourceBank::<R>::new
[INFO] [stdout]       ResourceBank::<R>::load
[INFO] [stdout]   --> src/content/resouces.rs:77:5
[INFO] [stdout]    |
[INFO] [stdout] 77 |     pub fn new(path: impl AsRef<Path>) -> Self {
[INFO] [stdout]    |     ^^^^^^^^^^^^^^^^^^^^^^^^^^^^^^^^^^^^^^^^^^
[INFO] [stdout] ...
[INFO] [stdout] 81 |     fn load(source: impl AsRef<Path>) -> Result<Self, ResourceError> {
[INFO] [stdout]    |     ^^^^^^^^^^^^^^^^^^^^^^^^^^^^^^^^^^^^^^^^^^^^^^^^^^^^^^^^^^^^^^^^
[INFO] [stdout] 
[INFO] [stdout] 
[INFO] [stdout] error[E0308]: mismatched types
[INFO] [stdout]   --> src/content/resouces.rs:81:42
[INFO] [stdout]    |
[INFO] [stdout] 81 |     fn load(source: impl AsRef<Path>) -> Result<Self, ResourceError> {
[INFO] [stdout]    |        ----                              ^^^^^^^^^^^^^^^^^^^^^^^^^^^ expected `Result<ResourceBank<R>, ...>`, found `()`
[INFO] [stdout]    |        |
[INFO] [stdout]    |        implicitly returns `()` as its body has no tail or `return` expression
[INFO] [stdout]    |
[INFO] [stdout]    = note:   expected enum `Result<ResourceBank<R>, ResourceError>`
[INFO] [stdout]            found unit type `()`
[INFO] [stdout] 
[INFO] [stdout] 
[INFO] [stdout] error[E0599]: no associated item named `Path` found for struct `ResourceBank` in the current scope
[INFO] [stdout]   --> src/content/resouces.rs:95:27
[INFO] [stdout]    |
[INFO] [stdout] 70 | pub struct ResourceBank<R: Storable> {
[INFO] [stdout]    | ------------------------------------ associated item `Path` not found for this struct
[INFO] [stdout] ...
[INFO] [stdout] 95 |             ResourceBank::Path(_) => false,
[INFO] [stdout]    |                           ^^^^ associated item not found in `ResourceBank<_>`
[INFO] [stdout] 
[INFO] [stdout] 
[INFO] [stdout] error[E0223]: ambiguous associated type
[INFO] [stdout]   --> src/content/resouces.rs:96:13
[INFO] [stdout]    |
[INFO] [stdout] 96 |             ResourceBank::Loaded {
[INFO] [stdout]    |             ^^^^^^^^^^^^^^^^^^^^
[INFO] [stdout]    |
[INFO] [stdout] help: if there were a trait named `Example` with associated type `Loaded` implemented for `ResourceBank<_>`, you could use the fully-qualified path
[INFO] [stdout]    |
[INFO] [stdout] 96 |             <ResourceBank<_> as Example>::Loaded {
[INFO] [stdout]    |             ~~~~~~~~~~~~~~~~~~~~~~~~~~~~~~~~~~~~
[INFO] [stdout] 
[INFO] [stdout] 
[INFO] [stdout] error[E0223]: ambiguous associated type
[INFO] [stdout]    --> src/content/resouces.rs:106:13
[INFO] [stdout]     |
[INFO] [stdout] 106 |             ResourceBank::Loaded {
[INFO] [stdout]     |             ^^^^^^^^^^^^^^^^^^^^
[INFO] [stdout]     |
[INFO] [stdout] help: if there were a trait named `Example` with associated type `Loaded` implemented for `ResourceBank<_>`, you could use the fully-qualified path
[INFO] [stdout]     |
[INFO] [stdout] 106 |             <ResourceBank<_> as Example>::Loaded {
[INFO] [stdout]     |             ~~~~~~~~~~~~~~~~~~~~~~~~~~~~~~~~~~~~
[INFO] [stdout] 
[INFO] [stdout] 
[INFO] [stdout] error[E0308]: `match` arms have incompatible types
[INFO] [stdout]    --> src/content/resouces.rs:113:24
[INFO] [stdout]     |
[INFO] [stdout] 105 | /         match self {
[INFO] [stdout] 106 | |             ResourceBank::Loaded {
[INFO] [stdout] 107 | |                 source,
[INFO] [stdout] 108 | |                 resources,
[INFO] [stdout] ...   |
[INFO] [stdout] 111 | |                 *resources = *cleared = true;
[INFO] [stdout]     | |                 ----------------------------- this is found to be of type `()`
[INFO] [stdout] 112 | |             }
[INFO] [stdout] 113 | |             cleared => cleared,
[INFO] [stdout]     | |                        ^^^^^^^ expected `()`, found `&mut ResourceBank<R>`
[INFO] [stdout] 114 | |         }
[INFO] [stdout]     | |_________- `match` arms have incompatible types
[INFO] [stdout]     |
[INFO] [stdout]     = note:      expected unit type `()`
[INFO] [stdout]             found mutable reference `&mut ResourceBank<R>`
[INFO] [stdout] 
[INFO] [stdout] 
[INFO] [stdout] error[E0599]: no function or associated item named `new` found for struct `fasthash::city::Hasher128` in the current scope
[INFO] [stdout]    --> src/content/resouces.rs:142:53
[INFO] [stdout]     |
[INFO] [stdout] 142 |         let mut hasher = fasthash::city::Hasher128::new();
[INFO] [stdout]     |                                                     ^^^ function or associated item not found in `Hasher128`
[INFO] [stdout]     |
[INFO] [stdout]     = help: items from traits can only be used if the trait is in scope
[INFO] [stdout] help: the following trait is implemented but not in scope; perhaps add a `use` for it:
[INFO] [stdout]     |
[INFO] [stdout] 1   + use fasthash::FastHasher;
[INFO] [stdout]     |
[INFO] [stdout] 
[INFO] [stdout] 
[INFO] [stdout] error[E0308]: mismatched types
[INFO] [stdout]    --> src/render/texture.rs:161:60
[INFO] [stdout]     |
[INFO] [stdout] 161 |     pub fn create_texture(&self, device: &wgpu::Device) -> wgpu::Texture {
[INFO] [stdout]     |            --------------                                  ^^^^^^^^^^^^^ expected `Texture`, found `()`
[INFO] [stdout]     |            |
[INFO] [stdout]     |            implicitly returns `()` as its body has no tail or `return` expression
[INFO] [stdout]     |
[INFO] [stdout] help: consider returning the local binding `texture`
[INFO] [stdout]     |
[INFO] [stdout] 162 ~         let texture = device.create_texture(&self.descriptor());
[INFO] [stdout] 163 +         texture
[INFO] [stdout]     |
[INFO] [stdout] 
[INFO] [stdout] 
[INFO] [stdout] error[E0599]: no method named `descriptor` found for enum `std::option::Option` in the current scope
[INFO] [stdout]    --> src/render/texture.rs:187:65
[INFO] [stdout]     |
[INFO] [stdout] 187 |         self.texture = Some(device.create_texture(&self.texture.descriptor()));
[INFO] [stdout]     |                                                                 ^^^^^^^^^^ method not found in `Option<Texture>`
[INFO] [stdout] 
[INFO] [stdout] 
[INFO] [stdout] error[E0308]: mismatched types
[INFO] [stdout]    --> src/render/texture.rs:186:64
[INFO] [stdout]     |
[INFO] [stdout] 186 |     pub fn create_texture(&mut self, device: &wgpu::Device) -> wgpu::Texture {
[INFO] [stdout]     |            --------------                                      ^^^^^^^^^^^^^ expected `Texture`, found `()`
[INFO] [stdout]     |            |
[INFO] [stdout]     |            implicitly returns `()` as its body has no tail or `return` expression
[INFO] [stdout] 
[INFO] [stdout] 
[INFO] [stdout] error[E0308]: mismatched types
[INFO] [stdout]    --> src/render/mod.rs:223:41
[INFO] [stdout]     |
[INFO] [stdout] 223 |                 .create_render_pipeline(&state),
[INFO] [stdout]     |                  ---------------------- ^^^^^^ expected `&Device`, found `&&RendererState`
[INFO] [stdout]     |                  |
[INFO] [stdout]     |                  arguments to this method are incorrect
[INFO] [stdout]     |
[INFO] [stdout]     = note: expected reference `&wgpu::Device`
[INFO] [stdout]                found reference `&&RendererState`
[INFO] [stdout] note: method defined here
[INFO] [stdout]    --> src/render/pipeline.rs:48:12
[INFO] [stdout]     |
[INFO] [stdout] 48  |     pub fn create_render_pipeline(&self, device: &Device) -> RenderPipeline {
[INFO] [stdout]     |            ^^^^^^^^^^^^^^^^^^^^^^        ---------------
[INFO] [stdout] 
[INFO] [stdout] 
[INFO] [stdout] error[E0599]: no method named `create_view` found for struct `TextureReference` in the current scope
[INFO] [stdout]    --> src/render/mod.rs:229:24
[INFO] [stdout]     |
[INFO] [stdout] 229 |         let view = tex.create_view(&TextureViewDescriptor::default());
[INFO] [stdout]     |                        ^^^^^^^^^^^ method not found in `TextureReference<'_>`
[INFO] [stdout]     |
[INFO] [stdout]    ::: src/render/texture.rs:179:1
[INFO] [stdout]     |
[INFO] [stdout] 179 | pub struct TextureReference<'a> {
[INFO] [stdout]     | ------------------------------- method `create_view` not found for this struct
[INFO] [stdout] 
[INFO] [stdout] 
[INFO] [stdout] error: aborting due to 14 previous errors; 4 warnings emitted
[INFO] [stdout] 
[INFO] [stdout] 
[INFO] [stdout] Some errors have detailed explanations: E0223, E0308, E0599, E0658.
[INFO] [stdout] 
[INFO] [stdout] For more information about an error, try `rustc --explain E0223`.
[INFO] [stdout] 
[INFO] [stderr] error: could not compile `earth_oxide` (lib) due to 15 previous errors; 4 warnings emitted
[INFO] running `Command { std: "docker" "inspect" "a6d96a8c9da00f8c36034ddb58c6146a24d31507e2011c1059f86d670fba302f", kill_on_drop: false }`
[INFO] running `Command { std: "docker" "rm" "-f" "a6d96a8c9da00f8c36034ddb58c6146a24d31507e2011c1059f86d670fba302f", kill_on_drop: false }`
[INFO] [stdout] a6d96a8c9da00f8c36034ddb58c6146a24d31507e2011c1059f86d670fba302f
[INFO] testing Caellian/voxel_renderer against beta-2023-12-22 for beta-1.76-1
[INFO] running `Command { std: "git" "clone" "/workspace/cache/git-repos/https%3A%2F%2Fgithub.com%2FCaellian%2Fvoxel_renderer" "/workspace/builds/worker-1-tc2/source", kill_on_drop: false }`
[INFO] [stderr] Cloning into '/workspace/builds/worker-1-tc2/source'...
[INFO] [stderr] done.
[INFO] validating manifest of git repo https://github.com/Caellian/voxel_renderer on toolchain beta-2023-12-22
[INFO] running `Command { std: CARGO_HOME="/workspace/cargo-home" RUSTUP_HOME="/workspace/rustup-home" "/workspace/cargo-home/bin/cargo" "+beta-2023-12-22" "metadata" "--manifest-path" "Cargo.toml" "--no-deps", kill_on_drop: false }`
[INFO] started tweaking git repo https://github.com/Caellian/voxel_renderer
[INFO] finished tweaking git repo https://github.com/Caellian/voxel_renderer
[INFO] tweaked toml for git repo https://github.com/Caellian/voxel_renderer written to /workspace/builds/worker-1-tc2/source/Cargo.toml
[INFO] crate git repo https://github.com/Caellian/voxel_renderer already has a lockfile, it will not be regenerated
[INFO] running `Command { std: CARGO_HOME="/workspace/cargo-home" RUSTUP_HOME="/workspace/rustup-home" "/workspace/cargo-home/bin/cargo" "+beta-2023-12-22" "fetch" "--manifest-path" "Cargo.toml", kill_on_drop: false }`
[INFO] running `Command { std: "docker" "create" "-v" "/var/lib/crater-agent-workspace/builds/worker-1-tc2/target:/opt/rustwide/target:rw,Z" "-v" "/var/lib/crater-agent-workspace/builds/worker-1-tc2/source:/opt/rustwide/workdir:ro,Z" "-v" "/var/lib/crater-agent-workspace/cargo-home:/opt/rustwide/cargo-home:ro,Z" "-v" "/var/lib/crater-agent-workspace/rustup-home:/opt/rustwide/rustup-home:ro,Z" "-e" "SOURCE_DIR=/opt/rustwide/workdir" "-e" "CARGO_TARGET_DIR=/opt/rustwide/target" "-e" "CARGO_HOME=/opt/rustwide/cargo-home" "-e" "RUSTUP_HOME=/opt/rustwide/rustup-home" "-w" "/opt/rustwide/workdir" "-m" "1610612736" "--user" "0:0" "--network" "none" "ghcr.io/rust-lang/crates-build-env/linux@sha256:2788e3201cd34a07e3172128adcd8b3090168a8e3bcc40d7c032b9dda1df7d1c" "/opt/rustwide/cargo-home/bin/cargo" "+beta-2023-12-22" "metadata" "--no-deps" "--format-version=1", kill_on_drop: false }`
[INFO] [stdout] b0da6752d839d4715e21eefaaf9e1e223ceca914e35a851aab3e38e22d4589dd
[INFO] running `Command { std: "docker" "start" "-a" "b0da6752d839d4715e21eefaaf9e1e223ceca914e35a851aab3e38e22d4589dd", kill_on_drop: false }`
[INFO] running `Command { std: "docker" "inspect" "b0da6752d839d4715e21eefaaf9e1e223ceca914e35a851aab3e38e22d4589dd", kill_on_drop: false }`
[INFO] running `Command { std: "docker" "rm" "-f" "b0da6752d839d4715e21eefaaf9e1e223ceca914e35a851aab3e38e22d4589dd", kill_on_drop: false }`
[INFO] [stdout] b0da6752d839d4715e21eefaaf9e1e223ceca914e35a851aab3e38e22d4589dd
[INFO] running `Command { std: "docker" "create" "-v" "/var/lib/crater-agent-workspace/builds/worker-1-tc2/target:/opt/rustwide/target:rw,Z" "-v" "/var/lib/crater-agent-workspace/builds/worker-1-tc2/source:/opt/rustwide/workdir:ro,Z" "-v" "/var/lib/crater-agent-workspace/cargo-home:/opt/rustwide/cargo-home:ro,Z" "-v" "/var/lib/crater-agent-workspace/rustup-home:/opt/rustwide/rustup-home:ro,Z" "-e" "SOURCE_DIR=/opt/rustwide/workdir" "-e" "CARGO_TARGET_DIR=/opt/rustwide/target" "-e" "CARGO_INCREMENTAL=0" "-e" "RUST_BACKTRACE=full" "-e" "RUSTFLAGS=--cap-lints=warn" "-e" "RUSTDOCFLAGS=--cap-lints=warn" "-e" "CARGO_HOME=/opt/rustwide/cargo-home" "-e" "RUSTUP_HOME=/opt/rustwide/rustup-home" "-w" "/opt/rustwide/workdir" "-m" "1610612736" "--user" "0:0" "--network" "none" "ghcr.io/rust-lang/crates-build-env/linux@sha256:2788e3201cd34a07e3172128adcd8b3090168a8e3bcc40d7c032b9dda1df7d1c" "/opt/rustwide/cargo-home/bin/cargo" "+beta-2023-12-22" "build" "--frozen" "--message-format=json", kill_on_drop: false }`
[INFO] [stdout] 91a3794f4e85bf5f285cd81e2e2bd477b005d2703ded6f8e02d1fe46dd789bfa
[INFO] running `Command { std: "docker" "start" "-a" "91a3794f4e85bf5f285cd81e2e2bd477b005d2703ded6f8e02d1fe46dd789bfa", kill_on_drop: false }`
[INFO] [stderr]    Compiling proc-macro2 v1.0.47
[INFO] [stderr]    Compiling unicode-ident v1.0.5
[INFO] [stderr]    Compiling autocfg v1.0.1
[INFO] [stderr]    Compiling syn v1.0.105
[INFO] [stderr]    Compiling libc v0.2.137
[INFO] [stderr]    Compiling pkg-config v0.3.19
[INFO] [stderr]    Compiling once_cell v1.16.0
[INFO] [stderr]    Compiling version_check v0.9.3
[INFO] [stderr]    Compiling log v0.4.14
[INFO] [stderr]    Compiling serde_derive v1.0.126
[INFO] [stderr]    Compiling serde v1.0.126
[INFO] [stderr]    Compiling smallvec v1.10.0
[INFO] [stderr]    Compiling cc v1.0.77
[INFO] [stderr]    Compiling memchr v2.4.0
[INFO] [stderr]    Compiling libloading v0.7.0
[INFO] [stderr]    Compiling xml-rs v0.8.3
[INFO] [stderr]    Compiling parking_lot_core v0.9.5
[INFO] [stderr]    Compiling dlib v0.5.0
[INFO] [stderr]    Compiling crc32fast v1.2.1
[INFO] [stderr]    Compiling futures-core v0.3.15
[INFO] [stderr]    Compiling ahash v0.7.6
[INFO] [stderr]    Compiling pin-project-lite v0.2.6
[INFO] [stderr]    Compiling downcast-rs v1.2.0
[INFO] [stderr]    Compiling nom v6.1.2
[INFO] [stderr]    Compiling num-traits v0.2.14
[INFO] [stderr]    Compiling memoffset v0.6.4
[INFO] [stderr]    Compiling indexmap v1.9.2
[INFO] [stderr]    Compiling cmake v0.1.49
[INFO] [stderr]    Compiling wayland-sys v0.29.5
[INFO] [stderr]    Compiling num-integer v0.1.44
[INFO] [stderr]    Compiling lock_api v0.4.6
[INFO] [stderr]    Compiling crossbeam-utils v0.8.14
[INFO] [stderr]    Compiling miniz_oxide v0.6.2
[INFO] [stderr]    Compiling quote v1.0.9
[INFO] [stderr]    Compiling servo-fontconfig-sys v5.1.0
[INFO] [stderr]    Compiling slotmap v1.0.6
[INFO] [stderr]    Compiling tracing-core v0.1.30
[INFO] [stderr]    Compiling byteorder v1.4.3
[INFO] [stderr]    Compiling wayland-scanner v0.29.5
[INFO] [stderr]    Compiling gcc v0.3.55
[INFO] [stderr]    Compiling cty v0.2.2
[INFO] [stderr]    Compiling scoped-tls v1.0.0
[INFO] [stderr]    Compiling flate2 v1.0.25
[INFO] [stderr]    Compiling num-bigint v0.4.3
[INFO] [stderr]    Compiling slab v0.4.7
[INFO] [stderr]    Compiling termcolor v1.1.2
[INFO] [stderr]    Compiling futures-io v0.3.25
[INFO] [stderr]    Compiling freetype-sys v0.13.1
[INFO] [stderr]    Compiling expat-sys v2.1.6
[INFO] [stderr]    Compiling bit-vec v0.6.3
[INFO] [stderr]    Compiling ash v0.37.1+1.3.235
[INFO] [stderr]    Compiling waker-fn v1.1.0
[INFO] [stderr]    Compiling getrandom v0.2.8
[INFO] [stderr]    Compiling nix v0.24.3
[INFO] [stderr]    Compiling unicode-width v0.1.8
[INFO] [stderr]    Compiling fastrand v1.8.0
[INFO] [stderr]    Compiling parking v2.0.0
[INFO] [stderr]    Compiling event-listener v2.5.3
[INFO] [stderr]    Compiling khronos-egl v4.1.0
[INFO] [stderr]    Compiling parking_lot v0.12.1
[INFO] [stderr]    Compiling fasthash-sys v0.3.2
[INFO] [stderr]    Compiling codespan-reporting v0.11.1
[INFO] [stderr]    Compiling futures-lite v1.12.0
[INFO] [stderr]    Compiling bit-set v0.5.2
[INFO] [stderr]    Compiling png v0.17.7
[INFO] [stderr]    Compiling spirv v0.2.0+1.5.4
[INFO] [stderr]    Compiling concurrent-queue v2.0.0
[INFO] [stderr]    Compiling fxhash v0.2.1
[INFO] [stderr]    Compiling raw-window-handle v0.5.0
[INFO] [stderr]    Compiling crossfont v0.5.1
[INFO] [stderr]    Compiling smithay-client-toolkit v0.16.0
[INFO] [stderr]    Compiling num-rational v0.4.1
[INFO] [stderr]    Compiling gpu-alloc-types v0.2.0
[INFO] [stderr]    Compiling wayland-client v0.29.5
[INFO] [stderr]    Compiling wayland-protocols v0.29.5
[INFO] [stderr]    Compiling gpu-descriptor-types v0.1.1
[INFO] [stderr]    Compiling instant v0.1.9
[INFO] [stderr]    Compiling vec_map v0.8.2
[INFO] [stderr]    Compiling rustversion v1.0.9
[INFO] [stderr]    Compiling erased-serde v0.3.23
[INFO] [stderr]    Compiling cfg_aliases v0.1.1
[INFO] [stderr]    Compiling arrayref v0.3.6
[INFO] [stderr]    Compiling hexf-parse v0.2.1
[INFO] [stderr]    Compiling rustc-hash v1.1.0
[INFO] [stderr]    Compiling foreign-types-shared v0.3.1
[INFO] [stderr]    Compiling maybe-uninit v2.0.0
[INFO] [stderr]    Compiling unicode-xid v0.2.4
[INFO] [stderr]    Compiling wgpu-core v0.14.2
[INFO] [stderr]    Compiling xcursor v0.3.3
[INFO] [stderr]    Compiling async-lock v2.6.0
[INFO] [stderr]    Compiling gpu-alloc v0.5.3
[INFO] [stderr]    Compiling uuid v1.2.2
[INFO] [stderr]    Compiling servo-fontconfig v0.5.1
[INFO] [stderr]    Compiling freetype-rs v0.26.0
[INFO] [stderr]    Compiling rand_core v0.6.4
[INFO] [stderr]    Compiling memmap2 v0.5.8
[INFO] [stderr]    Compiling rand v0.4.6
[INFO] [stderr]    Compiling x11-dl v2.18.5
[INFO] [stderr]    Compiling toml v0.5.8
[INFO] [stderr]    Compiling num-iter v0.1.43
[INFO] [stderr]    Compiling wgpu-types v0.14.1
[INFO] [stderr]    Compiling profiling v1.0.1
[INFO] [stderr]    Compiling async-task v4.3.0
[INFO] [stderr]    Compiling cache-padded v1.2.0
[INFO] [stderr]    Compiling ppv-lite86 v0.2.17
[INFO] [stderr]    Compiling arrayvec v0.5.2
[INFO] [stderr]    Compiling wayland-commons v0.29.5
[INFO] [stderr]    Compiling renderdoc-sys v0.7.1
[INFO] [stderr]    Compiling arrayvec v0.7.2
[INFO] [stderr]    Compiling seahash v3.0.7
[INFO] [stderr]    Compiling glow v0.11.2
[INFO] [stderr]    Compiling async-executor v1.5.0
[INFO] [stderr]    Compiling rand_chacha v0.3.1
[INFO] [stderr]    Compiling xoroshiro128 v0.3.0
[INFO] [stderr]    Compiling concurrent-queue v1.2.4
[INFO] [stderr]    Compiling async-channel v1.8.0
[INFO] [stderr]    Compiling thread_local v1.1.4
[INFO] [stderr]    Compiling heck v0.4.0
[INFO] [stderr]    Compiling bevy_ptr v0.9.1
[INFO] [stderr]    Compiling fixedbitset v0.4.2
[INFO] [stderr]    Compiling overload v0.1.1
[INFO] [stderr]    Compiling virtue v0.0.8
[INFO] [stderr]    Compiling nu-ansi-term v0.46.0
[INFO] [stderr]    Compiling bevy_tasks v0.9.1
[INFO] [stderr]    Compiling rand v0.8.5
[INFO] [stderr]    Compiling bevy_macro_utils v0.9.1
[INFO] [stderr]    Compiling mio v0.8.5
[INFO] [stderr]    Compiling num-complex v0.4.2
[INFO] [stderr]    Compiling tracing-log v0.1.3
[INFO] [stderr]    Compiling raw-window-handle v0.4.3
[INFO] [stderr]    Compiling bincode_derive v2.0.0-rc.2
[INFO] [stderr]    Compiling static_assertions v1.1.0
[INFO] [stderr]    Compiling color_quant v1.1.0
[INFO] [stderr]    Compiling strum v0.24.1
[INFO] [stderr]    Compiling percent-encoding v2.1.0
[INFO] [stderr]    Compiling tracing-subscriber v0.3.16
[INFO] [stderr]    Compiling pollster v0.2.5
[INFO] [stderr]    Compiling num v0.4.0
[INFO] [stderr]    Compiling wayland-cursor v0.29.5
[INFO] [stderr]    Compiling bincode v2.0.0-rc.2
[INFO] [stderr]    Compiling thiserror-impl v1.0.25
[INFO] [stderr]    Compiling bytemuck_derive v1.3.0
[INFO] [stderr]    Compiling tracing-attributes v0.1.23
[INFO] [stderr]    Compiling foreign-types-macros v0.2.2
[INFO] [stderr]    Compiling bevy_reflect_derive v0.9.1
[INFO] [stderr]    Compiling bevy_ecs_macros v0.9.1
[INFO] [stderr]    Compiling strum_macros v0.24.3
[INFO] [stderr]    Compiling serde_repr v0.1.9
[INFO] [stderr]    Compiling enum-kinds v0.5.1
[INFO] [stderr]    Compiling foreign-types v0.5.0
[INFO] [stderr]    Compiling bytemuck v1.12.3
[INFO] [stderr]    Compiling thiserror v1.0.25
[INFO] [stderr]    Compiling fasthash v0.4.0
[INFO] [stderr]    Compiling tiny-skia-path v0.7.0
[INFO] [stderr]    Compiling safe_arch v0.5.2
[INFO] [stderr]    Compiling calloop v0.10.2
[INFO] [stderr]    Compiling proc-macro-crate v1.2.1
[INFO] [stderr]    Compiling image v0.24.5
[INFO] [stderr]    Compiling glam v0.22.0
[INFO] [stderr]    Compiling num_enum_derive v0.5.7
[INFO] [stderr]    Compiling tiny-skia v0.7.0
[INFO] [stderr]    Compiling tracing v0.1.35
[INFO] [stderr]    Compiling macros v0.1.0 (/opt/rustwide/workdir/macros)
[INFO] [stdout] warning: unused import: `Field`
[INFO] [stdout]  --> macros/src/static_buffer.rs:4:56
[INFO] [stdout]   |
[INFO] [stdout] 4 | use syn::{parse::Parse, punctuated::Punctuated, token, Field, Token};
[INFO] [stdout]   |                                                        ^^^^^
[INFO] [stdout]   |
[INFO] [stdout]   = note: `#[warn(unused_imports)]` on by default
[INFO] [stdout] 
[INFO] [stdout] 
[INFO] [stdout] warning: unused variable: `leading`
[INFO] [stdout]    --> macros/src/util.rs:121:7
[INFO] [stdout]     |
[INFO] [stdout] 121 |   let leading = if path.leading_colon.is_some() {
[INFO] [stdout]     |       ^^^^^^^ help: if this is intentional, prefix it with an underscore: `_leading`
[INFO] [stdout]     |
[INFO] [stdout]     = note: `#[warn(unused_variables)]` on by default
[INFO] [stdout] 
[INFO] [stdout] 
[INFO] [stdout] warning: variant `UnexpectedPathSegment` is never constructed
[INFO] [stdout]   --> macros/src/error.rs:14:3
[INFO] [stdout]    |
[INFO] [stdout] 10 | pub enum CaptureError {
[INFO] [stdout]    |          ------------ variant in this enum
[INFO] [stdout] ...
[INFO] [stdout] 14 |   UnexpectedPathSegment(syn::Ident),
[INFO] [stdout]    |   ^^^^^^^^^^^^^^^^^^^^^
[INFO] [stdout]    |
[INFO] [stdout]    = note: `CaptureError` has a derived impl for the trait `Debug`, but this is intentionally ignored during dead code analysis
[INFO] [stdout]    = note: `#[warn(dead_code)]` on by default
[INFO] [stdout] 
[INFO] [stdout] 
[INFO] [stdout] warning: variant `PathParseError` is never constructed
[INFO] [stdout]   --> macros/src/error.rs:22:3
[INFO] [stdout]    |
[INFO] [stdout] 20 | pub enum ParseError {
[INFO] [stdout]    |          ---------- variant in this enum
[INFO] [stdout] 21 |   #[error("unable to parse path: {0}")]
[INFO] [stdout] 22 |   PathParseError(String),
[INFO] [stdout]    |   ^^^^^^^^^^^^^^
[INFO] [stdout]    |
[INFO] [stdout]    = note: `ParseError` has a derived impl for the trait `Debug`, but this is intentionally ignored during dead code analysis
[INFO] [stdout] 
[INFO] [stdout] 
[INFO] [stdout] warning: function `not_static` is never used
[INFO] [stdout]  --> macros/src/static_buffer.rs:6:4
[INFO] [stdout]   |
[INFO] [stdout] 6 | fn not_static() {
[INFO] [stdout]   |    ^^^^^^^^^^
[INFO] [stdout] 
[INFO] [stdout] 
[INFO] [stdout] warning: field `brace` is never read
[INFO] [stdout]   --> macros/src/static_buffer.rs:11:3
[INFO] [stdout]    |
[INFO] [stdout] 10 | pub struct StaticVertex {
[INFO] [stdout]    |            ------------ field in this struct
[INFO] [stdout] 11 |   brace: token::Brace,
[INFO] [stdout]    |   ^^^^^
[INFO] [stdout] 
[INFO] [stdout] 
[INFO] [stdout] warning: fields `static_lit`, `colon`, `eq`, and `bracket` are never read
[INFO] [stdout]   --> macros/src/static_buffer.rs:27:3
[INFO] [stdout]    |
[INFO] [stdout] 25 | pub struct StaticBuffer {
[INFO] [stdout]    |            ------------ fields in this struct
[INFO] [stdout] 26 |   public: Option<Token![pub]>,
[INFO] [stdout] 27 |   static_lit: Token![static],
[INFO] [stdout]    |   ^^^^^^^^^^
[INFO] [stdout] 28 |   ident: syn::Ident,
[INFO] [stdout] 29 |   colon: Token![:],
[INFO] [stdout]    |   ^^^^^
[INFO] [stdout] 30 |   ty: syn::Type,
[INFO] [stdout] 31 |   eq: Token![=],
[INFO] [stdout]    |   ^^
[INFO] [stdout] 32 |   bracket: token::Bracket,
[INFO] [stdout]    |   ^^^^^^^
[INFO] [stdout] 
[INFO] [stdout] 
[INFO] [stdout] warning: function `path_match_tail` is never used
[INFO] [stdout]   --> macros/src/util.rs:16:8
[INFO] [stdout]    |
[INFO] [stdout] 16 | pub fn path_match_tail<S: AsRef<str>, T: AsRef<[S]>>(
[INFO] [stdout]    |        ^^^^^^^^^^^^^^^
[INFO] [stdout] 
[INFO] [stdout] 
[INFO] [stderr]    Compiling num_enum v0.5.7
[INFO] [stdout] warning: 8 warnings emitted
[INFO] [stdout] 
[INFO] [stdout] 
[INFO] [stderr]    Compiling hashbrown v0.12.3
[INFO] [stderr]    Compiling gpu-descriptor v0.2.3
[INFO] [stderr]    Compiling bevy_utils v0.9.1
[INFO] [stderr]    Compiling bevy_reflect v0.9.1
[INFO] [stderr]    Compiling naga v0.10.0
[INFO] [stderr]    Compiling petgraph v0.6.2
[INFO] [stderr]    Compiling bevy_ecs v0.9.1
[INFO] [stderr]    Compiling wgpu-hal v0.14.1
[INFO] [stderr]    Compiling wgpu v0.14.2
[INFO] [stderr]    Compiling sctk-adwaita v0.4.3
[INFO] [stderr]    Compiling winit v0.27.5
[INFO] [stderr]    Compiling earth_oxide v0.1.0 (/opt/rustwide/workdir)
[INFO] [stdout] warning: unused import: `std::default`
[INFO] [stdout]  --> src/content/chunk.rs:1:5
[INFO] [stdout]   |
[INFO] [stdout] 1 | use std::default;
[INFO] [stdout]   |     ^^^^^^^^^^^^
[INFO] [stdout]   |
[INFO] [stdout]   = note: `#[warn(unused_imports)]` on by default
[INFO] [stdout] 
[INFO] [stdout] 
[INFO] [stdout] warning: unused imports: `mem::MaybeUninit`, `ops::Range`
[INFO] [stdout]  --> src/content/world.rs:1:11
[INFO] [stdout]   |
[INFO] [stdout] 1 | use std::{mem::MaybeUninit, ops::Range};
[INFO] [stdout]   |           ^^^^^^^^^^^^^^^^  ^^^^^^^^^^
[INFO] [stdout] 
[INFO] [stdout] 
[INFO] [stdout] warning: unused imports: `BufRead`, `RwLockReadGuard`, `RwLock`, `marker::StructuralEq`
[INFO] [stdout]  --> src/content/resouces.rs:5:10
[INFO] [stdout]   |
[INFO] [stdout] 5 |     io::{BufRead, BufReader, Read, Write},
[INFO] [stdout]   |          ^^^^^^^
[INFO] [stdout] 6 |     marker::StructuralEq,
[INFO] [stdout]   |     ^^^^^^^^^^^^^^^^^^^^
[INFO] [stdout] 7 |     path::{Path, PathBuf},
[INFO] [stdout] 8 |     sync::{RwLock, RwLockReadGuard, RwLockWriteGuard},
[INFO] [stdout]   |            ^^^^^^  ^^^^^^^^^^^^^^^
[INFO] [stdout] 
[INFO] [stdout] 
[INFO] [stdout] warning: unused import: `byteorder::LE`
[INFO] [stdout]   --> src/content/resouces.rs:11:5
[INFO] [stdout]    |
[INFO] [stdout] 11 | use byteorder::LE;
[INFO] [stdout]    |     ^^^^^^^^^^^^^
[INFO] [stdout] 
[INFO] [stdout] 
[INFO] [stdout] error[E0658]: use of unstable library feature 'structural_match'
[INFO] [stdout]  --> src/content/resouces.rs:6:5
[INFO] [stdout]   |
[INFO] [stdout] 6 |     marker::StructuralEq,
[INFO] [stdout]   |     ^^^^^^^^^^^^^^^^^^^^
[INFO] [stdout]   |
[INFO] [stdout]   = note: see issue #31434 <https://github.com/rust-lang/rust/issues/31434> for more information
[INFO] [stdout] 
[INFO] [stdout] 
[INFO] [stdout] error[E0599]: no variant or associated item named `InvalidResourceKind` found for enum `ResourceError` in the current scope
[INFO] [stdout]   --> src/content/resouces.rs:61:68
[INFO] [stdout]    |
[INFO] [stdout] 61 |             ResourceKind::try_from(tag).map_err(|_| ResourceError::InvalidResourceKind(tag))?;
[INFO] [stdout]    |                                                                    ^^^^^^^^^^^^^^^^^^^ variant or associated item not found in `ResourceError`
[INFO] [stdout]    |
[INFO] [stdout]   ::: src/error.rs:12:1
[INFO] [stdout]    |
[INFO] [stdout] 12 | pub enum ResourceError {
[INFO] [stdout]    | ---------------------- variant or associated item `InvalidResourceKind` not found for this enum
[INFO] [stdout] 
[INFO] [stdout] 
[INFO] [stdout] error[E0599]: no associated item named `Path` found for struct `ResourceBank` in the current scope
[INFO] [stdout]   --> src/content/resouces.rs:78:23
[INFO] [stdout]    |
[INFO] [stdout] 70 | pub struct ResourceBank<R: Storable> {
[INFO] [stdout]    | ------------------------------------ associated item `Path` not found for this struct
[INFO] [stdout] ...
[INFO] [stdout] 78 |         ResourceBank::Path(path)
[INFO] [stdout]    |                       ^^^^ associated item not found in `ResourceBank<_>`
[INFO] [stdout]    |
[INFO] [stdout] note: if you're trying to build a new `ResourceBank<_>` consider using one of the following associated functions:
[INFO] [stdout]       ResourceBank::<R>::new
[INFO] [stdout]       ResourceBank::<R>::load
[INFO] [stdout]   --> src/content/resouces.rs:77:5
[INFO] [stdout]    |
[INFO] [stdout] 77 |     pub fn new(path: impl AsRef<Path>) -> Self {
[INFO] [stdout]    |     ^^^^^^^^^^^^^^^^^^^^^^^^^^^^^^^^^^^^^^^^^^
[INFO] [stdout] ...
[INFO] [stdout] 81 |     fn load(source: impl AsRef<Path>) -> Result<Self, ResourceError> {
[INFO] [stdout]    |     ^^^^^^^^^^^^^^^^^^^^^^^^^^^^^^^^^^^^^^^^^^^^^^^^^^^^^^^^^^^^^^^^
[INFO] [stdout] 
[INFO] [stdout] 
[INFO] [stdout] error[E0308]: mismatched types
[INFO] [stdout]   --> src/content/resouces.rs:81:42
[INFO] [stdout]    |
[INFO] [stdout] 81 |     fn load(source: impl AsRef<Path>) -> Result<Self, ResourceError> {
[INFO] [stdout]    |        ----                              ^^^^^^^^^^^^^^^^^^^^^^^^^^^ expected `Result<ResourceBank<R>, ...>`, found `()`
[INFO] [stdout]    |        |
[INFO] [stdout]    |        implicitly returns `()` as its body has no tail or `return` expression
[INFO] [stdout]    |
[INFO] [stdout]    = note:   expected enum `Result<ResourceBank<R>, ResourceError>`
[INFO] [stdout]            found unit type `()`
[INFO] [stdout] 
[INFO] [stdout] 
[INFO] [stdout] error[E0599]: no associated item named `Path` found for struct `ResourceBank` in the current scope
[INFO] [stdout]   --> src/content/resouces.rs:95:27
[INFO] [stdout]    |
[INFO] [stdout] 70 | pub struct ResourceBank<R: Storable> {
[INFO] [stdout]    | ------------------------------------ associated item `Path` not found for this struct
[INFO] [stdout] ...
[INFO] [stdout] 95 |             ResourceBank::Path(_) => false,
[INFO] [stdout]    |                           ^^^^ associated item not found in `ResourceBank<_>`
[INFO] [stdout] 
[INFO] [stdout] 
[INFO] [stdout] error[E0223]: ambiguous associated type
[INFO] [stdout]   --> src/content/resouces.rs:96:13
[INFO] [stdout]    |
[INFO] [stdout] 96 |             ResourceBank::Loaded {
[INFO] [stdout]    |             ^^^^^^^^^^^^^^^^^^^^
[INFO] [stdout]    |
[INFO] [stdout] help: if there were a trait named `Example` with associated type `Loaded` implemented for `ResourceBank<_>`, you could use the fully-qualified path
[INFO] [stdout]    |
[INFO] [stdout] 96 |             <ResourceBank<_> as Example>::Loaded {
[INFO] [stdout]    |             ~~~~~~~~~~~~~~~~~~~~~~~~~~~~~~~~~~~~
[INFO] [stdout] 
[INFO] [stdout] 
[INFO] [stdout] error[E0223]: ambiguous associated type
[INFO] [stdout]    --> src/content/resouces.rs:106:13
[INFO] [stdout]     |
[INFO] [stdout] 106 |             ResourceBank::Loaded {
[INFO] [stdout]     |             ^^^^^^^^^^^^^^^^^^^^
[INFO] [stdout]     |
[INFO] [stdout] help: if there were a trait named `Example` with associated type `Loaded` implemented for `ResourceBank<_>`, you could use the fully-qualified path
[INFO] [stdout]     |
[INFO] [stdout] 106 |             <ResourceBank<_> as Example>::Loaded {
[INFO] [stdout]     |             ~~~~~~~~~~~~~~~~~~~~~~~~~~~~~~~~~~~~
[INFO] [stdout] 
[INFO] [stdout] 
[INFO] [stdout] error[E0308]: `match` arms have incompatible types
[INFO] [stdout]    --> src/content/resouces.rs:113:24
[INFO] [stdout]     |
[INFO] [stdout] 105 | /         match self {
[INFO] [stdout] 106 | |             ResourceBank::Loaded {
[INFO] [stdout] 107 | |                 source,
[INFO] [stdout] 108 | |                 resources,
[INFO] [stdout] ...   |
[INFO] [stdout] 111 | |                 *resources = *cleared = true;
[INFO] [stdout]     | |                 ----------------------------- this is found to be of type `()`
[INFO] [stdout] 112 | |             }
[INFO] [stdout] 113 | |             cleared => cleared,
[INFO] [stdout]     | |                        ^^^^^^^ expected `()`, found `&mut ResourceBank<R>`
[INFO] [stdout] 114 | |         }
[INFO] [stdout]     | |_________- `match` arms have incompatible types
[INFO] [stdout]     |
[INFO] [stdout]     = note:      expected unit type `()`
[INFO] [stdout]             found mutable reference `&mut ResourceBank<R>`
[INFO] [stdout] 
[INFO] [stdout] 
[INFO] [stdout] error[E0599]: no function or associated item named `new` found for struct `fasthash::city::Hasher128` in the current scope
[INFO] [stdout]    --> src/content/resouces.rs:142:53
[INFO] [stdout]     |
[INFO] [stdout] 142 |         let mut hasher = fasthash::city::Hasher128::new();
[INFO] [stdout]     |                                                     ^^^ function or associated item not found in `Hasher128`
[INFO] [stdout]     |
[INFO] [stdout]     = help: items from traits can only be used if the trait is in scope
[INFO] [stdout] help: the following trait is implemented but not in scope; perhaps add a `use` for it:
[INFO] [stdout]     |
[INFO] [stdout] 1   + use fasthash::FastHasher;
[INFO] [stdout]     |
[INFO] [stdout] 
[INFO] [stdout] 
[INFO] [stdout] error[E0308]: mismatched types
[INFO] [stdout]    --> src/render/texture.rs:161:60
[INFO] [stdout]     |
[INFO] [stdout] 161 |     pub fn create_texture(&self, device: &wgpu::Device) -> wgpu::Texture {
[INFO] [stdout]     |            --------------                                  ^^^^^^^^^^^^^ expected `Texture`, found `()`
[INFO] [stdout]     |            |
[INFO] [stdout]     |            implicitly returns `()` as its body has no tail or `return` expression
[INFO] [stdout]     |
[INFO] [stdout] help: consider returning the local binding `texture`
[INFO] [stdout]     |
[INFO] [stdout] 162 ~         let texture = device.create_texture(&self.descriptor());
[INFO] [stdout] 163 +         texture
[INFO] [stdout]     |
[INFO] [stdout] 
[INFO] [stdout] 
[INFO] [stdout] error[E0599]: no method named `descriptor` found for enum `std::option::Option` in the current scope
[INFO] [stdout]    --> src/render/texture.rs:187:65
[INFO] [stdout]     |
[INFO] [stdout] 187 |         self.texture = Some(device.create_texture(&self.texture.descriptor()));
[INFO] [stdout]     |                                                                 ^^^^^^^^^^ method not found in `Option<Texture>`
[INFO] [stdout] 
[INFO] [stdout] 
[INFO] [stdout] error[E0308]: mismatched types
[INFO] [stdout]    --> src/render/texture.rs:186:64
[INFO] [stdout]     |
[INFO] [stdout] 186 |     pub fn create_texture(&mut self, device: &wgpu::Device) -> wgpu::Texture {
[INFO] [stdout]     |            --------------                                      ^^^^^^^^^^^^^ expected `Texture`, found `()`
[INFO] [stdout]     |            |
[INFO] [stdout]     |            implicitly returns `()` as its body has no tail or `return` expression
[INFO] [stdout] 
[INFO] [stdout] 
[INFO] [stdout] error[E0308]: mismatched types
[INFO] [stdout]    --> src/render/mod.rs:223:41
[INFO] [stdout]     |
[INFO] [stdout] 223 |                 .create_render_pipeline(&state),
[INFO] [stdout]     |                  ---------------------- ^^^^^^ expected `&Device`, found `&&RendererState`
[INFO] [stdout]     |                  |
[INFO] [stdout]     |                  arguments to this method are incorrect
[INFO] [stdout]     |
[INFO] [stdout]     = note: expected reference `&wgpu::Device`
[INFO] [stdout]                found reference `&&RendererState`
[INFO] [stdout] note: method defined here
[INFO] [stdout]    --> src/render/pipeline.rs:48:12
[INFO] [stdout]     |
[INFO] [stdout] 48  |     pub fn create_render_pipeline(&self, device: &Device) -> RenderPipeline {
[INFO] [stdout]     |            ^^^^^^^^^^^^^^^^^^^^^^        ---------------
[INFO] [stdout] 
[INFO] [stdout] 
[INFO] [stdout] error[E0599]: no method named `create_view` found for struct `TextureReference` in the current scope
[INFO] [stdout]    --> src/render/mod.rs:229:24
[INFO] [stdout]     |
[INFO] [stdout] 229 |         let view = tex.create_view(&TextureViewDescriptor::default());
[INFO] [stdout]     |                        ^^^^^^^^^^^ method not found in `TextureReference<'_>`
[INFO] [stdout]     |
[INFO] [stdout]    ::: src/render/texture.rs:179:1
[INFO] [stdout]     |
[INFO] [stdout] 179 | pub struct TextureReference<'a> {
[INFO] [stdout]     | ------------------------------- method `create_view` not found for this struct
[INFO] [stdout] 
[INFO] [stdout] 
[INFO] [stdout] error: aborting due to 14 previous errors; 4 warnings emitted
[INFO] [stdout] 
[INFO] [stdout] 
[INFO] [stdout] Some errors have detailed explanations: E0223, E0308, E0599, E0658.
[INFO] [stdout] 
[INFO] [stdout] For more information about an error, try `rustc --explain E0223`.
[INFO] [stdout] 
[INFO] [stderr] error: could not compile `earth_oxide` (lib) due to 15 previous errors; 4 warnings emitted
[INFO] running `Command { std: "docker" "inspect" "91a3794f4e85bf5f285cd81e2e2bd477b005d2703ded6f8e02d1fe46dd789bfa", kill_on_drop: false }`
[INFO] running `Command { std: "docker" "rm" "-f" "91a3794f4e85bf5f285cd81e2e2bd477b005d2703ded6f8e02d1fe46dd789bfa", kill_on_drop: false }`
[INFO] [stdout] 91a3794f4e85bf5f285cd81e2e2bd477b005d2703ded6f8e02d1fe46dd789bfa
