[INFO] cloning repository https://github.com/CTT-block-chain/ctt
[INFO] running `Command { std: "git" "-c" "credential.helper=" "-c" "credential.helper=/workspace/cargo-home/bin/git-credential-null" "clone" "--bare" "https://github.com/CTT-block-chain/ctt" "/workspace/cache/git-repos/https%3A%2F%2Fgithub.com%2FCTT-block-chain%2Fctt", kill_on_drop: false }`
[INFO] [stderr] Cloning into bare repository '/workspace/cache/git-repos/https%3A%2F%2Fgithub.com%2FCTT-block-chain%2Fctt'...
[INFO] running `Command { std: "git" "rev-parse" "HEAD", kill_on_drop: false }`
[INFO] [stdout] 6ea70fd1c1c410cd48fa849586f58aeadaa72175
[INFO] testing CTT-block-chain/ctt against 1.75.0 for beta-1.76-1
[INFO] running `Command { std: "git" "clone" "/workspace/cache/git-repos/https%3A%2F%2Fgithub.com%2FCTT-block-chain%2Fctt" "/workspace/builds/worker-2-tc1/source", kill_on_drop: false }`
[INFO] [stderr] Cloning into '/workspace/builds/worker-2-tc1/source'...
[INFO] [stderr] done.
[INFO] validating manifest of git repo https://github.com/CTT-block-chain/ctt on toolchain 1.75.0
[INFO] running `Command { std: CARGO_HOME="/workspace/cargo-home" RUSTUP_HOME="/workspace/rustup-home" "/workspace/cargo-home/bin/cargo" "+1.75.0" "metadata" "--manifest-path" "Cargo.toml" "--no-deps", kill_on_drop: false }`
[INFO] started tweaking git repo https://github.com/CTT-block-chain/ctt
[INFO] finished tweaking git repo https://github.com/CTT-block-chain/ctt
[INFO] tweaked toml for git repo https://github.com/CTT-block-chain/ctt written to /workspace/builds/worker-2-tc1/source/Cargo.toml
[INFO] crate git repo https://github.com/CTT-block-chain/ctt already has a lockfile, it will not be regenerated
[INFO] running `Command { std: CARGO_HOME="/workspace/cargo-home" RUSTUP_HOME="/workspace/rustup-home" "/workspace/cargo-home/bin/cargo" "+1.75.0" "fetch" "--manifest-path" "Cargo.toml", kill_on_drop: false }`
[INFO] [stderr]     Updating crates.io index
[INFO] [stderr]     Updating git repository `https://github.com/encointer/substrate-fixed.git`
[INFO] [stderr]  Downloading crates ...
[INFO] [stderr]   Downloaded ctor v0.1.16
[INFO] [stderr]   Downloaded unsigned-varint v0.5.1
[INFO] [stderr]   Downloaded kvdb v0.7.0
[INFO] [stderr]   Downloaded dyn-clone v1.0.3
[INFO] [stderr]   Downloaded ahash v0.4.6
[INFO] [stderr]   Downloaded libp2p-wasm-ext v0.22.0
[INFO] [stderr]   Downloaded ct-logs v0.7.0
[INFO] [stderr]   Downloaded libp2p-yamux v0.25.0
[INFO] [stderr]   Downloaded data-encoding v2.3.1
[INFO] [stderr]   Downloaded linregress v0.1.7
[INFO] [stderr]   Downloaded libp2p-dns v0.22.0
[INFO] [stderr]   Downloaded ed25519 v1.0.3
[INFO] [stderr]   Downloaded subtle v2.3.0
[INFO] [stderr]   Downloaded security-framework v1.0.0
[INFO] [stderr]   Downloaded cranelift-codegen-shared v0.66.0
[INFO] [stderr]   Downloaded wasmtime v0.19.0
[INFO] [stderr]   Downloaded wasmtime-profiling v0.19.0
[INFO] [stderr]   Downloaded slog_derive v0.2.0
[INFO] [stderr]   Downloaded wat v1.0.29
[INFO] [stderr]   Downloaded rustls-native-certs v0.4.0
[INFO] [stderr]   Downloaded file-per-thread-logger v0.1.4
[INFO] [stderr]   Downloaded jsonrpc-server-utils v15.1.0
[INFO] [stderr]   Downloaded parity-db v0.1.2
[INFO] [stderr]   Downloaded rocksdb v0.15.0
[INFO] [stderr]   Downloaded cranelift-codegen v0.66.0
[INFO] [stderr]   Downloaded zstd-sys v1.4.17+zstd.1.4.5
[INFO] [stderr]   Downloaded ref-cast-impl v1.0.3
[INFO] [stderr]   Downloaded triehash v0.8.3
[INFO] [stderr]   Downloaded parity-multiaddr v0.9.6
[INFO] [stderr]   Downloaded trie-bench v0.25.0
[INFO] [stderr]   Downloaded librocksdb-sys v6.11.4
[INFO] [stderr]   Downloaded honggfuzz v0.5.51
[INFO] [stderr]   Downloaded kvdb-web v0.7.0
[INFO] [stderr]   Downloaded evm-core v0.17.2
[INFO] [stderr]   Downloaded test-case v0.3.3
[INFO] [stderr]   Downloaded send_wrapper v0.3.0
[INFO] [stderr]   Downloaded ethereum v0.4.2
[INFO] [stderr]   Downloaded evm-gasometer v0.17.2
[INFO] [stderr]   Downloaded evm-runtime v0.17.2
[INFO] [stderr]   Downloaded evm v0.17.3
[INFO] [stderr]   Downloaded wasmtime-debug v0.19.0
[INFO] [stderr]   Downloaded polyval v0.4.2
[INFO] [stderr]   Downloaded regalloc v0.0.27
[INFO] [stderr]   Downloaded wast v28.0.0
[INFO] [stderr]   Downloaded statrs v0.10.0
[INFO] [stderr]   Downloaded finality-grandpa v0.12.3
[INFO] [stderr]   Downloaded cranelift-codegen-meta v0.66.0
[INFO] [stderr]   Downloaded jsonrpc-http-server v15.1.0
[INFO] [stderr]   Downloaded parity-ws v0.10.0
[INFO] [stderr]   Downloaded pwasm-utils v0.14.0
[INFO] [stderr]   Downloaded wasmparser v0.57.0
[INFO] [stderr]   Downloaded wasmparser v0.59.0
[INFO] [stderr]   Downloaded wasmtime-environ v0.19.0
[INFO] [stderr]   Downloaded libp2p-core v0.22.1
[INFO] [stderr]   Downloaded wasmtime-runtime v0.19.0
[INFO] [stderr]   Downloaded cranelift-entity v0.66.0
[INFO] [stderr]   Downloaded jsonrpc-ws-server v15.1.0
[INFO] [stderr]   Downloaded lite-json v0.1.3
[INFO] [stderr]   Downloaded raw-cpuid v7.0.3
[INFO] [stderr]   Downloaded cranelift-bforest v0.66.0
[INFO] [stderr]   Downloaded cranelift-frontend v0.66.0
[INFO] [stderr]   Downloaded zstd v0.5.3+zstd.1.4.5
[INFO] [stderr]   Downloaded erased-serde v0.3.12
[INFO] [stderr]   Downloaded cranelift-wasm v0.66.0
[INFO] [stderr]   Downloaded slog-scope v4.3.0
[INFO] [stderr]   Downloaded aes v0.5.0
[INFO] [stderr]   Downloaded jsonrpc-derive v14.2.2
[INFO] [stderr]   Downloaded pdqselect v0.1.0
[INFO] [stderr]   Downloaded security-framework-sys v1.0.0
[INFO] [stderr]   Downloaded kvdb-rocksdb v0.9.1
[INFO] [stderr]   Downloaded ip_network v0.3.4
[INFO] [stderr]   Downloaded rpassword v4.0.5
[INFO] [stderr]   Downloaded libp2p-deflate v0.22.0
[INFO] [stderr]   Downloaded parity-tokio-ipc v0.4.0
[INFO] [stderr]   Downloaded intervalier v0.4.0
[INFO] [stderr]   Downloaded console_log v0.1.2
[INFO] [stderr]   Downloaded cranelift-native v0.66.0
[INFO] [stderr]   Downloaded wasmtime-obj v0.19.0
[INFO] [stderr]   Downloaded leb128 v0.2.4
[INFO] [stderr]   Downloaded libp2p-floodsub v0.22.0
[INFO] [stderr]   Downloaded wasmtime-jit v0.19.0
[INFO] [stderr]   Downloaded poly1305 v0.6.1
[INFO] [stderr]   Downloaded yamux v0.8.0
[INFO] [stderr]   Downloaded fixed-hash v0.6.1
[INFO] [stderr]   Downloaded libp2p-ping v0.22.0
[INFO] [stderr]   Downloaded platforms v0.2.1
[INFO] [stderr]   Downloaded names v0.11.0
[INFO] [stderr]   Downloaded scroll_derive v0.10.4
[INFO] [stderr]   Downloaded tokio-named-pipes v0.1.0
[INFO] [stderr]   Downloaded futures-diagnose v1.0.1
[INFO] [stderr]   Downloaded retain_mut v0.1.1
[INFO] [stderr]   Downloaded jsonrpc-core-client v15.1.0
[INFO] [stderr]   Downloaded jsonrpc-core v15.1.0
[INFO] [stderr]   Downloaded libp2p-core-derive v0.20.2
[INFO] [stderr]   Downloaded strum v0.16.0
[INFO] [stderr]   Downloaded libp2p-plaintext v0.22.0
[INFO] [stderr]   Downloaded jsonrpc-ipc-server v15.1.0
[INFO] [stderr]   Downloaded trie-standardmap v0.15.2
[INFO] [stderr]   Downloaded predicates v1.0.5
[INFO] [stderr]   Downloaded bip39 v0.6.0-beta.1
[INFO] [stderr]   Downloaded lite-parser v0.1.2
[INFO] [stderr]   Downloaded asn1_der v0.6.3
[INFO] [stderr]   Downloaded curve25519-dalek v2.1.0
[INFO] [stderr]   Downloaded snow v0.7.2
[INFO] [stderr]   Downloaded curve25519-dalek v3.0.0
[INFO] [stderr]   Downloaded strum_macros v0.16.0
[INFO] [stderr]   Downloaded lru_time_cache v0.10.0
[INFO] [stderr]   Downloaded soketto v0.4.2
[INFO] [stderr]   Downloaded lru v0.4.3
[INFO] [stderr]   Downloaded kvdb-memorydb v0.7.0
[INFO] [stderr]   Downloaded zstd-safe v2.0.5+zstd.1.4.5
[INFO] [stderr]   Downloaded assert_matches v1.4.0
[INFO] [stderr]   Downloaded minicbor-derive v0.4.1
[INFO] [stderr]   Downloaded dissimilar v1.0.2
[INFO] [stderr]   Downloaded once_cell v0.1.8
[INFO] [stderr]   Downloaded bitmask v0.5.0
[INFO] [stderr]   Downloaded fs-swap v0.2.5
[INFO] [stderr]   Downloaded bindgen v0.54.0
[INFO] [stderr]   Downloaded sharded-slab v0.1.0
[INFO] [stderr]   Downloaded tracing-subscriber v0.2.15
[INFO] [stderr]   Downloaded toml v0.5.7
[INFO] [stderr]   Downloaded parking_lot_core v0.8.1
[INFO] [stderr]   Downloaded x25519-dalek v1.1.0
[INFO] [stderr]   Downloaded x25519-dalek v0.6.0
[INFO] [stderr]   Downloaded libp2p v0.28.1
[INFO] [stderr]   Downloaded trie-db v0.22.1
[INFO] [stderr]   Downloaded generator v0.6.23
[INFO] [stderr]   Downloaded tiny-bip39 v0.7.3
[INFO] [stderr]   Downloaded parity-scale-codec v1.3.5
[INFO] [stderr]   Downloaded async-std v1.7.0
[INFO] [stderr]   Downloaded aesni v0.8.0
[INFO] [stderr]   Downloaded slog-json v2.3.0
[INFO] [stderr]   Downloaded jsonrpc-client-transports v15.1.0
[INFO] [stderr]   Downloaded libp2p-gossipsub v0.22.0
[INFO] [stderr]   Downloaded libp2p-kad v0.23.0
[INFO] [stderr]   Downloaded aes-soft v0.5.0
[INFO] [stderr]   Downloaded aes-gcm v0.7.0
[INFO] [stderr]   Downloaded chacha20 v0.5.0
[INFO] [stderr]   Downloaded futures-lite v1.11.2
[INFO] [stderr]   Downloaded syn v1.0.53
[INFO] [stderr]   Downloaded futures v0.3.8
[INFO] [stderr]   Downloaded async-io v1.3.1
[INFO] [stderr]   Downloaded jsonrpc-derive v15.1.0
[INFO] [stderr]   Downloaded ghash v0.3.0
[INFO] [stderr]   Downloaded libp2p-noise v0.24.0
[INFO] [stderr]   Downloaded salsa20 v0.6.0
[INFO] [stderr]   Downloaded libp2p-uds v0.22.0
[INFO] [stderr]   Downloaded async-tls v0.8.0
[INFO] [stderr]   Downloaded anyhow v1.0.35
[INFO] [stderr]   Downloaded async-channel v1.5.1
[INFO] [stderr]   Downloaded parity-util-mem v0.7.0
[INFO] [stderr]   Downloaded libp2p-swarm v0.22.0
[INFO] [stderr]   Downloaded uint v0.8.5
[INFO] [stderr]   Downloaded wepoll-sys v3.0.1
[INFO] [stderr]   Downloaded trybuild v1.0.35
[INFO] [stderr]   Downloaded libp2p-request-response v0.3.0
[INFO] [stderr]   Downloaded async-executor v1.4.0
[INFO] [stderr]   Downloaded chacha20poly1305 v0.6.0
[INFO] [stderr]   Downloaded block-cipher v0.8.0
[INFO] [stderr]   Downloaded stream-cipher v0.7.1
[INFO] [stderr]   Downloaded lru v0.6.1
[INFO] [stderr]   Downloaded environmental v1.1.2
[INFO] [stderr]   Downloaded multimap v0.8.2
[INFO] [stderr]   Downloaded substrate-bip39 v0.4.2
[INFO] [stderr]   Downloaded impl-codec v0.4.2
[INFO] [stderr]   Downloaded libp2p-tcp v0.22.0
[INFO] [stderr]   Downloaded asn1_der_derive v0.1.2
[INFO] [stderr]   Downloaded hex-literal v0.3.1
[INFO] [stderr]   Downloaded merlin v2.0.0
[INFO] [stderr]   Downloaded polling v2.0.2
[INFO] [stderr]   Downloaded lru v0.5.3
[INFO] [stderr]   Downloaded parity-scale-codec-derive v1.2.2
[INFO] [stderr]   Downloaded libp2p-websocket v0.23.0
[INFO] [stderr]   Downloaded jsonrpc-pubsub v15.1.0
[INFO] [stderr]   Downloaded libp2p-identify v0.22.0
[INFO] [stderr]   Downloaded libp2p-mdns v0.22.0
[INFO] [stderr]   Downloaded libp2p-mplex v0.22.0
[INFO] [stderr]   Downloaded minicbor v0.5.1
[INFO] [stderr]   Downloaded secrecy v0.6.0
[INFO] [stderr]   Downloaded futures-executor v0.3.8
[INFO] [stderr]   Downloaded twox-hash v1.6.0
[INFO] [stderr]   Downloaded ethereum-types v0.9.2
[INFO] [stderr]   Downloaded memory-db v0.24.1
[INFO] [stderr]   Downloaded rlp v0.4.6
[INFO] [stderr]   Downloaded vec-arena v1.0.0
[INFO] [stderr]   Downloaded futures-io v0.3.8
[INFO] [stderr]   Downloaded cargo_metadata v0.10.0
[INFO] [stderr]   Downloaded multistream-select v0.8.5
[INFO] [stderr]   Downloaded zeroize v1.1.1
[INFO] [stderr]   Downloaded ref-cast v1.0.3
[INFO] [stderr]   Downloaded net2 v0.2.36
[INFO] [stderr]   Downloaded unsigned-varint v0.4.0
[INFO] [stderr]   Downloaded multihash v0.11.4
[INFO] [stderr]   Downloaded async-global-executor v1.4.3
[INFO] [stderr]   Downloaded atomic v0.4.6
[INFO] [stderr]   Downloaded cuckoofilter v0.3.2
[INFO] [stderr]   Downloaded nb-connect v1.0.2
[INFO] [stderr]   Downloaded ethbloom v0.9.2
[INFO] [stderr]   Downloaded libp2p-pnet v0.19.2
[INFO] [stderr]   Downloaded primitive-types v0.7.3
[INFO] [stderr]   Downloaded impl-rlp v0.2.1
[INFO] [stderr]   Downloaded keccak-hasher v0.15.3
[INFO] [stderr]   Downloaded prometheus v0.10.0
[INFO] running `Command { std: "docker" "create" "-v" "/var/lib/crater-agent-workspace/builds/worker-2-tc1/target:/opt/rustwide/target:rw,Z" "-v" "/var/lib/crater-agent-workspace/builds/worker-2-tc1/source:/opt/rustwide/workdir:ro,Z" "-v" "/var/lib/crater-agent-workspace/cargo-home:/opt/rustwide/cargo-home:ro,Z" "-v" "/var/lib/crater-agent-workspace/rustup-home:/opt/rustwide/rustup-home:ro,Z" "-e" "SOURCE_DIR=/opt/rustwide/workdir" "-e" "CARGO_TARGET_DIR=/opt/rustwide/target" "-e" "CARGO_HOME=/opt/rustwide/cargo-home" "-e" "RUSTUP_HOME=/opt/rustwide/rustup-home" "-w" "/opt/rustwide/workdir" "-m" "1610612736" "--user" "0:0" "--network" "none" "ghcr.io/rust-lang/crates-build-env/linux@sha256:2788e3201cd34a07e3172128adcd8b3090168a8e3bcc40d7c032b9dda1df7d1c" "/opt/rustwide/cargo-home/bin/cargo" "+1.75.0" "metadata" "--no-deps" "--format-version=1", kill_on_drop: false }`
[INFO] [stdout] 604e997c17b253770d49dabb4a5cb2847e7d19a454b2dcf1fd8e156f0677e981
[INFO] running `Command { std: "docker" "start" "-a" "604e997c17b253770d49dabb4a5cb2847e7d19a454b2dcf1fd8e156f0677e981", kill_on_drop: false }`
[INFO] running `Command { std: "docker" "inspect" "604e997c17b253770d49dabb4a5cb2847e7d19a454b2dcf1fd8e156f0677e981", kill_on_drop: false }`
[INFO] running `Command { std: "docker" "rm" "-f" "604e997c17b253770d49dabb4a5cb2847e7d19a454b2dcf1fd8e156f0677e981", kill_on_drop: false }`
[INFO] [stdout] 604e997c17b253770d49dabb4a5cb2847e7d19a454b2dcf1fd8e156f0677e981
[INFO] running `Command { std: "docker" "create" "-v" "/var/lib/crater-agent-workspace/builds/worker-2-tc1/target:/opt/rustwide/target:rw,Z" "-v" "/var/lib/crater-agent-workspace/builds/worker-2-tc1/source:/opt/rustwide/workdir:ro,Z" "-v" "/var/lib/crater-agent-workspace/cargo-home:/opt/rustwide/cargo-home:ro,Z" "-v" "/var/lib/crater-agent-workspace/rustup-home:/opt/rustwide/rustup-home:ro,Z" "-e" "SOURCE_DIR=/opt/rustwide/workdir" "-e" "CARGO_TARGET_DIR=/opt/rustwide/target" "-e" "CARGO_INCREMENTAL=0" "-e" "RUST_BACKTRACE=full" "-e" "RUSTFLAGS=--cap-lints=warn" "-e" "RUSTDOCFLAGS=--cap-lints=warn" "-e" "CARGO_HOME=/opt/rustwide/cargo-home" "-e" "RUSTUP_HOME=/opt/rustwide/rustup-home" "-w" "/opt/rustwide/workdir" "-m" "1610612736" "--user" "0:0" "--network" "none" "ghcr.io/rust-lang/crates-build-env/linux@sha256:2788e3201cd34a07e3172128adcd8b3090168a8e3bcc40d7c032b9dda1df7d1c" "/opt/rustwide/cargo-home/bin/cargo" "+1.75.0" "build" "--frozen" "--message-format=json", kill_on_drop: false }`
[INFO] [stdout] da34581938e2c8167d1b63068804c9481d38f0dd03be86d416043dbcbc1f043a
[INFO] running `Command { std: "docker" "start" "-a" "da34581938e2c8167d1b63068804c9481d38f0dd03be86d416043dbcbc1f043a", kill_on_drop: false }`
[INFO] [stderr]    Compiling proc-macro2 v1.0.24
[INFO] [stderr]    Compiling unicode-xid v0.2.1
[INFO] [stderr]    Compiling libc v0.2.81
[INFO] [stderr]    Compiling syn v1.0.53
[INFO] [stderr]    Compiling serde_derive v1.0.118
[INFO] [stderr]    Compiling serde v1.0.118
[INFO] [stderr]    Compiling log v0.4.11
[INFO] [stderr]    Compiling either v1.6.1
[INFO] [stderr]    Compiling byteorder v1.3.4
[INFO] [stderr]    Compiling smallvec v1.5.1
[INFO] [stderr]    Compiling getrandom v0.1.15
[INFO] [stderr]    Compiling memchr v2.3.4
[INFO] [stderr]    Compiling typenum v1.12.0
[INFO] [stderr]    Compiling ppv-lite86 v0.2.10
[INFO] [stderr]    Compiling quote v1.0.7
[INFO] [stderr]    Compiling version_check v0.9.2
[INFO] [stderr]    Compiling futures v0.1.30
[INFO] [stderr]    Compiling slab v0.4.2
[INFO] [stderr]    Compiling instant v0.1.9
[INFO] [stderr]    Compiling lock_api v0.4.2
[INFO] [stderr]    Compiling proc-macro-hack v0.5.19
[INFO] [stderr]    Compiling futures-core v0.3.8
[INFO] [stderr]    Compiling arrayvec v0.5.2
[INFO] [stderr]    Compiling generic-array v0.14.4
[INFO] [stderr]    Compiling futures-io v0.3.8
[INFO] [stderr]    Compiling crunchy v0.2.2
[INFO] [stderr]    Compiling futures-sink v0.3.8
[INFO] [stderr]    Compiling futures-channel v0.3.8
[INFO] [stderr]    Compiling proc-macro-nested v0.1.6
[INFO] [stderr]    Compiling num_cpus v1.13.0
[INFO] [stderr]    Compiling parking_lot_core v0.8.1
[INFO] [stderr]    Compiling rand_core v0.5.1
[INFO] [stderr]    Compiling parking_lot v0.11.1
[INFO] [stderr]    Compiling rand_chacha v0.2.2
[INFO] [stderr]    Compiling rand_pcg v0.2.1
[INFO] [stderr]    Compiling rand v0.7.3
[INFO] [stderr]    Compiling once_cell v1.5.2
[INFO] [stderr]    Compiling generic-array v0.12.3
[INFO] [stderr]    Compiling futures-task v0.3.8
[INFO] [stderr]    Compiling lock_api v0.3.4
[INFO] [stderr]    Compiling digest v0.8.1
[INFO] [stderr]    Compiling block-buffer v0.7.3
[INFO] [stderr]    Compiling subtle v2.3.0
[INFO] [stderr]    Compiling digest v0.9.0
[INFO] [stderr]    Compiling parking_lot_core v0.7.2
[INFO] [stderr]    Compiling block-padding v0.2.1
[INFO] [stderr]    Compiling sha2 v0.8.2
[INFO] [stderr]    Compiling keccak v0.1.0
[INFO] [stderr]    Compiling regex-syntax v0.6.21
[INFO] [stderr]    Compiling block-buffer v0.9.0
[INFO] [stderr]    Compiling parking_lot v0.10.2
[INFO] [stderr]    Compiling tinyvec_macros v0.1.0
[INFO] [stderr]    Compiling tinyvec v1.1.0
[INFO] [stderr]    Compiling radium v0.3.0
[INFO] [stderr]    Compiling itoa v0.4.6
[INFO] [stderr]    Compiling bitvec v0.17.4
[INFO] [stderr]    Compiling aho-corasick v0.7.15
[INFO] [stderr]    Compiling thread_local v1.0.1
[INFO] [stderr]    Compiling unicode-normalization v0.1.16
[INFO] [stderr]    Compiling byte-slice-cast v0.3.5
[INFO] [stderr]    Compiling subtle v1.0.0
[INFO] [stderr]    Compiling arrayref v0.3.6
[INFO] [stderr]    Compiling crypto-mac v0.7.0
[INFO] [stderr]    Compiling cpuid-bool v0.1.2
[INFO] [stderr]    Compiling constant_time_eq v0.1.5
[INFO] [stderr]    Compiling libm v0.2.1
[INFO] [stderr]    Compiling hmac v0.7.1
[INFO] [stderr]    Compiling regex v1.4.2
[INFO] [stderr]    Compiling num-traits v0.2.14
[INFO] [stderr]    Compiling crossbeam-utils v0.8.1
[INFO] [stderr]    Compiling autocfg v0.1.7
[INFO] [stderr]    Compiling synstructure v0.12.4
[INFO] [stderr]    Compiling sha2 v0.9.2
[INFO] [stderr]    Compiling uint v0.8.5
[INFO] [stderr]    Compiling signature v1.2.2
[INFO] [stderr]    Compiling ed25519 v1.0.3
[INFO] [stderr]    Compiling hmac-drbg v0.2.0
[INFO] [stderr]    Compiling ryu v1.0.5
[INFO] [stderr]    Compiling libsecp256k1 v0.3.5
[INFO] [stderr]    Compiling rlp v0.4.6
[INFO] [stderr]    Compiling serde_json v1.0.60
[INFO] [stderr]    Compiling miniz_oxide v0.4.3
[INFO] [stderr]    Compiling impl-rlp v0.2.1
[INFO] [stderr]    Compiling fixed-hash v0.6.1
[INFO] [stderr]    Compiling adler v0.2.3
[INFO] [stderr]    Compiling num-integer v0.1.44
[INFO] [stderr]    Compiling tiny-keccak v2.0.2
[INFO] [stderr]    Compiling memoffset v0.6.1
[INFO] [stderr]    Compiling const_fn v0.4.3
[INFO] [stderr]    Compiling getrandom v0.2.0
[INFO] [stderr]    Compiling rustc-demangle v0.1.18
[INFO] [stderr]    Compiling crossbeam-channel v0.5.0
[INFO] [stderr]    Compiling tracing-core v0.1.17
[INFO] [stderr]    Compiling num-bigint v0.2.6
[INFO] [stderr]    Compiling crossbeam-epoch v0.9.1
[INFO] [stderr]    Compiling sp-std v2.0.0 (/opt/rustwide/workdir/primitives/std)
[INFO] [stderr]    Compiling gimli v0.23.0
[INFO] [stderr]    Compiling crossbeam-deque v0.8.0
[INFO] [stderr]    Compiling const-random-macro v0.1.13
[INFO] [stderr]    Compiling object v0.22.0
[INFO] [stderr]    Compiling rayon-core v1.9.0
[INFO] [stderr]    Compiling hashbrown v0.6.3
[INFO] [stderr]    Compiling const-random v0.1.13
[INFO] [stderr]    Compiling regex-automata v0.1.9
[INFO] [stderr]    Compiling time v0.1.44
[INFO] [stderr]    Compiling rayon v1.5.0
[INFO] [stderr]    Compiling pin-project-internal v1.0.2
[INFO] [stderr]    Compiling futures-macro v0.3.8
[INFO] [stderr]    Compiling zeroize_derive v1.0.1
[INFO] [stderr]    Compiling addr2line v0.14.0
[INFO] [stderr]    Compiling tracing-attributes v0.1.11
[INFO] [stderr]    Compiling backtrace v0.3.55
[INFO] [stderr]    Compiling pin-project-lite v0.2.0
[INFO] [stderr]    Compiling sp-debug-derive v2.0.0 (/opt/rustwide/workdir/primitives/debug-derive)
[INFO] [stderr]    Compiling pin-project v1.0.2
[INFO] [stderr]    Compiling zeroize v1.1.1
[INFO] [stderr]    Compiling futures-util v0.3.8
[INFO] [stderr]    Compiling curve25519-dalek v3.0.0
[INFO] [stderr]    Compiling ahash v0.2.19
[INFO] [stderr]    Compiling tracing v0.1.22
[INFO] [stderr]    Compiling errno v0.2.7
[INFO] [stderr]    Compiling hashbrown v0.8.2
[INFO] [stderr]    Compiling impl-trait-for-tuples v0.1.3
[INFO] [stderr]    Compiling parity-util-mem v0.7.0
[INFO] [stderr]    Compiling ahash v0.3.8
[INFO] [stderr]    Compiling curve25519-dalek v2.1.0
[INFO] [stderr]    Compiling failure_derive v0.1.8
[INFO] [stderr]    Compiling lru v0.5.3
[INFO] [stderr]    Compiling parity-util-mem-derive v0.1.0
[INFO] [stderr]    Compiling num-rational v0.2.4
[INFO] [stderr]    Compiling chrono v0.4.19
[INFO] [stderr]    Compiling hash-db v0.15.2
[INFO] [stderr]    Compiling futures-executor v0.3.8
[INFO] [stderr]    Compiling failure v0.1.8
[INFO] [stderr]    Compiling futures v0.3.8
[INFO] [stderr]    Compiling arrayvec v0.4.12
[INFO] [stderr]    Compiling parity-wasm v0.41.0
[INFO] [stderr]    Compiling ref-cast-impl v1.0.3
[INFO] [stderr]    Compiling matchers v0.0.1
[INFO] [stderr]    Compiling tracing-log v0.1.1
[INFO] [stderr]    Compiling sharded-slab v0.1.0
[INFO] [stderr]    Compiling nodrop v0.1.14
[INFO] [stderr]    Compiling ref-cast v1.0.3
[INFO] [stderr]    Compiling toml v0.5.7
[INFO] [stderr]    Compiling impl-serde v0.3.1
[INFO] [stderr]    Compiling ed25519-dalek v1.0.1
[INFO] [stderr]    Compiling ethbloom v0.9.2
[INFO] [stderr]    Compiling tracing-serde v0.1.2
[INFO] [stderr]    Compiling wasmi-validation v0.3.0
[INFO] [stderr]    Compiling pbkdf2 v0.3.0
[INFO] [stderr]    Compiling memory_units v0.3.0
[INFO] [stderr]    Compiling blake2-rfc v0.2.18
[INFO] [stderr]    Compiling wasmi v0.6.2
[INFO] [stderr]    Compiling proc-macro-crate v0.1.5
[INFO] [stderr]    Compiling tracing-subscriber v0.2.15
[INFO] [stderr]    Compiling merlin v2.0.0
[INFO] [stderr]    Compiling derive_more v0.99.11
[INFO] [stderr]    Compiling Inflector v0.11.4
[INFO] [stderr]    Compiling hash256-std-hasher v0.15.2
[INFO] [stderr]    Compiling environmental v1.1.2
[INFO] [stderr]    Compiling schnorrkel v0.9.1
[INFO] [stderr]    Compiling dyn-clonable-impl v0.9.0
[INFO] [stderr]    Compiling dyn-clone v1.0.3
[INFO] [stderr]    Compiling tiny-bip39 v0.7.3
[INFO] [stderr]    Compiling secrecy v0.6.0
[INFO] [stderr]    Compiling parity-scale-codec-derive v1.2.2
[INFO] [stderr]    Compiling sp-runtime-interface-proc-macro v2.0.0 (/opt/rustwide/workdir/primitives/runtime-interface/proc-macro)
[INFO] [stderr]    Compiling dyn-clonable v0.9.0
[INFO] [stderr]    Compiling substrate-bip39 v0.4.2
[INFO] [stderr]    Compiling twox-hash v1.6.0
[INFO] [stderr]    Compiling base58 v0.1.0
[INFO] [stderr]    Compiling hex v0.4.2
[INFO] [stderr]    Compiling trie-root v0.16.0
[INFO] [stderr]    Compiling trie-db v0.22.1
[INFO] [stderr]    Compiling sp-panic-handler v2.0.0 (/opt/rustwide/workdir/primitives/panic-handler)
[INFO] [stderr]    Compiling integer-sqrt v0.1.5
[INFO] [stderr]    Compiling paste-impl v0.1.18
[INFO] [stderr]    Compiling jobserver v0.1.21
[INFO] [stderr]    Compiling parity-scale-codec v1.3.5
[INFO] [stderr]    Compiling cc v1.0.66
[INFO] [stderr]    Compiling paste v0.1.18
[INFO] [stderr]    Compiling ahash v0.4.6
[INFO] [stderr]    Compiling indexmap v1.6.0
[INFO] [stderr]    Compiling hashbrown v0.9.1
[INFO] [stderr]    Compiling bytes v0.5.6
[INFO] [stderr]    Compiling anyhow v1.0.35
[INFO] [stderr]    Compiling semver-parser v0.7.0
[INFO] [stderr]    Compiling which v3.1.1
[INFO] [stderr]    Compiling semver v0.9.0
[INFO] [stderr]    Compiling unicode-segmentation v1.7.1
[INFO] [stderr]    Compiling itertools v0.8.2
[INFO] [stderr]    Compiling remove_dir_all v0.5.3
[INFO] [stderr]    Compiling rustc_version v0.2.3
[INFO] [stderr]    Compiling heck v0.3.1
[INFO] [stderr]    Compiling tempfile v3.1.0
[INFO] [stderr]    Compiling prost-build v0.6.1
[INFO] [stderr]    Compiling thiserror-impl v1.0.22
[INFO] [stderr]    Compiling fixedbitset v0.2.0
[INFO] [stderr]    Compiling multimap v0.8.2
[INFO] [stderr]    Compiling prost-derive v0.6.1
[INFO] [stderr]    Compiling ring v0.16.19
[INFO] [stderr]    Compiling sp-api-proc-macro v2.0.0 (/opt/rustwide/workdir/primitives/api/proc-macro)
[INFO] [stderr]    Compiling petgraph v0.5.1
[INFO] [stderr]    Compiling impl-codec v0.4.2
[INFO] [stderr]    Compiling primitive-types v0.7.3
[INFO] [stderr]    Compiling sp-tracing v2.0.0 (/opt/rustwide/workdir/primitives/tracing)
[INFO] [stderr]    Compiling sp-storage v2.0.0 (/opt/rustwide/workdir/primitives/storage)
[INFO] [stderr]    Compiling sp-externalities v0.8.0 (/opt/rustwide/workdir/primitives/externalities)
[INFO] [stderr]    Compiling sp-wasm-interface v2.0.0 (/opt/rustwide/workdir/primitives/wasm-interface)
[INFO] [stdout] warning: trait objects without an explicit `dyn` are deprecated
[INFO] [stdout]    --> primitives/externalities/src/lib.rs:287:57
[INFO] [stdout]     |
[INFO] [stdout] 287 |         self.extension_by_type_id(TypeId::of::<T>()).and_then(Any::downcast_mut)
[INFO] [stdout]     |                                                               ^^^
[INFO] [stdout]     |
[INFO] [stdout]     = warning: this is accepted in the current edition (Rust 2018) but is a hard error in Rust 2021!
[INFO] [stdout]     = note: for more information, see <https://doc.rust-lang.org/nightly/edition-guide/rust-2021/warnings-promoted-to-error.html>
[INFO] [stdout]     = note: `#[warn(bare_trait_objects)]` on by default
[INFO] [stdout] help: use `dyn`
[INFO] [stdout]     |
[INFO] [stdout] 287 |         self.extension_by_type_id(TypeId::of::<T>()).and_then(<dyn Any>::downcast_mut)
[INFO] [stdout]     |                                                               ++++    +
[INFO] [stdout] 
[INFO] [stdout] 
[INFO] [stdout] warning: 1 warning emitted
[INFO] [stdout] 
[INFO] [stdout] 
[INFO] [stderr]    Compiling ethereum-types v0.9.2
[INFO] [stderr]    Compiling sp-arithmetic v2.0.0 (/opt/rustwide/workdir/primitives/arithmetic)
[INFO] [stderr]    Compiling prost v0.6.1
[INFO] [stderr]    Compiling memory-db v0.24.1
[INFO] [stderr]    Compiling thiserror v1.0.22
[INFO] [stderr]    Compiling pin-project-internal v0.4.27
[INFO] [stderr]    Compiling sp-runtime-interface v2.0.0 (/opt/rustwide/workdir/primitives/runtime-interface)
[INFO] [stderr]    Compiling prost-types v0.6.1
[INFO] [stderr]    Compiling wasm-bindgen-shared v0.2.69
[INFO] [stderr]    Compiling iovec v0.1.4
[INFO] [stderr]    Compiling sp-core v2.0.0 (/opt/rustwide/workdir/primitives/core)
[INFO] [stderr]    Compiling bumpalo v3.4.0
[INFO] [stderr]    Compiling wasm-bindgen-backend v0.2.69
[INFO] [stderr]    Compiling matches v0.1.8
[INFO] [stderr]    Compiling wasm-bindgen v0.2.69
[INFO] [stderr]    Compiling sp-trie v2.0.0 (/opt/rustwide/workdir/primitives/trie)
[INFO] [stderr]    Compiling sp-state-machine v0.8.0 (/opt/rustwide/workdir/primitives/state-machine)
[INFO] [stdout] warning: unused import: `CachedBuildData`
[INFO] [stdout]   --> primitives/state-machine/src/changes_trie/mod.rs:61:41
[INFO] [stdout]    |
[INFO] [stdout] 61 | pub use self::build_cache::{BuildCache, CachedBuildData, CacheAction};
[INFO] [stdout]    |                                         ^^^^^^^^^^^^^^^
[INFO] [stdout]    |
[INFO] [stdout]    = note: `#[warn(unused_imports)]` on by default
[INFO] [stdout] 
[INFO] [stdout] 
[INFO] [stdout] warning: unused imports: `Error`, `ExecutionError`
[INFO] [stdout]    --> primitives/state-machine/src/lib.rs:163:25
[INFO] [stdout]     |
[INFO] [stdout] 163 |     pub use crate::error::{Error, ExecutionError};
[INFO] [stdout]     |                            ^^^^^  ^^^^^^^^^^^^^^
[INFO] [stdout] 
[INFO] [stdout] 
[INFO] [stderr]    Compiling sp-inherents v2.0.0 (/opt/rustwide/workdir/primitives/inherents)
[INFO] [stderr]    Compiling wasm-bindgen-macro-support v0.2.69
[INFO] [stderr]    Compiling pin-project v0.4.27
[INFO] [stderr]    Compiling unicode-bidi v0.3.4
[INFO] [stderr]    Compiling net2 v0.2.36
[INFO] [stderr]    Compiling sha3 v0.9.1
[INFO] [stderr]    Compiling sp-io v2.0.0 (/opt/rustwide/workdir/primitives/io)
[INFO] [stderr]    Compiling percent-encoding v2.1.0
[INFO] [stderr]    Compiling wasm-bindgen-macro v0.2.69
[INFO] [stderr]    Compiling form_urlencoded v1.0.0
[INFO] [stderr]    Compiling idna v0.2.0
[INFO] [stderr]    Compiling mio v0.6.23
[INFO] [stderr]    Compiling unsigned-varint v0.5.1
[INFO] [stderr]    Compiling url v2.2.0
[INFO] [stderr]    Compiling sha-1 v0.9.2
[INFO] [stderr]    Compiling sp-application-crypto v2.0.0 (/opt/rustwide/workdir/primitives/application-crypto)
[INFO] [stdout] warning: 2 warnings emitted
[INFO] [stdout] 
[INFO] [stdout] 
[INFO] [stderr]    Compiling js-sys v0.3.46
[INFO] [stderr]    Compiling blake2b_simd v0.5.11
[INFO] [stderr]    Compiling sp-runtime v2.0.0 (/opt/rustwide/workdir/primitives/runtime)
[INFO] [stderr]    Compiling blake2s_simd v0.5.11
[INFO] [stderr]    Compiling sp-version v2.0.0 (/opt/rustwide/workdir/primitives/version)
[INFO] [stderr]    Compiling web-sys v0.3.46
[INFO] [stderr]    Compiling quick-error v1.2.3
[INFO] [stderr]    Compiling pin-project-lite v0.1.11
[INFO] [stderr]    Compiling send_wrapper v0.4.0
[INFO] [stderr]    Compiling multihash v0.11.4
[INFO] [stderr]    Compiling futures_codec v0.4.1
[INFO] [stderr]    Compiling libp2p-core v0.22.1
[INFO] [stderr]    Compiling wasm-timer v0.2.5
[INFO] [stderr]    Compiling asn1_der_derive v0.1.2
[INFO] [stderr]    Compiling data-encoding v2.3.1
[INFO] [stderr]    Compiling bs58 v0.4.0
[INFO] [stderr]    Compiling void v1.0.2
[INFO] [stderr]    Compiling asn1_der v0.6.3
[INFO] [stderr]    Compiling parity-multiaddr v0.9.6
[INFO] [stderr]    Compiling unsigned-varint v0.4.0
[INFO] [stderr]    Compiling multistream-select v0.8.5
[INFO] [stderr]    Compiling rw-stream-sink v0.2.1
[INFO] [stderr]    Compiling bs58 v0.3.1
[INFO] [stderr]    Compiling mio-uds v0.6.8
[INFO] [stderr]    Compiling base64 v0.12.3
[INFO] [stderr]    Compiling crc32fast v1.2.1
[INFO] [stderr]    Compiling httparse v1.3.4
[INFO] [stderr]    Compiling cache-padded v1.1.1
[INFO] [stderr]    Compiling concurrent-queue v1.2.2
[INFO] [stderr]    Compiling frame-support-procedural-tools-derive v2.0.0 (/opt/rustwide/workdir/frame/support/procedural/tools/derive)
[INFO] [stderr]    Compiling waker-fn v1.1.0
[INFO] [stderr]    Compiling fastrand v1.4.0
[INFO] [stderr]    Compiling parking v2.0.0
[INFO] [stderr]    Compiling futures-lite v1.11.2
[INFO] [stderr]    Compiling frame-metadata v12.0.0 (/opt/rustwide/workdir/frame/metadata)
[INFO] [stderr]    Compiling block-cipher v0.8.0
[INFO] [stderr]    Compiling bitmask v0.5.0
[INFO] [stderr]    Compiling event-listener v2.5.1
[INFO] [stderr]    Compiling async-task v4.0.3
[INFO] [stderr]    Compiling vec-arena v1.0.0
[INFO] [stderr]    Compiling frame-support-procedural-tools v2.0.0 (/opt/rustwide/workdir/frame/support/procedural/tools)
[INFO] [stderr]    Compiling polling v2.0.2
[INFO] [stderr]    Compiling socket2 v0.3.17
[INFO] [stderr]    Compiling nb-connect v1.0.2
[INFO] [stderr]    Compiling async-io v1.3.1
[INFO] [stderr]    Compiling async-executor v1.4.0
[INFO] [stderr]    Compiling async-channel v1.5.1
[INFO] [stderr]    Compiling frame-support-procedural v2.0.0 (/opt/rustwide/workdir/frame/support/procedural)
[INFO] [stderr]    Compiling gloo-timers v0.2.1
[INFO] [stderr]    Compiling webpki v0.21.4
[INFO] [stderr]    Compiling futures-timer v3.0.2
[INFO] [stderr]    Compiling atomic-waker v1.0.0
[INFO] [stderr]    Compiling glob v0.3.0
[INFO] [stderr]    Compiling blocking v1.0.2
[INFO] [stderr]    Compiling async-global-executor v1.4.3
[INFO] [stderr]    Compiling sp-api v2.0.0 (/opt/rustwide/workdir/primitives/api)
[INFO] [stderr]    Compiling async-mutex v1.4.0
[INFO] [stderr]    Compiling sct v0.6.0
[INFO] [stderr]    Compiling universal-hash v0.4.0
[INFO] [stderr]    Compiling kv-log-macro v1.0.7
[INFO] [stderr]    Compiling try-lock v0.2.3
[INFO] [stderr]    Compiling pkg-config v0.3.19
[INFO] [stderr]    Compiling async-std v1.7.0
[INFO] [stderr]    Compiling stream-cipher v0.7.1
[INFO] [stderr]    Compiling tokio-macros v0.2.6
[INFO] [stderr]    Compiling signal-hook-registry v1.2.2
[INFO] [stderr]    Compiling rustls v0.18.1
[INFO] [stderr]    Compiling polyval v0.4.2
[INFO] [stderr]    Compiling aes-soft v0.5.0
[INFO] [stderr]    Compiling libz-sys v1.1.2
[INFO] [stderr]    Compiling libp2p-swarm v0.22.0
[INFO] [stderr]    Compiling tokio v0.2.23
[INFO] [stderr]    Compiling aead v0.3.2
[INFO] [stderr]    Compiling rand v0.4.6
[INFO] [stderr]    Compiling aes v0.5.0
[INFO] [stderr]    Compiling ghash v0.3.0
[INFO] [stderr]    Compiling bitflags v1.2.1
[INFO] [stderr]    Compiling chacha20 v0.5.0
[INFO] [stderr]    Compiling poly1305 v0.6.1
[INFO] [stderr]    Compiling flate2 v1.0.19
[INFO] [stderr]    Compiling snow v0.7.2
[INFO] [stderr]    Compiling http v0.2.1
[INFO] [stderr]    Compiling rand v0.3.23
[INFO] [stderr]    Compiling crypto-mac v0.8.0
[INFO] [stderr]    Compiling prometheus v0.10.0
[INFO] [stderr]    Compiling blake2 v0.9.1
[INFO] [stderr]    Compiling chacha20poly1305 v0.6.0
[INFO] [stderr]    Compiling aes-gcm v0.7.0
[INFO] [stderr]    Compiling webpki-roots v0.19.0
[INFO] [stderr]    Compiling smallvec v0.6.13
[INFO] [stderr]    Compiling tracing-futures v0.2.4
[INFO] [stderr]    Compiling libp2p-floodsub v0.22.0
[INFO] [stderr]    Compiling libp2p-kad v0.23.0
[INFO] [stderr]    Compiling frame-support v2.0.0 (/opt/rustwide/workdir/frame/support)
[INFO] [stderr]    Compiling libp2p-noise v0.24.0
[INFO] [stderr]    Compiling libp2p-gossipsub v0.22.0
[INFO] [stderr]    Compiling libp2p-plaintext v0.22.0
[INFO] [stderr]    Compiling tokio-util v0.3.1
[INFO] [stderr]    Compiling libp2p-identify v0.22.0
[INFO] [stderr]    Compiling frame-system v2.0.0 (/opt/rustwide/workdir/frame/system)
[INFO] [stderr]    Compiling x25519-dalek v1.1.0
[INFO] [stderr]    Compiling minicbor-derive v0.4.1
[INFO] [stderr]    Compiling atty v0.2.14
[INFO] [stderr]    Compiling byteorder v0.5.3
[INFO] [stderr]    Compiling c_linked_list v1.1.1
[INFO] [stderr]    Compiling nohash-hasher v0.2.0
[INFO] [stderr]    Compiling yamux v0.8.0
[INFO] [stderr]    Compiling get_if_addrs v0.5.3
[INFO] [stderr]    Compiling cuckoofilter v0.3.2
[INFO] [stderr]    Compiling h2 v0.2.7
[INFO] [stderr]    Compiling http-body v0.3.1
[INFO] [stderr]    Compiling async-tls v0.8.0
[INFO] [stderr]    Compiling soketto v0.4.2
[INFO] [stderr]    Compiling salsa20 v0.6.0
[INFO] [stderr]    Compiling want v0.3.0
[INFO] [stderr]    Compiling webpki-roots v0.18.0
[INFO] [stderr]    Compiling quicksink v0.1.2
[INFO] [stderr]    Compiling dns-parser v0.8.0
[INFO] [stderr]    Compiling wasm-bindgen-futures v0.4.19
[INFO] [stderr]    Compiling minicbor v0.5.1
[INFO] [stderr]    Compiling lru v0.6.1
[INFO] [stderr]    Compiling x25519-dalek v0.6.0
[INFO] [stderr]    Compiling async-trait v0.1.42
[INFO] [stderr]    Compiling httpdate v0.3.2
[INFO] [stderr]    Compiling parity-send-wrapper v0.1.0
[INFO] [stderr]    Compiling termcolor v1.1.2
[INFO] [stderr]    Compiling hex_fmt v0.3.0
[INFO] [stderr]    Compiling lru_time_cache v0.10.0
[INFO] [stderr]    Compiling tower-service v0.3.0
[INFO] [stderr]    Compiling ipnet v2.3.0
[INFO] [stderr]    Compiling base64 v0.11.0
[INFO] [stderr]    Compiling libp2p-wasm-ext v0.22.0
[INFO] [stderr]    Compiling libp2p-tcp v0.22.0
[INFO] [stderr]    Compiling libp2p-mdns v0.22.0
[INFO] [stderr]    Compiling libp2p-websocket v0.23.0
[INFO] [stderr]    Compiling libp2p-pnet v0.19.2
[INFO] [stderr]    Compiling libp2p-request-response v0.3.0
[INFO] [stderr]    Compiling libp2p-yamux v0.25.0
[INFO] [stderr]    Compiling hyper v0.13.9
[INFO] [stderr]    Compiling libp2p-uds v0.22.0
[INFO] [stderr]    Compiling libp2p-deflate v0.22.0
[INFO] [stderr]    Compiling libp2p-ping v0.22.0
[INFO] [stderr]    Compiling libp2p-mplex v0.22.0
[INFO] [stderr]    Compiling libp2p-dns v0.22.0
[INFO] [stderr]    Compiling libp2p-core-derive v0.20.2
[INFO] [stderr]    Compiling atomic v0.4.6
[INFO] [stderr]    Compiling rand_core v0.4.2
[INFO] [stderr]    Compiling humantime v1.3.0
[INFO] [stderr]    Compiling cranelift-entity v0.66.0
[INFO] [stderr]    Compiling env_logger v0.7.1
[INFO] [stderr]    Compiling stable_deref_trait v1.2.0
[INFO] [stderr]    Compiling cranelift-codegen-shared v0.66.0
[INFO] [stderr]    Compiling cranelift-codegen-meta v0.66.0
[INFO] [stderr]    Compiling sp-utils v2.0.0 (/opt/rustwide/workdir/primitives/utils)
[INFO] [stderr]    Compiling target-lexicon v0.10.0
[INFO] [stderr]    Compiling libp2p v0.28.1
[INFO] [stdout] warning: call to `.clone()` on a reference in this situation does nothing
[INFO] [stdout]   --> primitives/utils/src/mpsc.rs:66:30
[INFO] [stdout]    |
[INFO] [stdout] 66 |         (TracingUnboundedSender(key.clone(), s), TracingUnboundedReceiver(key,r))
[INFO] [stdout]    |                                    ^^^^^^^^ help: remove this redundant call
[INFO] [stdout]    |
[INFO] [stdout]    = note: the type `str` does not implement `Clone`, so calling `clone` on `&str` copies the reference, which does not do anything and can be removed
[INFO] [stdout]    = note: `#[warn(noop_method_call)]` on by default
[INFO] [stdout] 
[INFO] [stdout] 
[INFO] [stdout] warning: 1 warning emitted
[INFO] [stdout] 
[INFO] [stdout] 
[INFO] [stderr]    Compiling rand_core v0.3.1
[INFO] [stderr]    Compiling kvdb v0.7.0
[INFO] [stderr]    Compiling substrate-prometheus-endpoint v0.8.0 (/opt/rustwide/workdir/utils/prometheus)
[INFO] [stderr]    Compiling itertools v0.9.0
[INFO] [stderr]    Compiling gimli v0.21.0
[INFO] [stderr]    Compiling sp-consensus v0.8.0 (/opt/rustwide/workdir/primitives/consensus/common)
[INFO] [stderr]    Compiling cranelift-bforest v0.66.0
[INFO] [stderr]    Compiling regalloc v0.0.27
[INFO] [stderr]    Compiling parking_lot_core v0.6.2
[INFO] [stderr]    Compiling zstd-sys v1.4.17+zstd.1.4.5
[INFO] [stderr]    Compiling sp-database v2.0.0 (/opt/rustwide/workdir/primitives/database)
[INFO] [stderr]    Compiling sp-block-builder v2.0.0 (/opt/rustwide/workdir/primitives/block-builder)
[INFO] [stderr]    Compiling parking_lot v0.9.0
[INFO] [stderr]    Compiling lru v0.4.3
[INFO] [stderr]    Compiling rand_pcg v0.1.2
[INFO] [stderr]    Compiling rand_chacha v0.1.1
[INFO] [stderr]    Compiling dirs-sys v0.3.5
[INFO] [stderr]    Compiling wasmparser v0.59.0
[INFO] [stderr]    Compiling wasmtime-environ v0.19.0
[INFO] [stderr]    Compiling directories v2.0.2
[INFO] [stderr]    Compiling sp-blockchain v2.0.0 (/opt/rustwide/workdir/primitives/blockchain)
[INFO] [stderr]    Compiling file-per-thread-logger v0.1.4
[INFO] [stderr]    Compiling bincode v1.3.1
[INFO] [stderr]    Compiling rand v0.6.5
[INFO] [stderr]    Compiling more-asserts v0.2.1
[INFO] [stderr]    Compiling rand_isaac v0.1.1
[INFO] [stderr]    Compiling rand_xorshift v0.1.1
[INFO] [stderr]    Compiling rand_hc v0.1.0
[INFO] [stderr]    Compiling rand_os v0.1.3
[INFO] [stderr]    Compiling rand_jitter v0.1.4
[INFO] [stderr]    Compiling raw-cpuid v7.0.3
[INFO] [stderr]    Compiling wasmtime-runtime v0.19.0
[INFO] [stderr]    Compiling wasmparser v0.57.0
[INFO] [stderr]    Compiling region v2.2.0
[INFO] [stderr]    Compiling bytes v0.4.12
[INFO] [stderr]    Compiling scroll_derive v0.10.4
[INFO] [stderr]    Compiling object v0.20.0
[INFO] [stderr]    Compiling sp-allocator v2.0.0 (/opt/rustwide/workdir/primitives/allocator)
[INFO] [stderr]    Compiling strum_macros v0.16.0
[INFO] [stdout] warning: unused borrow that must be used
[INFO] [stdout]    --> primitives/allocator/src/freeing_bump.rs:431:3
[INFO] [stdout]     |
[INFO] [stdout] 431 |         &mut self[range].copy_from_slice(&bytes[..]);
[INFO] [stdout]     |         ^^^^^^^^^^^^^^^^^^^^^^^^^^^^^^^^^^^^^^^^^^^^ the borrow produces a value
[INFO] [stdout]     |
[INFO] [stdout]     = note: `#[warn(unused_must_use)]` on by default
[INFO] [stdout] help: use `let _ = ...` to ignore the resulting value
[INFO] [stdout]     |
[INFO] [stdout] 431 |         let _ = &mut self[range].copy_from_slice(&bytes[..]);
[INFO] [stdout]     |         +++++++
[INFO] [stdout] 
[INFO] [stdout] 
[INFO] [stdout] warning: 1 warning emitted
[INFO] [stdout] 
[INFO] [stdout] 
[INFO] [stderr]    Compiling pwasm-utils v0.14.0
[INFO] [stderr]    Compiling object v0.19.0
[INFO] [stderr]    Compiling scroll v0.10.2
[INFO] [stderr]    Compiling leb128 v0.2.4
[INFO] [stderr]    Compiling wast v28.0.0
[INFO] [stderr]    Compiling sp-transaction-pool v2.0.0 (/opt/rustwide/workdir/primitives/transaction-pool)
[INFO] [stderr]    Compiling sp-serializer v2.0.0 (/opt/rustwide/workdir/primitives/serializer)
[INFO] [stderr]    Compiling sc-executor-common v0.8.0 (/opt/rustwide/workdir/client/executor/common)
[INFO] [stderr]    Compiling slog v2.7.0
[INFO] [stderr]    Compiling erased-serde v0.3.12
[INFO] [stderr]    Compiling cranelift-codegen v0.66.0
[INFO] [stderr]    Compiling scoped-tls v1.0.0
[INFO] [stderr]    Compiling strum v0.16.0
[INFO] [stderr]    Compiling sc-executor-wasmi v0.8.0 (/opt/rustwide/workdir/client/executor/wasmi)
[INFO] [stderr]    Compiling sp-keyring v2.0.0 (/opt/rustwide/workdir/primitives/keyring)
[INFO] [stderr]    Compiling tokio-executor v0.1.10
[INFO] [stderr]    Compiling tokio-io v0.1.13
[INFO] [stderr]    Compiling arc-swap v0.4.7
[INFO] [stderr]    Compiling slog-json v2.3.0
[INFO] [stderr]    Compiling slog-scope v4.3.0
[INFO] [stderr]    Compiling take_mut v0.2.2
[INFO] [stderr]    Compiling tokio-sync v0.1.8
[INFO] [stderr]    Compiling num-complex v0.2.4
[INFO] [stderr]    Compiling sc-telemetry v2.0.0 (/opt/rustwide/workdir/client/telemetry)
[INFO] [stderr]    Compiling hex-literal v0.3.1
[INFO] [stderr]    Compiling tokio-reactor v0.1.12
[INFO] [stderr]    Compiling crossbeam-deque v0.7.3
[INFO] [stderr]    Compiling tokio-codec v0.1.2
[INFO] [stdout] warning: unused borrow that must be used
[INFO] [stdout]    --> client/telemetry/src/worker.rs:190:1
[INFO] [stdout]     |
[INFO] [stdout] 190 | #[pin_project::pin_project]
[INFO] [stdout]     | ^^^^^^^^^^^^^^^^^^^^^^^^^^^ the borrow produces a value
[INFO] [stdout]     |
[INFO] [stdout]     = note: `#[warn(unused_must_use)]` on by default
[INFO] [stdout]     = note: this warning originates in the derive macro `::pin_project::__private::__PinProjectInternalDerive` (in Nightly builds, run with -Z macro-backtrace for more info)
[INFO] [stdout] 
[INFO] [stdout] 
[INFO] [stderr]    Compiling crossbeam-queue v0.2.3
[INFO] [stderr]    Compiling approx v0.3.2
[INFO] [stderr]    Compiling rawpointer v0.2.1
[INFO] [stderr]    Compiling matrixmultiply v0.2.3
[INFO] [stderr]    Compiling tokio-threadpool v0.1.18
[INFO] [stderr]    Compiling rand v0.5.6
[INFO] [stderr]    Compiling wat v1.0.29
[INFO] [stderr]    Compiling alga v0.9.3
[INFO] [stderr]    Compiling tokio-tcp v0.1.4
[INFO] [stderr]    Compiling tokio-fs v0.1.7
[INFO] [stderr]    Compiling statrs v0.10.0
[INFO] [stderr]    Compiling nalgebra v0.18.1
[INFO] [stderr]    Compiling tokio-uds v0.2.7
[INFO] [stderr]    Compiling tokio-udp v0.1.6
[INFO] [stderr]    Compiling tokio-timer v0.2.13
[INFO] [stderr]    Compiling tokio-current-thread v0.1.7
[INFO] [stderr]    Compiling jsonrpc-core v15.1.0
[INFO] [stderr]    Compiling tokio v0.1.22
[INFO] [stderr]    Compiling http v0.1.21
[INFO] [stderr]    Compiling sp-staking v2.0.0 (/opt/rustwide/workdir/primitives/staking)
[INFO] [stderr]    Compiling tokio-buf v0.1.1
[INFO] [stderr]    Compiling string v0.2.1
[INFO] [stderr]    Compiling hyper v0.12.35
[INFO] [stderr]    Compiling sp-session v2.0.0 (/opt/rustwide/workdir/primitives/session)
[INFO] [stderr]    Compiling want v0.2.0
[INFO] [stderr]    Compiling futures-cpupool v0.1.8
[INFO] [stderr]    Compiling jsonrpc-pubsub v15.1.0
[INFO] [stderr]    Compiling idna v0.1.5
[INFO] [stderr]    Compiling percent-encoding v1.0.1
[INFO] [stdout] warning: 1 warning emitted
[INFO] [stdout] 
[INFO] [stdout] 
[INFO] [stderr]    Compiling futures-timer v2.0.2
[INFO] [stderr]    Compiling linked-hash-map v0.5.3
[INFO] [stderr]    Compiling http-body v0.1.0
[INFO] [stderr]    Compiling h2 v0.1.26
[INFO] [stderr]    Compiling url v1.7.2
[INFO] [stderr]    Compiling fork-tree v2.0.0 (/opt/rustwide/workdir/utils/fork-tree)
[INFO] [stderr]    Compiling sp-timestamp v2.0.0 (/opt/rustwide/workdir/primitives/timestamp)
[INFO] [stderr]    Compiling sp-rpc v2.0.0 (/opt/rustwide/workdir/primitives/rpc)
[INFO] [stderr]    Compiling jsonrpc-derive v15.1.0
[INFO] [stderr]    Compiling sc-keystore v2.0.0 (/opt/rustwide/workdir/client/keystore)
[INFO] [stderr]    Compiling sc-network v0.8.0 (/opt/rustwide/workdir/client/network)
[INFO] [stderr]    Compiling lazycell v1.3.0
[INFO] [stderr]    Compiling ansi_term v0.11.0
[INFO] [stderr]    Compiling linked_hash_set v0.1.4
[INFO] [stderr]    Compiling sc-peerset v2.0.0 (/opt/rustwide/workdir/client/peerset)
[INFO] [stderr]    Compiling sp-offchain v2.0.0 (/opt/rustwide/workdir/primitives/offchain)
[INFO] [stderr]    Compiling clang-sys v0.29.3
[INFO] [stdout] warning: variable does not need to be mutable
[INFO] [stdout]    --> client/peerset/src/peersstate.rs:292:15
[INFO] [stdout]     |
[INFO] [stdout] 292 |         if let Some(mut node) = self.state.nodes.get_mut(&*self.peer_id) {
[INFO] [stdout]     |                     ----^^^^
[INFO] [stdout]     |                     |
[INFO] [stdout]     |                     help: remove this `mut`
[INFO] [stdout]     |
[INFO] [stdout]     = note: `#[warn(unused_mut)]` on by default
[INFO] [stdout] 
[INFO] [stdout] 
[INFO] [stdout] warning: variable does not need to be mutable
[INFO] [stdout]    --> client/peerset/src/peersstate.rs:408:15
[INFO] [stdout]     |
[INFO] [stdout] 408 |         if let Some(mut peer) = self.state.nodes.get_mut(&*self.peer_id) {
[INFO] [stdout]     |                     ----^^^^
[INFO] [stdout]     |                     |
[INFO] [stdout]     |                     help: remove this `mut`
[INFO] [stdout] 
[INFO] [stdout] 
[INFO] [stdout] warning: variable does not need to be mutable
[INFO] [stdout]    --> client/peerset/src/peersstate.rs:438:15
[INFO] [stdout]     |
[INFO] [stdout] 438 |         if let Some(mut peer) = self.state.nodes.get_mut(&*self.peer_id) {
[INFO] [stdout]     |                     ----^^^^
[INFO] [stdout]     |                     |
[INFO] [stdout]     |                     help: remove this `mut`
[INFO] [stdout] 
[INFO] [stdout] 
[INFO] [stderr]    Compiling libloading v0.5.2
[INFO] [stderr]    Compiling sp-chain-spec v2.0.0 (/opt/rustwide/workdir/primitives/chain-spec)
[INFO] [stderr]    Compiling slog_derive v0.2.0
[INFO] [stderr]    Compiling nom v5.1.2
[INFO] [stdout] warning: 3 warnings emitted
[INFO] [stdout] 
[INFO] [stdout] 
[INFO] [stderr]    Compiling unicode-width v0.1.8
[INFO] [stderr]    Compiling substrate-wasm-builder-runner v1.0.6 (/opt/rustwide/workdir/utils/wasm-builder-runner)
[INFO] [stderr]    Compiling ip_network v0.3.4
[INFO] [stderr]    Compiling cranelift-frontend v0.66.0
[INFO] [stderr]    Compiling cranelift-native v0.66.0
[INFO] [stderr]    Compiling textwrap v0.11.0
[INFO] [stderr]    Compiling cranelift-wasm v0.66.0
[INFO] [stderr]    Compiling jsonrpc-client-transports v15.1.0
[INFO] [stderr]    Compiling jsonrpc-core-client v15.1.0
[INFO] [stderr]    Compiling vec_map v0.8.2
[INFO] [stderr]    Compiling strsim v0.8.0
[INFO] [stderr]    Compiling clap v2.33.3
[INFO] [stderr]    Compiling bindgen v0.54.0
[INFO] [stderr]    Compiling sc-rpc-api v0.8.0 (/opt/rustwide/workdir/client/rpc-api)
[INFO] [stderr]    Compiling cexpr v0.4.0
[INFO] [stderr]    Compiling unicase v2.6.0
[INFO] [stderr]    Compiling linregress v0.1.7
[INFO] [stderr]    Compiling shlex v0.1.1
[INFO] [stderr]    Compiling retain_mut v0.1.1
[INFO] [stderr]    Compiling peeking_take_while v0.1.2
[INFO] [stderr]    Compiling ctt-primitives v2.0.0 (/opt/rustwide/workdir/bin/ctt/primitives)
[INFO] [stderr]    Compiling frame-benchmarking v2.0.0 (/opt/rustwide/workdir/frame/benchmarking)
[INFO] [stderr]    Compiling sp-authorship v2.0.0 (/opt/rustwide/workdir/primitives/authorship)
[INFO] [stderr]    Compiling bstr v0.2.14
[INFO] [stderr]    Compiling pallet-balances v2.0.0 (/opt/rustwide/workdir/frame/balances)
[INFO] [stderr]    Compiling winapi v0.3.9
[INFO] [stderr]    Compiling globset v0.4.6
[INFO] [stderr]    Compiling pallet-timestamp v2.0.0 (/opt/rustwide/workdir/frame/timestamp)
[INFO] [stderr]    Compiling mio-named-pipes v0.1.7
[INFO] [stderr]    Compiling jsonrpc-server-utils v15.1.0
[INFO] [stderr]    Compiling substrate-fixed v0.5.5 (https://github.com/encointer/substrate-fixed.git#0f773e25)
[INFO] [stderr]    Compiling pallet-session v2.0.0 (/opt/rustwide/workdir/frame/session)
[INFO] [stderr]    Compiling tokio-named-pipes v0.1.0
[INFO] [stderr]    Compiling miow v0.3.6
[INFO] [stderr]    Compiling mio-extras v2.0.6
[INFO] [stderr]    Compiling sha-1 v0.8.2
[INFO] [stderr]    Compiling openssl-probe v0.1.2
[INFO] [stderr]    Compiling parity-tokio-ipc v0.4.0
[INFO] [stderr]    Compiling rustls-native-certs v0.4.0
[INFO] [stderr]    Compiling parity-ws v0.10.0
[INFO] [stderr]    Compiling ctt-pallet-members v2.0.0 (/opt/rustwide/workdir/bin/ctt/pallets/members)
[INFO] [stderr]    Compiling sc-transaction-graph v2.0.0 (/opt/rustwide/workdir/client/transaction-pool/graph)
[INFO] [stderr]    Compiling intervalier v0.4.0
[INFO] [stdout] warning: unnecessary trailing semicolon
[INFO] [stdout]    --> client/transaction-pool/graph/src/validated_pool.rs:289:49
[INFO] [stdout]     |
[INFO] [stdout] 289 |         enum Status { Future, Ready, Failed, Dropped };
[INFO] [stdout]     |                                                       ^ help: remove this semicolon
[INFO] [stdout]     |
[INFO] [stdout]     = note: `#[warn(redundant_semicolons)]` on by default
[INFO] [stdout] 
[INFO] [stdout] 
[INFO] [stderr]    Compiling futures-diagnose v1.0.1
[INFO] [stdout] warning: unused import: `retain_mut::RetainMut`
[INFO] [stdout]   --> client/transaction-pool/graph/src/validated_pool.rs:40:5
[INFO] [stdout]    |
[INFO] [stdout] 40 | use retain_mut::RetainMut;
[INFO] [stdout]    |     ^^^^^^^^^^^^^^^^^^^^^
[INFO] [stdout]    |
[INFO] [stdout]    = note: `#[warn(unused_imports)]` on by default
[INFO] [stdout] 
[INFO] [stdout] 
[INFO] [stderr]    Compiling kvdb-memorydb v0.7.0
[INFO] [stderr]    Compiling owning_ref v0.4.1
[INFO] [stderr]    Compiling tokio-rustls v0.14.1
[INFO] [stderr]    Compiling ct-logs v0.7.0
[INFO] [stdout] warning: 2 warnings emitted
[INFO] [stdout] 
[INFO] [stdout] 
[INFO] [stderr]    Compiling sp-consensus-slots v0.8.0 (/opt/rustwide/workdir/primitives/consensus/slots)
[INFO] [stderr]    Compiling tokio-service v0.1.0
[INFO] [stderr]    Compiling memmap v0.7.0
[INFO] [stderr]    Compiling fs-swap v0.2.5
[INFO] [stderr]    Compiling hyper-rustls v0.21.0
[INFO] [stderr]    Compiling parity-db v0.1.2
[INFO] [stderr]    Compiling jsonrpc-ipc-server v15.1.0
[INFO] [stderr]    Compiling jsonrpc-ws-server v15.1.0
[INFO] [stderr]    Compiling jsonrpc-http-server v15.1.0
[INFO] [stderr]    Compiling pallet-authorship v2.0.0 (/opt/rustwide/workdir/frame/authorship)
[INFO] [stderr]    Compiling sc-chain-spec-derive v2.0.0 (/opt/rustwide/workdir/client/chain-spec/derive)
[INFO] [stderr]    Compiling threadpool v1.8.1
[INFO] [stderr]    Compiling librocksdb-sys v6.11.4
[INFO] [stderr]    Compiling sc-rpc-server v2.0.0 (/opt/rustwide/workdir/client/rpc-servers)
[INFO] [stderr]    Compiling sc-tracing v2.0.0 (/opt/rustwide/workdir/client/tracing)
[INFO] [stderr]    Compiling sp-consensus-vrf v0.8.0 (/opt/rustwide/workdir/primitives/consensus/vrf)
[INFO] [stderr]    Compiling exit-future v0.2.0
[INFO] [stdout] warning: variable does not need to be mutable
[INFO] [stdout]    --> client/tracing/src/lib.rs:315:15
[INFO] [stdout]     |
[INFO] [stdout] 315 |         if let Some(mut s) = span_data.get_mut(&span) {
[INFO] [stdout]     |                     ----^
[INFO] [stdout]     |                     |
[INFO] [stdout]     |                     help: remove this `mut`
[INFO] [stdout]     |
[INFO] [stdout]     = note: `#[warn(unused_mut)]` on by default
[INFO] [stdout] 
[INFO] [stdout] 
[INFO] [stderr]    Compiling sp-consensus-babe v0.8.0 (/opt/rustwide/workdir/primitives/consensus/babe)
[INFO] [stderr]    Compiling finality-grandpa v0.12.3
[INFO] [stderr]    Compiling sp-npos-elections-compact v2.0.0 (/opt/rustwide/workdir/primitives/npos-elections/compact)
[INFO] [stdout] warning: 1 warning emitted
[INFO] [stdout] 
[INFO] [stdout] 
[INFO] [stderr]    Compiling frame-system-rpc-runtime-api v2.0.0 (/opt/rustwide/workdir/frame/system/rpc/runtime-api)
[INFO] [stderr]    Compiling frame-executive v2.0.0 (/opt/rustwide/workdir/frame/executive)
[INFO] [stdout] warning: panic message is not a string literal
[INFO] [stdout]    --> frame/executive/src/lib.rs:359:57
[INFO] [stdout]     |
[INFO] [stdout] 359 |             Err(e) => { let err: &'static str = e.into(); panic!(err) },
[INFO] [stdout]     |                                                                  ^^^
[INFO] [stdout]     |
[INFO] [stdout]     = note: this usage of `panic!()` is deprecated; it will be a hard error in Rust 2021
[INFO] [stdout]     = note: for more information, see <https://doc.rust-lang.org/nightly/edition-guide/rust-2021/panic-macro-consistency.html>
[INFO] [stdout]     = note: `#[warn(non_fmt_panics)]` on by default
[INFO] [stdout] help: add a "{}" format string to `Display` the message
[INFO] [stdout]     |
[INFO] [stdout] 359 |             Err(e) => { let err: &'static str = e.into(); panic!("{}", err) },
[INFO] [stdout]     |                                                                  +++++
[INFO] [stdout] 
[INFO] [stdout] 
[INFO] [stderr]    Compiling parking_lot_core v0.4.0
[INFO] [stdout] warning: 1 warning emitted
[INFO] [stdout] 
[INFO] [stdout] 
[INFO] [stderr]    Compiling proc-macro-error-attr v1.0.4
[INFO] [stderr]    Compiling sp-finality-tracker v2.0.0 (/opt/rustwide/workdir/primitives/finality-tracker)
[INFO] [stderr]    Compiling sp-finality-grandpa v2.0.0 (/opt/rustwide/workdir/primitives/finality-grandpa)
[INFO] [stderr]    Compiling proc-macro-error v1.0.4
[INFO] [stderr]    Compiling lock_api v0.1.5
[INFO] [stderr]    Compiling ctt-pallet-kp v2.0.0 (/opt/rustwide/workdir/bin/ctt/pallets/kp)
[INFO] [stderr]    Compiling enumflags2_derive v0.6.4
[INFO] [stderr]    Compiling parking_lot v0.7.1
[INFO] [stderr]    Compiling sp-npos-elections v2.0.0 (/opt/rustwide/workdir/primitives/npos-elections)
[INFO] [stderr]    Compiling pallet-contracts-primitives v2.0.0 (/opt/rustwide/workdir/frame/contracts/common)
[INFO] [stderr]    Compiling nix v0.17.0
[INFO] [stderr]    Compiling names v0.11.0
[INFO] [stderr]    Compiling once_cell v0.1.8
[INFO] [stderr]    Compiling structopt-derive v0.4.14
[INFO] [stderr]    Compiling pallet-finality-tracker v2.0.0 (/opt/rustwide/workdir/frame/finality-tracker)
[INFO] [stderr]    Compiling enumflags2 v0.6.4
[INFO] [stderr]    Compiling hashbrown v0.1.8
[INFO] [stderr]    Compiling pallet-transaction-payment-rpc-runtime-api v2.0.0 (/opt/rustwide/workdir/frame/transaction-payment/rpc/runtime-api)
[INFO] [stderr]    Compiling sp-authority-discovery v2.0.0 (/opt/rustwide/workdir/primitives/authority-discovery)
[INFO] [stderr]    Compiling sp-sandbox v0.8.0 (/opt/rustwide/workdir/primitives/sandbox)
[INFO] [stderr]    Compiling fdlimit v0.2.1
[INFO] [stderr]    Compiling bip39 v0.6.0-beta.1
[INFO] [stderr]    Compiling pallet-grandpa v2.0.0 (/opt/rustwide/workdir/frame/grandpa)
[INFO] [stdout] warning: unused variable: `n`
[INFO] [stdout]     --> bin/ctt/pallets/kp/src/lib.rs:2770:26
[INFO] [stdout]      |
[INFO] [stdout] 2770 |         fn on_initialize(n: T::BlockNumber) -> Weight {
[INFO] [stdout]      |                          ^
[INFO] [stdout]      |
[INFO] [stdout] help: `n` is captured in macro and introduced a unused variable
[INFO] [stdout]     --> bin/ctt/pallets/kp/src/lib.rs:1297:1
[INFO] [stdout]      |
[INFO] [stdout] 1297 | / decl_module! {
[INFO] [stdout] 1298 | |     /// The module declaration.
[INFO] [stdout] 1299 | |     pub struct Module<T: Trait> for enum Call where origin: T::Origin {
[INFO] [stdout] 1300 | |         // Initializing errors
[INFO] [stdout] ...    |
[INFO] [stdout] 2803 | |     }
[INFO] [stdout] 2804 | | }
[INFO] [stdout]      | |_^
[INFO] [stdout]      = note: `#[warn(unused_variables)]` on by default
[INFO] [stdout]      = note: this warning originates in the macro `$crate::decl_module` which comes from the expansion of the macro `decl_module` (in Nightly builds, run with -Z macro-backtrace for more info)
[INFO] [stdout] 
[INFO] [stdout] 
[INFO] [stdout] warning: unused variable: `reporter_account`
[INFO] [stdout]     --> bin/ctt/pallets/kp/src/lib.rs:2298:13
[INFO] [stdout]      |
[INFO] [stdout] 2298 |             reporter_account: T::AccountId
[INFO] [stdout]      |             ^^^^^^^^^^^^^^^^
[INFO] [stdout]      |
[INFO] [stdout] help: `reporter_account` is captured in macro and introduced a unused variable
[INFO] [stdout]     --> bin/ctt/pallets/kp/src/lib.rs:1297:1
[INFO] [stdout]      |
[INFO] [stdout] 1297 | / decl_module! {
[INFO] [stdout] 1298 | |     /// The module declaration.
[INFO] [stdout] 1299 | |     pub struct Module<T: Trait> for enum Call where origin: T::Origin {
[INFO] [stdout] 1300 | |         // Initializing errors
[INFO] [stdout] ...    |
[INFO] [stdout] 2803 | |     }
[INFO] [stdout] 2804 | | }
[INFO] [stdout]      | |_^
[INFO] [stdout]      = note: this warning originates in the macro `$crate::decl_module` which comes from the expansion of the macro `decl_module` (in Nightly builds, run with -Z macro-backtrace for more info)
[INFO] [stdout] 
[INFO] [stdout] 
[INFO] [stderr]    Compiling pallet-contracts-rpc-runtime-api v0.8.0 (/opt/rustwide/workdir/frame/contracts/rpc/runtime-api)
[INFO] [stderr]    Compiling pallet-im-online v2.0.0 (/opt/rustwide/workdir/frame/im-online)
[INFO] [stderr]    Compiling pallet-offences v2.0.0 (/opt/rustwide/workdir/frame/offences)
[INFO] [stderr]    Compiling pallet-indices v2.0.0 (/opt/rustwide/workdir/frame/indices)
[INFO] [stdout] warning: 2 warnings emitted
[INFO] [stdout] 
[INFO] [stdout] 
[INFO] [stderr]    Compiling pallet-babe v2.0.0 (/opt/rustwide/workdir/frame/babe)
[INFO] [stderr]    Compiling pallet-staking v2.0.0 (/opt/rustwide/workdir/frame/staking)
[INFO] [stderr]    Compiling pallet-staking-reward-curve v2.0.0 (/opt/rustwide/workdir/frame/staking/reward-curve)
[INFO] [stderr]    Compiling structopt v0.3.21
[INFO] [stderr]    Compiling rpassword v4.0.5
[INFO] [stdout] warning: panic message is not a string literal
[INFO] [stdout]    --> frame/staking/reward-curve/src/lib.rs:356:25
[INFO] [stdout]     |
[INFO] [stdout] 356 |           let error = || panic!(format!(
[INFO] [stdout]     |  _______________________________^
[INFO] [stdout] 357 | |             "Generated reward curve approximation doesn't fit into [0, 1] -> [0, 1] \
[INFO] [stdout] 358 | |             because of point:
[INFO] [stdout] 359 | |             x = {:07} per million
[INFO] [stdout] 360 | |             y = {:07} per million",
[INFO] [stdout] 361 | |             x, y
[INFO] [stdout] 362 | |         ));
[INFO] [stdout]     | |_________^
[INFO] [stdout]     |
[INFO] [stdout]     = note: this usage of `panic!()` is deprecated; it will be a hard error in Rust 2021
[INFO] [stdout]     = note: for more information, see <https://doc.rust-lang.org/nightly/edition-guide/rust-2021/panic-macro-consistency.html>
[INFO] [stdout]     = note: the `panic!()` macro supports formatting, so there's no need for the `format!()` macro here
[INFO] [stdout]     = note: `#[warn(non_fmt_panics)]` on by default
[INFO] [stdout] help: remove the `format!(..)` macro call
[INFO] [stdout]     |
[INFO] [stdout] 356 ~         let error = || panic!(
[INFO] [stdout] 357 |             "Generated reward curve approximation doesn't fit into [0, 1] -> [0, 1] \
[INFO] [stdout]   ...
[INFO] [stdout] 361 |             x, y
[INFO] [stdout] 362 ~         );
[INFO] [stdout]     |
[INFO] [stdout] 
[INFO] [stdout] 
[INFO] [stderr]    Compiling safe-mix v1.0.1
[INFO] [stdout] warning: unused macro definition: `do_whitelist`
[INFO] [stdout]   --> frame/staking/src/benchmarking.rs:32:14
[INFO] [stdout]    |
[INFO] [stdout] 32 | macro_rules! do_whitelist {
[INFO] [stdout]    |              ^^^^^^^^^^^^
[INFO] [stdout]    |
[INFO] [stdout]    = note: `#[warn(unused_macros)]` on by default
[INFO] [stdout] 
[INFO] [stdout] 
[INFO] [stderr]    Compiling pallet-randomness-collective-flip v2.0.0 (/opt/rustwide/workdir/frame/randomness-collective-flip)
[INFO] [stderr]    Compiling pallet-contracts v2.0.0 (/opt/rustwide/workdir/frame/contracts)
[INFO] [stderr]    Compiling pallet-authority-discovery v2.0.0 (/opt/rustwide/workdir/frame/authority-discovery)
[INFO] [stderr]    Compiling pallet-transaction-payment v2.0.0 (/opt/rustwide/workdir/frame/transaction-payment)
[INFO] [stderr]    Compiling pallet-identity v2.0.0 (/opt/rustwide/workdir/frame/identity)
[INFO] [stderr]    Compiling pallet-recovery v2.0.0 (/opt/rustwide/workdir/frame/recovery)
[INFO] [stdout] warning: unused borrow that must be used
[INFO] [stdout]    --> frame/identity/src/lib.rs:208:5
[INFO] [stdout]     |
[INFO] [stdout] 208 |                 &mut r[1..].copy_from_slice(&x[..l as usize]);
[INFO] [stdout]     |                 ^^^^^^^^^^^^^^^^^^^^^^^^^^^^^^^^^^^^^^^^^^^^^ the borrow produces a value
[INFO] [stdout]     |
[INFO] [stdout]     = note: `#[warn(unused_must_use)]` on by default
[INFO] [stdout] help: use `let _ = ...` to ignore the resulting value
[INFO] [stdout]     |
[INFO] [stdout] 208 |                 let _ = &mut r[1..].copy_from_slice(&x[..l as usize]);
[INFO] [stdout]     |                 +++++++
[INFO] [stdout] 
[INFO] [stdout] 
[INFO] [stderr]    Compiling pallet-vesting v2.0.0 (/opt/rustwide/workdir/frame/vesting)
[INFO] [stdout] warning: 1 warning emitted
[INFO] [stdout] 
[INFO] [stdout] 
[INFO] [stdout] warning: 1 warning emitted
[INFO] [stdout] 
[INFO] [stdout] 
[INFO] [stderr]    Compiling pallet-elections-phragmen v2.0.0 (/opt/rustwide/workdir/frame/elections-phragmen)
[INFO] [stderr]    Compiling pallet-treasury v2.0.0 (/opt/rustwide/workdir/frame/treasury)
[INFO] [stdout] warning: constant `SEED` is never used
[INFO] [stdout]   --> frame/staking/src/benchmarking.rs:27:7
[INFO] [stdout]    |
[INFO] [stdout] 27 | const SEED: u32 = 0;
[INFO] [stdout]    |       ^^^^
[INFO] [stdout]    |
[INFO] [stdout]    = note: `#[warn(dead_code)]` on by default
[INFO] [stdout] 
[INFO] [stdout] 
[INFO] [stdout] warning: constant `MAX_SPANS` is never used
[INFO] [stdout]   --> frame/staking/src/benchmarking.rs:28:7
[INFO] [stdout]    |
[INFO] [stdout] 28 | const MAX_SPANS: u32 = 100;
[INFO] [stdout]    |       ^^^^^^^^^
[INFO] [stdout] 
[INFO] [stdout] 
[INFO] [stdout] warning: constant `MAX_VALIDATORS` is never used
[INFO] [stdout]   --> frame/staking/src/benchmarking.rs:29:7
[INFO] [stdout]    |
[INFO] [stdout] 29 | const MAX_VALIDATORS: u32 = 1000;
[INFO] [stdout]    |       ^^^^^^^^^^^^^^
[INFO] [stdout] 
[INFO] [stdout] 
[INFO] [stdout] warning: constant `MAX_SLASHES` is never used
[INFO] [stdout]   --> frame/staking/src/benchmarking.rs:30:7
[INFO] [stdout]    |
[INFO] [stdout] 30 | const MAX_SLASHES: u32 = 1000;
[INFO] [stdout]    |       ^^^^^^^^^^^
[INFO] [stdout] 
[INFO] [stdout] 
[INFO] [stdout] warning: function `add_slashing_spans` is never used
[INFO] [stdout]   --> frame/staking/src/benchmarking.rs:42:4
[INFO] [stdout]    |
[INFO] [stdout] 42 | fn add_slashing_spans<T: Trait>(who: &T::AccountId, spans: u32) {
[INFO] [stdout]    |    ^^^^^^^^^^^^^^^^^^
[INFO] [stdout] 
[INFO] [stdout] 
[INFO] [stdout] warning: constant `USER_SEED` is never used
[INFO] [stdout]    --> frame/staking/src/benchmarking.rs:112:7
[INFO] [stdout]     |
[INFO] [stdout] 112 | const USER_SEED: u32 = 999666;
[INFO] [stdout]     |       ^^^^^^^^^
[INFO] [stdout] 
[INFO] [stdout] 
[INFO] [stderr]    Compiling pallet-democracy v2.0.0 (/opt/rustwide/workdir/frame/democracy)
[INFO] [stderr]    Compiling pallet-scheduler v2.0.0 (/opt/rustwide/workdir/frame/scheduler)
[INFO] [stderr]    Compiling pallet-proxy v2.0.0 (/opt/rustwide/workdir/frame/proxy)
[INFO] [stdout] warning: variable does not need to be mutable
[INFO] [stdout]    --> frame/treasury/src/lib.rs:844:21
[INFO] [stdout]     |
[INFO] [stdout] 844 |                 let mut bounty = maybe_bounty.as_mut().ok_or(Error::<T, I>::InvalidIndex)?;
[INFO] [stdout]     |                     ----^^^^^^
[INFO] [stdout]     |                     |
[INFO] [stdout]     |                     help: remove this `mut`
[INFO] [stdout]     |
[INFO] [stdout]     = note: `#[warn(unused_mut)]` on by default
[INFO] [stdout] 
[INFO] [stdout] 
[INFO] [stdout] warning: variable does not need to be mutable
[INFO] [stdout]    --> frame/treasury/src/lib.rs:875:21
[INFO] [stdout]     |
[INFO] [stdout] 875 |                 let mut bounty = maybe_bounty.as_mut().ok_or(Error::<T, I>::InvalidIndex)?;
[INFO] [stdout]     |                     ----^^^^^^
[INFO] [stdout]     |                     |
[INFO] [stdout]     |                     help: remove this `mut`
[INFO] [stdout] 
[INFO] [stdout] 
[INFO] [stdout] warning: variable does not need to be mutable
[INFO] [stdout]    --> frame/treasury/src/lib.rs:920:21
[INFO] [stdout]     |
[INFO] [stdout] 920 |                 let mut bounty = maybe_bounty.as_mut().ok_or(Error::<T, I>::InvalidIndex)?;
[INFO] [stdout]     |                     ----^^^^^^
[INFO] [stdout]     |                     |
[INFO] [stdout]     |                     help: remove this `mut`
[INFO] [stdout] 
[INFO] [stdout] 
[INFO] [stdout] warning: variable does not need to be mutable
[INFO] [stdout]    --> frame/treasury/src/lib.rs:997:21
[INFO] [stdout]     |
[INFO] [stdout] 997 |                 let mut bounty = maybe_bounty.as_mut().ok_or(Error::<T, I>::InvalidIndex)?;
[INFO] [stdout]     |                     ----^^^^^^
[INFO] [stdout]     |                     |
[INFO] [stdout]     |                     help: remove this `mut`
[INFO] [stdout] 
[INFO] [stdout] 
[INFO] [stdout] warning: variable does not need to be mutable
[INFO] [stdout]     --> frame/treasury/src/lib.rs:1029:21
[INFO] [stdout]      |
[INFO] [stdout] 1029 |                 let mut bounty = maybe_bounty.as_mut().ok_or(Error::<T, I>::InvalidIndex)?;
[INFO] [stdout]      |                     ----^^^^^^
[INFO] [stdout]      |                     |
[INFO] [stdout]      |                     help: remove this `mut`
[INFO] [stdout] 
[INFO] [stdout] 
[INFO] [stdout] warning: 5 warnings emitted
[INFO] [stdout] 
[INFO] [stdout] 
[INFO] [stderr]    Compiling pallet-collective v2.0.0 (/opt/rustwide/workdir/frame/collective)
[INFO] [stderr]    Compiling pallet-society v2.0.0 (/opt/rustwide/workdir/frame/society)
[INFO] [stderr]    Compiling pallet-multisig v2.0.0 (/opt/rustwide/workdir/frame/multisig)
[INFO] [stdout] warning: 7 warnings emitted
[INFO] [stdout] 
[INFO] [stdout] 
[INFO] [stderr]    Compiling pallet-sudo v2.0.0 (/opt/rustwide/workdir/frame/sudo)
[INFO] [stderr]    Compiling pallet-utility v2.0.0 (/opt/rustwide/workdir/frame/utility)
[INFO] [stderr]    Compiling pallet-membership v2.0.0 (/opt/rustwide/workdir/frame/membership)
[INFO] [stderr]    Compiling sc-consensus-slots v0.8.0 (/opt/rustwide/workdir/client/consensus/slots)
[INFO] [stderr]    Compiling honggfuzz v0.5.51
[INFO] [stderr]    Compiling arbitrary v0.4.7
[INFO] [stderr]    Compiling node-runtime v2.0.0 (/opt/rustwide/workdir/bin/node/runtime)
[INFO] [stderr]    Compiling pdqselect v0.1.0
[INFO] [stderr]    Compiling platforms v0.2.1
[INFO] [stderr]    Compiling futures-core-preview v0.3.0-alpha.19
[INFO] [stderr]    Compiling node-primitives v2.0.0 (/opt/rustwide/workdir/bin/node/primitives)
[INFO] [stderr]    Compiling substrate-build-script-utils v2.0.0 (/opt/rustwide/workdir/utils/build-script-utils)
[INFO] [stderr]    Compiling futures-channel-preview v0.3.0-alpha.19
[INFO] [stderr]    Compiling sp-consensus-aura v0.8.0 (/opt/rustwide/workdir/primitives/consensus/aura)
[INFO] [stderr]    Compiling kp-runtime-api v2.0.0 (/opt/rustwide/workdir/bin/ctt/pallets/kp/runtime-api)
[INFO] [stderr]    Compiling futures-util-preview v0.3.0-alpha.19
[INFO] [stderr]    Compiling pallet-contracts-rpc v0.8.0 (/opt/rustwide/workdir/frame/contracts/rpc)
[INFO] [stderr]    Compiling pallet-transaction-payment-rpc v2.0.0 (/opt/rustwide/workdir/frame/transaction-payment/rpc)
[INFO] [stderr]    Compiling members-runtime-api v2.0.0 (/opt/rustwide/workdir/bin/ctt/pallets/members/runtime-api)
[INFO] [stderr]    Compiling substrate-test-runtime v2.0.0 (/opt/rustwide/workdir/test-utils/runtime)
[INFO] [stderr]    Compiling ctt-runtime v2.0.0 (/opt/rustwide/workdir/bin/ctt/runtime)
[INFO] [stderr]    Compiling sc-authority-discovery v0.8.0 (/opt/rustwide/workdir/client/authority-discovery)
[INFO] [stderr]    Compiling tokio-sync v0.2.0-alpha.6
[INFO] [stderr]    Compiling tokio-executor v0.2.0-alpha.6
[INFO] [stderr]    Compiling sc-proposer-metrics v0.8.0 (/opt/rustwide/workdir/client/proposer-metrics)
[INFO] [stderr]    Compiling evm-core v0.17.2
[INFO] [stderr]    Compiling jsonrpc-derive v14.2.2
[INFO] [stderr]    Compiling sha3 v0.8.2
[INFO] [stderr]    Compiling evm-runtime v0.17.2
[INFO] [stderr]    Compiling members-rpc v2.0.0 (/opt/rustwide/workdir/bin/ctt/pallets/members/rpc)
[INFO] [stderr]    Compiling sp-runtime-interface-test-wasm v2.0.0 (/opt/rustwide/workdir/primitives/runtime-interface/test-wasm)
[INFO] [stderr]    Compiling sp-runtime-interface-test-wasm-deprecated v2.0.0 (/opt/rustwide/workdir/primitives/runtime-interface/test-wasm-deprecated)
[INFO] [stderr]    Compiling triehash v0.8.3
[INFO] [stderr]    Compiling rlp-derive v0.1.0
[INFO] [stderr]    Compiling trybuild v1.0.35
[INFO] [stderr]    Compiling rustversion v1.0.4
[INFO] [stderr]    Compiling ethereum v0.4.2
[INFO] [stderr]    Compiling kp-rpc v2.0.0 (/opt/rustwide/workdir/bin/ctt/pallets/kp/rpc)
[INFO] [stderr]    Compiling evm-gasometer v0.17.2
[INFO] [stderr]    Compiling sc-runtime-test v2.0.0 (/opt/rustwide/workdir/client/executor/runtime-test)
[INFO] [stderr]    Compiling semver v0.6.0
[INFO] [stderr]    Compiling lite-parser v0.1.2
[INFO] [stderr]    Compiling parity-wasm v0.32.0
[INFO] [stderr]    Compiling dissimilar v1.0.2
[INFO] [stderr]    Compiling fs_extra v1.2.0
[INFO] [stderr]    Compiling chain-spec-builder v2.0.0 (/opt/rustwide/workdir/bin/utils/chain-spec-builder)
[INFO] [stderr]    Compiling difference v2.0.0
[INFO] [stderr] error: failed to run custom build command for `node-runtime v2.0.0 (/opt/rustwide/workdir/bin/node/runtime)`
[INFO] [stderr] note: To improve backtraces for build dependencies, set the CARGO_PROFILE_DEV_BUILD_OVERRIDE_DEBUG=true environment variable to enable debug information generation.
[INFO] [stderr] 
[INFO] [stderr] Caused by:
[INFO] [stderr]   process didn't exit successfully: `/opt/rustwide/target/debug/build/node-runtime-e7efdb2fb78fc22b/build-script-build` (exit status: 1)
[INFO] [stderr]   --- stderr
[INFO] [stderr]       Updating crates.io index
[INFO] [stderr]   warning: spurious network error (3 tries remaining): [6] Couldn't resolve host name (Could not resolve host: index.crates.io)
[INFO] [stderr]   warning: spurious network error (2 tries remaining): [6] Couldn't resolve host name (Could not resolve host: index.crates.io)
[INFO] [stderr]   warning: spurious network error (1 tries remaining): [6] Couldn't resolve host name (Could not resolve host: index.crates.io)
[INFO] [stderr]   error: failed to get `ansi_term` as a dependency of package `substrate-wasm-builder v2.0.0 (/opt/rustwide/workdir/utils/wasm-builder)`
[INFO] [stderr]       ... which satisfies path dependency `substrate-wasm-builder` of package `wasm-build-runner-impl v1.0.0 (/opt/rustwide/target/debug/wbuild-runner/node-runtime949742265061849497)`
[INFO] [stderr] 
[INFO] [stderr]   Caused by:
[INFO] [stderr]     failed to query replaced source registry `crates-io`
[INFO] [stderr] 
[INFO] [stderr]   Caused by:
[INFO] [stderr]     download of config.json failed
[INFO] [stderr] 
[INFO] [stderr]   Caused by:
[INFO] [stderr]     failed to download from `https://index.crates.io/config.json`
[INFO] [stderr] 
[INFO] [stderr]   Caused by:
[INFO] [stderr]     [6] Couldn't resolve host name (Could not resolve host: index.crates.io)
[INFO] [stderr] warning: build failed, waiting for other jobs to finish...
[INFO] [stderr] error: failed to run custom build command for `ctt-runtime v2.0.0 (/opt/rustwide/workdir/bin/ctt/runtime)`
[INFO] [stderr] note: To improve backtraces for build dependencies, set the CARGO_PROFILE_DEV_BUILD_OVERRIDE_DEBUG=true environment variable to enable debug information generation.
[INFO] [stderr] 
[INFO] [stderr] Caused by:
[INFO] [stderr]   process didn't exit successfully: `/opt/rustwide/target/debug/build/ctt-runtime-cbe0271cfcfa2f98/build-script-build` (exit status: 1)
[INFO] [stderr]   --- stderr
[INFO] [stderr]       Updating crates.io index
[INFO] [stderr]   warning: spurious network error (3 tries remaining): [6] Couldn't resolve host name (Could not resolve host: index.crates.io)
[INFO] [stderr]   warning: spurious network error (2 tries remaining): [6] Couldn't resolve host name (Could not resolve host: index.crates.io)
[INFO] [stderr]   warning: spurious network error (1 tries remaining): [6] Couldn't resolve host name (Could not resolve host: index.crates.io)
[INFO] [stderr]   error: failed to get `ansi_term` as a dependency of package `substrate-wasm-builder v2.0.0 (/opt/rustwide/workdir/utils/wasm-builder)`
[INFO] [stderr]       ... which satisfies path dependency `substrate-wasm-builder` of package `wasm-build-runner-impl v1.0.0 (/opt/rustwide/target/debug/wbuild-runner/ctt-runtime18391677697299186560)`
[INFO] [stderr] 
[INFO] [stderr]   Caused by:
[INFO] [stderr]     failed to query replaced source registry `crates-io`
[INFO] [stderr] 
[INFO] [stderr]   Caused by:
[INFO] [stderr]     download of config.json failed
[INFO] [stderr] 
[INFO] [stderr]   Caused by:
[INFO] [stderr]     failed to download from `https://index.crates.io/config.json`
[INFO] [stderr] 
[INFO] [stderr]   Caused by:
[INFO] [stderr]     [6] Couldn't resolve host name (Could not resolve host: index.crates.io)
[INFO] [stderr] error: failed to run custom build command for `substrate-test-runtime v2.0.0 (/opt/rustwide/workdir/test-utils/runtime)`
[INFO] [stderr] note: To improve backtraces for build dependencies, set the CARGO_PROFILE_DEV_BUILD_OVERRIDE_DEBUG=true environment variable to enable debug information generation.
[INFO] [stderr] 
[INFO] [stderr] Caused by:
[INFO] [stderr]   process didn't exit successfully: `/opt/rustwide/target/debug/build/substrate-test-runtime-8252aeb8fe527db9/build-script-build` (exit status: 1)
[INFO] [stderr]   --- stderr
[INFO] [stderr]       Updating crates.io index
[INFO] [stderr]   warning: spurious network error (3 tries remaining): [6] Couldn't resolve host name (Could not resolve host: index.crates.io)
[INFO] [stderr]   warning: spurious network error (2 tries remaining): [6] Couldn't resolve host name (Could not resolve host: index.crates.io)
[INFO] [stderr]   warning: spurious network error (1 tries remaining): [6] Couldn't resolve host name (Could not resolve host: index.crates.io)
[INFO] [stderr]   error: failed to get `ansi_term` as a dependency of package `substrate-wasm-builder v2.0.0 (/opt/rustwide/workdir/utils/wasm-builder)`
[INFO] [stderr]       ... which satisfies path dependency `substrate-wasm-builder` of package `wasm-build-runner-impl v1.0.0 (/opt/rustwide/target/debug/wbuild-runner/substrate-test-runtime498553580161436845)`
[INFO] [stderr] 
[INFO] [stderr]   Caused by:
[INFO] [stderr]     failed to query replaced source registry `crates-io`
[INFO] [stderr] 
[INFO] [stderr]   Caused by:
[INFO] [stderr]     download of config.json failed
[INFO] [stderr] 
[INFO] [stderr]   Caused by:
[INFO] [stderr]     failed to download from `https://index.crates.io/config.json`
[INFO] [stderr] 
[INFO] [stderr]   Caused by:
[INFO] [stderr]     [6] Couldn't resolve host name (Could not resolve host: index.crates.io)
[INFO] [stderr] error: failed to run custom build command for `sp-runtime-interface-test-wasm-deprecated v2.0.0 (/opt/rustwide/workdir/primitives/runtime-interface/test-wasm-deprecated)`
[INFO] [stderr] note: To improve backtraces for build dependencies, set the CARGO_PROFILE_DEV_BUILD_OVERRIDE_DEBUG=true environment variable to enable debug information generation.
[INFO] [stderr] 
[INFO] [stderr] Caused by:
[INFO] [stderr]   process didn't exit successfully: `/opt/rustwide/target/debug/build/sp-runtime-interface-test-wasm-deprecated-27ba794fce6c1a82/build-script-build` (exit status: 1)
[INFO] [stderr]   --- stderr
[INFO] [stderr]       Updating crates.io index
[INFO] [stderr]   warning: spurious network error (3 tries remaining): [6] Couldn't resolve host name (Could not resolve host: index.crates.io)
[INFO] [stderr]   warning: spurious network error (2 tries remaining): [6] Couldn't resolve host name (Could not resolve host: index.crates.io)
[INFO] [stderr]   warning: spurious network error (1 tries remaining): [6] Couldn't resolve host name (Could not resolve host: index.crates.io)
[INFO] [stderr]   error: failed to get `ansi_term` as a dependency of package `substrate-wasm-builder v2.0.0 (/opt/rustwide/workdir/utils/wasm-builder)`
[INFO] [stderr]       ... which satisfies path dependency `substrate-wasm-builder` of package `wasm-build-runner-impl v1.0.0 (/opt/rustwide/target/debug/wbuild-runner/sp-runtime-interface-test-wasm-deprecated2947140497698104615)`
[INFO] [stderr] 
[INFO] [stderr]   Caused by:
[INFO] [stderr]     failed to query replaced source registry `crates-io`
[INFO] [stderr] 
[INFO] [stderr]   Caused by:
[INFO] [stderr]     download of config.json failed
[INFO] [stderr] 
[INFO] [stderr]   Caused by:
[INFO] [stderr]     failed to download from `https://index.crates.io/config.json`
[INFO] [stderr] 
[INFO] [stderr]   Caused by:
[INFO] [stderr]     [6] Couldn't resolve host name (Could not resolve host: index.crates.io)
[INFO] [stderr] error: failed to run custom build command for `sp-runtime-interface-test-wasm v2.0.0 (/opt/rustwide/workdir/primitives/runtime-interface/test-wasm)`
[INFO] [stderr] note: To improve backtraces for build dependencies, set the CARGO_PROFILE_DEV_BUILD_OVERRIDE_DEBUG=true environment variable to enable debug information generation.
[INFO] [stderr] 
[INFO] [stderr] Caused by:
[INFO] [stderr]   process didn't exit successfully: `/opt/rustwide/target/debug/build/sp-runtime-interface-test-wasm-94dab53c3a0b5014/build-script-build` (exit status: 1)
[INFO] [stderr]   --- stderr
[INFO] [stderr]       Updating crates.io index
[INFO] [stderr]   warning: spurious network error (3 tries remaining): [6] Couldn't resolve host name (Could not resolve host: index.crates.io)
[INFO] [stderr]   warning: spurious network error (2 tries remaining): [6] Couldn't resolve host name (Could not resolve host: index.crates.io)
[INFO] [stderr]   warning: spurious network error (1 tries remaining): [6] Couldn't resolve host name (Could not resolve host: index.crates.io)
[INFO] [stderr]   error: failed to get `ansi_term` as a dependency of package `substrate-wasm-builder v2.0.0 (/opt/rustwide/workdir/utils/wasm-builder)`
[INFO] [stderr]       ... which satisfies path dependency `substrate-wasm-builder` of package `wasm-build-runner-impl v1.0.0 (/opt/rustwide/target/debug/wbuild-runner/sp-runtime-interface-test-wasm9056333340354558403)`
[INFO] [stderr] 
[INFO] [stderr]   Caused by:
[INFO] [stderr]     failed to query replaced source registry `crates-io`
[INFO] [stderr] 
[INFO] [stderr]   Caused by:
[INFO] [stderr]     download of config.json failed
[INFO] [stderr] 
[INFO] [stderr]   Caused by:
[INFO] [stderr]     failed to download from `https://index.crates.io/config.json`
[INFO] [stderr] 
[INFO] [stderr]   Caused by:
[INFO] [stderr]     [6] Couldn't resolve host name (Could not resolve host: index.crates.io)
[INFO] [stderr] The following warnings were emitted during compilation:
[INFO] [stderr] 
[INFO] [stderr] warning: librocksdb-sys@6.11.4: c++: fatal error: Killed signal terminated program cc1plus
[INFO] [stderr] warning: librocksdb-sys@6.11.4: compilation terminated.
[INFO] [stderr] warning: librocksdb-sys@6.11.4: c++: fatal error: Killed signal terminated program cc1plus
[INFO] [stderr] warning: librocksdb-sys@6.11.4: compilation terminated.
[INFO] [stderr] warning: librocksdb-sys@6.11.4: c++: fatal error: Killed signal terminated program cc1plus
[INFO] [stderr] warning: librocksdb-sys@6.11.4: compilation terminated.
[INFO] [stderr] warning: librocksdb-sys@6.11.4: c++: fatal error: Killed signal terminated program cc1plus
[INFO] [stderr] warning: librocksdb-sys@6.11.4: compilation terminated.
[INFO] [stderr] 
[INFO] [stderr] error: failed to run custom build command for `librocksdb-sys v6.11.4`
[INFO] [stderr] note: To improve backtraces for build dependencies, set the CARGO_PROFILE_DEV_BUILD_OVERRIDE_DEBUG=true environment variable to enable debug information generation.
[INFO] [stderr] 
[INFO] [stderr] Caused by:
[INFO] [stderr]   process didn't exit successfully: `/opt/rustwide/target/debug/build/librocksdb-sys-e01f958574a80817/build-script-build` (exit status: 1)
[INFO] [stderr]   --- stdout
[INFO] [stderr]   cargo:rerun-if-changed=rocksdb/
[INFO] [stderr]   TARGET = Some("x86_64-unknown-linux-gnu")
[INFO] [stderr]   OPT_LEVEL = Some("3")
[INFO] [stderr]   HOST = Some("x86_64-unknown-linux-gnu")
[INFO] [stderr]   CXX_x86_64-unknown-linux-gnu = None
[INFO] [stderr]   CXX_x86_64_unknown_linux_gnu = None
[INFO] [stderr]   HOST_CXX = None
[INFO] [stderr]   CXX = None
[INFO] [stderr]   CXXFLAGS_x86_64-unknown-linux-gnu = None
[INFO] [stderr]   CXXFLAGS_x86_64_unknown_linux_gnu = None
[INFO] [stderr]   HOST_CXXFLAGS = None
[INFO] [stderr]   CXXFLAGS = None
[INFO] [stderr]   CRATE_CC_NO_DEFAULTS = None
[INFO] [stderr]   DEBUG = Some("true")
[INFO] [stderr]   CARGO_CFG_TARGET_FEATURE = Some("fxsr,sse,sse2")
[INFO] [stderr]   CXX_x86_64-unknown-linux-gnu = None
[INFO] [stderr]   CXX_x86_64_unknown_linux_gnu = None
[INFO] [stderr]   HOST_CXX = None
[INFO] [stderr]   CXX = None
[INFO] [stderr]   CXXFLAGS_x86_64-unknown-linux-gnu = None
[INFO] [stderr]   CXXFLAGS_x86_64_unknown_linux_gnu = None
[INFO] [stderr]   HOST_CXXFLAGS = None
[INFO] [stderr]   CXXFLAGS = None
[INFO] [stderr]   CRATE_CC_NO_DEFAULTS = None
[INFO] [stderr]   CARGO_CFG_TARGET_FEATURE = Some("fxsr,sse,sse2")
[INFO] [stderr]   CXX_x86_64-unknown-linux-gnu = None
[INFO] [stderr]   CXX_x86_64_unknown_linux_gnu = None
[INFO] [stderr]   HOST_CXX = None
[INFO] [stderr]   CXX = None
[INFO] [stderr]   CXXFLAGS_x86_64-unknown-linux-gnu = None
[INFO] [stderr]   CXXFLAGS_x86_64_unknown_linux_gnu = None
[INFO] [stderr]   HOST_CXXFLAGS = None
[INFO] [stderr]   CXXFLAGS = None
[INFO] [stderr]   CRATE_CC_NO_DEFAULTS = None
[INFO] [stderr]   CARGO_CFG_TARGET_FEATURE = Some("fxsr,sse,sse2")
[INFO] [stderr]   CXX_x86_64-unknown-linux-gnu = None
[INFO] [stderr]   CXX_x86_64_unknown_linux_gnu = None
[INFO] [stderr]   HOST_CXX = None
[INFO] [stderr]   CXX = None
[INFO] [stderr]   CXXFLAGS_x86_64-unknown-linux-gnu = None
[INFO] [stderr]   CXXFLAGS_x86_64_unknown_linux_gnu = None
[INFO] [stderr]   HOST_CXXFLAGS = None
[INFO] [stderr]   CXXFLAGS = None
[INFO] [stderr]   CRATE_CC_NO_DEFAULTS = None
[INFO] [stderr]   CARGO_CFG_TARGET_FEATURE = Some("fxsr,sse,sse2")
[INFO] [stderr]   CXX_x86_64-unknown-linux-gnu = None
[INFO] [stderr]   CXX_x86_64_unknown_linux_gnu = None
[INFO] [stderr]   HOST_CXX = None
[INFO] [stderr]   CXX = None
[INFO] [stderr]   CXXFLAGS_x86_64-unknown-linux-gnu = None
[INFO] [stderr]   CXXFLAGS_x86_64_unknown_linux_gnu = None
[INFO] [stderr]   HOST_CXXFLAGS = None
[INFO] [stderr]   CXXFLAGS = None
[INFO] [stderr]   CRATE_CC_NO_DEFAULTS = None
[INFO] [stderr]   CARGO_CFG_TARGET_FEATURE = Some("fxsr,sse,sse2")
[INFO] [stderr]   running: "c++" "-O3" "-ffunction-sections" "-fdata-sections" "-fPIC" "-g" "-fno-omit-frame-pointer" "-m64" "-I" "rocksdb/include/" "-I" "rocksdb/" "-I" "rocksdb/third-party/gtest-1.8.1/fused-src/" "-I" "snappy/" "-I" "." "-Wall" "-Wextra" "-std=c++11" "-Wno-unused-parameter" "-msse2" "-msse4.1" "-msse4.2" "-mpclmul" "-DSNAPPY=1" "-DNDEBUG=1" "-DHAVE_SSE42=1" "-DHAVE_PCLMUL=1" "-DOS_LINUX=1" "-DROCKSDB_PLATFORM_POSIX=1" "-DROCKSDB_LIB_IO_POSIX=1" "-o" "/opt/rustwide/target/debug/build/librocksdb-sys-24493dd210ac6e59/out/rocksdb/cache/cache.o" "-c" "rocksdb/cache/cache.cc"
[INFO] [stderr]   running: "c++" "-O3" "-ffunction-sections" "-fdata-sections" "-fPIC" "-g" "-fno-omit-frame-pointer" "-m64" "-I" "rocksdb/include/" "-I" "rocksdb/" "-I" "rocksdb/third-party/gtest-1.8.1/fused-src/" "-I" "snappy/" "-I" "." "-Wall" "-Wextra" "-std=c++11" "-Wno-unused-parameter" "-msse2" "-msse4.1" "-msse4.2" "-mpclmul" "-DSNAPPY=1" "-DNDEBUG=1" "-DHAVE_SSE42=1" "-DHAVE_PCLMUL=1" "-DOS_LINUX=1" "-DROCKSDB_PLATFORM_POSIX=1" "-DROCKSDB_LIB_IO_POSIX=1" "-o" "/opt/rustwide/target/debug/build/librocksdb-sys-24493dd210ac6e59/out/rocksdb/cache/clock_cache.o" "-c" "rocksdb/cache/clock_cache.cc"
[INFO] [stderr]   running: "c++" "-O3" "-ffunction-sections" "-fdata-sections" "-fPIC" "-g" "-fno-omit-frame-pointer" "-m64" "-I" "rocksdb/include/" "-I" "rocksdb/" "-I" "rocksdb/third-party/gtest-1.8.1/fused-src/" "-I" "snappy/" "-I" "." "-Wall" "-Wextra" "-std=c++11" "-Wno-unused-parameter" "-msse2" "-msse4.1" "-msse4.2" "-mpclmul" "-DSNAPPY=1" "-DNDEBUG=1" "-DHAVE_SSE42=1" "-DHAVE_PCLMUL=1" "-DOS_LINUX=1" "-DROCKSDB_PLATFORM_POSIX=1" "-DROCKSDB_LIB_IO_POSIX=1" "-o" "/opt/rustwide/target/debug/build/librocksdb-sys-24493dd210ac6e59/out/rocksdb/cache/lru_cache.o" "-c" "rocksdb/cache/lru_cache.cc"
[INFO] [stderr]   exit status: 0
[INFO] [stderr]   running: "c++" "-O3" "-ffunction-sections" "-fdata-sections" "-fPIC" "-g" "-fno-omit-frame-pointer" "-m64" "-I" "rocksdb/include/" "-I" "rocksdb/" "-I" "rocksdb/third-party/gtest-1.8.1/fused-src/" "-I" "snappy/" "-I" "." "-Wall" "-Wextra" "-std=c++11" "-Wno-unused-parameter" "-msse2" "-msse4.1" "-msse4.2" "-mpclmul" "-DSNAPPY=1" "-DNDEBUG=1" "-DHAVE_SSE42=1" "-DHAVE_PCLMUL=1" "-DOS_LINUX=1" "-DROCKSDB_PLATFORM_POSIX=1" "-DROCKSDB_LIB_IO_POSIX=1" "-o" "/opt/rustwide/target/debug/build/librocksdb-sys-24493dd210ac6e59/out/rocksdb/cache/sharded_cache.o" "-c" "rocksdb/cache/sharded_cache.cc"
[INFO] [stderr]   running: "c++" "-O3" "-ffunction-sections" "-fdata-sections" "-fPIC" "-g" "-fno-omit-frame-pointer" "-m64" "-I" "rocksdb/include/" "-I" "rocksdb/" "-I" "rocksdb/third-party/gtest-1.8.1/fused-src/" "-I" "snappy/" "-I" "." "-Wall" "-Wextra" "-std=c++11" "-Wno-unused-parameter" "-msse2" "-msse4.1" "-msse4.2" "-mpclmul" "-DSNAPPY=1" "-DNDEBUG=1" "-DHAVE_SSE42=1" "-DHAVE_PCLMUL=1" "-DOS_LINUX=1" "-DROCKSDB_PLATFORM_POSIX=1" "-DROCKSDB_LIB_IO_POSIX=1" "-o" "/opt/rustwide/target/debug/build/librocksdb-sys-24493dd210ac6e59/out/rocksdb/db/arena_wrapped_db_iter.o" "-c" "rocksdb/db/arena_wrapped_db_iter.cc"
[INFO] [stderr]   exit status: 0
[INFO] [stderr]   running: "c++" "-O3" "-ffunction-sections" "-fdata-sections" "-fPIC" "-g" "-fno-omit-frame-pointer" "-m64" "-I" "rocksdb/include/" "-I" "rocksdb/" "-I" "rocksdb/third-party/gtest-1.8.1/fused-src/" "-I" "snappy/" "-I" "." "-Wall" "-Wextra" "-std=c++11" "-Wno-unused-parameter" "-msse2" "-msse4.1" "-msse4.2" "-mpclmul" "-DSNAPPY=1" "-DNDEBUG=1" "-DHAVE_SSE42=1" "-DHAVE_PCLMUL=1" "-DOS_LINUX=1" "-DROCKSDB_PLATFORM_POSIX=1" "-DROCKSDB_LIB_IO_POSIX=1" "-o" "/opt/rustwide/target/debug/build/librocksdb-sys-24493dd210ac6e59/out/rocksdb/db/blob/blob_file_addition.o" "-c" "rocksdb/db/blob/blob_file_addition.cc"
[INFO] [stderr]   exit status: 0
[INFO] [stderr]   exit status: 0
[INFO] [stderr]   running: "c++" "-O3" "-ffunction-sections" "-fdata-sections" "-fPIC" "-g" "-fno-omit-frame-pointer" "-m64" "-I" "rocksdb/include/" "-I" "rocksdb/" "-I" "rocksdb/third-party/gtest-1.8.1/fused-src/" "-I" "snappy/" "-I" "." "-Wall" "-Wextra" "-std=c++11" "-Wno-unused-parameter" "-msse2" "-msse4.1" "-msse4.2" "-mpclmul" "-DSNAPPY=1" "-DNDEBUG=1" "-DHAVE_SSE42=1" "-DHAVE_PCLMUL=1" "-DOS_LINUX=1" "-DROCKSDB_PLATFORM_POSIX=1" "-DROCKSDB_LIB_IO_POSIX=1" "-o" "/opt/rustwide/target/debug/build/librocksdb-sys-24493dd210ac6e59/out/rocksdb/db/blob/blob_file_garbage.o" "-c" "rocksdb/db/blob/blob_file_garbage.cc"
[INFO] [stderr]   running: "c++" "-O3" "-ffunction-sections" "-fdata-sections" "-fPIC" "-g" "-fno-omit-frame-pointer" "-m64" "-I" "rocksdb/include/" "-I" "rocksdb/" "-I" "rocksdb/third-party/gtest-1.8.1/fused-src/" "-I" "snappy/" "-I" "." "-Wall" "-Wextra" "-std=c++11" "-Wno-unused-parameter" "-msse2" "-msse4.1" "-msse4.2" "-mpclmul" "-DSNAPPY=1" "-DNDEBUG=1" "-DHAVE_SSE42=1" "-DHAVE_PCLMUL=1" "-DOS_LINUX=1" "-DROCKSDB_PLATFORM_POSIX=1" "-DROCKSDB_LIB_IO_POSIX=1" "-o" "/opt/rustwide/target/debug/build/librocksdb-sys-24493dd210ac6e59/out/rocksdb/db/blob/blob_file_meta.o" "-c" "rocksdb/db/blob/blob_file_meta.cc"
[INFO] [stderr]   exit status: 0
[INFO] [stderr]   running: "c++" "-O3" "-ffunction-sections" "-fdata-sections" "-fPIC" "-g" "-fno-omit-frame-pointer" "-m64" "-I" "rocksdb/include/" "-I" "rocksdb/" "-I" "rocksdb/third-party/gtest-1.8.1/fused-src/" "-I" "snappy/" "-I" "." "-Wall" "-Wextra" "-std=c++11" "-Wno-unused-parameter" "-msse2" "-msse4.1" "-msse4.2" "-mpclmul" "-DSNAPPY=1" "-DNDEBUG=1" "-DHAVE_SSE42=1" "-DHAVE_PCLMUL=1" "-DOS_LINUX=1" "-DROCKSDB_PLATFORM_POSIX=1" "-DROCKSDB_LIB_IO_POSIX=1" "-o" "/opt/rustwide/target/debug/build/librocksdb-sys-24493dd210ac6e59/out/rocksdb/db/blob/blob_log_format.o" "-c" "rocksdb/db/blob/blob_log_format.cc"
[INFO] [stderr]   exit status: 0
[INFO] [stderr]   running: "c++" "-O3" "-ffunction-sections" "-fdata-sections" "-fPIC" "-g" "-fno-omit-frame-pointer" "-m64" "-I" "rocksdb/include/" "-I" "rocksdb/" "-I" "rocksdb/third-party/gtest-1.8.1/fused-src/" "-I" "snappy/" "-I" "." "-Wall" "-Wextra" "-std=c++11" "-Wno-unused-parameter" "-msse2" "-msse4.1" "-msse4.2" "-mpclmul" "-DSNAPPY=1" "-DNDEBUG=1" "-DHAVE_SSE42=1" "-DHAVE_PCLMUL=1" "-DOS_LINUX=1" "-DROCKSDB_PLATFORM_POSIX=1" "-DROCKSDB_LIB_IO_POSIX=1" "-o" "/opt/rustwide/target/debug/build/librocksdb-sys-24493dd210ac6e59/out/rocksdb/db/blob/blob_log_reader.o" "-c" "rocksdb/db/blob/blob_log_reader.cc"
[INFO] [stderr]   exit status: 0
[INFO] [stderr]   exit status: 0
[INFO] [stderr]   exit status: 0
[INFO] [stderr]   running: "c++" "-O3" "-ffunction-sections" "-fdata-sections" "-fPIC" "-g" "-fno-omit-frame-pointer" "-m64" "-I" "rocksdb/include/" "-I" "rocksdb/" "-I" "rocksdb/third-party/gtest-1.8.1/fused-src/" "-I" "snappy/" "-I" "." "-Wall" "-Wextra" "-std=c++11" "-Wno-unused-parameter" "-msse2" "-msse4.1" "-msse4.2" "-mpclmul" "-DSNAPPY=1" "-DNDEBUG=1" "-DHAVE_SSE42=1" "-DHAVE_PCLMUL=1" "-DOS_LINUX=1" "-DROCKSDB_PLATFORM_POSIX=1" "-DROCKSDB_LIB_IO_POSIX=1" "-o" "/opt/rustwide/target/debug/build/librocksdb-sys-24493dd210ac6e59/out/rocksdb/db/blob/blob_log_writer.o" "-c" "rocksdb/db/blob/blob_log_writer.cc"
[INFO] [stderr]   running: "c++" "-O3" "-ffunction-sections" "-fdata-sections" "-fPIC" "-g" "-fno-omit-frame-pointer" "-m64" "-I" "rocksdb/include/" "-I" "rocksdb/" "-I" "rocksdb/third-party/gtest-1.8.1/fused-src/" "-I" "snappy/" "-I" "." "-Wall" "-Wextra" "-std=c++11" "-Wno-unused-parameter" "-msse2" "-msse4.1" "-msse4.2" "-mpclmul" "-DSNAPPY=1" "-DNDEBUG=1" "-DHAVE_SSE42=1" "-DHAVE_PCLMUL=1" "-DOS_LINUX=1" "-DROCKSDB_PLATFORM_POSIX=1" "-DROCKSDB_LIB_IO_POSIX=1" "-o" "/opt/rustwide/target/debug/build/librocksdb-sys-24493dd210ac6e59/out/rocksdb/db/builder.o" "-c" "rocksdb/db/builder.cc"
[INFO] [stderr]   running: "c++" "-O3" "-ffunction-sections" "-fdata-sections" "-fPIC" "-g" "-fno-omit-frame-pointer" "-m64" "-I" "rocksdb/include/" "-I" "rocksdb/" "-I" "rocksdb/third-party/gtest-1.8.1/fused-src/" "-I" "snappy/" "-I" "." "-Wall" "-Wextra" "-std=c++11" "-Wno-unused-parameter" "-msse2" "-msse4.1" "-msse4.2" "-mpclmul" "-DSNAPPY=1" "-DNDEBUG=1" "-DHAVE_SSE42=1" "-DHAVE_PCLMUL=1" "-DOS_LINUX=1" "-DROCKSDB_PLATFORM_POSIX=1" "-DROCKSDB_LIB_IO_POSIX=1" "-o" "/opt/rustwide/target/debug/build/librocksdb-sys-24493dd210ac6e59/out/rocksdb/db/c.o" "-c" "rocksdb/db/c.cc"
[INFO] [stderr]   running: "c++" "-O3" "-ffunction-sections" "-fdata-sections" "-fPIC" "-g" "-fno-omit-frame-pointer" "-m64" "-I" "rocksdb/include/" "-I" "rocksdb/" "-I" "rocksdb/third-party/gtest-1.8.1/fused-src/" "-I" "snappy/" "-I" "." "-Wall" "-Wextra" "-std=c++11" "-Wno-unused-parameter" "-msse2" "-msse4.1" "-msse4.2" "-mpclmul" "-DSNAPPY=1" "-DNDEBUG=1" "-DHAVE_SSE42=1" "-DHAVE_PCLMUL=1" "-DOS_LINUX=1" "-DROCKSDB_PLATFORM_POSIX=1" "-DROCKSDB_LIB_IO_POSIX=1" "-o" "/opt/rustwide/target/debug/build/librocksdb-sys-24493dd210ac6e59/out/rocksdb/db/column_family.o" "-c" "rocksdb/db/column_family.cc"
[INFO] [stderr]   exit status: 0
[INFO] [stderr]   running: "c++" "-O3" "-ffunction-sections" "-fdata-sections" "-fPIC" "-g" "-fno-omit-frame-pointer" "-m64" "-I" "rocksdb/include/" "-I" "rocksdb/" "-I" "rocksdb/third-party/gtest-1.8.1/fused-src/" "-I" "snappy/" "-I" "." "-Wall" "-Wextra" "-std=c++11" "-Wno-unused-parameter" "-msse2" "-msse4.1" "-msse4.2" "-mpclmul" "-DSNAPPY=1" "-DNDEBUG=1" "-DHAVE_SSE42=1" "-DHAVE_PCLMUL=1" "-DOS_LINUX=1" "-DROCKSDB_PLATFORM_POSIX=1" "-DROCKSDB_LIB_IO_POSIX=1" "-o" "/opt/rustwide/target/debug/build/librocksdb-sys-24493dd210ac6e59/out/rocksdb/db/compacted_db_impl.o" "-c" "rocksdb/db/compacted_db_impl.cc"
[INFO] [stderr]   running: "c++" "-O3" "-ffunction-sections" "-fdata-sections" "-fPIC" "-g" "-fno-omit-frame-pointer" "-m64" "-I" "rocksdb/include/" "-I" "rocksdb/" "-I" "rocksdb/third-party/gtest-1.8.1/fused-src/" "-I" "snappy/" "-I" "." "-Wall" "-Wextra" "-std=c++11" "-Wno-unused-parameter" "-msse2" "-msse4.1" "-msse4.2" "-mpclmul" "-DSNAPPY=1" "-DNDEBUG=1" "-DHAVE_SSE42=1" "-DHAVE_PCLMUL=1" "-DOS_LINUX=1" "-DROCKSDB_PLATFORM_POSIX=1" "-DROCKSDB_LIB_IO_POSIX=1" "-o" "/opt/rustwide/target/debug/build/librocksdb-sys-24493dd210ac6e59/out/rocksdb/db/compaction/compaction.o" "-c" "rocksdb/db/compaction/compaction.cc"
[INFO] [stderr]   exit status: 0
[INFO] [stderr]   running: "c++" "-O3" "-ffunction-sections" "-fdata-sections" "-fPIC" "-g" "-fno-omit-frame-pointer" "-m64" "-I" "rocksdb/include/" "-I" "rocksdb/" "-I" "rocksdb/third-party/gtest-1.8.1/fused-src/" "-I" "snappy/" "-I" "." "-Wall" "-Wextra" "-std=c++11" "-Wno-unused-parameter" "-msse2" "-msse4.1" "-msse4.2" "-mpclmul" "-DSNAPPY=1" "-DNDEBUG=1" "-DHAVE_SSE42=1" "-DHAVE_PCLMUL=1" "-DOS_LINUX=1" "-DROCKSDB_PLATFORM_POSIX=1" "-DROCKSDB_LIB_IO_POSIX=1" "-o" "/opt/rustwide/target/debug/build/librocksdb-sys-24493dd210ac6e59/out/rocksdb/db/compaction/compaction_iterator.o" "-c" "rocksdb/db/compaction/compaction_iterator.cc"
[INFO] [stderr]   cargo:warning=c++: fatal error: Killed signal terminated program cc1plus
[INFO] [stderr]   cargo:warning=compilation terminated.
[INFO] [stderr]   exit status: 1
[INFO] [stderr]   running: "c++" "-O3" "-ffunction-sections" "-fdata-sections" "-fPIC" "-g" "-fno-omit-frame-pointer" "-m64" "-I" "rocksdb/include/" "-I" "rocksdb/" "-I" "rocksdb/third-party/gtest-1.8.1/fused-src/" "-I" "snappy/" "-I" "." "-Wall" "-Wextra" "-std=c++11" "-Wno-unused-parameter" "-msse2" "-msse4.1" "-msse4.2" "-mpclmul" "-DSNAPPY=1" "-DNDEBUG=1" "-DHAVE_SSE42=1" "-DHAVE_PCLMUL=1" "-DOS_LINUX=1" "-DROCKSDB_PLATFORM_POSIX=1" "-DROCKSDB_LIB_IO_POSIX=1" "-o" "/opt/rustwide/target/debug/build/librocksdb-sys-24493dd210ac6e59/out/rocksdb/db/compaction/compaction_job.o" "-c" "rocksdb/db/compaction/compaction_job.cc"
[INFO] [stderr]   cargo:warning=c++: fatal error: Killed signal terminated program cc1plus
[INFO] [stderr]   cargo:warning=compilation terminated.
[INFO] [stderr]   exit status: 1
[INFO] [stderr]   cargo:warning=c++: fatal error: Killed signal terminated program cc1plus
[INFO] [stderr]   cargo:warning=compilation terminated.
[INFO] [stderr]   exit status: 1
[INFO] [stderr]   cargo:warning=c++: fatal error: Killed signal terminated program cc1plus
[INFO] [stderr]   cargo:warning=compilation terminated.
[INFO] [stderr]   exit status: 1
[INFO] [stderr]   exit status: 0
[INFO] [stderr]   exit status: 0
[INFO] [stderr]   exit status: 0
[INFO] [stderr] 
[INFO] [stderr]   --- stderr
[INFO] [stderr]   error: 'rustfmt' is not installed for the toolchain '1.75.0-x86_64-unknown-linux-gnu'
[INFO] [stderr]   To install, run `rustup component add rustfmt --toolchain 1.75.0-x86_64-unknown-linux-gnu`
[INFO] [stderr]   Failed to run rustfmt: Internal rustfmt error (non-fatal, continuing)
[INFO] [stderr] 
[INFO] [stderr] 
[INFO] [stderr]   error occurred: Command "c++" "-O3" "-ffunction-sections" "-fdata-sections" "-fPIC" "-g" "-fno-omit-frame-pointer" "-m64" "-I" "rocksdb/include/" "-I" "rocksdb/" "-I" "rocksdb/third-party/gtest-1.8.1/fused-src/" "-I" "snappy/" "-I" "." "-Wall" "-Wextra" "-std=c++11" "-Wno-unused-parameter" "-msse2" "-msse4.1" "-msse4.2" "-mpclmul" "-DSNAPPY=1" "-DNDEBUG=1" "-DHAVE_SSE42=1" "-DHAVE_PCLMUL=1" "-DOS_LINUX=1" "-DROCKSDB_PLATFORM_POSIX=1" "-DROCKSDB_LIB_IO_POSIX=1" "-o" "/opt/rustwide/target/debug/build/librocksdb-sys-24493dd210ac6e59/out/rocksdb/db/builder.o" "-c" "rocksdb/db/builder.cc" with args "c++" did not execute successfully (status code exit status: 1).
[INFO] [stderr] 
[INFO] [stderr] 
[INFO] running `Command { std: "docker" "inspect" "da34581938e2c8167d1b63068804c9481d38f0dd03be86d416043dbcbc1f043a", kill_on_drop: false }`
[INFO] running `Command { std: "docker" "rm" "-f" "da34581938e2c8167d1b63068804c9481d38f0dd03be86d416043dbcbc1f043a", kill_on_drop: false }`
[INFO] [stdout] da34581938e2c8167d1b63068804c9481d38f0dd03be86d416043dbcbc1f043a
