[INFO] cloning repository https://github.com/CL4PTP/phil_checker
[INFO] running `Command { std: "git" "-c" "credential.helper=" "-c" "credential.helper=/workspace/cargo-home/bin/git-credential-null" "clone" "--bare" "https://github.com/CL4PTP/phil_checker" "/workspace/cache/git-repos/https%3A%2F%2Fgithub.com%2FCL4PTP%2Fphil_checker", kill_on_drop: false }`
[INFO] [stderr] Cloning into bare repository '/workspace/cache/git-repos/https%3A%2F%2Fgithub.com%2FCL4PTP%2Fphil_checker'...
[INFO] running `Command { std: "git" "rev-parse" "HEAD", kill_on_drop: false }`
[INFO] [stdout] 5151b99b8408fe622675f93fa1d0f000c5a26f49
[INFO] testing CL4PTP/phil_checker against 1.75.0 for beta-1.76-1
[INFO] running `Command { std: "git" "clone" "/workspace/cache/git-repos/https%3A%2F%2Fgithub.com%2FCL4PTP%2Fphil_checker" "/workspace/builds/worker-2-tc1/source", kill_on_drop: false }`
[INFO] [stderr] Cloning into '/workspace/builds/worker-2-tc1/source'...
[INFO] [stderr] done.
[INFO] validating manifest of git repo https://github.com/CL4PTP/phil_checker on toolchain 1.75.0
[INFO] running `Command { std: CARGO_HOME="/workspace/cargo-home" RUSTUP_HOME="/workspace/rustup-home" "/workspace/cargo-home/bin/cargo" "+1.75.0" "metadata" "--manifest-path" "Cargo.toml" "--no-deps", kill_on_drop: false }`
[INFO] started tweaking git repo https://github.com/CL4PTP/phil_checker
[INFO] finished tweaking git repo https://github.com/CL4PTP/phil_checker
[INFO] tweaked toml for git repo https://github.com/CL4PTP/phil_checker written to /workspace/builds/worker-2-tc1/source/Cargo.toml
[INFO] crate git repo https://github.com/CL4PTP/phil_checker already has a lockfile, it will not be regenerated
[INFO] running `Command { std: CARGO_HOME="/workspace/cargo-home" RUSTUP_HOME="/workspace/rustup-home" "/workspace/cargo-home/bin/cargo" "+1.75.0" "fetch" "--manifest-path" "Cargo.toml", kill_on_drop: false }`
[INFO] [stderr]     Updating crates.io index
[INFO] [stderr]  Downloading crates ...
[INFO] [stderr]   Downloaded dtoa-short v0.3.2
[INFO] [stderr]   Downloaded itoa v0.4.1
[INFO] [stderr]   Downloaded tokio-tcp v0.1.0
[INFO] [stderr]   Downloaded security-framework v0.1.16
[INFO] [stderr]   Downloaded lazycell v0.6.0
[INFO] [stderr]   Downloaded phf_codegen v0.7.22
[INFO] [stderr]   Downloaded matches v0.1.6
[INFO] [stderr]   Downloaded cfg-if v0.1.3
[INFO] [stderr]   Downloaded vcpkg v0.2.3
[INFO] [stderr]   Downloaded hyper-tls v0.1.3
[INFO] [stderr]   Downloaded phf_generator v0.7.22
[INFO] [stderr]   Downloaded version_check v0.1.3
[INFO] [stderr]   Downloaded stable_deref_trait v1.0.0
[INFO] [stderr]   Downloaded phf_shared v0.7.22
[INFO] [stderr]   Downloaded tokio-executor v0.1.2
[INFO] [stderr]   Downloaded siphasher v0.2.2
[INFO] [stderr]   Downloaded net2 v0.2.32
[INFO] [stderr]   Downloaded lazy_static v1.0.1
[INFO] [stderr]   Downloaded num-traits v0.2.4
[INFO] [stderr]   Downloaded proc-macro2 v0.4.6
[INFO] [stderr]   Downloaded tokio-core v0.1.17
[INFO] [stderr]   Downloaded openssl v0.9.24
[INFO] [stderr]   Downloaded encoding_rs v0.7.2
[INFO] [stderr]   Downloaded futures v0.1.21
[INFO] [stderr]   Downloaded idna v0.1.4
[INFO] [stderr]   Downloaded syn v0.14.2
[INFO] [stderr]   Downloaded mio v0.6.14
[INFO] [stderr]   Downloaded bytes v0.4.8
[INFO] [stderr]   Downloaded url v1.7.0
[INFO] [stderr]   Downloaded tokio-io v0.1.6
[INFO] [stderr]   Downloaded unicase v2.1.0
[INFO] [stderr]   Downloaded schannel v0.1.12
[INFO] [stderr]   Downloaded security-framework-sys v0.1.16
[INFO] [stderr]   Downloaded libflate v0.1.14
[INFO] [stderr]   Downloaded tokio-tls v0.1.4
[INFO] [stderr]   Downloaded crossbeam-epoch v0.4.1
[INFO] [stderr]   Downloaded mime_guess v2.0.0-alpha.4
[INFO] [stderr]   Downloaded native-tls v0.1.5
[INFO] [stderr]   Downloaded tokio-reactor v0.1.1
[INFO] [stderr]   Downloaded log v0.4.2
[INFO] [stderr]   Downloaded httparse v1.2.4
[INFO] [stderr]   Downloaded base64 v0.9.2
[INFO] [stderr]   Downloaded quote v0.6.3
[INFO] [stderr]   Downloaded bufstream v0.1.3
[INFO] [stderr]   Downloaded crossbeam-deque v0.3.1
[INFO] [stderr]   Downloaded tokio-udp v0.1.0
[INFO] [stderr]   Downloaded pkg-config v0.3.11
[INFO] [stderr]   Downloaded slab v0.4.0
[INFO] [stderr]   Downloaded scraper v0.6.0
[INFO] [stderr]   Downloaded hmac v0.6.2
[INFO] [stderr]   Downloaded arrayref v0.3.4
[INFO] [stderr]   Downloaded crossbeam-utils v0.3.2
[INFO] [stderr]   Downloaded digest v0.7.2
[INFO] [stderr]   Downloaded tokio-fs v0.1.0
[INFO] [stderr]   Downloaded string_cache_codegen v0.4.1
[INFO] [stderr]   Downloaded smallvec v0.6.1
[INFO] [stderr]   Downloaded cssparser-macros v0.3.3
[INFO] [stderr]   Downloaded crypto-mac v0.6.0
[INFO] [stderr]   Downloaded utf-8 v0.7.2
[INFO] [stderr]   Downloaded lettre_email v0.8.2
[INFO] [stderr]   Downloaded mime v0.3.7
[INFO] [stderr]   Downloaded md-5 v0.7.0
[INFO] [stderr]   Downloaded num-integer v0.1.38
[INFO] [stderr]   Downloaded phf v0.7.22
[INFO] [stderr]   Downloaded ego-tree v0.3.0
[INFO] [stderr]   Downloaded tokio-threadpool v0.1.3
[INFO] [stderr]   Downloaded serde_urlencoded v0.5.2
[INFO] [stderr]   Downloaded procedural-masquerade v0.1.5
[INFO] [stderr]   Downloaded lettre v0.8.2
[INFO] [stderr]   Downloaded cc v1.0.17
[INFO] [stderr]   Downloaded serde_derive v1.0.66
[INFO] [stderr]   Downloaded markup5ever v0.7.2
[INFO] [stderr]   Downloaded cssparser v0.23.9
[INFO] [stderr]   Downloaded tendril v0.4.0
[INFO] [stderr]   Downloaded selectors v0.19.0
[INFO] [stderr]   Downloaded tokio-timer v0.2.3
[INFO] [stderr]   Downloaded email v0.0.19
[INFO] [stderr]   Downloaded typenum v1.10.0
[INFO] [stderr]   Downloaded openssl-sys v0.9.32
[INFO] [stderr]   Downloaded serde_json v1.0.19
[INFO] [stderr]   Downloaded serde v1.0.66
[INFO] [stderr]   Downloaded chrono v0.4.2
[INFO] [stderr]   Downloaded html5ever v0.22.3
[INFO] [stderr]   Downloaded reqwest v0.8.6
[INFO] [stderr]   Downloaded tokio v0.1.6
[INFO] running `Command { std: "docker" "create" "-v" "/var/lib/crater-agent-workspace/builds/worker-2-tc1/target:/opt/rustwide/target:rw,Z" "-v" "/var/lib/crater-agent-workspace/builds/worker-2-tc1/source:/opt/rustwide/workdir:ro,Z" "-v" "/var/lib/crater-agent-workspace/cargo-home:/opt/rustwide/cargo-home:ro,Z" "-v" "/var/lib/crater-agent-workspace/rustup-home:/opt/rustwide/rustup-home:ro,Z" "-e" "SOURCE_DIR=/opt/rustwide/workdir" "-e" "CARGO_TARGET_DIR=/opt/rustwide/target" "-e" "CARGO_HOME=/opt/rustwide/cargo-home" "-e" "RUSTUP_HOME=/opt/rustwide/rustup-home" "-w" "/opt/rustwide/workdir" "-m" "1610612736" "--user" "0:0" "--network" "none" "ghcr.io/rust-lang/crates-build-env/linux@sha256:2788e3201cd34a07e3172128adcd8b3090168a8e3bcc40d7c032b9dda1df7d1c" "/opt/rustwide/cargo-home/bin/cargo" "+1.75.0" "metadata" "--no-deps" "--format-version=1", kill_on_drop: false }`
[INFO] [stdout] 9c4ac5616ab8a68a2e9af3ee2499cd7678f148b50a16ff379bb7d7edc7c31b1f
[INFO] running `Command { std: "docker" "start" "-a" "9c4ac5616ab8a68a2e9af3ee2499cd7678f148b50a16ff379bb7d7edc7c31b1f", kill_on_drop: false }`
[INFO] running `Command { std: "docker" "inspect" "9c4ac5616ab8a68a2e9af3ee2499cd7678f148b50a16ff379bb7d7edc7c31b1f", kill_on_drop: false }`
[INFO] running `Command { std: "docker" "rm" "-f" "9c4ac5616ab8a68a2e9af3ee2499cd7678f148b50a16ff379bb7d7edc7c31b1f", kill_on_drop: false }`
[INFO] [stdout] 9c4ac5616ab8a68a2e9af3ee2499cd7678f148b50a16ff379bb7d7edc7c31b1f
[INFO] running `Command { std: "docker" "create" "-v" "/var/lib/crater-agent-workspace/builds/worker-2-tc1/target:/opt/rustwide/target:rw,Z" "-v" "/var/lib/crater-agent-workspace/builds/worker-2-tc1/source:/opt/rustwide/workdir:ro,Z" "-v" "/var/lib/crater-agent-workspace/cargo-home:/opt/rustwide/cargo-home:ro,Z" "-v" "/var/lib/crater-agent-workspace/rustup-home:/opt/rustwide/rustup-home:ro,Z" "-e" "SOURCE_DIR=/opt/rustwide/workdir" "-e" "CARGO_TARGET_DIR=/opt/rustwide/target" "-e" "CARGO_INCREMENTAL=0" "-e" "RUST_BACKTRACE=full" "-e" "RUSTFLAGS=--cap-lints=warn" "-e" "RUSTDOCFLAGS=--cap-lints=warn" "-e" "CARGO_HOME=/opt/rustwide/cargo-home" "-e" "RUSTUP_HOME=/opt/rustwide/rustup-home" "-w" "/opt/rustwide/workdir" "-m" "1610612736" "--user" "0:0" "--network" "none" "ghcr.io/rust-lang/crates-build-env/linux@sha256:2788e3201cd34a07e3172128adcd8b3090168a8e3bcc40d7c032b9dda1df7d1c" "/opt/rustwide/cargo-home/bin/cargo" "+1.75.0" "build" "--frozen" "--message-format=json", kill_on_drop: false }`
[INFO] [stdout] e6c6c41eb7c1acb60f09127c7e3d8b050963c06cde4a96a012bb06b48ef01f01
[INFO] running `Command { std: "docker" "start" "-a" "e6c6c41eb7c1acb60f09127c7e3d8b050963c06cde4a96a012bb06b48ef01f01", kill_on_drop: false }`
[INFO] [stderr]    Compiling libc v0.2.42
[INFO] [stderr]    Compiling version_check v0.1.3
[INFO] [stderr]    Compiling cfg-if v0.1.3
[INFO] [stderr]    Compiling siphasher v0.2.2
[INFO] [stderr]    Compiling lazy_static v1.0.1
[INFO] [stderr]    Compiling futures v0.1.21
[INFO] [stderr]    Compiling byteorder v1.2.3
[INFO] [stderr]    Compiling nodrop v0.1.12
[INFO] [stderr]    Compiling serde v1.0.66
[INFO] [stderr]    Compiling itoa v0.4.1
[INFO] [stderr]    Compiling cc v1.0.17
[INFO] [stderr]    Compiling slab v0.4.0
[INFO] [stderr]    Compiling lazycell v0.6.0
[INFO] [stderr]    Compiling memoffset v0.2.1
[INFO] [stderr]    Compiling proc-macro2 v0.3.8
[INFO] [stderr]    Compiling pkg-config v0.3.11
[INFO] [stderr]    Compiling log v0.4.2
[INFO] [stderr]    Compiling arrayvec v0.4.7
[INFO] [stderr]    Compiling crossbeam-utils v0.3.2
[INFO] [stderr]    Compiling scopeguard v0.3.3
[INFO] [stderr]    Compiling proc-macro2 v0.4.6
[INFO] [stderr]    Compiling string_cache_shared v0.3.0
[INFO] [stderr]    Compiling typenum v1.10.0
[INFO] [stderr]    Compiling foreign-types-shared v0.1.1
[INFO] [stderr]    Compiling matches v0.1.6
[INFO] [stderr]    Compiling void v1.0.2
[INFO] [stderr]    Compiling encoding_index_tests v0.1.4
[INFO] [stderr]    Compiling openssl v0.9.24
[INFO] [stderr]    Compiling foreign-types v0.3.2
[INFO] [stderr]    Compiling safemem v0.2.0
[INFO] [stderr]    Compiling unreachable v1.0.0
[INFO] [stderr]    Compiling bitflags v0.9.1
[INFO] [stderr]    Compiling log v0.3.9
[INFO] [stderr]    Compiling unicase v1.4.2
[INFO] [stderr]    Compiling unicase v2.1.0
[INFO] [stderr]    Compiling base64 v0.9.2
[INFO] [stderr]    Compiling new_debug_unreachable v1.0.1
[INFO] [stderr]    Compiling crossbeam-epoch v0.4.1
[INFO] [stderr]    Compiling scoped-tls v0.1.2
[INFO] [stderr]    Compiling num-traits v0.2.4
[INFO] [stderr]    Compiling quote v0.5.2
[INFO] [stderr]    Compiling rand v0.4.2
[INFO] [stderr]    Compiling iovec v0.1.2
[INFO] [stderr]    Compiling net2 v0.2.32
[INFO] [stderr]    Compiling num_cpus v1.8.0
[INFO] [stderr]    Compiling bytes v0.4.8
[INFO] [stderr]    Compiling crossbeam-deque v0.3.1
[INFO] [stderr]    Compiling syn v0.13.11
[INFO] [stderr]    Compiling phf_shared v0.7.22
[INFO] [stderr]    Compiling quote v0.6.3
[INFO] [stderr]    Compiling time v0.1.40
[INFO] [stderr]    Compiling phf v0.7.22
[INFO] [stderr]    Compiling mio v0.6.14
[INFO] [stderr]    Compiling syn v0.14.2
[INFO] [stderr]    Compiling num-integer v0.1.38
[INFO] [stderr]    Compiling mac v0.1.1
[INFO] [stderr]    Compiling build_const v0.2.1
[INFO] [stderr]    Compiling percent-encoding v1.0.1
[INFO] [stderr]    Compiling mime v0.3.7
[INFO] [stderr]    Compiling precomputed-hash v0.1.1
[INFO] [stderr]    Compiling crc v1.8.1
[INFO] [stderr]    Compiling futf v0.1.4
[INFO] [stderr]    Compiling unicode-bidi v0.3.4
[INFO] [stderr]    Compiling openssl-sys v0.9.32
[INFO] [stderr]    Compiling phf_generator v0.7.22
[INFO] [stderr]    Compiling rand v0.3.22
[INFO] [stderr]    Compiling unicode-normalization v0.1.7
[INFO] [stderr]    Compiling phf_codegen v0.7.22
[INFO] [stderr]    Compiling string_cache_codegen v0.4.1
[INFO] [stderr]    Compiling utf-8 v0.7.2
[INFO] [stderr]    Compiling arrayref v0.3.4
[INFO] [stderr]    Compiling byte-tools v0.2.0
[INFO] [stderr]    Compiling try-lock v0.1.0
[INFO] [stderr]    Compiling take v0.1.0
[INFO] [stderr]    Compiling tokio-executor v0.1.2
[INFO] [stderr]    Compiling tokio-io v0.1.6
[INFO] [stderr]    Compiling tokio-service v0.1.0
[INFO] [stderr]    Compiling procedural-masquerade v0.1.5
[INFO] [stderr]    Compiling slab v0.3.0
[INFO] [stderr]    Compiling tokio-threadpool v0.1.3
[INFO] [stderr]    Compiling tokio-timer v0.2.3
[INFO] [stderr]    Compiling generic-array v0.9.0
[INFO] [stderr]    Compiling smallvec v0.2.1
[INFO] [stderr]    Compiling constant_time_eq v0.1.3
[INFO] [stderr]    Compiling string_cache v0.7.3
[INFO] [stderr]    Compiling mime_guess v2.0.0-alpha.4
[INFO] [stderr]    Compiling selectors v0.19.0
[INFO] [stderr]    Compiling tokio-reactor v0.1.1
[INFO] [stderr]    Compiling digest v0.7.2
[INFO] [stderr] The following warnings were emitted during compilation:
[INFO] [stderr] 
[INFO] [stderr] warning: openssl-sys@0.9.32: /opt/rustwide/target/debug/build/openssl-sys-d056224c7575962c/out/expando.c:4:24: error: pasting "RUST_VERSION_OPENSSL_" and "(" does not give a valid preprocessing token
[INFO] [stderr] warning: openssl-sys@0.9.32:     4 | #define VERSION2(n, v) RUST_VERSION_ ## n ## _ ## v
[INFO] [stderr] warning: openssl-sys@0.9.32:       |                        ^~~~~~~~~~~~~
[INFO] [stderr] warning: openssl-sys@0.9.32: /opt/rustwide/target/debug/build/openssl-sys-d056224c7575962c/out/expando.c:5:23: note: in expansion of macro 'VERSION2'
[INFO] [stderr] warning: openssl-sys@0.9.32:     5 | #define VERSION(n, v) VERSION2(n, v)
[INFO] [stderr] warning: openssl-sys@0.9.32:       |                       ^~~~~~~~
[INFO] [stderr] warning: openssl-sys@0.9.32: /opt/rustwide/target/debug/build/openssl-sys-d056224c7575962c/out/expando.c:7:1: note: in expansion of macro 'VERSION'
[INFO] [stderr] warning: openssl-sys@0.9.32:     7 | VERSION(OPENSSL, OPENSSL_VERSION_NUMBER)
[INFO] [stderr] warning: openssl-sys@0.9.32:       | ^~~~~~~
[INFO] [stderr] 
[INFO] [stderr] error: failed to run custom build command for `openssl-sys v0.9.32`
[INFO] [stderr] note: To improve backtraces for build dependencies, set the CARGO_PROFILE_DEV_BUILD_OVERRIDE_DEBUG=true environment variable to enable debug information generation.
[INFO] [stderr] 
[INFO] [stderr] Caused by:
[INFO] [stderr]   process didn't exit successfully: `/opt/rustwide/target/debug/build/openssl-sys-1e5e4f0fbc0df735/build-script-main` (exit status: 101)
[INFO] [stderr]   --- stdout
[INFO] [stderr]   cargo:rerun-if-env-changed=X86_64_UNKNOWN_LINUX_GNU_OPENSSL_LIB_DIR
[INFO] [stderr]   cargo:rerun-if-env-changed=OPENSSL_LIB_DIR
[INFO] [stderr]   cargo:rerun-if-env-changed=X86_64_UNKNOWN_LINUX_GNU_OPENSSL_INCLUDE_DIR
[INFO] [stderr]   cargo:rerun-if-env-changed=OPENSSL_INCLUDE_DIR
[INFO] [stderr]   cargo:rerun-if-env-changed=X86_64_UNKNOWN_LINUX_GNU_OPENSSL_DIR
[INFO] [stderr]   cargo:rerun-if-env-changed=OPENSSL_DIR
[INFO] [stderr]   cargo:rustc-link-lib=ssl
[INFO] [stderr]   cargo:rustc-link-lib=crypto
[INFO] [stderr]   OPT_LEVEL = Some("0")
[INFO] [stderr]   TARGET = Some("x86_64-unknown-linux-gnu")
[INFO] [stderr]   HOST = Some("x86_64-unknown-linux-gnu")
[INFO] [stderr]   TARGET = Some("x86_64-unknown-linux-gnu")
[INFO] [stderr]   TARGET = Some("x86_64-unknown-linux-gnu")
[INFO] [stderr]   HOST = Some("x86_64-unknown-linux-gnu")
[INFO] [stderr]   CC_x86_64-unknown-linux-gnu = None
[INFO] [stderr]   CC_x86_64_unknown_linux_gnu = None
[INFO] [stderr]   HOST_CC = None
[INFO] [stderr]   CC = None
[INFO] [stderr]   HOST = Some("x86_64-unknown-linux-gnu")
[INFO] [stderr]   TARGET = Some("x86_64-unknown-linux-gnu")
[INFO] [stderr]   HOST = Some("x86_64-unknown-linux-gnu")
[INFO] [stderr]   CFLAGS_x86_64-unknown-linux-gnu = None
[INFO] [stderr]   CFLAGS_x86_64_unknown_linux_gnu = None
[INFO] [stderr]   HOST_CFLAGS = None
[INFO] [stderr]   CFLAGS = None
[INFO] [stderr]   DEBUG = Some("true")
[INFO] [stderr]   running: "cc" "-O0" "-ffunction-sections" "-fdata-sections" "-fPIC" "-g" "-m64" "-Wall" "-Wextra" "-E" "/opt/rustwide/target/debug/build/openssl-sys-d056224c7575962c/out/expando.c"
[INFO] [stderr]   cargo:warning=/opt/rustwide/target/debug/build/openssl-sys-d056224c7575962c/out/expando.c:4:24: error: pasting "RUST_VERSION_OPENSSL_" and "(" does not give a valid preprocessing token
[INFO] [stderr]   cargo:warning=    4 | #define VERSION2(n, v) RUST_VERSION_ ## n ## _ ## v
[INFO] [stderr]   cargo:warning=      |                        ^~~~~~~~~~~~~
[INFO] [stderr]   cargo:warning=/opt/rustwide/target/debug/build/openssl-sys-d056224c7575962c/out/expando.c:5:23: note: in expansion of macro 'VERSION2'
[INFO] [stderr]   cargo:warning=    5 | #define VERSION(n, v) VERSION2(n, v)
[INFO] [stderr]   cargo:warning=      |                       ^~~~~~~~
[INFO] [stderr]   cargo:warning=/opt/rustwide/target/debug/build/openssl-sys-d056224c7575962c/out/expando.c:7:1: note: in expansion of macro 'VERSION'
[INFO] [stderr]   cargo:warning=    7 | VERSION(OPENSSL, OPENSSL_VERSION_NUMBER)
[INFO] [stderr]   cargo:warning=      | ^~~~~~~
[INFO] [stderr]   exit status: 1
[INFO] [stderr] 
[INFO] [stderr]   --- stderr
[INFO] [stderr]   thread 'main' panicked at /opt/rustwide/cargo-home/registry/src/index.crates.io-6f17d22bba15001f/openssl-sys-0.9.32/build/main.rs:379:13:
[INFO] [stderr] 
[INFO] [stderr]   Header expansion error:
[INFO] [stderr]   Error { kind: ToolExecError, message: "Command \"cc\" \"-O0\" \"-ffunction-sections\" \"-fdata-sections\" \"-fPIC\" \"-g\" \"-m64\" \"-Wall\" \"-Wextra\" \"-E\" \"/opt/rustwide/target/debug/build/openssl-sys-d056224c7575962c/out/expando.c\" with args \"cc\" did not execute successfully (status code exit status: 1)." }
[INFO] [stderr] 
[INFO] [stderr]   Failed to find OpenSSL development headers.
[INFO] [stderr] 
[INFO] [stderr]   You can try fixing this setting the `OPENSSL_DIR` environment variable
[INFO] [stderr]   pointing to your OpenSSL installation or installing OpenSSL headers package
[INFO] [stderr]   specific to your distribution:
[INFO] [stderr] 
[INFO] [stderr]       # On Ubuntu
[INFO] [stderr]       sudo apt-get install libssl-dev
[INFO] [stderr]       # On Arch Linux
[INFO] [stderr]       sudo pacman -S openssl
[INFO] [stderr]       # On Fedora
[INFO] [stderr]       sudo dnf install openssl-devel
[INFO] [stderr] 
[INFO] [stderr]   See rust-openssl README for more information:
[INFO] [stderr] 
[INFO] [stderr]       https://github.com/sfackler/rust-openssl#linux
[INFO] [stderr] 
[INFO] [stderr]   stack backtrace:
[INFO] [stderr]      0:     0x55ef09ce10ec - std::backtrace_rs::backtrace::libunwind::trace::ha637c64ce894333a
[INFO] [stderr]                                  at /rustc/82e1608dfa6e0b5569232559e3d385fea5a93112/library/std/src/../../backtrace/src/backtrace/libunwind.rs:104:5
[INFO] [stderr]      1:     0x55ef09ce10ec - std::backtrace_rs::backtrace::trace_unsynchronized::h47f62dea28e0c88d
[INFO] [stderr]                                  at /rustc/82e1608dfa6e0b5569232559e3d385fea5a93112/library/std/src/../../backtrace/src/backtrace/mod.rs:66:5
[INFO] [stderr]      2:     0x55ef09ce10ec - std::sys_common::backtrace::_print_fmt::h9eef0abe20ede486
[INFO] [stderr]                                  at /rustc/82e1608dfa6e0b5569232559e3d385fea5a93112/library/std/src/sys_common/backtrace.rs:67:5
[INFO] [stderr]      3:     0x55ef09ce10ec - <std::sys_common::backtrace::_print::DisplayBacktrace as core::fmt::Display>::fmt::hed7f999df88cc644
[INFO] [stderr]                                  at /rustc/82e1608dfa6e0b5569232559e3d385fea5a93112/library/std/src/sys_common/backtrace.rs:44:22
[INFO] [stderr]      4:     0x55ef09d07220 - core::fmt::rt::Argument::fmt::h1539a9308b8d058d
[INFO] [stderr]                                  at /rustc/82e1608dfa6e0b5569232559e3d385fea5a93112/library/core/src/fmt/rt.rs:142:9
[INFO] [stderr]      5:     0x55ef09d07220 - core::fmt::write::h3a39390d8560d9c9
[INFO] [stderr]                                  at /rustc/82e1608dfa6e0b5569232559e3d385fea5a93112/library/core/src/fmt/mod.rs:1120:17
[INFO] [stderr]      6:     0x55ef09cdea2f - std::io::Write::write_fmt::h5fc9997dfe05f882
[INFO] [stderr]                                  at /rustc/82e1608dfa6e0b5569232559e3d385fea5a93112/library/std/src/io/mod.rs:1762:15
[INFO] [stderr]      7:     0x55ef09ce0ed4 - std::sys_common::backtrace::_print::h894006fb5c6f3d45
[INFO] [stderr]                                  at /rustc/82e1608dfa6e0b5569232559e3d385fea5a93112/library/std/src/sys_common/backtrace.rs:47:5
[INFO] [stderr]      8:     0x55ef09ce0ed4 - std::sys_common::backtrace::print::h23a2d212c6fff936
[INFO] [stderr]                                  at /rustc/82e1608dfa6e0b5569232559e3d385fea5a93112/library/std/src/sys_common/backtrace.rs:34:9
[INFO] [stderr]      9:     0x55ef09ce26e7 - std::panicking::default_hook::{{closure}}::h8a1d2ee00185001a
[INFO] [stderr]     10:     0x55ef09ce244f - std::panicking::default_hook::h6038f2eba384e475
[INFO] [stderr]                                  at /rustc/82e1608dfa6e0b5569232559e3d385fea5a93112/library/std/src/panicking.rs:292:9
[INFO] [stderr]     11:     0x55ef09ce2b68 - std::panicking::rust_panic_with_hook::h2b5517d590cab22e
[INFO] [stderr]                                  at /rustc/82e1608dfa6e0b5569232559e3d385fea5a93112/library/std/src/panicking.rs:779:13
[INFO] [stderr]     12:     0x55ef09ce2a4e - std::panicking::begin_panic_handler::{{closure}}::h233112c06e0ef43e
[INFO] [stderr]                                  at /rustc/82e1608dfa6e0b5569232559e3d385fea5a93112/library/std/src/panicking.rs:657:13
[INFO] [stderr]     13:     0x55ef09ce15b6 - std::sys_common::backtrace::__rust_end_short_backtrace::h6e893f24d7ebbff8
[INFO] [stderr]                                  at /rustc/82e1608dfa6e0b5569232559e3d385fea5a93112/library/std/src/sys_common/backtrace.rs:170:18
[INFO] [stderr]     14:     0x55ef09ce27b2 - rust_begin_unwind
[INFO] [stderr]                                  at /rustc/82e1608dfa6e0b5569232559e3d385fea5a93112/library/std/src/panicking.rs:645:5
[INFO] [stderr]     15:     0x55ef09c65685 - core::panicking::panic_fmt::hbf0e066aabfa482c
[INFO] [stderr]                                  at /rustc/82e1608dfa6e0b5569232559e3d385fea5a93112/library/core/src/panicking.rs:72:14
[INFO] [stderr]     16:     0x55ef09c6df8f - build_script_main::validate_headers::hb59d4b0f8519b5bd
[INFO] [stderr]     17:     0x55ef09c6c75f - build_script_main::try_pkg_config::hcc2d45dcbd728d0e
[INFO] [stderr]     18:     0x55ef09c6b624 - build_script_main::find_openssl_dir::h395e255dffd571e6
[INFO] [stderr]     19:     0x55ef09c6b498 - build_script_main::main::{{closure}}::h6364ef275090ae98
[INFO] [stderr]     20:     0x55ef09c67799 - core::option::Option<T>::unwrap_or_else::ha4525212138cd271
[INFO] [stderr]     21:     0x55ef09c6a551 - build_script_main::main::h9cacbe386ae2b0b7
[INFO] [stderr]     22:     0x55ef09c66c93 - core::ops::function::FnOnce::call_once::h15b6de8d6b2e890e
[INFO] [stderr]     23:     0x55ef09c6fb26 - std::sys_common::backtrace::__rust_begin_short_backtrace::h6a48facfb1ae9198
[INFO] [stderr]     24:     0x55ef09c66919 - std::rt::lang_start::{{closure}}::hac72c73a24df5868
[INFO] [stderr]     25:     0x55ef09cdaf77 - core::ops::function::impls::<impl core::ops::function::FnOnce<A> for &F>::call_once::hd95060ecd5e1ca24
[INFO] [stderr]                                  at /rustc/82e1608dfa6e0b5569232559e3d385fea5a93112/library/core/src/ops/function.rs:284:13
[INFO] [stderr]     26:     0x55ef09cdaf77 - std::panicking::try::do_call::h6e8cf51db32a6e4b
[INFO] [stderr]                                  at /rustc/82e1608dfa6e0b5569232559e3d385fea5a93112/library/std/src/panicking.rs:552:40
[INFO] [stderr]     27:     0x55ef09cdaf77 - std::panicking::try::h3a52eefe24fe3c29
[INFO] [stderr]                                  at /rustc/82e1608dfa6e0b5569232559e3d385fea5a93112/library/std/src/panicking.rs:516:19
[INFO] [stderr]     28:     0x55ef09cdaf77 - std::panic::catch_unwind::h24c28c23c02c3841
[INFO] [stderr]                                  at /rustc/82e1608dfa6e0b5569232559e3d385fea5a93112/library/std/src/panic.rs:142:14
[INFO] [stderr]     29:     0x55ef09cdaf77 - std::rt::lang_start_internal::{{closure}}::h705d3c9cbc06ef47
[INFO] [stderr]                                  at /rustc/82e1608dfa6e0b5569232559e3d385fea5a93112/library/std/src/rt.rs:148:48
[INFO] [stderr]     30:     0x55ef09cdaf77 - std::panicking::try::do_call::ha21f52ba13158470
[INFO] [stderr]                                  at /rustc/82e1608dfa6e0b5569232559e3d385fea5a93112/library/std/src/panicking.rs:552:40
[INFO] [stderr]     31:     0x55ef09cdaf77 - std::panicking::try::h5581346bf6aeb1f8
[INFO] [stderr]                                  at /rustc/82e1608dfa6e0b5569232559e3d385fea5a93112/library/std/src/panicking.rs:516:19
[INFO] [stderr]     32:     0x55ef09cdaf77 - std::panic::catch_unwind::h7919645a6b72e25b
[INFO] [stderr]                                  at /rustc/82e1608dfa6e0b5569232559e3d385fea5a93112/library/std/src/panic.rs:142:14
[INFO] [stderr]     33:     0x55ef09cdaf77 - std::rt::lang_start_internal::h12de51168669836e
[INFO] [stderr]                                  at /rustc/82e1608dfa6e0b5569232559e3d385fea5a93112/library/std/src/rt.rs:148:20
[INFO] [stderr]     34:     0x55ef09c668f7 - std::rt::lang_start::hd36e9a2cf15759bf
[INFO] [stderr]     35:     0x55ef09c6f195 - main
[INFO] [stderr]     36:     0x7f5bc287ad90 - <unknown>
[INFO] [stderr]     37:     0x7f5bc287ae40 - __libc_start_main
[INFO] [stderr]     38:     0x55ef09c65e95 - _start
[INFO] [stderr]     39:                0x0 - <unknown>
[INFO] [stderr] warning: build failed, waiting for other jobs to finish...
[INFO] running `Command { std: "docker" "inspect" "e6c6c41eb7c1acb60f09127c7e3d8b050963c06cde4a96a012bb06b48ef01f01", kill_on_drop: false }`
[INFO] running `Command { std: "docker" "rm" "-f" "e6c6c41eb7c1acb60f09127c7e3d8b050963c06cde4a96a012bb06b48ef01f01", kill_on_drop: false }`
[INFO] [stdout] e6c6c41eb7c1acb60f09127c7e3d8b050963c06cde4a96a012bb06b48ef01f01
[INFO] testing CL4PTP/phil_checker against beta-2023-12-22 for beta-1.76-1
[INFO] running `Command { std: "git" "clone" "/workspace/cache/git-repos/https%3A%2F%2Fgithub.com%2FCL4PTP%2Fphil_checker" "/workspace/builds/worker-2-tc2/source", kill_on_drop: false }`
[INFO] [stderr] Cloning into '/workspace/builds/worker-2-tc2/source'...
[INFO] [stderr] done.
[INFO] validating manifest of git repo https://github.com/CL4PTP/phil_checker on toolchain beta-2023-12-22
[INFO] running `Command { std: CARGO_HOME="/workspace/cargo-home" RUSTUP_HOME="/workspace/rustup-home" "/workspace/cargo-home/bin/cargo" "+beta-2023-12-22" "metadata" "--manifest-path" "Cargo.toml" "--no-deps", kill_on_drop: false }`
[INFO] started tweaking git repo https://github.com/CL4PTP/phil_checker
[INFO] finished tweaking git repo https://github.com/CL4PTP/phil_checker
[INFO] tweaked toml for git repo https://github.com/CL4PTP/phil_checker written to /workspace/builds/worker-2-tc2/source/Cargo.toml
[INFO] crate git repo https://github.com/CL4PTP/phil_checker already has a lockfile, it will not be regenerated
[INFO] running `Command { std: CARGO_HOME="/workspace/cargo-home" RUSTUP_HOME="/workspace/rustup-home" "/workspace/cargo-home/bin/cargo" "+beta-2023-12-22" "fetch" "--manifest-path" "Cargo.toml", kill_on_drop: false }`
[INFO] running `Command { std: "docker" "create" "-v" "/var/lib/crater-agent-workspace/builds/worker-2-tc2/target:/opt/rustwide/target:rw,Z" "-v" "/var/lib/crater-agent-workspace/builds/worker-2-tc2/source:/opt/rustwide/workdir:ro,Z" "-v" "/var/lib/crater-agent-workspace/cargo-home:/opt/rustwide/cargo-home:ro,Z" "-v" "/var/lib/crater-agent-workspace/rustup-home:/opt/rustwide/rustup-home:ro,Z" "-e" "SOURCE_DIR=/opt/rustwide/workdir" "-e" "CARGO_TARGET_DIR=/opt/rustwide/target" "-e" "CARGO_HOME=/opt/rustwide/cargo-home" "-e" "RUSTUP_HOME=/opt/rustwide/rustup-home" "-w" "/opt/rustwide/workdir" "-m" "1610612736" "--user" "0:0" "--network" "none" "ghcr.io/rust-lang/crates-build-env/linux@sha256:2788e3201cd34a07e3172128adcd8b3090168a8e3bcc40d7c032b9dda1df7d1c" "/opt/rustwide/cargo-home/bin/cargo" "+beta-2023-12-22" "metadata" "--no-deps" "--format-version=1", kill_on_drop: false }`
[INFO] [stdout] 141fb8e7ce37b23b3bee51666e1b8961e1188173fc965cac13537b42cede2be4
[INFO] running `Command { std: "docker" "start" "-a" "141fb8e7ce37b23b3bee51666e1b8961e1188173fc965cac13537b42cede2be4", kill_on_drop: false }`
[INFO] running `Command { std: "docker" "inspect" "141fb8e7ce37b23b3bee51666e1b8961e1188173fc965cac13537b42cede2be4", kill_on_drop: false }`
[INFO] running `Command { std: "docker" "rm" "-f" "141fb8e7ce37b23b3bee51666e1b8961e1188173fc965cac13537b42cede2be4", kill_on_drop: false }`
[INFO] [stdout] 141fb8e7ce37b23b3bee51666e1b8961e1188173fc965cac13537b42cede2be4
[INFO] running `Command { std: "docker" "create" "-v" "/var/lib/crater-agent-workspace/builds/worker-2-tc2/target:/opt/rustwide/target:rw,Z" "-v" "/var/lib/crater-agent-workspace/builds/worker-2-tc2/source:/opt/rustwide/workdir:ro,Z" "-v" "/var/lib/crater-agent-workspace/cargo-home:/opt/rustwide/cargo-home:ro,Z" "-v" "/var/lib/crater-agent-workspace/rustup-home:/opt/rustwide/rustup-home:ro,Z" "-e" "SOURCE_DIR=/opt/rustwide/workdir" "-e" "CARGO_TARGET_DIR=/opt/rustwide/target" "-e" "CARGO_INCREMENTAL=0" "-e" "RUST_BACKTRACE=full" "-e" "RUSTFLAGS=--cap-lints=warn" "-e" "RUSTDOCFLAGS=--cap-lints=warn" "-e" "CARGO_HOME=/opt/rustwide/cargo-home" "-e" "RUSTUP_HOME=/opt/rustwide/rustup-home" "-w" "/opt/rustwide/workdir" "-m" "1610612736" "--user" "0:0" "--network" "none" "ghcr.io/rust-lang/crates-build-env/linux@sha256:2788e3201cd34a07e3172128adcd8b3090168a8e3bcc40d7c032b9dda1df7d1c" "/opt/rustwide/cargo-home/bin/cargo" "+beta-2023-12-22" "build" "--frozen" "--message-format=json", kill_on_drop: false }`
[INFO] [stdout] 8c7f33d5631665995af363e0c9c9624d72728df1af977aada6c027e7f4a011d5
[INFO] running `Command { std: "docker" "start" "-a" "8c7f33d5631665995af363e0c9c9624d72728df1af977aada6c027e7f4a011d5", kill_on_drop: false }`
[INFO] [stderr]    Compiling libc v0.2.42
[INFO] [stderr]    Compiling version_check v0.1.3
[INFO] [stderr]    Compiling cfg-if v0.1.3
[INFO] [stderr]    Compiling siphasher v0.2.2
[INFO] [stderr]    Compiling lazy_static v1.0.1
[INFO] [stderr]    Compiling futures v0.1.21
[INFO] [stderr]    Compiling byteorder v1.2.3
[INFO] [stderr]    Compiling nodrop v0.1.12
[INFO] [stderr]    Compiling serde v1.0.66
[INFO] [stderr]    Compiling itoa v0.4.1
[INFO] [stderr]    Compiling cc v1.0.17
[INFO] [stderr]    Compiling slab v0.4.0
[INFO] [stderr]    Compiling lazycell v0.6.0
[INFO] [stderr]    Compiling scopeguard v0.3.3
[INFO] [stderr]    Compiling proc-macro2 v0.3.8
[INFO] [stderr]    Compiling memoffset v0.2.1
[INFO] [stderr]    Compiling log v0.4.2
[INFO] [stderr]    Compiling arrayvec v0.4.7
[INFO] [stderr]    Compiling crossbeam-utils v0.3.2
[INFO] [stderr]    Compiling pkg-config v0.3.11
[INFO] [stderr]    Compiling proc-macro2 v0.4.6
[INFO] [stderr]    Compiling string_cache_shared v0.3.0
[INFO] [stderr]    Compiling typenum v1.10.0
[INFO] [stderr]    Compiling foreign-types-shared v0.1.1
[INFO] [stderr]    Compiling openssl v0.9.24
[INFO] [stderr]    Compiling encoding_index_tests v0.1.4
[INFO] [stderr]    Compiling void v1.0.2
[INFO] [stderr]    Compiling matches v0.1.6
[INFO] [stderr]    Compiling foreign-types v0.3.2
[INFO] [stderr]    Compiling bitflags v0.9.1
[INFO] [stderr]    Compiling unreachable v1.0.0
[INFO] [stderr]    Compiling safemem v0.2.0
[INFO] [stderr]    Compiling log v0.3.9
[INFO] [stderr]    Compiling unicase v1.4.2
[INFO] [stderr]    Compiling unicase v2.1.0
[INFO] [stderr]    Compiling quote v0.5.2
[INFO] [stderr]    Compiling crossbeam-epoch v0.4.1
[INFO] [stderr]    Compiling base64 v0.9.2
[INFO] [stderr]    Compiling new_debug_unreachable v1.0.1
[INFO] [stderr]    Compiling quote v0.6.3
[INFO] [stderr]    Compiling scoped-tls v0.1.2
[INFO] [stderr]    Compiling rand v0.4.2
[INFO] [stderr]    Compiling iovec v0.1.2
[INFO] [stderr]    Compiling net2 v0.2.32
[INFO] [stderr]    Compiling bytes v0.4.8
[INFO] [stderr]    Compiling num_cpus v1.8.0
[INFO] [stderr]    Compiling crossbeam-deque v0.3.1
[INFO] [stderr]    Compiling syn v0.13.11
[INFO] [stderr]    Compiling phf_shared v0.7.22
[INFO] [stderr]    Compiling syn v0.14.2
[INFO] [stderr]    Compiling time v0.1.40
[INFO] [stderr]    Compiling mio v0.6.14
[INFO] [stderr]    Compiling phf v0.7.22
[INFO] [stderr]    Compiling num-traits v0.2.4
[INFO] [stderr]    Compiling num-integer v0.1.38
[INFO] [stderr]    Compiling mac v0.1.1
[INFO] [stderr]    Compiling percent-encoding v1.0.1
[INFO] [stderr]    Compiling mime v0.3.7
[INFO] [stderr]    Compiling openssl-sys v0.9.32
[INFO] [stderr]    Compiling phf_generator v0.7.22
[INFO] [stderr]    Compiling precomputed-hash v0.1.1
[INFO] [stderr]    Compiling build_const v0.2.1
[INFO] [stderr]    Compiling phf_codegen v0.7.22
[INFO] [stderr]    Compiling string_cache_codegen v0.4.1
[INFO] [stderr]    Compiling rand v0.3.22
[INFO] [stderr]    Compiling tokio-executor v0.1.2
[INFO] [stderr]    Compiling tokio-io v0.1.6
[INFO] [stderr]    Compiling crc v1.8.1
[INFO] [stderr]    Compiling tokio-service v0.1.0
[INFO] [stderr]    Compiling futf v0.1.4
[INFO] [stderr]    Compiling unicode-bidi v0.3.4
[INFO] [stderr]    Compiling arrayref v0.3.4
[INFO] [stderr]    Compiling tokio-threadpool v0.1.3
[INFO] [stderr]    Compiling tokio-timer v0.2.3
[INFO] [stderr]    Compiling generic-array v0.9.0
[INFO] [stderr]    Compiling try-lock v0.1.0
[INFO] [stderr]    Compiling tokio-reactor v0.1.1
[INFO] [stderr]    Compiling byte-tools v0.2.0
[INFO] [stderr]    Compiling constant_time_eq v0.1.3
[INFO] [stderr]    Compiling smallvec v0.2.1
[INFO] [stderr]    Compiling take v0.1.0
[INFO] [stderr]    Compiling utf-8 v0.7.2
[INFO] [stderr]    Compiling string_cache v0.7.3
[INFO] [stderr]    Compiling procedural-masquerade v0.1.5
[INFO] [stderr]    Compiling unicode-normalization v0.1.7
[INFO] [stderr]    Compiling digest v0.7.2
[INFO] [stderr]    Compiling slab v0.3.0
[INFO] [stderr]    Compiling tokio-tcp v0.1.0
[INFO] [stderr]    Compiling tokio-udp v0.1.0
[INFO] [stderr]    Compiling tendril v0.4.0
[INFO] [stderr] The following warnings were emitted during compilation:
[INFO] [stderr] 
[INFO] [stderr] warning: openssl-sys@0.9.32: /opt/rustwide/target/debug/build/openssl-sys-70c1fa833ab9c36f/out/expando.c:4:24: error: pasting "RUST_VERSION_OPENSSL_" and "(" does not give a valid preprocessing token
[INFO] [stderr] warning: openssl-sys@0.9.32:     4 | #define VERSION2(n, v) RUST_VERSION_ ## n ## _ ## v
[INFO] [stderr] warning: openssl-sys@0.9.32:       |                        ^~~~~~~~~~~~~
[INFO] [stderr] warning: openssl-sys@0.9.32: /opt/rustwide/target/debug/build/openssl-sys-70c1fa833ab9c36f/out/expando.c:5:23: note: in expansion of macro 'VERSION2'
[INFO] [stderr] warning: openssl-sys@0.9.32:     5 | #define VERSION(n, v) VERSION2(n, v)
[INFO] [stderr] warning: openssl-sys@0.9.32:       |                       ^~~~~~~~
[INFO] [stderr] warning: openssl-sys@0.9.32: /opt/rustwide/target/debug/build/openssl-sys-70c1fa833ab9c36f/out/expando.c:7:1: note: in expansion of macro 'VERSION'
[INFO] [stderr] warning: openssl-sys@0.9.32:     7 | VERSION(OPENSSL, OPENSSL_VERSION_NUMBER)
[INFO] [stderr] warning: openssl-sys@0.9.32:       | ^~~~~~~
[INFO] [stderr] 
[INFO] [stderr] error: failed to run custom build command for `openssl-sys v0.9.32`
[INFO] [stderr] note: To improve backtraces for build dependencies, set the CARGO_PROFILE_DEV_BUILD_OVERRIDE_DEBUG=true environment variable to enable debug information generation.
[INFO] [stderr] 
[INFO] [stderr] Caused by:
[INFO] [stderr]   process didn't exit successfully: `/opt/rustwide/target/debug/build/openssl-sys-6c24b589c5deabfa/build-script-main` (exit status: 101)
[INFO] [stderr]   --- stdout
[INFO] [stderr]   cargo:rerun-if-env-changed=X86_64_UNKNOWN_LINUX_GNU_OPENSSL_LIB_DIR
[INFO] [stderr]   cargo:rerun-if-env-changed=OPENSSL_LIB_DIR
[INFO] [stderr]   cargo:rerun-if-env-changed=X86_64_UNKNOWN_LINUX_GNU_OPENSSL_INCLUDE_DIR
[INFO] [stderr]   cargo:rerun-if-env-changed=OPENSSL_INCLUDE_DIR
[INFO] [stderr]   cargo:rerun-if-env-changed=X86_64_UNKNOWN_LINUX_GNU_OPENSSL_DIR
[INFO] [stderr]   cargo:rerun-if-env-changed=OPENSSL_DIR
[INFO] [stderr]   cargo:rustc-link-lib=ssl
[INFO] [stderr]   cargo:rustc-link-lib=crypto
[INFO] [stderr]   OPT_LEVEL = Some("0")
[INFO] [stderr]   TARGET = Some("x86_64-unknown-linux-gnu")
[INFO] [stderr]   HOST = Some("x86_64-unknown-linux-gnu")
[INFO] [stderr]   TARGET = Some("x86_64-unknown-linux-gnu")
[INFO] [stderr]   TARGET = Some("x86_64-unknown-linux-gnu")
[INFO] [stderr]   HOST = Some("x86_64-unknown-linux-gnu")
[INFO] [stderr]   CC_x86_64-unknown-linux-gnu = None
[INFO] [stderr]   CC_x86_64_unknown_linux_gnu = None
[INFO] [stderr]   HOST_CC = None
[INFO] [stderr]   CC = None
[INFO] [stderr]   HOST = Some("x86_64-unknown-linux-gnu")
[INFO] [stderr]   TARGET = Some("x86_64-unknown-linux-gnu")
[INFO] [stderr]   HOST = Some("x86_64-unknown-linux-gnu")
[INFO] [stderr]   CFLAGS_x86_64-unknown-linux-gnu = None
[INFO] [stderr]   CFLAGS_x86_64_unknown_linux_gnu = None
[INFO] [stderr]   HOST_CFLAGS = None
[INFO] [stderr]   CFLAGS = None
[INFO] [stderr]   DEBUG = Some("true")
[INFO] [stderr]   running: "cc" "-O0" "-ffunction-sections" "-fdata-sections" "-fPIC" "-g" "-m64" "-Wall" "-Wextra" "-E" "/opt/rustwide/target/debug/build/openssl-sys-70c1fa833ab9c36f/out/expando.c"
[INFO] [stderr]   cargo:warning=/opt/rustwide/target/debug/build/openssl-sys-70c1fa833ab9c36f/out/expando.c:4:24: error: pasting "RUST_VERSION_OPENSSL_" and "(" does not give a valid preprocessing token
[INFO] [stderr]   cargo:warning=    4 | #define VERSION2(n, v) RUST_VERSION_ ## n ## _ ## v
[INFO] [stderr]   cargo:warning=      |                        ^~~~~~~~~~~~~
[INFO] [stderr]   cargo:warning=/opt/rustwide/target/debug/build/openssl-sys-70c1fa833ab9c36f/out/expando.c:5:23: note: in expansion of macro 'VERSION2'
[INFO] [stderr]   cargo:warning=    5 | #define VERSION(n, v) VERSION2(n, v)
[INFO] [stderr]   cargo:warning=      |                       ^~~~~~~~
[INFO] [stderr]   cargo:warning=/opt/rustwide/target/debug/build/openssl-sys-70c1fa833ab9c36f/out/expando.c:7:1: note: in expansion of macro 'VERSION'
[INFO] [stderr]   cargo:warning=    7 | VERSION(OPENSSL, OPENSSL_VERSION_NUMBER)
[INFO] [stderr]   cargo:warning=      | ^~~~~~~
[INFO] [stderr]   exit status: 1
[INFO] [stderr] 
[INFO] [stderr]   --- stderr
[INFO] [stderr]   thread 'main' panicked at /opt/rustwide/cargo-home/registry/src/index.crates.io-6f17d22bba15001f/openssl-sys-0.9.32/build/main.rs:379:13:
[INFO] [stderr] 
[INFO] [stderr]   Header expansion error:
[INFO] [stderr]   Error { kind: ToolExecError, message: "Command \"cc\" \"-O0\" \"-ffunction-sections\" \"-fdata-sections\" \"-fPIC\" \"-g\" \"-m64\" \"-Wall\" \"-Wextra\" \"-E\" \"/opt/rustwide/target/debug/build/openssl-sys-70c1fa833ab9c36f/out/expando.c\" with args \"cc\" did not execute successfully (status code exit status: 1)." }
[INFO] [stderr] 
[INFO] [stderr]   Failed to find OpenSSL development headers.
[INFO] [stderr] 
[INFO] [stderr]   You can try fixing this setting the `OPENSSL_DIR` environment variable
[INFO] [stderr]   pointing to your OpenSSL installation or installing OpenSSL headers package
[INFO] [stderr]   specific to your distribution:
[INFO] [stderr] 
[INFO] [stderr]       # On Ubuntu
[INFO] [stderr]       sudo apt-get install libssl-dev
[INFO] [stderr]       # On Arch Linux
[INFO] [stderr]       sudo pacman -S openssl
[INFO] [stderr]       # On Fedora
[INFO] [stderr]       sudo dnf install openssl-devel
[INFO] [stderr] 
[INFO] [stderr]   See rust-openssl README for more information:
[INFO] [stderr] 
[INFO] [stderr]       https://github.com/sfackler/rust-openssl#linux
[INFO] [stderr] 
[INFO] [stderr]   stack backtrace:
[INFO] [stderr]      0:     0x55a5d1febcc6 - std::backtrace_rs::backtrace::libunwind::trace::h261606ad26a499c1
[INFO] [stderr]                                  at /rustc/0e09125c6c3c2fd70d7de961bcf0e51575235fad/library/std/src/../../backtrace/src/backtrace/libunwind.rs:104:5
[INFO] [stderr]      1:     0x55a5d1febcc6 - std::backtrace_rs::backtrace::trace_unsynchronized::hd183f0625477fb28
[INFO] [stderr]                                  at /rustc/0e09125c6c3c2fd70d7de961bcf0e51575235fad/library/std/src/../../backtrace/src/backtrace/mod.rs:66:5
[INFO] [stderr]      2:     0x55a5d1febcc6 - std::sys_common::backtrace::_print_fmt::hd7f8fef21b4eda67
[INFO] [stderr]                                  at /rustc/0e09125c6c3c2fd70d7de961bcf0e51575235fad/library/std/src/sys_common/backtrace.rs:68:5
[INFO] [stderr]      3:     0x55a5d1febcc6 - <std::sys_common::backtrace::_print::DisplayBacktrace as core::fmt::Display>::fmt::h623d9b51f2f453f1
[INFO] [stderr]                                  at /rustc/0e09125c6c3c2fd70d7de961bcf0e51575235fad/library/std/src/sys_common/backtrace.rs:44:22
[INFO] [stderr]      4:     0x55a5d20111e0 - core::fmt::rt::Argument::fmt::h9f417ac76a86f368
[INFO] [stderr]                                  at /rustc/0e09125c6c3c2fd70d7de961bcf0e51575235fad/library/core/src/fmt/rt.rs:142:9
[INFO] [stderr]      5:     0x55a5d20111e0 - core::fmt::write::hc9b6faf4ac2aeff7
[INFO] [stderr]                                  at /rustc/0e09125c6c3c2fd70d7de961bcf0e51575235fad/library/core/src/fmt/mod.rs:1120:17
[INFO] [stderr]      6:     0x55a5d1fe972f - std::io::Write::write_fmt::hfead1eee52c2e65e
[INFO] [stderr]                                  at /rustc/0e09125c6c3c2fd70d7de961bcf0e51575235fad/library/std/src/io/mod.rs:1810:15
[INFO] [stderr]      7:     0x55a5d1febaa4 - std::sys_common::backtrace::_print::hd5d66399c7df88a2
[INFO] [stderr]                                  at /rustc/0e09125c6c3c2fd70d7de961bcf0e51575235fad/library/std/src/sys_common/backtrace.rs:47:5
[INFO] [stderr]      8:     0x55a5d1febaa4 - std::sys_common::backtrace::print::he81ed2da642d37e5
[INFO] [stderr]                                  at /rustc/0e09125c6c3c2fd70d7de961bcf0e51575235fad/library/std/src/sys_common/backtrace.rs:34:9
[INFO] [stderr]      9:     0x55a5d1fed387 - std::panicking::default_hook::{{closure}}::h85773f4fa117163d
[INFO] [stderr]     10:     0x55a5d1fed0e9 - std::panicking::default_hook::h6a1694a91d09b278
[INFO] [stderr]                                  at /rustc/0e09125c6c3c2fd70d7de961bcf0e51575235fad/library/std/src/panicking.rs:292:9
[INFO] [stderr]     11:     0x55a5d1fed818 - std::panicking::rust_panic_with_hook::h0a7ad96e90f7145b
[INFO] [stderr]                                  at /rustc/0e09125c6c3c2fd70d7de961bcf0e51575235fad/library/std/src/panicking.rs:779:13
[INFO] [stderr]     12:     0x55a5d1fed6f2 - std::panicking::begin_panic_handler::{{closure}}::h7919090525c6485e
[INFO] [stderr]                                  at /rustc/0e09125c6c3c2fd70d7de961bcf0e51575235fad/library/std/src/panicking.rs:657:13
[INFO] [stderr]     13:     0x55a5d1fec1c6 - std::sys_common::backtrace::__rust_end_short_backtrace::hf3289479464f7dfe
[INFO] [stderr]                                  at /rustc/0e09125c6c3c2fd70d7de961bcf0e51575235fad/library/std/src/sys_common/backtrace.rs:171:18
[INFO] [stderr]     14:     0x55a5d1fed450 - rust_begin_unwind
[INFO] [stderr]                                  at /rustc/0e09125c6c3c2fd70d7de961bcf0e51575235fad/library/std/src/panicking.rs:645:5
[INFO] [stderr]     15:     0x55a5d1f6f685 - core::panicking::panic_fmt::hcc9f77c5c132af55
[INFO] [stderr]                                  at /rustc/0e09125c6c3c2fd70d7de961bcf0e51575235fad/library/core/src/panicking.rs:72:14
[INFO] [stderr]     16:     0x55a5d1f77f87 - build_script_main::validate_headers::h1e17548f1580180d
[INFO] [stderr]     17:     0x55a5d1f76755 - build_script_main::try_pkg_config::hd36159ecbee90d12
[INFO] [stderr]     18:     0x55a5d1f75604 - build_script_main::find_openssl_dir::hb25648ee18e6e7b0
[INFO] [stderr]     19:     0x55a5d1f75478 - build_script_main::main::{{closure}}::ha8a5ed53285084e7
[INFO] [stderr]     20:     0x55a5d1f71baf - core::option::Option<T>::unwrap_or_else::h348795046246f6e9
[INFO] [stderr]     21:     0x55a5d1f7453f - build_script_main::main::h2831244a31d33f85
[INFO] [stderr]     22:     0x55a5d1f70d63 - core::ops::function::FnOnce::call_once::h67408ae4d866ea5f
[INFO] [stderr]     23:     0x55a5d1f70286 - std::sys_common::backtrace::__rust_begin_short_backtrace::h87172af9f197d4ea
[INFO] [stderr]     24:     0x55a5d1f79db9 - std::rt::lang_start::{{closure}}::heeac65221c93dbb9
[INFO] [stderr]     25:     0x55a5d1fe5a21 - core::ops::function::impls::<impl core::ops::function::FnOnce<A> for &F>::call_once::h4eb4c5e1620f29b0
[INFO] [stderr]                                  at /rustc/0e09125c6c3c2fd70d7de961bcf0e51575235fad/library/core/src/ops/function.rs:284:13
[INFO] [stderr]     26:     0x55a5d1fe5a21 - std::panicking::try::do_call::h73fd26535faffcdf
[INFO] [stderr]                                  at /rustc/0e09125c6c3c2fd70d7de961bcf0e51575235fad/library/std/src/panicking.rs:552:40
[INFO] [stderr]     27:     0x55a5d1fe5a21 - std::panicking::try::h77ff1d98f0fb9f39
[INFO] [stderr]                                  at /rustc/0e09125c6c3c2fd70d7de961bcf0e51575235fad/library/std/src/panicking.rs:516:19
[INFO] [stderr]     28:     0x55a5d1fe5a21 - std::panic::catch_unwind::hab3caf2448b95e37
[INFO] [stderr]                                  at /rustc/0e09125c6c3c2fd70d7de961bcf0e51575235fad/library/std/src/panic.rs:142:14
[INFO] [stderr]     29:     0x55a5d1fe5a21 - std::rt::lang_start_internal::{{closure}}::h8086711f9c783f78
[INFO] [stderr]                                  at /rustc/0e09125c6c3c2fd70d7de961bcf0e51575235fad/library/std/src/rt.rs:148:48
[INFO] [stderr]     30:     0x55a5d1fe5a21 - std::panicking::try::do_call::hf920d4dc291cd6ca
[INFO] [stderr]                                  at /rustc/0e09125c6c3c2fd70d7de961bcf0e51575235fad/library/std/src/panicking.rs:552:40
[INFO] [stderr]     31:     0x55a5d1fe5a21 - std::panicking::try::h2b806ccc0a85db74
[INFO] [stderr]                                  at /rustc/0e09125c6c3c2fd70d7de961bcf0e51575235fad/library/std/src/panicking.rs:516:19
[INFO] [stderr]     32:     0x55a5d1fe5a21 - std::panic::catch_unwind::h038489539c507df2
[INFO] [stderr]                                  at /rustc/0e09125c6c3c2fd70d7de961bcf0e51575235fad/library/std/src/panic.rs:142:14
[INFO] [stderr]     33:     0x55a5d1fe5a21 - std::rt::lang_start_internal::h28503b88912e8a5c
[INFO] [stderr]                                  at /rustc/0e09125c6c3c2fd70d7de961bcf0e51575235fad/library/std/src/rt.rs:148:20
[INFO] [stderr]     34:     0x55a5d1f79d97 - std::rt::lang_start::h964ab975e8c2ae25
[INFO] [stderr]     35:     0x55a5d1f791b5 - main
[INFO] [stderr]     36:     0x7fe53fe54d90 - <unknown>
[INFO] [stderr]     37:     0x7fe53fe54e40 - __libc_start_main
[INFO] [stderr]     38:     0x55a5d1f6fea5 - _start
[INFO] [stderr]     39:                0x0 - <unknown>
[INFO] [stderr] warning: build failed, waiting for other jobs to finish...
[INFO] [stdout] error[E0793]: reference to packed field is unaligned
[INFO] [stdout]    --> /opt/rustwide/cargo-home/registry/src/index.crates.io-6f17d22bba15001f/tendril-0.4.0/src/tendril.rs:241:20
[INFO] [stdout]     |
[INFO] [stdout] 241 |                 if (*header).refcount.decrement() == 1 {
[INFO] [stdout]     |                    ^^^^^^^^^^^^^^^^^^
[INFO] [stdout]     |
[INFO] [stdout]     = note: packed structs are only aligned by one byte, and many modern architectures penalize unaligned field accesses
[INFO] [stdout]     = note: creating a misaligned reference is undefined behavior (even if that reference is never dereferenced)
[INFO] [stdout]     = help: copy the field contents to a local variable, or replace the reference with a raw pointer and use `read_unaligned`/`write_unaligned` (loads and stores via `*p` must be properly aligned even when using raw pointers)
[INFO] [stdout] 
[INFO] [stdout] 
[INFO] [stdout] error[E0793]: reference to packed field is unaligned
[INFO] [stdout]    --> /opt/rustwide/cargo-home/registry/src/index.crates.io-6f17d22bba15001f/tendril-0.4.0/src/tendril.rs:958:9
[INFO] [stdout]     |
[INFO] [stdout] 958 |         (*self.header()).refcount.increment();
[INFO] [stdout]     |         ^^^^^^^^^^^^^^^^^^^^^^^^^
[INFO] [stdout]     |
[INFO] [stdout]     = note: packed structs are only aligned by one byte, and many modern architectures penalize unaligned field accesses
[INFO] [stdout]     = note: creating a misaligned reference is undefined behavior (even if that reference is never dereferenced)
[INFO] [stdout]     = help: copy the field contents to a local variable, or replace the reference with a raw pointer and use `read_unaligned`/`write_unaligned` (loads and stores via `*p` must be properly aligned even when using raw pointers)
[INFO] [stdout] 
[INFO] [stdout] 
[INFO] [stdout] error: aborting due to 2 previous errors
[INFO] [stdout] 
[INFO] [stdout] 
[INFO] [stdout] For more information about this error, try `rustc --explain E0793`.
[INFO] [stdout] 
[INFO] [stderr] error: could not compile `tendril` (lib) due to 3 previous errors
[INFO] running `Command { std: "docker" "inspect" "8c7f33d5631665995af363e0c9c9624d72728df1af977aada6c027e7f4a011d5", kill_on_drop: false }`
[INFO] running `Command { std: "docker" "rm" "-f" "8c7f33d5631665995af363e0c9c9624d72728df1af977aada6c027e7f4a011d5", kill_on_drop: false }`
[INFO] [stdout] 8c7f33d5631665995af363e0c9c9624d72728df1af977aada6c027e7f4a011d5
