[INFO] cloning repository https://github.com/CL4PTP/dbapp
[INFO] running `Command { std: "git" "-c" "credential.helper=" "-c" "credential.helper=/workspace/cargo-home/bin/git-credential-null" "clone" "--bare" "https://github.com/CL4PTP/dbapp" "/workspace/cache/git-repos/https%3A%2F%2Fgithub.com%2FCL4PTP%2Fdbapp", kill_on_drop: false }`
[INFO] [stderr] Cloning into bare repository '/workspace/cache/git-repos/https%3A%2F%2Fgithub.com%2FCL4PTP%2Fdbapp'...
[INFO] running `Command { std: "git" "rev-parse" "HEAD", kill_on_drop: false }`
[INFO] [stdout] 5392056e3362ec767ffb45b20c8b5238388a9116
[INFO] testing CL4PTP/dbapp against 1.75.0 for beta-1.76-1
[INFO] running `Command { std: "git" "clone" "/workspace/cache/git-repos/https%3A%2F%2Fgithub.com%2FCL4PTP%2Fdbapp" "/workspace/builds/worker-1-tc1/source", kill_on_drop: false }`
[INFO] [stderr] Cloning into '/workspace/builds/worker-1-tc1/source'...
[INFO] [stderr] done.
[INFO] validating manifest of git repo https://github.com/CL4PTP/dbapp on toolchain 1.75.0
[INFO] running `Command { std: CARGO_HOME="/workspace/cargo-home" RUSTUP_HOME="/workspace/rustup-home" "/workspace/cargo-home/bin/cargo" "+1.75.0" "metadata" "--manifest-path" "Cargo.toml" "--no-deps", kill_on_drop: false }`
[INFO] started tweaking git repo https://github.com/CL4PTP/dbapp
[INFO] finished tweaking git repo https://github.com/CL4PTP/dbapp
[INFO] tweaked toml for git repo https://github.com/CL4PTP/dbapp written to /workspace/builds/worker-1-tc1/source/Cargo.toml
[INFO] crate git repo https://github.com/CL4PTP/dbapp already has a lockfile, it will not be regenerated
[INFO] running `Command { std: CARGO_HOME="/workspace/cargo-home" RUSTUP_HOME="/workspace/rustup-home" "/workspace/cargo-home/bin/cargo" "+1.75.0" "fetch" "--manifest-path" "Cargo.toml", kill_on_drop: false }`
[INFO] [stderr]  Downloading crates ...
[INFO] [stderr]   Downloaded failure_derive v0.1.3
[INFO] [stderr]   Downloaded termcolor v1.0.4
[INFO] [stderr]   Downloaded wincolor v1.0.1
[INFO] [stderr]   Downloaded weedle v0.8.0
[INFO] [stderr]   Downloaded memchr v2.1.1
[INFO] [stderr]   Downloaded failure v0.1.3
[INFO] [stderr]   Downloaded env_logger v0.6.0
[INFO] [stderr]   Downloaded backtrace-sys v0.1.24
[INFO] [stderr]   Downloaded humantime v1.2.0
[INFO] [stderr]   Downloaded synstructure v0.10.1
[INFO] [stderr]   Downloaded heck v0.3.0
[INFO] [stderr]   Downloaded regex-syntax v0.6.3
[INFO] [stderr]   Downloaded web-sys v0.3.5
[INFO] [stderr]   Downloaded wasm-bindgen-test v0.2.28
[INFO] [stderr]   Downloaded wasm-bindgen-test-macro v0.2.28
[INFO] [stderr]   Downloaded wasm-bindgen-macro v0.2.28
[INFO] [stderr]   Downloaded wasm-bindgen-macro-support v0.2.28
[INFO] [stderr]   Downloaded wasm-bindgen-futures v0.3.5
[INFO] [stderr]   Downloaded wasm-bindgen-shared v0.2.28
[INFO] [stderr]   Downloaded wasm-bindgen-backend v0.2.28
[INFO] [stderr]   Downloaded wee_alloc v0.4.2
[INFO] [stderr]   Downloaded wasm-bindgen-webidl v0.2.22
[INFO] [stderr]   Downloaded js-sys v0.3.5
[INFO] [stderr]   Downloaded console_error_panic_hook v0.1.5
[INFO] [stderr]   Downloaded wasm-bindgen v0.2.28
[INFO] running `Command { std: "docker" "create" "-v" "/var/lib/crater-agent-workspace/builds/worker-1-tc1/target:/opt/rustwide/target:rw,Z" "-v" "/var/lib/crater-agent-workspace/builds/worker-1-tc1/source:/opt/rustwide/workdir:ro,Z" "-v" "/var/lib/crater-agent-workspace/cargo-home:/opt/rustwide/cargo-home:ro,Z" "-v" "/var/lib/crater-agent-workspace/rustup-home:/opt/rustwide/rustup-home:ro,Z" "-e" "SOURCE_DIR=/opt/rustwide/workdir" "-e" "CARGO_TARGET_DIR=/opt/rustwide/target" "-e" "CARGO_HOME=/opt/rustwide/cargo-home" "-e" "RUSTUP_HOME=/opt/rustwide/rustup-home" "-w" "/opt/rustwide/workdir" "-m" "1610612736" "--user" "0:0" "--network" "none" "ghcr.io/rust-lang/crates-build-env/linux@sha256:2788e3201cd34a07e3172128adcd8b3090168a8e3bcc40d7c032b9dda1df7d1c" "/opt/rustwide/cargo-home/bin/cargo" "+1.75.0" "metadata" "--no-deps" "--format-version=1", kill_on_drop: false }`
[INFO] [stdout] c0c332269bb633fead82e2fdf5b541b28c35012c7022f068847cf52825006d5f
[INFO] running `Command { std: "docker" "start" "-a" "c0c332269bb633fead82e2fdf5b541b28c35012c7022f068847cf52825006d5f", kill_on_drop: false }`
[INFO] running `Command { std: "docker" "inspect" "c0c332269bb633fead82e2fdf5b541b28c35012c7022f068847cf52825006d5f", kill_on_drop: false }`
[INFO] running `Command { std: "docker" "rm" "-f" "c0c332269bb633fead82e2fdf5b541b28c35012c7022f068847cf52825006d5f", kill_on_drop: false }`
[INFO] [stdout] c0c332269bb633fead82e2fdf5b541b28c35012c7022f068847cf52825006d5f
[INFO] running `Command { std: "docker" "create" "-v" "/var/lib/crater-agent-workspace/builds/worker-1-tc1/target:/opt/rustwide/target:rw,Z" "-v" "/var/lib/crater-agent-workspace/builds/worker-1-tc1/source:/opt/rustwide/workdir:ro,Z" "-v" "/var/lib/crater-agent-workspace/cargo-home:/opt/rustwide/cargo-home:ro,Z" "-v" "/var/lib/crater-agent-workspace/rustup-home:/opt/rustwide/rustup-home:ro,Z" "-e" "SOURCE_DIR=/opt/rustwide/workdir" "-e" "CARGO_TARGET_DIR=/opt/rustwide/target" "-e" "CARGO_INCREMENTAL=0" "-e" "RUST_BACKTRACE=full" "-e" "RUSTFLAGS=--cap-lints=warn" "-e" "RUSTDOCFLAGS=--cap-lints=warn" "-e" "CARGO_HOME=/opt/rustwide/cargo-home" "-e" "RUSTUP_HOME=/opt/rustwide/rustup-home" "-w" "/opt/rustwide/workdir" "-m" "1610612736" "--user" "0:0" "--network" "none" "ghcr.io/rust-lang/crates-build-env/linux@sha256:2788e3201cd34a07e3172128adcd8b3090168a8e3bcc40d7c032b9dda1df7d1c" "/opt/rustwide/cargo-home/bin/cargo" "+1.75.0" "build" "--frozen" "--message-format=json", kill_on_drop: false }`
[INFO] [stdout] b772e89b5224459b3d79b472283824112baf14dcbd0ba3045d47242593967993
[INFO] running `Command { std: "docker" "start" "-a" "b772e89b5224459b3d79b472283824112baf14dcbd0ba3045d47242593967993", kill_on_drop: false }`
[INFO] [stderr]    Compiling cfg-if v0.1.6
[INFO] [stderr]    Compiling proc-macro2 v0.4.24
[INFO] [stderr]    Compiling libc v0.2.44
[INFO] [stderr]    Compiling unicode-xid v0.1.0
[INFO] [stderr]    Compiling lazy_static v1.2.0
[INFO] [stderr]    Compiling wasm-bindgen-shared v0.2.28
[INFO] [stderr]    Compiling version_check v0.1.5
[INFO] [stderr]    Compiling cc v1.0.25
[INFO] [stderr]    Compiling failure_derive v0.1.3
[INFO] [stderr]    Compiling ucd-util v0.1.3
[INFO] [stderr]    Compiling rustc-demangle v0.1.9
[INFO] [stderr]    Compiling regex v1.0.6
[INFO] [stderr]    Compiling wasm-bindgen v0.2.28
[INFO] [stderr]    Compiling unicode-segmentation v1.2.1
[INFO] [stderr]    Compiling quick-error v1.2.2
[INFO] [stderr]    Compiling utf8-ranges v1.0.2
[INFO] [stderr]    Compiling log v0.4.6
[INFO] [stderr]    Compiling thread_local v0.3.6
[INFO] [stderr]    Compiling termcolor v1.0.4
[INFO] [stderr]    Compiling humantime v1.2.0
[INFO] [stderr]    Compiling regex-syntax v0.6.3
[INFO] [stderr]    Compiling sourcefile v0.1.4
[INFO] [stderr]    Compiling heck v0.3.0
[INFO] [stderr]    Compiling memchr v2.1.1
[INFO] [stderr]    Compiling backtrace-sys v0.1.24
[INFO] [stderr]    Compiling atty v0.2.11
[INFO] [stderr]    Compiling quote v0.6.10
[INFO] [stderr]    Compiling syn v0.15.22
[INFO] [stderr]    Compiling aho-corasick v0.6.9
[INFO] [stderr]    Compiling nom v4.1.1
[INFO] [stderr]    Compiling backtrace v0.3.9
[INFO] [stderr]    Compiling weedle v0.8.0
[INFO] [stderr]    Compiling env_logger v0.6.0
[INFO] [stderr]    Compiling wasm-bindgen-backend v0.2.28
[INFO] [stderr]    Compiling synstructure v0.10.1
[INFO] [stderr]    Compiling wasm-bindgen-macro-support v0.2.28
[INFO] [stderr]    Compiling failure v0.1.3
[INFO] [stderr]    Compiling wasm-bindgen-webidl v0.2.22
[INFO] [stderr]    Compiling wasm-bindgen-macro v0.2.28
[INFO] [stderr]    Compiling js-sys v0.3.5
[INFO] [stderr]    Compiling console_error_panic_hook v0.1.5
[INFO] [stderr]    Compiling web-sys v0.3.5
[INFO] [stderr]    Compiling dbapp v0.1.0 (/opt/rustwide/workdir)
[INFO] [stdout] error: expected one of `)`, `,`, `.`, `?`, or an operator, found `:`
[INFO] [stdout]    --> src/functional_dependencies.rs:283:24
[INFO] [stdout]     |
[INFO] [stdout] 283 |                 .into(): (_, _))
[INFO] [stdout]     |                        ^ expected one of `)`, `,`, `.`, `?`, or an operator
[INFO] [stdout] 
[INFO] [stdout] 
[INFO] [stdout] error[E0554]: `#![feature]` may not be used on the stable release channel
[INFO] [stdout]  --> src/lib.rs:1:1
[INFO] [stdout]   |
[INFO] [stdout] 1 | #![feature(self_struct_ctor)]
[INFO] [stdout]   | ^^^^^^^^^^^^^^^^^^^^^^^^^^^^^ help: remove the attribute
[INFO] [stdout]   |
[INFO] [stdout]   = help: the feature `self_struct_ctor` has been stable since `1.32.0` and no longer requires an attribute to enable
[INFO] [stdout] 
[INFO] [stdout] 
[INFO] [stdout] error[E0554]: `#![feature]` may not be used on the stable release channel
[INFO] [stdout]  --> src/lib.rs:2:1
[INFO] [stdout]   |
[INFO] [stdout] 2 | #![feature(nll)]
[INFO] [stdout]   | ^^^^^^^^^^^^^^^^ help: remove the attribute
[INFO] [stdout]   |
[INFO] [stdout]   = help: the feature `nll` has been stable since `1.63.0` and no longer requires an attribute to enable
[INFO] [stdout] 
[INFO] [stdout] 
[INFO] [stdout] error[E0554]: `#![feature]` may not be used on the stable release channel
[INFO] [stdout]  --> src/lib.rs:3:1
[INFO] [stdout]   |
[INFO] [stdout] 3 | #![feature(type_ascription)]
[INFO] [stdout]   | ^^^^^^^^^^^^^^^^^^^^^^^^^^^^
[INFO] [stdout] 
[INFO] [stdout] 
[INFO] [stdout] warning: unused import: `self::console_error_panic_hook::set_once as set_panic_hook`
[INFO] [stdout]   --> src/utils.rs:12:17
[INFO] [stdout]    |
[INFO] [stdout] 12 |         pub use self::console_error_panic_hook::set_once as set_panic_hook;
[INFO] [stdout]    |                 ^^^^^^^^^^^^^^^^^^^^^^^^^^^^^^^^^^^^^^^^^^^^^^^^^^^^^^^^^^
[INFO] [stdout]    |
[INFO] [stdout]    = note: `#[warn(unused_imports)]` on by default
[INFO] [stdout] 
[INFO] [stdout] 
[INFO] [stdout] warning: unused label
[INFO] [stdout]   --> src/functional_dependencies.rs:53:9
[INFO] [stdout]    |
[INFO] [stdout] 53 |         'outer: loop {
[INFO] [stdout]    |         ^^^^^^
[INFO] [stdout]    |
[INFO] [stdout]    = note: `#[warn(unused_labels)]` on by default
[INFO] [stdout] 
[INFO] [stdout] 
[INFO] [stdout] warning: unused label
[INFO] [stdout]    --> src/functional_dependencies.rs:221:9
[INFO] [stdout]     |
[INFO] [stdout] 221 |         'outer: loop {
[INFO] [stdout]     |         ^^^^^^
[INFO] [stdout] 
[INFO] [stdout] 
[INFO] [stdout] warning: the feature `self_struct_ctor` has been stable since 1.32.0 and no longer requires an attribute to enable
[INFO] [stdout]  --> src/lib.rs:1:12
[INFO] [stdout]   |
[INFO] [stdout] 1 | #![feature(self_struct_ctor)]
[INFO] [stdout]   |            ^^^^^^^^^^^^^^^^
[INFO] [stdout]   |
[INFO] [stdout]   = note: `#[warn(stable_features)]` on by default
[INFO] [stdout] 
[INFO] [stdout] 
[INFO] [stdout] warning: the feature `nll` has been stable since 1.63.0 and no longer requires an attribute to enable
[INFO] [stdout]  --> src/lib.rs:2:12
[INFO] [stdout]   |
[INFO] [stdout] 2 | #![feature(nll)]
[INFO] [stdout]   |            ^^^
[INFO] [stdout] 
[INFO] [stdout] 
[INFO] [stdout] error: aborting due to 4 previous errors; 5 warnings emitted
[INFO] [stdout] 
[INFO] [stdout] 
[INFO] [stdout] For more information about this error, try `rustc --explain E0554`.
[INFO] [stdout] 
[INFO] [stderr] error: could not compile `dbapp` (lib) due to 5 previous errors; 5 warnings emitted
[INFO] running `Command { std: "docker" "inspect" "b772e89b5224459b3d79b472283824112baf14dcbd0ba3045d47242593967993", kill_on_drop: false }`
[INFO] running `Command { std: "docker" "rm" "-f" "b772e89b5224459b3d79b472283824112baf14dcbd0ba3045d47242593967993", kill_on_drop: false }`
[INFO] [stdout] b772e89b5224459b3d79b472283824112baf14dcbd0ba3045d47242593967993
[INFO] testing CL4PTP/dbapp against beta-2023-12-22 for beta-1.76-1
[INFO] running `Command { std: "git" "clone" "/workspace/cache/git-repos/https%3A%2F%2Fgithub.com%2FCL4PTP%2Fdbapp" "/workspace/builds/worker-1-tc2/source", kill_on_drop: false }`
[INFO] [stderr] Cloning into '/workspace/builds/worker-1-tc2/source'...
[INFO] [stderr] done.
[INFO] validating manifest of git repo https://github.com/CL4PTP/dbapp on toolchain beta-2023-12-22
[INFO] running `Command { std: CARGO_HOME="/workspace/cargo-home" RUSTUP_HOME="/workspace/rustup-home" "/workspace/cargo-home/bin/cargo" "+beta-2023-12-22" "metadata" "--manifest-path" "Cargo.toml" "--no-deps", kill_on_drop: false }`
[INFO] started tweaking git repo https://github.com/CL4PTP/dbapp
[INFO] finished tweaking git repo https://github.com/CL4PTP/dbapp
[INFO] tweaked toml for git repo https://github.com/CL4PTP/dbapp written to /workspace/builds/worker-1-tc2/source/Cargo.toml
[INFO] crate git repo https://github.com/CL4PTP/dbapp already has a lockfile, it will not be regenerated
[INFO] running `Command { std: CARGO_HOME="/workspace/cargo-home" RUSTUP_HOME="/workspace/rustup-home" "/workspace/cargo-home/bin/cargo" "+beta-2023-12-22" "fetch" "--manifest-path" "Cargo.toml", kill_on_drop: false }`
[INFO] running `Command { std: "docker" "create" "-v" "/var/lib/crater-agent-workspace/builds/worker-1-tc2/target:/opt/rustwide/target:rw,Z" "-v" "/var/lib/crater-agent-workspace/builds/worker-1-tc2/source:/opt/rustwide/workdir:ro,Z" "-v" "/var/lib/crater-agent-workspace/cargo-home:/opt/rustwide/cargo-home:ro,Z" "-v" "/var/lib/crater-agent-workspace/rustup-home:/opt/rustwide/rustup-home:ro,Z" "-e" "SOURCE_DIR=/opt/rustwide/workdir" "-e" "CARGO_TARGET_DIR=/opt/rustwide/target" "-e" "CARGO_HOME=/opt/rustwide/cargo-home" "-e" "RUSTUP_HOME=/opt/rustwide/rustup-home" "-w" "/opt/rustwide/workdir" "-m" "1610612736" "--user" "0:0" "--network" "none" "ghcr.io/rust-lang/crates-build-env/linux@sha256:2788e3201cd34a07e3172128adcd8b3090168a8e3bcc40d7c032b9dda1df7d1c" "/opt/rustwide/cargo-home/bin/cargo" "+beta-2023-12-22" "metadata" "--no-deps" "--format-version=1", kill_on_drop: false }`
[INFO] [stdout] 728f835cfb1dc898f724975f19979be5c35ab87f4a3afbc26b36f73a829c4e91
[INFO] running `Command { std: "docker" "start" "-a" "728f835cfb1dc898f724975f19979be5c35ab87f4a3afbc26b36f73a829c4e91", kill_on_drop: false }`
[INFO] running `Command { std: "docker" "inspect" "728f835cfb1dc898f724975f19979be5c35ab87f4a3afbc26b36f73a829c4e91", kill_on_drop: false }`
[INFO] running `Command { std: "docker" "rm" "-f" "728f835cfb1dc898f724975f19979be5c35ab87f4a3afbc26b36f73a829c4e91", kill_on_drop: false }`
[INFO] [stdout] 728f835cfb1dc898f724975f19979be5c35ab87f4a3afbc26b36f73a829c4e91
[INFO] running `Command { std: "docker" "create" "-v" "/var/lib/crater-agent-workspace/builds/worker-1-tc2/target:/opt/rustwide/target:rw,Z" "-v" "/var/lib/crater-agent-workspace/builds/worker-1-tc2/source:/opt/rustwide/workdir:ro,Z" "-v" "/var/lib/crater-agent-workspace/cargo-home:/opt/rustwide/cargo-home:ro,Z" "-v" "/var/lib/crater-agent-workspace/rustup-home:/opt/rustwide/rustup-home:ro,Z" "-e" "SOURCE_DIR=/opt/rustwide/workdir" "-e" "CARGO_TARGET_DIR=/opt/rustwide/target" "-e" "CARGO_INCREMENTAL=0" "-e" "RUST_BACKTRACE=full" "-e" "RUSTFLAGS=--cap-lints=warn" "-e" "RUSTDOCFLAGS=--cap-lints=warn" "-e" "CARGO_HOME=/opt/rustwide/cargo-home" "-e" "RUSTUP_HOME=/opt/rustwide/rustup-home" "-w" "/opt/rustwide/workdir" "-m" "1610612736" "--user" "0:0" "--network" "none" "ghcr.io/rust-lang/crates-build-env/linux@sha256:2788e3201cd34a07e3172128adcd8b3090168a8e3bcc40d7c032b9dda1df7d1c" "/opt/rustwide/cargo-home/bin/cargo" "+beta-2023-12-22" "build" "--frozen" "--message-format=json", kill_on_drop: false }`
[INFO] [stdout] 6e1a5be2510b06581e772510ce4412ad2eb155c09c70e6c837aedd8dc7c0c415
[INFO] running `Command { std: "docker" "start" "-a" "6e1a5be2510b06581e772510ce4412ad2eb155c09c70e6c837aedd8dc7c0c415", kill_on_drop: false }`
[INFO] [stderr]    Compiling cfg-if v0.1.6
[INFO] [stderr]    Compiling proc-macro2 v0.4.24
[INFO] [stderr]    Compiling unicode-xid v0.1.0
[INFO] [stderr]    Compiling libc v0.2.44
[INFO] [stderr]    Compiling lazy_static v1.2.0
[INFO] [stderr]    Compiling version_check v0.1.5
[INFO] [stderr]    Compiling wasm-bindgen-shared v0.2.28
[INFO] [stderr]    Compiling cc v1.0.25
[INFO] [stderr]    Compiling failure_derive v0.1.3
[INFO] [stderr]    Compiling regex v1.0.6
[INFO] [stderr]    Compiling rustc-demangle v0.1.9
[INFO] [stderr]    Compiling wasm-bindgen v0.2.28
[INFO] [stderr]    Compiling ucd-util v0.1.3
[INFO] [stderr]    Compiling utf8-ranges v1.0.2
[INFO] [stderr]    Compiling unicode-segmentation v1.2.1
[INFO] [stderr]    Compiling quick-error v1.2.2
[INFO] [stderr]    Compiling log v0.4.6
[INFO] [stderr]    Compiling thread_local v0.3.6
[INFO] [stderr]    Compiling humantime v1.2.0
[INFO] [stderr]    Compiling termcolor v1.0.4
[INFO] [stderr]    Compiling regex-syntax v0.6.3
[INFO] [stderr]    Compiling sourcefile v0.1.4
[INFO] [stderr]    Compiling heck v0.3.0
[INFO] [stderr]    Compiling memchr v2.1.1
[INFO] [stderr]    Compiling backtrace-sys v0.1.24
[INFO] [stderr]    Compiling atty v0.2.11
[INFO] [stderr]    Compiling quote v0.6.10
[INFO] [stderr]    Compiling nom v4.1.1
[INFO] [stderr]    Compiling aho-corasick v0.6.9
[INFO] [stderr]    Compiling syn v0.15.22
[INFO] [stderr]    Compiling weedle v0.8.0
[INFO] [stderr]    Compiling backtrace v0.3.9
[INFO] [stderr]    Compiling env_logger v0.6.0
[INFO] [stderr]    Compiling wasm-bindgen-backend v0.2.28
[INFO] [stderr]    Compiling synstructure v0.10.1
[INFO] [stderr]    Compiling wasm-bindgen-macro-support v0.2.28
[INFO] [stderr]    Compiling failure v0.1.3
[INFO] [stderr]    Compiling wasm-bindgen-macro v0.2.28
[INFO] [stderr]    Compiling wasm-bindgen-webidl v0.2.22
[INFO] [stderr]    Compiling js-sys v0.3.5
[INFO] [stderr]    Compiling console_error_panic_hook v0.1.5
[INFO] [stderr]    Compiling web-sys v0.3.5
[INFO] [stderr]    Compiling dbapp v0.1.0 (/opt/rustwide/workdir)
[INFO] [stdout] error: expected one of `)`, `,`, `.`, `?`, or an operator, found `:`
[INFO] [stdout]    --> src/functional_dependencies.rs:283:24
[INFO] [stdout]     |
[INFO] [stdout] 283 |                 .into(): (_, _))
[INFO] [stdout]     |                        ^ expected one of `)`, `,`, `.`, `?`, or an operator
[INFO] [stdout] 
[INFO] [stdout] 
[INFO] [stdout] error[E0554]: `#![feature]` may not be used on the beta release channel
[INFO] [stdout]  --> src/lib.rs:1:1
[INFO] [stdout]   |
[INFO] [stdout] 1 | #![feature(self_struct_ctor)]
[INFO] [stdout]   | ^^^^^^^^^^^^^^^^^^^^^^^^^^^^^ help: remove the attribute
[INFO] [stdout]   |
[INFO] [stdout]   = help: the feature `self_struct_ctor` has been stable since `1.32.0` and no longer requires an attribute to enable
[INFO] [stdout] 
[INFO] [stdout] 
[INFO] [stdout] error[E0554]: `#![feature]` may not be used on the beta release channel
[INFO] [stdout]  --> src/lib.rs:2:1
[INFO] [stdout]   |
[INFO] [stdout] 2 | #![feature(nll)]
[INFO] [stdout]   | ^^^^^^^^^^^^^^^^ help: remove the attribute
[INFO] [stdout]   |
[INFO] [stdout]   = help: the feature `nll` has been stable since `1.63.0` and no longer requires an attribute to enable
[INFO] [stdout] 
[INFO] [stdout] 
[INFO] [stdout] error[E0554]: `#![feature]` may not be used on the beta release channel
[INFO] [stdout]  --> src/lib.rs:3:1
[INFO] [stdout]   |
[INFO] [stdout] 3 | #![feature(type_ascription)]
[INFO] [stdout]   | ^^^^^^^^^^^^^^^^^^^^^^^^^^^^
[INFO] [stdout] 
[INFO] [stdout] 
[INFO] [stdout] warning: unused import: `self::console_error_panic_hook::set_once as set_panic_hook`
[INFO] [stdout]   --> src/utils.rs:12:17
[INFO] [stdout]    |
[INFO] [stdout] 12 |         pub use self::console_error_panic_hook::set_once as set_panic_hook;
[INFO] [stdout]    |                 ^^^^^^^^^^^^^^^^^^^^^^^^^^^^^^^^^^^^^^^^^^^^^^^^^^^^^^^^^^
[INFO] [stdout]    |
[INFO] [stdout]    = note: `#[warn(unused_imports)]` on by default
[INFO] [stdout] 
[INFO] [stdout] 
[INFO] [stdout] warning: unused label
[INFO] [stdout]   --> src/functional_dependencies.rs:53:9
[INFO] [stdout]    |
[INFO] [stdout] 53 |         'outer: loop {
[INFO] [stdout]    |         ^^^^^^
[INFO] [stdout]    |
[INFO] [stdout]    = note: `#[warn(unused_labels)]` on by default
[INFO] [stdout] 
[INFO] [stdout] 
[INFO] [stdout] warning: unused label
[INFO] [stdout]    --> src/functional_dependencies.rs:221:9
[INFO] [stdout]     |
[INFO] [stdout] 221 |         'outer: loop {
[INFO] [stdout]     |         ^^^^^^
[INFO] [stdout] 
[INFO] [stdout] 
[INFO] [stdout] warning: the feature `self_struct_ctor` has been stable since 1.32.0 and no longer requires an attribute to enable
[INFO] [stdout]  --> src/lib.rs:1:12
[INFO] [stdout]   |
[INFO] [stdout] 1 | #![feature(self_struct_ctor)]
[INFO] [stdout]   |            ^^^^^^^^^^^^^^^^
[INFO] [stdout]   |
[INFO] [stdout]   = note: `#[warn(stable_features)]` on by default
[INFO] [stdout] 
[INFO] [stdout] 
[INFO] [stdout] warning: the feature `nll` has been stable since 1.63.0 and no longer requires an attribute to enable
[INFO] [stdout]  --> src/lib.rs:2:12
[INFO] [stdout]   |
[INFO] [stdout] 2 | #![feature(nll)]
[INFO] [stdout]   |            ^^^
[INFO] [stdout] 
[INFO] [stdout] 
[INFO] [stdout] error: aborting due to 4 previous errors; 5 warnings emitted
[INFO] [stdout] 
[INFO] [stdout] 
[INFO] [stdout] For more information about this error, try `rustc --explain E0554`.
[INFO] [stdout] 
[INFO] [stderr] error: could not compile `dbapp` (lib) due to 5 previous errors; 5 warnings emitted
[INFO] running `Command { std: "docker" "inspect" "6e1a5be2510b06581e772510ce4412ad2eb155c09c70e6c837aedd8dc7c0c415", kill_on_drop: false }`
[INFO] running `Command { std: "docker" "rm" "-f" "6e1a5be2510b06581e772510ce4412ad2eb155c09c70e6c837aedd8dc7c0c415", kill_on_drop: false }`
[INFO] [stdout] 6e1a5be2510b06581e772510ce4412ad2eb155c09c70e6c837aedd8dc7c0c415
