[INFO] cloning repository https://github.com/CJBSoftware/away
[INFO] running `Command { std: "git" "-c" "credential.helper=" "-c" "credential.helper=/workspace/cargo-home/bin/git-credential-null" "clone" "--bare" "https://github.com/CJBSoftware/away" "/workspace/cache/git-repos/https%3A%2F%2Fgithub.com%2FCJBSoftware%2Faway", kill_on_drop: false }`
[INFO] [stderr] Cloning into bare repository '/workspace/cache/git-repos/https%3A%2F%2Fgithub.com%2FCJBSoftware%2Faway'...
[INFO] running `Command { std: "git" "rev-parse" "HEAD", kill_on_drop: false }`
[INFO] [stdout] d015c5bd496fcf45c77bcd5ae7ad84655f3d046c
[INFO] testing CJBSoftware/away against 1.75.0 for beta-1.76-1
[INFO] running `Command { std: "git" "clone" "/workspace/cache/git-repos/https%3A%2F%2Fgithub.com%2FCJBSoftware%2Faway" "/workspace/builds/worker-3-tc1/source", kill_on_drop: false }`
[INFO] [stderr] Cloning into '/workspace/builds/worker-3-tc1/source'...
[INFO] [stderr] done.
[INFO] validating manifest of git repo https://github.com/CJBSoftware/away on toolchain 1.75.0
[INFO] running `Command { std: CARGO_HOME="/workspace/cargo-home" RUSTUP_HOME="/workspace/rustup-home" "/workspace/cargo-home/bin/cargo" "+1.75.0" "metadata" "--manifest-path" "Cargo.toml" "--no-deps", kill_on_drop: false }`
[INFO] started tweaking git repo https://github.com/CJBSoftware/away
[INFO] finished tweaking git repo https://github.com/CJBSoftware/away
[INFO] tweaked toml for git repo https://github.com/CJBSoftware/away written to /workspace/builds/worker-3-tc1/source/Cargo.toml
[INFO] crate git repo https://github.com/CJBSoftware/away already has a lockfile, it will not be regenerated
[INFO] running `Command { std: CARGO_HOME="/workspace/cargo-home" RUSTUP_HOME="/workspace/rustup-home" "/workspace/cargo-home/bin/cargo" "+1.75.0" "fetch" "--manifest-path" "Cargo.toml", kill_on_drop: false }`
[INFO] [stderr]     Updating crates.io index
[INFO] [stderr]  Downloading crates ...
[INFO] [stderr]   Downloaded mouse-rs v0.4.2
[INFO] [stderr]   Downloaded time v0.2.25
[INFO] [stderr]   Downloaded input-event-codes v0.2.0
[INFO] [stderr]   Downloaded inputbot v0.4.0
[INFO] [stderr]   Downloaded hhmmss v0.1.0
[INFO] [stderr]   Downloaded device_query v0.2.3
[INFO] running `Command { std: "docker" "create" "-v" "/var/lib/crater-agent-workspace/builds/worker-3-tc1/target:/opt/rustwide/target:rw,Z" "-v" "/var/lib/crater-agent-workspace/builds/worker-3-tc1/source:/opt/rustwide/workdir:ro,Z" "-v" "/var/lib/crater-agent-workspace/cargo-home:/opt/rustwide/cargo-home:ro,Z" "-v" "/var/lib/crater-agent-workspace/rustup-home:/opt/rustwide/rustup-home:ro,Z" "-e" "SOURCE_DIR=/opt/rustwide/workdir" "-e" "CARGO_TARGET_DIR=/opt/rustwide/target" "-e" "CARGO_HOME=/opt/rustwide/cargo-home" "-e" "RUSTUP_HOME=/opt/rustwide/rustup-home" "-w" "/opt/rustwide/workdir" "-m" "1610612736" "--user" "0:0" "--network" "none" "ghcr.io/rust-lang/crates-build-env/linux@sha256:2788e3201cd34a07e3172128adcd8b3090168a8e3bcc40d7c032b9dda1df7d1c" "/opt/rustwide/cargo-home/bin/cargo" "+1.75.0" "metadata" "--no-deps" "--format-version=1", kill_on_drop: false }`
[INFO] [stdout] 44c98792089d09169a36c12f7dc9d919fccbb11afc97c6334be627dd91207501
[INFO] running `Command { std: "docker" "start" "-a" "44c98792089d09169a36c12f7dc9d919fccbb11afc97c6334be627dd91207501", kill_on_drop: false }`
[INFO] running `Command { std: "docker" "inspect" "44c98792089d09169a36c12f7dc9d919fccbb11afc97c6334be627dd91207501", kill_on_drop: false }`
[INFO] running `Command { std: "docker" "rm" "-f" "44c98792089d09169a36c12f7dc9d919fccbb11afc97c6334be627dd91207501", kill_on_drop: false }`
[INFO] [stdout] 44c98792089d09169a36c12f7dc9d919fccbb11afc97c6334be627dd91207501
[INFO] running `Command { std: "docker" "create" "-v" "/var/lib/crater-agent-workspace/builds/worker-3-tc1/target:/opt/rustwide/target:rw,Z" "-v" "/var/lib/crater-agent-workspace/builds/worker-3-tc1/source:/opt/rustwide/workdir:ro,Z" "-v" "/var/lib/crater-agent-workspace/cargo-home:/opt/rustwide/cargo-home:ro,Z" "-v" "/var/lib/crater-agent-workspace/rustup-home:/opt/rustwide/rustup-home:ro,Z" "-e" "SOURCE_DIR=/opt/rustwide/workdir" "-e" "CARGO_TARGET_DIR=/opt/rustwide/target" "-e" "CARGO_INCREMENTAL=0" "-e" "RUST_BACKTRACE=full" "-e" "RUSTFLAGS=--cap-lints=warn" "-e" "RUSTDOCFLAGS=--cap-lints=warn" "-e" "CARGO_HOME=/opt/rustwide/cargo-home" "-e" "RUSTUP_HOME=/opt/rustwide/rustup-home" "-w" "/opt/rustwide/workdir" "-m" "1610612736" "--user" "0:0" "--network" "none" "ghcr.io/rust-lang/crates-build-env/linux@sha256:2788e3201cd34a07e3172128adcd8b3090168a8e3bcc40d7c032b9dda1df7d1c" "/opt/rustwide/cargo-home/bin/cargo" "+1.75.0" "build" "--frozen" "--message-format=json", kill_on_drop: false }`
[INFO] [stdout] b4723b891ec3e1989f601609d312d9e7e16e84c22593425bd08ec7e7cfe4ebbe
[INFO] running `Command { std: "docker" "start" "-a" "b4723b891ec3e1989f601609d312d9e7e16e84c22593425bd08ec7e7cfe4ebbe", kill_on_drop: false }`
[INFO] [stderr]    Compiling autocfg v1.0.0
[INFO] [stderr]    Compiling version_check v0.9.4
[INFO] [stderr]    Compiling libc v0.2.118
[INFO] [stderr]    Compiling proc-macro2 v1.0.36
[INFO] [stderr]    Compiling unicode-xid v0.2.2
[INFO] [stderr]    Compiling syn v1.0.86
[INFO] [stderr]    Compiling pkg-config v0.3.17
[INFO] [stderr]    Compiling memchr v2.4.1
[INFO] [stderr]    Compiling proc-macro-hack v0.5.19
[INFO] [stderr]    Compiling serde v1.0.136
[INFO] [stderr]    Compiling bitflags v1.3.2
[INFO] [stderr]    Compiling cfg-if v1.0.0
[INFO] [stderr]    Compiling const_fn v0.4.9
[INFO] [stderr]    Compiling ryu v1.0.9
[INFO] [stderr]    Compiling lexical-core v0.7.6
[INFO] [stderr]    Compiling arrayvec v0.5.2
[INFO] [stderr]    Compiling static_assertions v1.1.0
[INFO] [stderr]    Compiling regex-syntax v0.6.25
[INFO] [stderr]    Compiling serde_json v1.0.78
[INFO] [stderr]    Compiling linked-hash-map v0.5.4
[INFO] [stderr]    Compiling anyhow v1.0.65
[INFO] [stderr]    Compiling itoa v1.0.1
[INFO] [stderr]    Compiling serde_derive v1.0.136
[INFO] [stderr]    Compiling num-traits v0.2.11
[INFO] [stderr]    Compiling memoffset v0.6.5
[INFO] [stderr]    Compiling num-integer v0.1.42
[INFO] [stderr]    Compiling standback v0.2.17
[INFO] [stderr]    Compiling time v0.2.25
[INFO] [stderr]    Compiling x11 v2.18.2
[INFO] [stderr]    Compiling nom v5.1.2
[INFO] [stderr]    Compiling device_query v0.2.3
[INFO] [stderr]    Compiling serde v0.8.23
[INFO] [stderr]    Compiling lazy_static v1.4.0
[INFO] [stderr]    Compiling yaml-rust v0.4.5
[INFO] [stderr]    Compiling rust-ini v0.13.0
[INFO] [stderr]    Compiling quote v1.0.15
[INFO] [stderr]    Compiling aho-corasick v0.7.18
[INFO] [stderr]    Compiling lazy_static v0.2.11
[INFO] [stderr]    Compiling input-event-codes v0.2.0
[INFO] [stderr]    Compiling num-traits v0.1.43
[INFO] [stderr]    Compiling time v0.1.42
[INFO] [stderr]    Compiling dirs-sys v0.3.6
[INFO] [stderr]    Compiling nix v0.23.1
[INFO] [stderr]    Compiling directories v4.0.1
[INFO] [stderr]    Compiling chrono v0.4.10
[INFO] [stderr]    Compiling regex v1.5.4
[INFO] [stderr]    Compiling inputbot v0.4.0
[INFO] [stderr]    Compiling serde-hjson v0.9.1
[INFO] [stderr]    Compiling toml v0.5.8
[INFO] [stderr]    Compiling config v0.11.0
[INFO] [stderr]    Compiling ctrlc v3.2.1
[INFO] [stderr]    Compiling time-macros-impl v0.1.2
[INFO] [stderr]    Compiling time-macros v0.1.1
[INFO] [stderr]    Compiling mouse-rs v0.4.2
[INFO] [stderr]    Compiling hhmmss v0.1.0
[INFO] [stderr]    Compiling away v0.1.7 (/opt/rustwide/workdir)
[INFO] [stdout] error[E0423]: expected value, found struct `DeviceState`
[INFO] [stdout]    --> src/app.rs:175:42
[INFO] [stdout]     |
[INFO] [stdout] 175 |                 let keys: Vec<Keycode> = DeviceState.get_keys();
[INFO] [stdout]     |                                          ^^^^^^^^^^^- help: use the path separator to refer to an item: `::`
[INFO] [stdout] 
[INFO] [stdout] 
[INFO] [stdout] error[E0423]: expected value, found struct `DeviceState`
[INFO] [stdout]    --> src/app.rs:203:42
[INFO] [stdout]     |
[INFO] [stdout] 203 |                 let has_keyboard_input = DeviceState.get_keys().len() > 0;
[INFO] [stdout]     |                                          ^^^^^^^^^^^- help: use the path separator to refer to an item: `::`
[INFO] [stdout] 
[INFO] [stdout] 
[INFO] [stdout] warning: unused import: `DeviceQuery`
[INFO] [stdout]  --> src/app.rs:4:20
[INFO] [stdout]   |
[INFO] [stdout] 4 | use device_query::{DeviceQuery, DeviceState, Keycode};
[INFO] [stdout]   |                    ^^^^^^^^^^^
[INFO] [stdout]   |
[INFO] [stdout]   = note: `#[warn(unused_imports)]` on by default
[INFO] [stdout] 
[INFO] [stdout] 
[INFO] [stdout] error: aborting due to 2 previous errors; 1 warning emitted
[INFO] [stdout] 
[INFO] [stdout] 
[INFO] [stdout] For more information about this error, try `rustc --explain E0423`.
[INFO] [stdout] 
[INFO] [stderr] error: could not compile `away` (bin "away") due to 3 previous errors; 1 warning emitted
[INFO] running `Command { std: "docker" "inspect" "b4723b891ec3e1989f601609d312d9e7e16e84c22593425bd08ec7e7cfe4ebbe", kill_on_drop: false }`
[INFO] running `Command { std: "docker" "rm" "-f" "b4723b891ec3e1989f601609d312d9e7e16e84c22593425bd08ec7e7cfe4ebbe", kill_on_drop: false }`
[INFO] [stdout] b4723b891ec3e1989f601609d312d9e7e16e84c22593425bd08ec7e7cfe4ebbe
[INFO] testing CJBSoftware/away against beta-2023-12-22 for beta-1.76-1
[INFO] running `Command { std: "git" "clone" "/workspace/cache/git-repos/https%3A%2F%2Fgithub.com%2FCJBSoftware%2Faway" "/workspace/builds/worker-3-tc2/source", kill_on_drop: false }`
[INFO] [stderr] Cloning into '/workspace/builds/worker-3-tc2/source'...
[INFO] [stderr] done.
[INFO] validating manifest of git repo https://github.com/CJBSoftware/away on toolchain beta-2023-12-22
[INFO] running `Command { std: CARGO_HOME="/workspace/cargo-home" RUSTUP_HOME="/workspace/rustup-home" "/workspace/cargo-home/bin/cargo" "+beta-2023-12-22" "metadata" "--manifest-path" "Cargo.toml" "--no-deps", kill_on_drop: false }`
[INFO] started tweaking git repo https://github.com/CJBSoftware/away
[INFO] finished tweaking git repo https://github.com/CJBSoftware/away
[INFO] tweaked toml for git repo https://github.com/CJBSoftware/away written to /workspace/builds/worker-3-tc2/source/Cargo.toml
[INFO] crate git repo https://github.com/CJBSoftware/away already has a lockfile, it will not be regenerated
[INFO] running `Command { std: CARGO_HOME="/workspace/cargo-home" RUSTUP_HOME="/workspace/rustup-home" "/workspace/cargo-home/bin/cargo" "+beta-2023-12-22" "fetch" "--manifest-path" "Cargo.toml", kill_on_drop: false }`
[INFO] running `Command { std: "docker" "create" "-v" "/var/lib/crater-agent-workspace/builds/worker-3-tc2/target:/opt/rustwide/target:rw,Z" "-v" "/var/lib/crater-agent-workspace/builds/worker-3-tc2/source:/opt/rustwide/workdir:ro,Z" "-v" "/var/lib/crater-agent-workspace/cargo-home:/opt/rustwide/cargo-home:ro,Z" "-v" "/var/lib/crater-agent-workspace/rustup-home:/opt/rustwide/rustup-home:ro,Z" "-e" "SOURCE_DIR=/opt/rustwide/workdir" "-e" "CARGO_TARGET_DIR=/opt/rustwide/target" "-e" "CARGO_HOME=/opt/rustwide/cargo-home" "-e" "RUSTUP_HOME=/opt/rustwide/rustup-home" "-w" "/opt/rustwide/workdir" "-m" "1610612736" "--user" "0:0" "--network" "none" "ghcr.io/rust-lang/crates-build-env/linux@sha256:2788e3201cd34a07e3172128adcd8b3090168a8e3bcc40d7c032b9dda1df7d1c" "/opt/rustwide/cargo-home/bin/cargo" "+beta-2023-12-22" "metadata" "--no-deps" "--format-version=1", kill_on_drop: false }`
[INFO] [stdout] 9c8d94051d40c0343efbebf3749391c3a83b4aec5a5a1fff3bfb3c7effd9f90d
[INFO] running `Command { std: "docker" "start" "-a" "9c8d94051d40c0343efbebf3749391c3a83b4aec5a5a1fff3bfb3c7effd9f90d", kill_on_drop: false }`
[INFO] running `Command { std: "docker" "inspect" "9c8d94051d40c0343efbebf3749391c3a83b4aec5a5a1fff3bfb3c7effd9f90d", kill_on_drop: false }`
[INFO] running `Command { std: "docker" "rm" "-f" "9c8d94051d40c0343efbebf3749391c3a83b4aec5a5a1fff3bfb3c7effd9f90d", kill_on_drop: false }`
[INFO] [stdout] 9c8d94051d40c0343efbebf3749391c3a83b4aec5a5a1fff3bfb3c7effd9f90d
[INFO] running `Command { std: "docker" "create" "-v" "/var/lib/crater-agent-workspace/builds/worker-3-tc2/target:/opt/rustwide/target:rw,Z" "-v" "/var/lib/crater-agent-workspace/builds/worker-3-tc2/source:/opt/rustwide/workdir:ro,Z" "-v" "/var/lib/crater-agent-workspace/cargo-home:/opt/rustwide/cargo-home:ro,Z" "-v" "/var/lib/crater-agent-workspace/rustup-home:/opt/rustwide/rustup-home:ro,Z" "-e" "SOURCE_DIR=/opt/rustwide/workdir" "-e" "CARGO_TARGET_DIR=/opt/rustwide/target" "-e" "CARGO_INCREMENTAL=0" "-e" "RUST_BACKTRACE=full" "-e" "RUSTFLAGS=--cap-lints=warn" "-e" "RUSTDOCFLAGS=--cap-lints=warn" "-e" "CARGO_HOME=/opt/rustwide/cargo-home" "-e" "RUSTUP_HOME=/opt/rustwide/rustup-home" "-w" "/opt/rustwide/workdir" "-m" "1610612736" "--user" "0:0" "--network" "none" "ghcr.io/rust-lang/crates-build-env/linux@sha256:2788e3201cd34a07e3172128adcd8b3090168a8e3bcc40d7c032b9dda1df7d1c" "/opt/rustwide/cargo-home/bin/cargo" "+beta-2023-12-22" "build" "--frozen" "--message-format=json", kill_on_drop: false }`
[INFO] [stdout] b9f456c97c29a9a160f51f57d392de7447457daf1ade50c1b26b875ff49697df
[INFO] running `Command { std: "docker" "start" "-a" "b9f456c97c29a9a160f51f57d392de7447457daf1ade50c1b26b875ff49697df", kill_on_drop: false }`
[INFO] [stderr]    Compiling autocfg v1.0.0
[INFO] [stderr]    Compiling libc v0.2.118
[INFO] [stderr]    Compiling version_check v0.9.4
[INFO] [stderr]    Compiling proc-macro2 v1.0.36
[INFO] [stderr]    Compiling unicode-xid v0.2.2
[INFO] [stderr]    Compiling pkg-config v0.3.17
[INFO] [stderr]    Compiling syn v1.0.86
[INFO] [stderr]    Compiling memchr v2.4.1
[INFO] [stderr]    Compiling proc-macro-hack v0.5.19
[INFO] [stderr]    Compiling cfg-if v1.0.0
[INFO] [stderr]    Compiling serde v1.0.136
[INFO] [stderr]    Compiling bitflags v1.3.2
[INFO] [stderr]    Compiling const_fn v0.4.9
[INFO] [stderr]    Compiling lexical-core v0.7.6
[INFO] [stderr]    Compiling ryu v1.0.9
[INFO] [stderr]    Compiling serde_json v1.0.78
[INFO] [stderr]    Compiling static_assertions v1.1.0
[INFO] [stderr]    Compiling regex-syntax v0.6.25
[INFO] [stderr]    Compiling arrayvec v0.5.2
[INFO] [stderr]    Compiling serde_derive v1.0.136
[INFO] [stderr]    Compiling anyhow v1.0.65
[INFO] [stderr]    Compiling serde v0.8.23
[INFO] [stderr]    Compiling num-traits v0.2.11
[INFO] [stderr]    Compiling memoffset v0.6.5
[INFO] [stderr]    Compiling num-integer v0.1.42
[INFO] [stderr]    Compiling standback v0.2.17
[INFO] [stderr]    Compiling time v0.2.25
[INFO] [stderr]    Compiling nom v5.1.2
[INFO] [stderr]    Compiling x11 v2.18.2
[INFO] [stderr]    Compiling device_query v0.2.3
[INFO] [stderr]    Compiling itoa v1.0.1
[INFO] [stderr]    Compiling lazy_static v1.4.0
[INFO] [stderr]    Compiling linked-hash-map v0.5.4
[INFO] [stderr]    Compiling aho-corasick v0.7.18
[INFO] [stderr]    Compiling input-event-codes v0.2.0
[INFO] [stderr]    Compiling quote v1.0.15
[INFO] [stderr]    Compiling yaml-rust v0.4.5
[INFO] [stderr]    Compiling rust-ini v0.13.0
[INFO] [stderr]    Compiling lazy_static v0.2.11
[INFO] [stderr]    Compiling num-traits v0.1.43
[INFO] [stderr]    Compiling time v0.1.42
[INFO] [stderr]    Compiling dirs-sys v0.3.6
[INFO] [stderr]    Compiling nix v0.23.1
[INFO] [stderr]    Compiling regex v1.5.4
[INFO] [stderr]    Compiling directories v4.0.1
[INFO] [stderr]    Compiling chrono v0.4.10
[INFO] [stderr]    Compiling inputbot v0.4.0
[INFO] [stderr]    Compiling serde-hjson v0.9.1
[INFO] [stderr]    Compiling toml v0.5.8
[INFO] [stderr]    Compiling config v0.11.0
[INFO] [stderr]    Compiling time-macros-impl v0.1.2
[INFO] [stderr]    Compiling ctrlc v3.2.1
[INFO] [stderr]    Compiling time-macros v0.1.1
[INFO] [stderr]    Compiling hhmmss v0.1.0
[INFO] [stderr]    Compiling mouse-rs v0.4.2
[INFO] [stderr]    Compiling away v0.1.7 (/opt/rustwide/workdir)
[INFO] [stdout] error[E0423]: expected value, found struct `DeviceState`
[INFO] [stdout]    --> src/app.rs:175:42
[INFO] [stdout]     |
[INFO] [stdout] 175 |                 let keys: Vec<Keycode> = DeviceState.get_keys();
[INFO] [stdout]     |                                          ^^^^^^^^^^^- help: use the path separator to refer to an item: `::`
[INFO] [stdout] 
[INFO] [stdout] 
[INFO] [stdout] error[E0423]: expected value, found struct `DeviceState`
[INFO] [stdout]    --> src/app.rs:203:42
[INFO] [stdout]     |
[INFO] [stdout] 203 |                 let has_keyboard_input = DeviceState.get_keys().len() > 0;
[INFO] [stdout]     |                                          ^^^^^^^^^^^- help: use the path separator to refer to an item: `::`
[INFO] [stdout] 
[INFO] [stdout] 
[INFO] [stdout] warning: unused import: `DeviceQuery`
[INFO] [stdout]  --> src/app.rs:4:20
[INFO] [stdout]   |
[INFO] [stdout] 4 | use device_query::{DeviceQuery, DeviceState, Keycode};
[INFO] [stdout]   |                    ^^^^^^^^^^^
[INFO] [stdout]   |
[INFO] [stdout]   = note: `#[warn(unused_imports)]` on by default
[INFO] [stdout] 
[INFO] [stdout] 
[INFO] [stdout] error: aborting due to 2 previous errors; 1 warning emitted
[INFO] [stdout] 
[INFO] [stdout] 
[INFO] [stdout] For more information about this error, try `rustc --explain E0423`.
[INFO] [stdout] 
[INFO] [stderr] error: could not compile `away` (bin "away") due to 3 previous errors; 1 warning emitted
[INFO] running `Command { std: "docker" "inspect" "b9f456c97c29a9a160f51f57d392de7447457daf1ade50c1b26b875ff49697df", kill_on_drop: false }`
[INFO] running `Command { std: "docker" "rm" "-f" "b9f456c97c29a9a160f51f57d392de7447457daf1ade50c1b26b875ff49697df", kill_on_drop: false }`
[INFO] [stdout] b9f456c97c29a9a160f51f57d392de7447457daf1ade50c1b26b875ff49697df
