[INFO] cloning repository https://github.com/CHAM0/vulkano-triangle
[INFO] running `Command { std: "git" "-c" "credential.helper=" "-c" "credential.helper=/workspace/cargo-home/bin/git-credential-null" "clone" "--bare" "https://github.com/CHAM0/vulkano-triangle" "/workspace/cache/git-repos/https%3A%2F%2Fgithub.com%2FCHAM0%2Fvulkano-triangle", kill_on_drop: false }`
[INFO] [stderr] Cloning into bare repository '/workspace/cache/git-repos/https%3A%2F%2Fgithub.com%2FCHAM0%2Fvulkano-triangle'...
[INFO] running `Command { std: "git" "rev-parse" "HEAD", kill_on_drop: false }`
[INFO] [stdout] 41e0cc475fd13e5e66084c12d05c116af23ff274
[INFO] testing CHAM0/vulkano-triangle against 1.75.0 for beta-1.76-1
[INFO] running `Command { std: "git" "clone" "/workspace/cache/git-repos/https%3A%2F%2Fgithub.com%2FCHAM0%2Fvulkano-triangle" "/workspace/builds/worker-1-tc1/source", kill_on_drop: false }`
[INFO] [stderr] Cloning into '/workspace/builds/worker-1-tc1/source'...
[INFO] [stderr] done.
[INFO] validating manifest of git repo https://github.com/CHAM0/vulkano-triangle on toolchain 1.75.0
[INFO] running `Command { std: CARGO_HOME="/workspace/cargo-home" RUSTUP_HOME="/workspace/rustup-home" "/workspace/cargo-home/bin/cargo" "+1.75.0" "metadata" "--manifest-path" "Cargo.toml" "--no-deps", kill_on_drop: false }`
[INFO] started tweaking git repo https://github.com/CHAM0/vulkano-triangle
[INFO] finished tweaking git repo https://github.com/CHAM0/vulkano-triangle
[INFO] tweaked toml for git repo https://github.com/CHAM0/vulkano-triangle written to /workspace/builds/worker-1-tc1/source/Cargo.toml
[INFO] crate git repo https://github.com/CHAM0/vulkano-triangle already has a lockfile, it will not be regenerated
[INFO] running `Command { std: CARGO_HOME="/workspace/cargo-home" RUSTUP_HOME="/workspace/rustup-home" "/workspace/cargo-home/bin/cargo" "+1.75.0" "fetch" "--manifest-path" "Cargo.toml", kill_on_drop: false }`
[INFO] [stderr]     Updating crates.io index
[INFO] [stderr]  Downloading crates ...
[INFO] [stderr]   Downloaded tempfile v3.0.4
[INFO] [stderr]   Downloaded core-graphics v0.16.0
[INFO] [stderr]   Downloaded lock_api v0.1.3
[INFO] [stderr]   Downloaded smallvec v0.6.5
[INFO] [stderr]   Downloaded memmap v0.6.2
[INFO] [stderr]   Downloaded vk-sys v0.3.3
[INFO] [stderr]   Downloaded half v1.2.0
[INFO] [stderr]   Downloaded wayland-sys v0.20.12
[INFO] [stderr]   Downloaded cfg-if v0.1.5
[INFO] [stderr]   Downloaded wayland-commons v0.20.12
[INFO] [stderr]   Downloaded vulkano-win v0.10.0
[INFO] [stderr]   Downloaded version_check v0.1.4
[INFO] [stderr]   Downloaded vulkano-shader-derive v0.10.0
[INFO] [stderr]   Downloaded crossbeam-epoch v0.6.0
[INFO] [stderr]   Downloaded metal-rs v0.6.6
[INFO] [stderr]   Downloaded proc-macro2 v0.4.19
[INFO] [stderr]   Downloaded nix v0.11.0
[INFO] [stderr]   Downloaded vulkano v0.10.0
[INFO] [stderr]   Downloaded winit v0.17.2
[INFO] [stderr]   Downloaded wayland-protocols v0.20.12
[INFO] [stderr]   Downloaded core-graphics v0.12.4
[INFO] [stderr]   Downloaded wayland-scanner v0.20.12
[INFO] [stderr]   Downloaded smithay-client-toolkit v0.3.0
[INFO] [stderr]   Downloaded cocoa v0.17.0
[INFO] [stderr]   Downloaded wayland-client v0.20.12
[INFO] [stderr]   Downloaded cmake v0.1.34
[INFO] [stderr]   Downloaded vulkano-shaders v0.10.0
[INFO] [stderr]   Downloaded core-foundation v0.6.1
[INFO] [stderr]   Downloaded core-foundation-sys v0.6.1
[INFO] [stderr]   Downloaded gcc v0.3.54
[INFO] [stderr]   Downloaded cocoa v0.13.0
[INFO] [stderr]   Downloaded objc_exception v0.1.1
[INFO] running `Command { std: "docker" "create" "-v" "/var/lib/crater-agent-workspace/builds/worker-1-tc1/target:/opt/rustwide/target:rw,Z" "-v" "/var/lib/crater-agent-workspace/builds/worker-1-tc1/source:/opt/rustwide/workdir:ro,Z" "-v" "/var/lib/crater-agent-workspace/cargo-home:/opt/rustwide/cargo-home:ro,Z" "-v" "/var/lib/crater-agent-workspace/rustup-home:/opt/rustwide/rustup-home:ro,Z" "-e" "SOURCE_DIR=/opt/rustwide/workdir" "-e" "CARGO_TARGET_DIR=/opt/rustwide/target" "-e" "CARGO_HOME=/opt/rustwide/cargo-home" "-e" "RUSTUP_HOME=/opt/rustwide/rustup-home" "-w" "/opt/rustwide/workdir" "-m" "1610612736" "--user" "0:0" "--network" "none" "ghcr.io/rust-lang/crates-build-env/linux@sha256:2788e3201cd34a07e3172128adcd8b3090168a8e3bcc40d7c032b9dda1df7d1c" "/opt/rustwide/cargo-home/bin/cargo" "+1.75.0" "metadata" "--no-deps" "--format-version=1", kill_on_drop: false }`
[INFO] [stdout] d0d32a4e1d98063e9b20271ff02d5af0de8a2887c84c1f39894ca086407b7aef
[INFO] running `Command { std: "docker" "start" "-a" "d0d32a4e1d98063e9b20271ff02d5af0de8a2887c84c1f39894ca086407b7aef", kill_on_drop: false }`
[INFO] running `Command { std: "docker" "inspect" "d0d32a4e1d98063e9b20271ff02d5af0de8a2887c84c1f39894ca086407b7aef", kill_on_drop: false }`
[INFO] running `Command { std: "docker" "rm" "-f" "d0d32a4e1d98063e9b20271ff02d5af0de8a2887c84c1f39894ca086407b7aef", kill_on_drop: false }`
[INFO] [stdout] d0d32a4e1d98063e9b20271ff02d5af0de8a2887c84c1f39894ca086407b7aef
[INFO] running `Command { std: "docker" "create" "-v" "/var/lib/crater-agent-workspace/builds/worker-1-tc1/target:/opt/rustwide/target:rw,Z" "-v" "/var/lib/crater-agent-workspace/builds/worker-1-tc1/source:/opt/rustwide/workdir:ro,Z" "-v" "/var/lib/crater-agent-workspace/cargo-home:/opt/rustwide/cargo-home:ro,Z" "-v" "/var/lib/crater-agent-workspace/rustup-home:/opt/rustwide/rustup-home:ro,Z" "-e" "SOURCE_DIR=/opt/rustwide/workdir" "-e" "CARGO_TARGET_DIR=/opt/rustwide/target" "-e" "CARGO_INCREMENTAL=0" "-e" "RUST_BACKTRACE=full" "-e" "RUSTFLAGS=--cap-lints=warn" "-e" "RUSTDOCFLAGS=--cap-lints=warn" "-e" "CARGO_HOME=/opt/rustwide/cargo-home" "-e" "RUSTUP_HOME=/opt/rustwide/rustup-home" "-w" "/opt/rustwide/workdir" "-m" "1610612736" "--user" "0:0" "--network" "none" "ghcr.io/rust-lang/crates-build-env/linux@sha256:2788e3201cd34a07e3172128adcd8b3090168a8e3bcc40d7c032b9dda1df7d1c" "/opt/rustwide/cargo-home/bin/cargo" "+1.75.0" "build" "--frozen" "--message-format=json", kill_on_drop: false }`
[INFO] [stdout] d753d6826cf42680585c5728dc8d86b79eb6579cb42e8c7b06bd2fd46046c320
[INFO] running `Command { std: "docker" "start" "-a" "d753d6826cf42680585c5728dc8d86b79eb6579cb42e8c7b06bd2fd46046c320", kill_on_drop: false }`
[INFO] [stderr]    Compiling libc v0.2.43
[INFO] [stderr]    Compiling version_check v0.1.4
[INFO] [stderr]    Compiling cc v1.0.25
[INFO] [stderr]    Compiling cfg-if v0.1.5
[INFO] [stderr]    Compiling rand_core v0.2.1
[INFO] [stderr]    Compiling bitflags v1.0.4
[INFO] [stderr]    Compiling semver-parser v0.7.0
[INFO] [stderr]    Compiling void v1.0.2
[INFO] [stderr]    Compiling xml-rs v0.7.0
[INFO] [stderr]    Compiling scopeguard v0.3.3
[INFO] [stderr]    Compiling typenum v1.10.0
[INFO] [stderr]    Compiling semver v0.9.0
[INFO] [stderr]    Compiling unreachable v1.0.0
[INFO] [stderr]    Compiling lazy_static v1.1.0
[INFO] [stderr]    Compiling nodrop v0.1.12
[INFO] [stderr]    Compiling stable_deref_trait v1.1.1
[INFO] [stderr]    Compiling arrayvec v0.4.7
[INFO] [stderr]    Compiling rustc_version v0.2.3
[INFO] [stderr]    Compiling owning_ref v0.3.3
[INFO] [stderr]    Compiling rand v0.5.5
[INFO] [stderr]    Compiling parking_lot_core v0.3.1
[INFO] [stderr]    Compiling wayland-scanner v0.20.12
[INFO] [stderr]    Compiling smallvec v0.6.5
[INFO] [stderr]    Compiling memoffset v0.2.1
[INFO] [stderr]    Compiling arrayref v0.3.5
[INFO] [stderr]    Compiling crossbeam-utils v0.5.0
[INFO] [stderr]    Compiling byte-tools v0.2.0
[INFO] [stderr]    Compiling lock_api v0.1.3
[INFO] [stderr]    Compiling block-buffer v0.3.3
[INFO] [stderr]    Compiling downcast-rs v1.0.3
[INFO] [stderr]    Compiling fake-simd v0.1.2
[INFO] [stderr]    Compiling cmake v0.1.34
[INFO] [stderr]    Compiling pkg-config v0.3.14
[INFO] [stderr]    Compiling nix v0.11.0
[INFO] [stderr]    Compiling proc-macro2 v0.4.19
[INFO] [stderr]    Compiling libloading v0.5.0
[INFO] [stderr]    Compiling wayland-client v0.20.12
[INFO] [stderr]    Compiling generic-array v0.9.0
[INFO] [stderr]    Compiling wayland-protocols v0.20.12
[INFO] [stderr]    Compiling crossbeam-epoch v0.6.0
[INFO] [stderr]    Compiling parking_lot v0.6.4
[INFO] [stderr]    Compiling digest v0.7.6
[INFO] [stderr]    Compiling dlib v0.4.1
[INFO] [stderr]    Compiling wayland-sys v0.20.12
[INFO] [stderr]    Compiling sha2 v0.7.1
[INFO] [stderr]    Compiling x11-dl v2.18.3
[INFO] [stderr]    Compiling crossbeam-epoch v0.5.2
[INFO] [stderr]    Compiling unicode-xid v0.1.0
[INFO] [stderr]    Compiling remove_dir_all v0.5.1
[INFO] [stderr]    Compiling wayland-commons v0.20.12
[INFO] [stderr]    Compiling tempfile v3.0.4
[INFO] [stderr]    Compiling glsl-to-spirv v0.1.7
[INFO] [stderr]    Compiling crossbeam-channel v0.2.6
[INFO] [stderr]    Compiling crossbeam-deque v0.5.2
[INFO] [stderr]    Compiling memmap v0.6.2
[INFO] [stderr]    Compiling vulkano v0.10.0
[INFO] [stderr]    Compiling quote v0.6.8
[INFO] [stderr]    Compiling crossbeam v0.4.1
[INFO] [stderr]    Compiling shared_library v0.1.9
[INFO] [stderr]    Compiling log v0.4.5
[INFO] [stderr]    Compiling percent-encoding v1.0.1
[INFO] [stderr]    Compiling vk-sys v0.3.3
[INFO] [stderr]    Compiling half v1.2.0
[INFO] [stderr]    Compiling fnv v1.0.6
[INFO] [stderr]    Compiling syn v0.14.9
[INFO] [stderr]    Compiling smithay-client-toolkit v0.3.0
[INFO] [stderr]    Compiling winit v0.17.2
[INFO] [stderr]    Compiling vulkano-win v0.10.0
[INFO] [stderr]    Compiling vulkano-shaders v0.10.0
[INFO] [stderr]    Compiling vulkano-shader-derive v0.10.0
[INFO] [stderr]    Compiling triangle v0.1.0 (/opt/rustwide/workdir)
[INFO] [stdout] error[E0659]: `path` is ambiguous
[INFO] [stdout]    --> src/main.rs:240:15
[INFO] [stdout]     |
[INFO] [stdout] 240 |             #[path = "src/shaders/vertex_shader.glsl"]
[INFO] [stdout]     |               ^^^^ ambiguous name
[INFO] [stdout]     |
[INFO] [stdout]     = note: ambiguous because of a name conflict with a builtin attribute
[INFO] [stdout]     = note: `path` could refer to a built-in attribute
[INFO] [stdout] note: `path` could also refer to the derive helper attribute defined here
[INFO] [stdout]    --> src/main.rs:238:22
[INFO] [stdout]     |
[INFO] [stdout] 238 |             #[derive(VulkanoShader)]
[INFO] [stdout]     |                      ^^^^^^^^^^^^^
[INFO] [stdout] 
[INFO] [stdout] 
[INFO] [stdout] error[E0659]: `path` is ambiguous
[INFO] [stdout]    --> src/main.rs:249:15
[INFO] [stdout]     |
[INFO] [stdout] 249 |             #[path = "src/shaders/fragment_shader.glsl"]
[INFO] [stdout]     |               ^^^^ ambiguous name
[INFO] [stdout]     |
[INFO] [stdout]     = note: ambiguous because of a name conflict with a builtin attribute
[INFO] [stdout]     = note: `path` could refer to a built-in attribute
[INFO] [stdout] note: `path` could also refer to the derive helper attribute defined here
[INFO] [stdout]    --> src/main.rs:247:22
[INFO] [stdout]     |
[INFO] [stdout] 247 |             #[derive(VulkanoShader)]
[INFO] [stdout]     |                      ^^^^^^^^^^^^^
[INFO] [stdout] 
[INFO] [stdout] 
[INFO] [stdout] warning: unused import: `vulkano::sync::now`
[INFO] [stdout]   --> src/main.rs:12:5
[INFO] [stdout]    |
[INFO] [stdout] 12 | use vulkano::sync::now;
[INFO] [stdout]    |     ^^^^^^^^^^^^^^^^^^
[INFO] [stdout]    |
[INFO] [stdout]    = note: `#[warn(unused_imports)]` on by default
[INFO] [stdout] 
[INFO] [stdout] 
[INFO] [stdout] warning: unused import: `SharingMode`
[INFO] [stdout]   --> src/main.rs:13:33
[INFO] [stdout]    |
[INFO] [stdout] 13 | use vulkano::sync::{ GpuFuture, SharingMode };
[INFO] [stdout]    |                                 ^^^^^^^^^^^
[INFO] [stdout] 
[INFO] [stdout] 
[INFO] [stdout] warning: unused import: `InstanceExtensions`
[INFO] [stdout]   --> src/main.rs:15:36
[INFO] [stdout]    |
[INFO] [stdout] 15 | use vulkano::instance::{ Instance, InstanceExtensions, ApplicationInfo, Version, PhysicalDevice, Features };
[INFO] [stdout]    |                                    ^^^^^^^^^^^^^^^^^^
[INFO] [stdout] 
[INFO] [stdout] 
[INFO] [stdout] warning: unused import: `SurfaceTransform`
[INFO] [stdout]   --> src/main.rs:17:47
[INFO] [stdout]    |
[INFO] [stdout] 17 | use vulkano::swapchain::{ Surface, Swapchain, SurfaceTransform, PresentMode, acquire_next_image };
[INFO] [stdout]    |                                               ^^^^^^^^^^^^^^^^
[INFO] [stdout] 
[INFO] [stdout] 
[INFO] [stdout] warning: unused import: `ImageUsage`
[INFO] [stdout]   --> src/main.rs:18:39
[INFO] [stdout]    |
[INFO] [stdout] 18 | use vulkano::image::{ SwapchainImage, ImageUsage};
[INFO] [stdout]    |                                       ^^^^^^^^^^
[INFO] [stdout] 
[INFO] [stdout] 
[INFO] [stdout] warning: unused imports: `vertex::BufferlessDefinition`, `vertex::BufferlessVertices`
[INFO] [stdout]   --> src/main.rs:20:44
[INFO] [stdout]    |
[INFO] [stdout] 20 | ...icsPipeline, vertex::BufferlessDefinition, viewport::Viewport, vertex::SingleBufferDefinition, vertex::BufferlessVertices };
[INFO] [stdout]    |                 ^^^^^^^^^^^^^^^^^^^^^^^^^^^^                                                      ^^^^^^^^^^^^^^^^^^^^^^^^^^
[INFO] [stdout] 
[INFO] [stdout] 
[INFO] [stdout] warning: unused import: `vulkano::descriptor::PipelineLayoutAbstract`
[INFO] [stdout]   --> src/main.rs:22:5
[INFO] [stdout]    |
[INFO] [stdout] 22 | use vulkano::descriptor::PipelineLayoutAbstract;
[INFO] [stdout]    |     ^^^^^^^^^^^^^^^^^^^^^^^^^^^^^^^^^^^^^^^^^^^
[INFO] [stdout] 
[INFO] [stdout] 
[INFO] [stdout] warning: trait objects without an explicit `dyn` are deprecated
[INFO] [stdout]   --> src/main.rs:49:22
[INFO] [stdout]    |
[INFO] [stdout] 49 |     render_pass: Arc<RenderPassAbstract + Send + Sync>,
[INFO] [stdout]    |                      ^^^^^^^^^^^^^^^^^^^^^^^^^^^^^^^^
[INFO] [stdout]    |
[INFO] [stdout]    = warning: this is accepted in the current edition (Rust 2015) but is a hard error in Rust 2021!
[INFO] [stdout]    = note: for more information, see <https://doc.rust-lang.org/nightly/edition-guide/rust-2021/warnings-promoted-to-error.html>
[INFO] [stdout]    = note: `#[warn(bare_trait_objects)]` on by default
[INFO] [stdout] help: use `dyn`
[INFO] [stdout]    |
[INFO] [stdout] 49 |     render_pass: Arc<dyn RenderPassAbstract + Send + Sync>,
[INFO] [stdout]    |                      +++
[INFO] [stdout] 
[INFO] [stdout] 
[INFO] [stdout] warning: trait objects without an explicit `dyn` are deprecated
[INFO] [stdout]   --> src/main.rs:35:98
[INFO] [stdout]    |
[INFO] [stdout] 35 | ...Vertex>, std::boxed::Box<vulkano::descriptor::PipelineLayoutAbstract + std::marker::Send + std::marker::Sync>, std::sync::Arc<vulkano:...
[INFO] [stdout]    |                             ^^^^^^^^^^^^^^^^^^^^^^^^^^^^^^^^^^^^^^^^^^^^^^^^^^^^^^^^^^^^^^^^^^^^^^^^^^^^^^^^^^^
[INFO] [stdout]    |
[INFO] [stdout]    = warning: this is accepted in the current edition (Rust 2015) but is a hard error in Rust 2021!
[INFO] [stdout]    = note: for more information, see <https://doc.rust-lang.org/nightly/edition-guide/rust-2021/warnings-promoted-to-error.html>
[INFO] [stdout] help: use `dyn`
[INFO] [stdout]    |
[INFO] [stdout] 35 | type ConcreteGraphicsPipeline = GraphicsPipeline<SingleBufferDefinition<Vertex>, std::boxed::Box<dyn vulkano::descriptor::PipelineLayoutAbstract + std::marker::Send + std::marker::Sync>, std::sync::Arc<vulkano::framebuffer::RenderPassAbstract + std::marker::Send + std::marker::Sync>>;
[INFO] [stdout]    |                                                                                                  +++
[INFO] [stdout] 
[INFO] [stdout] 
[INFO] [stdout] warning: trait objects without an explicit `dyn` are deprecated
[INFO] [stdout]   --> src/main.rs:35:199
[INFO] [stdout]    |
[INFO] [stdout] 35 | ...ker::Sync>, std::sync::Arc<vulkano::framebuffer::RenderPassAbstract + std::marker::Send + std::marker::Sync>>;
[INFO] [stdout]    |                               ^^^^^^^^^^^^^^^^^^^^^^^^^^^^^^^^^^^^^^^^^^^^^^^^^^^^^^^^^^^^^^^^^^^^^^^^^^^^^^^^
[INFO] [stdout]    |
[INFO] [stdout]    = warning: this is accepted in the current edition (Rust 2015) but is a hard error in Rust 2021!
[INFO] [stdout]    = note: for more information, see <https://doc.rust-lang.org/nightly/edition-guide/rust-2021/warnings-promoted-to-error.html>
[INFO] [stdout] help: use `dyn`
[INFO] [stdout]    |
[INFO] [stdout] 35 | type ConcreteGraphicsPipeline = GraphicsPipeline<SingleBufferDefinition<Vertex>, std::boxed::Box<vulkano::descriptor::PipelineLayoutAbstract + std::marker::Send + std::marker::Sync>, std::sync::Arc<dyn vulkano::framebuffer::RenderPassAbstract + std::marker::Send + std::marker::Sync>>;
[INFO] [stdout]    |                                                                                                                                                                                                       +++
[INFO] [stdout] 
[INFO] [stdout] 
[INFO] [stdout] warning: trait objects without an explicit `dyn` are deprecated
[INFO] [stdout]   --> src/main.rs:52:37
[INFO] [stdout]    |
[INFO] [stdout] 52 |     swapchain_framebuffers: Vec<Arc<FramebufferAbstract + Send + Sync>>,
[INFO] [stdout]    |                                     ^^^^^^^^^^^^^^^^^^^^^^^^^^^^^^^^^
[INFO] [stdout]    |
[INFO] [stdout]    = warning: this is accepted in the current edition (Rust 2015) but is a hard error in Rust 2021!
[INFO] [stdout]    = note: for more information, see <https://doc.rust-lang.org/nightly/edition-guide/rust-2021/warnings-promoted-to-error.html>
[INFO] [stdout] help: use `dyn`
[INFO] [stdout]    |
[INFO] [stdout] 52 |     swapchain_framebuffers: Vec<Arc<dyn FramebufferAbstract + Send + Sync>>,
[INFO] [stdout]    |                                     +++
[INFO] [stdout] 
[INFO] [stdout] 
[INFO] [stdout] warning: trait objects without an explicit `dyn` are deprecated
[INFO] [stdout]    --> src/main.rs:221:27
[INFO] [stdout]     |
[INFO] [stdout] 221 |         render_pass: &Arc<RenderPassAbstract + Send + Sync>) -> ( Arc<CpuAccessibleBuffer<[Vertex]>>, Arc<ConcreteGraphicsPipeline>) {
[INFO] [stdout]     |                           ^^^^^^^^^^^^^^^^^^^^^^^^^^^^^^^^
[INFO] [stdout]     |
[INFO] [stdout]     = warning: this is accepted in the current edition (Rust 2015) but is a hard error in Rust 2021!
[INFO] [stdout]     = note: for more information, see <https://doc.rust-lang.org/nightly/edition-guide/rust-2021/warnings-promoted-to-error.html>
[INFO] [stdout] help: use `dyn`
[INFO] [stdout]     |
[INFO] [stdout] 221 |         render_pass: &Arc<dyn RenderPassAbstract + Send + Sync>) -> ( Arc<CpuAccessibleBuffer<[Vertex]>>, Arc<ConcreteGraphicsPipeline>) {
[INFO] [stdout]     |                           +++
[INFO] [stdout] 
[INFO] [stdout] 
[INFO] [stdout] warning: trait objects without an explicit `dyn` are deprecated
[INFO] [stdout]    --> src/main.rs:284:16
[INFO] [stdout]     |
[INFO] [stdout] 284 |         -> Arc<RenderPassAbstract + Send + Sync> {
[INFO] [stdout]     |                ^^^^^^^^^^^^^^^^^^^^^^^^^^^^^^^^
[INFO] [stdout]     |
[INFO] [stdout]     = warning: this is accepted in the current edition (Rust 2015) but is a hard error in Rust 2021!
[INFO] [stdout]     = note: for more information, see <https://doc.rust-lang.org/nightly/edition-guide/rust-2021/warnings-promoted-to-error.html>
[INFO] [stdout] help: use `dyn`
[INFO] [stdout]     |
[INFO] [stdout] 284 |         -> Arc<dyn RenderPassAbstract + Send + Sync> {
[INFO] [stdout]     |                +++
[INFO] [stdout] 
[INFO] [stdout] 
[INFO] [stdout] warning: trait objects without an explicit `dyn` are deprecated
[INFO] [stdout]    --> src/main.rs:303:27
[INFO] [stdout]     |
[INFO] [stdout] 303 |         render_pass: &Arc<RenderPassAbstract + Send + Sync>) -> Vec<Arc<FramebufferAbstract + Send + Sync>> {
[INFO] [stdout]     |                           ^^^^^^^^^^^^^^^^^^^^^^^^^^^^^^^^
[INFO] [stdout]     |
[INFO] [stdout]     = warning: this is accepted in the current edition (Rust 2015) but is a hard error in Rust 2021!
[INFO] [stdout]     = note: for more information, see <https://doc.rust-lang.org/nightly/edition-guide/rust-2021/warnings-promoted-to-error.html>
[INFO] [stdout] help: use `dyn`
[INFO] [stdout]     |
[INFO] [stdout] 303 |         render_pass: &Arc<dyn RenderPassAbstract + Send + Sync>) -> Vec<Arc<FramebufferAbstract + Send + Sync>> {
[INFO] [stdout]     |                           +++
[INFO] [stdout] 
[INFO] [stdout] 
[INFO] [stdout] warning: trait objects without an explicit `dyn` are deprecated
[INFO] [stdout]    --> src/main.rs:303:73
[INFO] [stdout]     |
[INFO] [stdout] 303 |         render_pass: &Arc<RenderPassAbstract + Send + Sync>) -> Vec<Arc<FramebufferAbstract + Send + Sync>> {
[INFO] [stdout]     |                                                                         ^^^^^^^^^^^^^^^^^^^^^^^^^^^^^^^^^
[INFO] [stdout]     |
[INFO] [stdout]     = warning: this is accepted in the current edition (Rust 2015) but is a hard error in Rust 2021!
[INFO] [stdout]     = note: for more information, see <https://doc.rust-lang.org/nightly/edition-guide/rust-2021/warnings-promoted-to-error.html>
[INFO] [stdout] help: use `dyn`
[INFO] [stdout]     |
[INFO] [stdout] 303 |         render_pass: &Arc<RenderPassAbstract + Send + Sync>) -> Vec<Arc<dyn FramebufferAbstract + Send + Sync>> {
[INFO] [stdout]     |                                                                         +++
[INFO] [stdout] 
[INFO] [stdout] 
[INFO] [stdout] warning: trait objects without an explicit `dyn` are deprecated
[INFO] [stdout]    --> src/main.rs:306:30
[INFO] [stdout]     |
[INFO] [stdout] 306 |                 let fba: Arc<FramebufferAbstract + Send + Sync> = Arc::new(Framebuffer::start(render_pass.clone())
[INFO] [stdout]     |                              ^^^^^^^^^^^^^^^^^^^^^^^^^^^^^^^^^
[INFO] [stdout]     |
[INFO] [stdout]     = warning: this is accepted in the current edition (Rust 2015) but is a hard error in Rust 2021!
[INFO] [stdout]     = note: for more information, see <https://doc.rust-lang.org/nightly/edition-guide/rust-2021/warnings-promoted-to-error.html>
[INFO] [stdout] help: use `dyn`
[INFO] [stdout]     |
[INFO] [stdout] 306 |                 let fba: Arc<dyn FramebufferAbstract + Send + Sync> = Arc::new(Framebuffer::start(render_pass.clone())
[INFO] [stdout]     |                              +++
[INFO] [stdout] 
[INFO] [stdout] 
[INFO] [stdout] error: aborting due to 2 previous errors; 16 warnings emitted
[INFO] [stdout] 
[INFO] [stdout] 
[INFO] [stdout] For more information about this error, try `rustc --explain E0659`.
[INFO] [stdout] 
[INFO] [stderr] error: could not compile `triangle` (bin "triangle") due to 3 previous errors; 16 warnings emitted
[INFO] running `Command { std: "docker" "inspect" "d753d6826cf42680585c5728dc8d86b79eb6579cb42e8c7b06bd2fd46046c320", kill_on_drop: false }`
[INFO] running `Command { std: "docker" "rm" "-f" "d753d6826cf42680585c5728dc8d86b79eb6579cb42e8c7b06bd2fd46046c320", kill_on_drop: false }`
[INFO] [stdout] d753d6826cf42680585c5728dc8d86b79eb6579cb42e8c7b06bd2fd46046c320
[INFO] testing CHAM0/vulkano-triangle against beta-2023-12-22 for beta-1.76-1
[INFO] running `Command { std: "git" "clone" "/workspace/cache/git-repos/https%3A%2F%2Fgithub.com%2FCHAM0%2Fvulkano-triangle" "/workspace/builds/worker-1-tc2/source", kill_on_drop: false }`
[INFO] [stderr] Cloning into '/workspace/builds/worker-1-tc2/source'...
[INFO] [stderr] done.
[INFO] validating manifest of git repo https://github.com/CHAM0/vulkano-triangle on toolchain beta-2023-12-22
[INFO] running `Command { std: CARGO_HOME="/workspace/cargo-home" RUSTUP_HOME="/workspace/rustup-home" "/workspace/cargo-home/bin/cargo" "+beta-2023-12-22" "metadata" "--manifest-path" "Cargo.toml" "--no-deps", kill_on_drop: false }`
[INFO] started tweaking git repo https://github.com/CHAM0/vulkano-triangle
[INFO] finished tweaking git repo https://github.com/CHAM0/vulkano-triangle
[INFO] tweaked toml for git repo https://github.com/CHAM0/vulkano-triangle written to /workspace/builds/worker-1-tc2/source/Cargo.toml
[INFO] crate git repo https://github.com/CHAM0/vulkano-triangle already has a lockfile, it will not be regenerated
[INFO] running `Command { std: CARGO_HOME="/workspace/cargo-home" RUSTUP_HOME="/workspace/rustup-home" "/workspace/cargo-home/bin/cargo" "+beta-2023-12-22" "fetch" "--manifest-path" "Cargo.toml", kill_on_drop: false }`
[INFO] running `Command { std: "docker" "create" "-v" "/var/lib/crater-agent-workspace/builds/worker-1-tc2/target:/opt/rustwide/target:rw,Z" "-v" "/var/lib/crater-agent-workspace/builds/worker-1-tc2/source:/opt/rustwide/workdir:ro,Z" "-v" "/var/lib/crater-agent-workspace/cargo-home:/opt/rustwide/cargo-home:ro,Z" "-v" "/var/lib/crater-agent-workspace/rustup-home:/opt/rustwide/rustup-home:ro,Z" "-e" "SOURCE_DIR=/opt/rustwide/workdir" "-e" "CARGO_TARGET_DIR=/opt/rustwide/target" "-e" "CARGO_HOME=/opt/rustwide/cargo-home" "-e" "RUSTUP_HOME=/opt/rustwide/rustup-home" "-w" "/opt/rustwide/workdir" "-m" "1610612736" "--user" "0:0" "--network" "none" "ghcr.io/rust-lang/crates-build-env/linux@sha256:2788e3201cd34a07e3172128adcd8b3090168a8e3bcc40d7c032b9dda1df7d1c" "/opt/rustwide/cargo-home/bin/cargo" "+beta-2023-12-22" "metadata" "--no-deps" "--format-version=1", kill_on_drop: false }`
[INFO] [stdout] eb48a07f4a03c8533c879c742670acba5e78ff63657d1cf5613e793132673aec
[INFO] running `Command { std: "docker" "start" "-a" "eb48a07f4a03c8533c879c742670acba5e78ff63657d1cf5613e793132673aec", kill_on_drop: false }`
[INFO] running `Command { std: "docker" "inspect" "eb48a07f4a03c8533c879c742670acba5e78ff63657d1cf5613e793132673aec", kill_on_drop: false }`
[INFO] running `Command { std: "docker" "rm" "-f" "eb48a07f4a03c8533c879c742670acba5e78ff63657d1cf5613e793132673aec", kill_on_drop: false }`
[INFO] [stdout] eb48a07f4a03c8533c879c742670acba5e78ff63657d1cf5613e793132673aec
[INFO] running `Command { std: "docker" "create" "-v" "/var/lib/crater-agent-workspace/builds/worker-1-tc2/target:/opt/rustwide/target:rw,Z" "-v" "/var/lib/crater-agent-workspace/builds/worker-1-tc2/source:/opt/rustwide/workdir:ro,Z" "-v" "/var/lib/crater-agent-workspace/cargo-home:/opt/rustwide/cargo-home:ro,Z" "-v" "/var/lib/crater-agent-workspace/rustup-home:/opt/rustwide/rustup-home:ro,Z" "-e" "SOURCE_DIR=/opt/rustwide/workdir" "-e" "CARGO_TARGET_DIR=/opt/rustwide/target" "-e" "CARGO_INCREMENTAL=0" "-e" "RUST_BACKTRACE=full" "-e" "RUSTFLAGS=--cap-lints=warn" "-e" "RUSTDOCFLAGS=--cap-lints=warn" "-e" "CARGO_HOME=/opt/rustwide/cargo-home" "-e" "RUSTUP_HOME=/opt/rustwide/rustup-home" "-w" "/opt/rustwide/workdir" "-m" "1610612736" "--user" "0:0" "--network" "none" "ghcr.io/rust-lang/crates-build-env/linux@sha256:2788e3201cd34a07e3172128adcd8b3090168a8e3bcc40d7c032b9dda1df7d1c" "/opt/rustwide/cargo-home/bin/cargo" "+beta-2023-12-22" "build" "--frozen" "--message-format=json", kill_on_drop: false }`
[INFO] [stdout] 20f5a65e4f14ecdff93c934b49b05552da80fdfff385baea7a4951d9fc5728b4
[INFO] running `Command { std: "docker" "start" "-a" "20f5a65e4f14ecdff93c934b49b05552da80fdfff385baea7a4951d9fc5728b4", kill_on_drop: false }`
[INFO] [stderr]    Compiling libc v0.2.43
[INFO] [stderr]    Compiling version_check v0.1.4
[INFO] [stderr]    Compiling cc v1.0.25
[INFO] [stderr]    Compiling cfg-if v0.1.5
[INFO] [stderr]    Compiling rand_core v0.2.1
[INFO] [stderr]    Compiling bitflags v1.0.4
[INFO] [stderr]    Compiling void v1.0.2
[INFO] [stderr]    Compiling semver-parser v0.7.0
[INFO] [stderr]    Compiling xml-rs v0.7.0
[INFO] [stderr]    Compiling scopeguard v0.3.3
[INFO] [stderr]    Compiling typenum v1.10.0
[INFO] [stderr]    Compiling unreachable v1.0.0
[INFO] [stderr]    Compiling semver v0.9.0
[INFO] [stderr]    Compiling lazy_static v1.1.0
[INFO] [stderr]    Compiling stable_deref_trait v1.1.1
[INFO] [stderr]    Compiling nodrop v0.1.12
[INFO] [stderr]    Compiling owning_ref v0.3.3
[INFO] [stderr]    Compiling arrayvec v0.4.7
[INFO] [stderr]    Compiling rand v0.5.5
[INFO] [stderr]    Compiling rustc_version v0.2.3
[INFO] [stderr]    Compiling smallvec v0.6.5
[INFO] [stderr]    Compiling byte-tools v0.2.0
[INFO] [stderr]    Compiling crossbeam-utils v0.5.0
[INFO] [stderr]    Compiling arrayref v0.3.5
[INFO] [stderr]    Compiling parking_lot_core v0.3.1
[INFO] [stderr]    Compiling memoffset v0.2.1
[INFO] [stderr]    Compiling block-buffer v0.3.3
[INFO] [stderr]    Compiling lock_api v0.1.3
[INFO] [stderr]    Compiling wayland-scanner v0.20.12
[INFO] [stderr]    Compiling downcast-rs v1.0.3
[INFO] [stderr]    Compiling fake-simd v0.1.2
[INFO] [stderr]    Compiling libloading v0.5.0
[INFO] [stderr]    Compiling cmake v0.1.34
[INFO] [stderr]    Compiling pkg-config v0.3.14
[INFO] [stderr]    Compiling proc-macro2 v0.4.19
[INFO] [stderr]    Compiling nix v0.11.0
[INFO] [stderr]    Compiling wayland-client v0.20.12
[INFO] [stderr]    Compiling wayland-protocols v0.20.12
[INFO] [stderr]    Compiling generic-array v0.9.0
[INFO] [stderr]    Compiling x11-dl v2.18.3
[INFO] [stderr]    Compiling dlib v0.4.1
[INFO] [stderr]    Compiling wayland-sys v0.20.12
[INFO] [stderr]    Compiling parking_lot v0.6.4
[INFO] [stderr]    Compiling digest v0.7.6
[INFO] [stderr]    Compiling sha2 v0.7.1
[INFO] [stderr]    Compiling wayland-commons v0.20.12
[INFO] [stderr]    Compiling crossbeam-epoch v0.6.0
[INFO] [stderr]    Compiling crossbeam-epoch v0.5.2
[INFO] [stderr]    Compiling unicode-xid v0.1.0
[INFO] [stderr]    Compiling remove_dir_all v0.5.1
[INFO] [stderr]    Compiling glsl-to-spirv v0.1.7
[INFO] [stderr]    Compiling tempfile v3.0.4
[INFO] [stderr]    Compiling crossbeam-deque v0.5.2
[INFO] [stderr]    Compiling crossbeam-channel v0.2.6
[INFO] [stderr]    Compiling memmap v0.6.2
[INFO] [stderr]    Compiling vulkano v0.10.0
[INFO] [stderr]    Compiling crossbeam v0.4.1
[INFO] [stderr]    Compiling quote v0.6.8
[INFO] [stderr]    Compiling shared_library v0.1.9
[INFO] [stderr]    Compiling log v0.4.5
[INFO] [stderr]    Compiling fnv v1.0.6
[INFO] [stderr]    Compiling vk-sys v0.3.3
[INFO] [stderr]    Compiling half v1.2.0
[INFO] [stderr]    Compiling percent-encoding v1.0.1
[INFO] [stderr]    Compiling syn v0.14.9
[INFO] [stderr]    Compiling smithay-client-toolkit v0.3.0
[INFO] [stderr]    Compiling winit v0.17.2
[INFO] [stderr]    Compiling vulkano-win v0.10.0
[INFO] [stderr]    Compiling vulkano-shaders v0.10.0
[INFO] [stderr]    Compiling vulkano-shader-derive v0.10.0
[INFO] [stderr]    Compiling triangle v0.1.0 (/opt/rustwide/workdir)
[INFO] [stdout] error[E0659]: `path` is ambiguous
[INFO] [stdout]    --> src/main.rs:240:15
[INFO] [stdout]     |
[INFO] [stdout] 240 |             #[path = "src/shaders/vertex_shader.glsl"]
[INFO] [stdout]     |               ^^^^ ambiguous name
[INFO] [stdout]     |
[INFO] [stdout]     = note: ambiguous because of a name conflict with a builtin attribute
[INFO] [stdout]     = note: `path` could refer to a built-in attribute
[INFO] [stdout] note: `path` could also refer to the derive helper attribute defined here
[INFO] [stdout]    --> src/main.rs:238:22
[INFO] [stdout]     |
[INFO] [stdout] 238 |             #[derive(VulkanoShader)]
[INFO] [stdout]     |                      ^^^^^^^^^^^^^
[INFO] [stdout] 
[INFO] [stdout] 
[INFO] [stdout] error[E0659]: `path` is ambiguous
[INFO] [stdout]    --> src/main.rs:249:15
[INFO] [stdout]     |
[INFO] [stdout] 249 |             #[path = "src/shaders/fragment_shader.glsl"]
[INFO] [stdout]     |               ^^^^ ambiguous name
[INFO] [stdout]     |
[INFO] [stdout]     = note: ambiguous because of a name conflict with a builtin attribute
[INFO] [stdout]     = note: `path` could refer to a built-in attribute
[INFO] [stdout] note: `path` could also refer to the derive helper attribute defined here
[INFO] [stdout]    --> src/main.rs:247:22
[INFO] [stdout]     |
[INFO] [stdout] 247 |             #[derive(VulkanoShader)]
[INFO] [stdout]     |                      ^^^^^^^^^^^^^
[INFO] [stdout] 
[INFO] [stdout] 
[INFO] [stdout] warning: unused import: `vulkano::sync::now`
[INFO] [stdout]   --> src/main.rs:12:5
[INFO] [stdout]    |
[INFO] [stdout] 12 | use vulkano::sync::now;
[INFO] [stdout]    |     ^^^^^^^^^^^^^^^^^^
[INFO] [stdout]    |
[INFO] [stdout]    = note: `#[warn(unused_imports)]` on by default
[INFO] [stdout] 
[INFO] [stdout] 
[INFO] [stdout] warning: unused import: `SharingMode`
[INFO] [stdout]   --> src/main.rs:13:33
[INFO] [stdout]    |
[INFO] [stdout] 13 | use vulkano::sync::{ GpuFuture, SharingMode };
[INFO] [stdout]    |                                 ^^^^^^^^^^^
[INFO] [stdout] 
[INFO] [stdout] 
[INFO] [stdout] warning: unused import: `InstanceExtensions`
[INFO] [stdout]   --> src/main.rs:15:36
[INFO] [stdout]    |
[INFO] [stdout] 15 | use vulkano::instance::{ Instance, InstanceExtensions, ApplicationInfo, Version, PhysicalDevice, Features };
[INFO] [stdout]    |                                    ^^^^^^^^^^^^^^^^^^
[INFO] [stdout] 
[INFO] [stdout] 
[INFO] [stdout] warning: unused import: `SurfaceTransform`
[INFO] [stdout]   --> src/main.rs:17:47
[INFO] [stdout]    |
[INFO] [stdout] 17 | use vulkano::swapchain::{ Surface, Swapchain, SurfaceTransform, PresentMode, acquire_next_image };
[INFO] [stdout]    |                                               ^^^^^^^^^^^^^^^^
[INFO] [stdout] 
[INFO] [stdout] 
[INFO] [stdout] warning: unused import: `ImageUsage`
[INFO] [stdout]   --> src/main.rs:18:39
[INFO] [stdout]    |
[INFO] [stdout] 18 | use vulkano::image::{ SwapchainImage, ImageUsage};
[INFO] [stdout]    |                                       ^^^^^^^^^^
[INFO] [stdout] 
[INFO] [stdout] 
[INFO] [stdout] warning: unused imports: `vertex::BufferlessDefinition`, `vertex::BufferlessVertices`
[INFO] [stdout]   --> src/main.rs:20:44
[INFO] [stdout]    |
[INFO] [stdout] 20 | ...icsPipeline, vertex::BufferlessDefinition, viewport::Viewport, vertex::SingleBufferDefinition, vertex::BufferlessVertices };
[INFO] [stdout]    |                 ^^^^^^^^^^^^^^^^^^^^^^^^^^^^                                                      ^^^^^^^^^^^^^^^^^^^^^^^^^^
[INFO] [stdout] 
[INFO] [stdout] 
[INFO] [stdout] warning: unused import: `vulkano::descriptor::PipelineLayoutAbstract`
[INFO] [stdout]   --> src/main.rs:22:5
[INFO] [stdout]    |
[INFO] [stdout] 22 | use vulkano::descriptor::PipelineLayoutAbstract;
[INFO] [stdout]    |     ^^^^^^^^^^^^^^^^^^^^^^^^^^^^^^^^^^^^^^^^^^^
[INFO] [stdout] 
[INFO] [stdout] 
[INFO] [stdout] warning: trait objects without an explicit `dyn` are deprecated
[INFO] [stdout]   --> src/main.rs:49:22
[INFO] [stdout]    |
[INFO] [stdout] 49 |     render_pass: Arc<RenderPassAbstract + Send + Sync>,
[INFO] [stdout]    |                      ^^^^^^^^^^^^^^^^^^^^^^^^^^^^^^^^
[INFO] [stdout]    |
[INFO] [stdout]    = warning: this is accepted in the current edition (Rust 2015) but is a hard error in Rust 2021!
[INFO] [stdout]    = note: for more information, see <https://doc.rust-lang.org/nightly/edition-guide/rust-2021/warnings-promoted-to-error.html>
[INFO] [stdout]    = note: `#[warn(bare_trait_objects)]` on by default
[INFO] [stdout] help: use `dyn`
[INFO] [stdout]    |
[INFO] [stdout] 49 |     render_pass: Arc<dyn RenderPassAbstract + Send + Sync>,
[INFO] [stdout]    |                      +++
[INFO] [stdout] 
[INFO] [stdout] 
[INFO] [stdout] warning: trait objects without an explicit `dyn` are deprecated
[INFO] [stdout]   --> src/main.rs:35:98
[INFO] [stdout]    |
[INFO] [stdout] 35 | ...Vertex>, std::boxed::Box<vulkano::descriptor::PipelineLayoutAbstract + std::marker::Send + std::marker::Sync>, std::sync::Arc<vulkano:...
[INFO] [stdout]    |                             ^^^^^^^^^^^^^^^^^^^^^^^^^^^^^^^^^^^^^^^^^^^^^^^^^^^^^^^^^^^^^^^^^^^^^^^^^^^^^^^^^^^
[INFO] [stdout]    |
[INFO] [stdout]    = warning: this is accepted in the current edition (Rust 2015) but is a hard error in Rust 2021!
[INFO] [stdout]    = note: for more information, see <https://doc.rust-lang.org/nightly/edition-guide/rust-2021/warnings-promoted-to-error.html>
[INFO] [stdout] help: use `dyn`
[INFO] [stdout]    |
[INFO] [stdout] 35 | type ConcreteGraphicsPipeline = GraphicsPipeline<SingleBufferDefinition<Vertex>, std::boxed::Box<dyn vulkano::descriptor::PipelineLayoutAbstract + std::marker::Send + std::marker::Sync>, std::sync::Arc<vulkano::framebuffer::RenderPassAbstract + std::marker::Send + std::marker::Sync>>;
[INFO] [stdout]    |                                                                                                  +++
[INFO] [stdout] 
[INFO] [stdout] 
[INFO] [stdout] warning: trait objects without an explicit `dyn` are deprecated
[INFO] [stdout]   --> src/main.rs:35:199
[INFO] [stdout]    |
[INFO] [stdout] 35 | ...ker::Sync>, std::sync::Arc<vulkano::framebuffer::RenderPassAbstract + std::marker::Send + std::marker::Sync>>;
[INFO] [stdout]    |                               ^^^^^^^^^^^^^^^^^^^^^^^^^^^^^^^^^^^^^^^^^^^^^^^^^^^^^^^^^^^^^^^^^^^^^^^^^^^^^^^^
[INFO] [stdout]    |
[INFO] [stdout]    = warning: this is accepted in the current edition (Rust 2015) but is a hard error in Rust 2021!
[INFO] [stdout]    = note: for more information, see <https://doc.rust-lang.org/nightly/edition-guide/rust-2021/warnings-promoted-to-error.html>
[INFO] [stdout] help: use `dyn`
[INFO] [stdout]    |
[INFO] [stdout] 35 | type ConcreteGraphicsPipeline = GraphicsPipeline<SingleBufferDefinition<Vertex>, std::boxed::Box<vulkano::descriptor::PipelineLayoutAbstract + std::marker::Send + std::marker::Sync>, std::sync::Arc<dyn vulkano::framebuffer::RenderPassAbstract + std::marker::Send + std::marker::Sync>>;
[INFO] [stdout]    |                                                                                                                                                                                                       +++
[INFO] [stdout] 
[INFO] [stdout] 
[INFO] [stdout] warning: trait objects without an explicit `dyn` are deprecated
[INFO] [stdout]   --> src/main.rs:52:37
[INFO] [stdout]    |
[INFO] [stdout] 52 |     swapchain_framebuffers: Vec<Arc<FramebufferAbstract + Send + Sync>>,
[INFO] [stdout]    |                                     ^^^^^^^^^^^^^^^^^^^^^^^^^^^^^^^^^
[INFO] [stdout]    |
[INFO] [stdout]    = warning: this is accepted in the current edition (Rust 2015) but is a hard error in Rust 2021!
[INFO] [stdout]    = note: for more information, see <https://doc.rust-lang.org/nightly/edition-guide/rust-2021/warnings-promoted-to-error.html>
[INFO] [stdout] help: use `dyn`
[INFO] [stdout]    |
[INFO] [stdout] 52 |     swapchain_framebuffers: Vec<Arc<dyn FramebufferAbstract + Send + Sync>>,
[INFO] [stdout]    |                                     +++
[INFO] [stdout] 
[INFO] [stdout] 
[INFO] [stdout] warning: trait objects without an explicit `dyn` are deprecated
[INFO] [stdout]    --> src/main.rs:221:27
[INFO] [stdout]     |
[INFO] [stdout] 221 |         render_pass: &Arc<RenderPassAbstract + Send + Sync>) -> ( Arc<CpuAccessibleBuffer<[Vertex]>>, Arc<ConcreteGraphicsPipeline>) {
[INFO] [stdout]     |                           ^^^^^^^^^^^^^^^^^^^^^^^^^^^^^^^^
[INFO] [stdout]     |
[INFO] [stdout]     = warning: this is accepted in the current edition (Rust 2015) but is a hard error in Rust 2021!
[INFO] [stdout]     = note: for more information, see <https://doc.rust-lang.org/nightly/edition-guide/rust-2021/warnings-promoted-to-error.html>
[INFO] [stdout] help: use `dyn`
[INFO] [stdout]     |
[INFO] [stdout] 221 |         render_pass: &Arc<dyn RenderPassAbstract + Send + Sync>) -> ( Arc<CpuAccessibleBuffer<[Vertex]>>, Arc<ConcreteGraphicsPipeline>) {
[INFO] [stdout]     |                           +++
[INFO] [stdout] 
[INFO] [stdout] 
[INFO] [stdout] warning: trait objects without an explicit `dyn` are deprecated
[INFO] [stdout]    --> src/main.rs:284:16
[INFO] [stdout]     |
[INFO] [stdout] 284 |         -> Arc<RenderPassAbstract + Send + Sync> {
[INFO] [stdout]     |                ^^^^^^^^^^^^^^^^^^^^^^^^^^^^^^^^
[INFO] [stdout]     |
[INFO] [stdout]     = warning: this is accepted in the current edition (Rust 2015) but is a hard error in Rust 2021!
[INFO] [stdout]     = note: for more information, see <https://doc.rust-lang.org/nightly/edition-guide/rust-2021/warnings-promoted-to-error.html>
[INFO] [stdout] help: use `dyn`
[INFO] [stdout]     |
[INFO] [stdout] 284 |         -> Arc<dyn RenderPassAbstract + Send + Sync> {
[INFO] [stdout]     |                +++
[INFO] [stdout] 
[INFO] [stdout] 
[INFO] [stdout] warning: trait objects without an explicit `dyn` are deprecated
[INFO] [stdout]    --> src/main.rs:303:27
[INFO] [stdout]     |
[INFO] [stdout] 303 |         render_pass: &Arc<RenderPassAbstract + Send + Sync>) -> Vec<Arc<FramebufferAbstract + Send + Sync>> {
[INFO] [stdout]     |                           ^^^^^^^^^^^^^^^^^^^^^^^^^^^^^^^^
[INFO] [stdout]     |
[INFO] [stdout]     = warning: this is accepted in the current edition (Rust 2015) but is a hard error in Rust 2021!
[INFO] [stdout]     = note: for more information, see <https://doc.rust-lang.org/nightly/edition-guide/rust-2021/warnings-promoted-to-error.html>
[INFO] [stdout] help: use `dyn`
[INFO] [stdout]     |
[INFO] [stdout] 303 |         render_pass: &Arc<dyn RenderPassAbstract + Send + Sync>) -> Vec<Arc<FramebufferAbstract + Send + Sync>> {
[INFO] [stdout]     |                           +++
[INFO] [stdout] 
[INFO] [stdout] 
[INFO] [stdout] warning: trait objects without an explicit `dyn` are deprecated
[INFO] [stdout]    --> src/main.rs:303:73
[INFO] [stdout]     |
[INFO] [stdout] 303 |         render_pass: &Arc<RenderPassAbstract + Send + Sync>) -> Vec<Arc<FramebufferAbstract + Send + Sync>> {
[INFO] [stdout]     |                                                                         ^^^^^^^^^^^^^^^^^^^^^^^^^^^^^^^^^
[INFO] [stdout]     |
[INFO] [stdout]     = warning: this is accepted in the current edition (Rust 2015) but is a hard error in Rust 2021!
[INFO] [stdout]     = note: for more information, see <https://doc.rust-lang.org/nightly/edition-guide/rust-2021/warnings-promoted-to-error.html>
[INFO] [stdout] help: use `dyn`
[INFO] [stdout]     |
[INFO] [stdout] 303 |         render_pass: &Arc<RenderPassAbstract + Send + Sync>) -> Vec<Arc<dyn FramebufferAbstract + Send + Sync>> {
[INFO] [stdout]     |                                                                         +++
[INFO] [stdout] 
[INFO] [stdout] 
[INFO] [stdout] warning: trait objects without an explicit `dyn` are deprecated
[INFO] [stdout]    --> src/main.rs:306:30
[INFO] [stdout]     |
[INFO] [stdout] 306 |                 let fba: Arc<FramebufferAbstract + Send + Sync> = Arc::new(Framebuffer::start(render_pass.clone())
[INFO] [stdout]     |                              ^^^^^^^^^^^^^^^^^^^^^^^^^^^^^^^^^
[INFO] [stdout]     |
[INFO] [stdout]     = warning: this is accepted in the current edition (Rust 2015) but is a hard error in Rust 2021!
[INFO] [stdout]     = note: for more information, see <https://doc.rust-lang.org/nightly/edition-guide/rust-2021/warnings-promoted-to-error.html>
[INFO] [stdout] help: use `dyn`
[INFO] [stdout]     |
[INFO] [stdout] 306 |                 let fba: Arc<dyn FramebufferAbstract + Send + Sync> = Arc::new(Framebuffer::start(render_pass.clone())
[INFO] [stdout]     |                              +++
[INFO] [stdout] 
[INFO] [stdout] 
[INFO] [stdout] error: aborting due to 2 previous errors; 16 warnings emitted
[INFO] [stdout] 
[INFO] [stdout] 
[INFO] [stdout] For more information about this error, try `rustc --explain E0659`.
[INFO] [stdout] 
[INFO] [stderr] error: could not compile `triangle` (bin "triangle") due to 3 previous errors; 16 warnings emitted
[INFO] running `Command { std: "docker" "inspect" "20f5a65e4f14ecdff93c934b49b05552da80fdfff385baea7a4951d9fc5728b4", kill_on_drop: false }`
[INFO] running `Command { std: "docker" "rm" "-f" "20f5a65e4f14ecdff93c934b49b05552da80fdfff385baea7a4951d9fc5728b4", kill_on_drop: false }`
[INFO] [stdout] 20f5a65e4f14ecdff93c934b49b05552da80fdfff385baea7a4951d9fc5728b4
